114.119.135.7 - - [26/Feb/2020:15:11:38 +0100] "GET /shopping_cart.php?osCsid=3bg30ptklnnhl4ip7mfpcsg367 HTTP/1.1" 200 8560 "-" "Mozilla/5.0(Linux;Android 5.1.1;OPPO A33 Build/LMY47V;wv) AppleWebKit/537.36(KHTML,link Gecko) Version/4.0 Chrome/42.0.2311.138 Mobile Safari/537.36"
193.72.144.226 - - [26/Feb/2020:15:11:38 +0100] "GET /images/NYL15CN.png HTTP/1.1" 200 394080 "http://www.e-medicalonline.com/lechef/categories.php?cPath=22&pID=104" "Mozilla/5.0 (Windows NT 10.0; Win64; x64) AppleWebKit/537.36 (KHTML, like Gecko) Chrome/79.0.3945.130 Safari/537.36"
193.72.144.226 - - [26/Feb/2020:15:11:39 +0100] "GET /lechef/categories.php?cPath=22&pID=107 HTTP/1.1" 200 31669 "http://www.e-medicalonline.com/lechef/categories.php?cPath=22&pID=104" "Mozilla/5.0 (Windows NT 10.0; Win64; x64) AppleWebKit/537.36 (KHTML, like Gecko) Chrome/79.0.3945.130 Safari/537.36"
193.72.144.226 - - [26/Feb/2020:15:11:39 +0100] "GET /images/NYL2SN.jpg HTTP/1.1" 200 64491 "http://www.e-medicalonline.com/lechef/categories.php?cPath=22&pID=107" "Mozilla/5.0 (Windows NT 10.0; Win64; x64) AppleWebKit/537.36 (KHTML, like Gecko) Chrome/79.0.3945.130 Safari/537.36"
193.72.144.226 - - [26/Feb/2020:15:11:39 +0100] "GET /images/NYL2SN.png HTTP/1.1" 200 393374 "http://www.e-medicalonline.com/lechef/categories.php?cPath=22&pID=107" "Mozilla/5.0 (Windows NT 10.0; Win64; x64) AppleWebKit/537.36 (KHTML, like Gecko) Chrome/79.0.3945.130 Safari/537.36"
193.72.144.226 - - [26/Feb/2020:15:11:40 +0100] "GET /lechef/categories.php?cPath=22&pID=183 HTTP/1.1" 200 31715 "http://www.e-medicalonline.com/lechef/categories.php?cPath=22&pID=107" "Mozilla/5.0 (Windows NT 10.0; Win64; x64) AppleWebKit/537.36 (KHTML, like Gecko) Chrome/79.0.3945.130 Safari/537.36"
193.72.144.226 - - [26/Feb/2020:15:11:40 +0100] "GET /images/NYL2CN.jpg HTTP/1.1" 200 65176 "http://www.e-medicalonline.com/lechef/categories.php?cPath=22&pID=183" "Mozilla/5.0 (Windows NT 10.0; Win64; x64) AppleWebKit/537.36 (KHTML, like Gecko) Chrome/79.0.3945.130 Safari/537.36"
193.72.144.226 - - [26/Feb/2020:15:11:40 +0100] "GET /images/NYL2CN.png HTTP/1.1" 200 393870 "http://www.e-medicalonline.com/lechef/categories.php?cPath=22&pID=183" "Mozilla/5.0 (Windows NT 10.0; Win64; x64) AppleWebKit/537.36 (KHTML, like Gecko) Chrome/79.0.3945.130 Safari/537.36"
193.72.144.226 - - [26/Feb/2020:15:11:41 +0100] "GET /lechef/categories.php?cPath=22&pID=185 HTTP/1.1" 200 31670 "http://www.e-medicalonline.com/lechef/categories.php?cPath=22&pID=183" "Mozilla/5.0 (Windows NT 10.0; Win64; x64) AppleWebKit/537.36 (KHTML, like Gecko) Chrome/79.0.3945.130 Safari/537.36"
193.72.144.226 - - [26/Feb/2020:15:11:41 +0100] "GET /images/NYL3SN.jpg HTTP/1.1" 200 64488 "http://www.e-medicalonline.com/lechef/categories.php?cPath=22&pID=185" "Mozilla/5.0 (Windows NT 10.0; Win64; x64) AppleWebKit/537.36 (KHTML, like Gecko) Chrome/79.0.3945.130 Safari/537.36"
193.72.144.226 - - [26/Feb/2020:15:11:41 +0100] "GET /images/NYL3SN.png HTTP/1.1" 200 393427 "http://www.e-medicalonline.com/lechef/categories.php?cPath=22&pID=185" "Mozilla/5.0 (Windows NT 10.0; Win64; x64) AppleWebKit/537.36 (KHTML, like Gecko) Chrome/79.0.3945.130 Safari/537.36"
193.72.144.226 - - [26/Feb/2020:15:11:42 +0100] "GET /lechef/categories.php?cPath=22&pID=188 HTTP/1.1" 200 31714 "http://www.e-medicalonline.com/lechef/categories.php?cPath=22&pID=185" "Mozilla/5.0 (Windows NT 10.0; Win64; x64) AppleWebKit/537.36 (KHTML, like Gecko) Chrome/79.0.3945.130 Safari/537.36"
193.72.144.226 - - [26/Feb/2020:15:11:42 +0100] "GET /images/NYL3CN.jpg HTTP/1.1" 404 452 "http://www.e-medicalonline.com/lechef/categories.php?cPath=22&pID=188" "Mozilla/5.0 (Windows NT 10.0; Win64; x64) AppleWebKit/537.36 (KHTML, like Gecko) Chrome/79.0.3945.130 Safari/537.36"
193.72.144.226 - - [26/Feb/2020:15:11:42 +0100] "GET /images/NYL3CN.png HTTP/1.1" 200 393580 "http://www.e-medicalonline.com/lechef/categories.php?cPath=22&pID=188" "Mozilla/5.0 (Windows NT 10.0; Win64; x64) AppleWebKit/537.36 (KHTML, like Gecko) Chrome/79.0.3945.130 Safari/537.36"
83.114.83.83 - - [26/Feb/2020:15:11:43 +0100] "GET /lechef/orders.php?page=1&oID=12267 HTTP/1.1" 200 130071 "http://www.e-medicalonline.com/lechef/orders.php?page=1&oID=12267&action=edit" "Mozilla/5.0 (Windows NT 10.0; Win64; x64) AppleWebKit/537.36 (KHTML, like Gecko) Chrome/79.0.3945.130 Safari/537.36"
114.119.160.208 - - [26/Feb/2020:15:11:44 +0100] "GET /product_info.php?products_id=114&osCsid=c9mbfc2a4os5mg3h7ro8bbbn93 HTTP/1.1" 200 9800 "-" "Mozilla/5.0(Linux;Android 5.1.1;OPPO A33 Build/LMY47V;wv) AppleWebKit/537.36(KHTML,link Gecko) Version/4.0 Chrome/42.0.2311.138 Mobile Safari/537.36"
46.229.168.147 - - [26/Feb/2020:15:11:49 +0100] "GET /product_reviews.php?action=notify&cPath=42_24&language=sr&products_id=298 HTTP/1.1" 302 546 "-" "Mozilla/5.0 (compatible; SemrushBot/6~bl; +http://www.semrush.com/bot.html)"
193.72.144.226 - - [26/Feb/2020:15:11:49 +0100] "GET /lechef/categories.php?cPath=22&pID=188&action=new_product HTTP/1.1" 200 46739 "http://www.e-medicalonline.com/lechef/categories.php?cPath=22&pID=188" "Mozilla/5.0 (Windows NT 10.0; Win64; x64) AppleWebKit/537.36 (KHTML, like Gecko) Chrome/79.0.3945.130 Safari/537.36"
193.72.144.226 - - [26/Feb/2020:15:11:49 +0100] "GET /lechef/includes/javascript/spiffyCal/spiffyCal_v2_1.css HTTP/1.1" 200 4523 "http://www.e-medicalonline.com/lechef/categories.php?cPath=22&pID=188&action=new_product" "Mozilla/5.0 (Windows NT 10.0; Win64; x64) AppleWebKit/537.36 (KHTML, like Gecko) Chrome/79.0.3945.130 Safari/537.36"
193.72.144.226 - - [26/Feb/2020:15:11:49 +0100] "GET /lechef/includes/javascript/spiffyCal/spiffyCal_v2_1.js HTTP/1.1" 200 40322 "http://www.e-medicalonline.com/lechef/categories.php?cPath=22&pID=188&action=new_product" "Mozilla/5.0 (Windows NT 10.0; Win64; x64) AppleWebKit/537.36 (KHTML, like Gecko) Chrome/79.0.3945.130 Safari/537.36"
193.72.144.226 - - [26/Feb/2020:15:11:49 +0100] "GET /images/NYL3CN.jpg HTTP/1.1" 404 452 "http://www.e-medicalonline.com/lechef/categories.php?cPath=22&pID=188&action=new_product" "Mozilla/5.0 (Windows NT 10.0; Win64; x64) AppleWebKit/537.36 (KHTML, like Gecko) Chrome/79.0.3945.130 Safari/537.36"
193.72.144.226 - - [26/Feb/2020:15:11:49 +0100] "GET /lechef/includes/languages/french/images/buttons/button_cancel.gif HTTP/1.1" 200 701 "http://www.e-medicalonline.com/lechef/categories.php?cPath=22&pID=188&action=new_product" "Mozilla/5.0 (Windows NT 10.0; Win64; x64) AppleWebKit/537.36 (KHTML, like Gecko) Chrome/79.0.3945.130 Safari/537.36"
193.72.144.226 - - [26/Feb/2020:15:11:49 +0100] "GET /lechef/includes/languages/french/images/buttons/button_preview.gif HTTP/1.1" 200 696 "http://www.e-medicalonline.com/lechef/categories.php?cPath=22&pID=188&action=new_product" "Mozilla/5.0 (Windows NT 10.0; Win64; x64) AppleWebKit/537.36 (KHTML, like Gecko) Chrome/79.0.3945.130 Safari/537.36"
193.72.144.226 - - [26/Feb/2020:15:11:49 +0100] "GET /lechef/includes/javascript/spiffyCal/images/btn_close_small.gif HTTP/1.1" 200 1127 "http://www.e-medicalonline.com/lechef/categories.php?cPath=22&pID=188&action=new_product" "Mozilla/5.0 (Windows NT 10.0; Win64; x64) AppleWebKit/537.36 (KHTML, like Gecko) Chrome/79.0.3945.130 Safari/537.36"
193.72.144.226 - - [26/Feb/2020:15:11:49 +0100] "GET /lechef/includes/javascript/spiffyCal/images/btn_date1_up.gif HTTP/1.1" 200 1413 "http://www.e-medicalonline.com/lechef/categories.php?cPath=22&pID=188&action=new_product" "Mozilla/5.0 (Windows NT 10.0; Win64; x64) AppleWebKit/537.36 (KHTML, like Gecko) Chrome/79.0.3945.130 Safari/537.36"
193.72.144.226 - - [26/Feb/2020:15:11:49 +0100] "GET /lechef/includes/javascript/spiffyCal/images/btn_del_small.gif HTTP/1.1" 200 1120 "http://www.e-medicalonline.com/lechef/categories.php?cPath=22&pID=188&action=new_product" "Mozilla/5.0 (Windows NT 10.0; Win64; x64) AppleWebKit/537.36 (KHTML, like Gecko) Chrome/79.0.3945.130 Safari/537.36"
193.72.144.226 - - [26/Feb/2020:15:11:49 +0100] "GET /lechef/includes/javascript/spiffyCal/images/btn_date1_over.gif HTTP/1.1" 200 1413 "http://www.e-medicalonline.com/lechef/categories.php?cPath=22&pID=188&action=new_product" "Mozilla/5.0 (Windows NT 10.0; Win64; x64) AppleWebKit/537.36 (KHTML, like Gecko) Chrome/79.0.3945.130 Safari/537.36"
193.72.144.226 - - [26/Feb/2020:15:11:49 +0100] "GET /lechef/includes/javascript/spiffyCal/images/btn_date1_down.gif HTTP/1.1" 200 1429 "http://www.e-medicalonline.com/lechef/categories.php?cPath=22&pID=188&action=new_product" "Mozilla/5.0 (Windows NT 10.0; Win64; x64) AppleWebKit/537.36 (KHTML, like Gecko) Chrome/79.0.3945.130 Safari/537.36"
193.72.144.226 - - [26/Feb/2020:15:11:49 +0100] "GET /lechef/includes/javascript/spiffyCal/images/btn_date1_disabled.gif HTTP/1.1" 200 1372 "http://www.e-medicalonline.com/lechef/categories.php?cPath=22&pID=188&action=new_product" "Mozilla/5.0 (Windows NT 10.0; Win64; x64) AppleWebKit/537.36 (KHTML, like Gecko) Chrome/79.0.3945.130 Safari/537.36"
46.229.168.131 - - [26/Feb/2020:15:11:50 +0100] "GET /login.php HTTP/1.1" 200 7444 "-" "Mozilla/5.0 (compatible; SemrushBot/6~bl; +http://www.semrush.com/bot.html)"
114.119.163.81 - - [26/Feb/2020:15:11:56 +0100] "GET /index.php?osCsid=mlct06mk6vt4niapa5aiml47v7 HTTP/1.1" 200 7314 "-" "Mozilla/5.0 (iPad; CPU OS 7_0 like Mac OS X) AppleWebKit/537.51.1 (KHTML, like Gecko) Version/7.0 Mobile/11A465 Safari/9537.53"
114.119.167.136 - - [26/Feb/2020:15:12:03 +0100] "GET /index.php?osCsid=llnsu9cnk1a0823fiidvmnh8c2 HTTP/1.1" 200 7315 "-" "Mozilla/5.0(Linux;Android 5.1.1;OPPO A33 Build/LMY47V;wv) AppleWebKit/537.36(KHTML,link Gecko) Version/4.0 Chrome/43.0.2357.121 Mobile Safari/537.36"
86.70.60.26 - - [26/Feb/2020:15:12:04 +0100] "POST /ajax_shopping_cart.php?products_id=101&action=add_product&osCsid=vnv3dj7fn5gbfm6pnnk8anlot6&15827263246120-xml HTTP/1.1" 200 1132 "http://www.e-medicalonline.com/product_info.php?products_id=101" "Mozilla/5.0 (Macintosh; Intel Mac OS X 10.12; rv:73.0) Gecko/20100101 Firefox/73.0"
114.119.143.94 - - [26/Feb/2020:15:12:09 +0100] "GET /index.php?cPath=47&osCsid=55i7ieo5hkvfsicfcon350v640%20 HTTP/1.1" 302 288 "-" "Mozilla/5.0 (iPad; CPU OS 7_0 like Mac OS X) AppleWebKit/537.51.1 (KHTML, like Gecko) Version/7.0 Mobile/11A465 Safari/9537.53"
114.119.143.94 - - [26/Feb/2020:15:12:10 +0100] "GET /index.php HTTP/1.1" 200 7351 "-" "Mozilla/5.0 (iPad; CPU OS 7_0 like Mac OS X) AppleWebKit/537.51.1 (KHTML, like Gecko) Version/7.0 Mobile/11A465 Safari/9537.53"
114.119.135.188 - - [26/Feb/2020:15:12:15 +0100] "GET /product_info.php?products_id=97&osCsid=f9odfmhpsu1dh8km2ufk5vkrq5 HTTP/1.1" 200 9359 "-" "Mozilla/5.0(Linux;Android 5.1.1;OPPO A33 Build/LMY47V;wv) AppleWebKit/537.36(KHTML,link Gecko) Version/4.0 Chrome/42.0.2311.138 Mobile Safari/537.36"
86.70.60.26 - - [26/Feb/2020:15:12:24 +0100] "POST /ajax_shopping_cart.php?products_id=101&action=add_product&osCsid=vnv3dj7fn5gbfm6pnnk8anlot6&15827263444511-xml HTTP/1.1" 200 1129 "http://www.e-medicalonline.com/product_info.php?products_id=101" "Mozilla/5.0 (Macintosh; Intel Mac OS X 10.12; rv:73.0) Gecko/20100101 Firefox/73.0"
114.119.161.217 - - [26/Feb/2020:15:12:26 +0100] "GET /advanced_search.php?osCsid=qpp64vhksn79dphhjtfm04k1t3 HTTP/1.1" 200 8304 "-" "Mozilla/5.0(Linux;U;Android 5.1.1;zh-CN;OPPO A33 Build/LMY47V) AppleWebKit/537.36(KHTML,like Gecko) Version/4.0 Chrome/40.0.2214.89 Mobile Safari/537.36"
114.119.145.134 - - [26/Feb/2020:15:12:33 +0100] "GET /product_info.php?products_id=134&osCsid=339mq98m84knpks79kfg5mfap6 HTTP/1.1" 200 9104 "-" "Mozilla/5.0(Linux;Android 5.1.1;OPPO A33 Build/LMY47V;wv) AppleWebKit/537.36(KHTML,link Gecko) Version/4.0 Chrome/43.0.2357.121 Mobile Safari/537.36"
54.36.150.153 - - [26/Feb/2020:15:12:34 +0100] "GET /index.php?cPath=41_62&language=is&page=1&sort=5d HTTP/1.1" 200 7573 "-" "Mozilla/5.0 (compatible; AhrefsBot/6.1; +http://ahrefs.com/robot/)"
114.119.154.154 - - [26/Feb/2020:15:12:38 +0100] "GET /images/PGA04DS.jpg?osCsid=s14bfr5okdc171rquco815tvc6 HTTP/1.1" 200 62285 "-" "Mozilla/5.0(Linux;Android 5.1.1;OPPO A33 Build/LMY47V;wv) AppleWebKit/537.36(KHTML,link Gecko) Version/4.0 Chrome/42.0.2311.138 Mobile Safari/537.36"
193.72.144.226 - - [26/Feb/2020:15:12:39 +0100] "POST /lechef/categories.php?cPath=22&pID=188&action=new_product_preview HTTP/1.1" 200 56285 "http://www.e-medicalonline.com/lechef/categories.php?cPath=22&pID=188&action=new_product" "Mozilla/5.0 (Windows NT 10.0; Win64; x64) AppleWebKit/537.36 (KHTML, like Gecko) Chrome/79.0.3945.130 Safari/537.36"
193.72.144.226 - - [26/Feb/2020:15:12:39 +0100] "GET /images/NYL3CN.jpg HTTP/1.1" 404 452 "http://www.e-medicalonline.com/lechef/categories.php?cPath=22&pID=188&action=new_product_preview" "Mozilla/5.0 (Windows NT 10.0; Win64; x64) AppleWebKit/537.36 (KHTML, like Gecko) Chrome/79.0.3945.130 Safari/537.36"
193.72.144.226 - - [26/Feb/2020:15:12:39 +0100] "GET /lechef/includes/languages/french/images/buttons/button_update.gif HTTP/1.1" 200 709 "http://www.e-medicalonline.com/lechef/categories.php?cPath=22&pID=188&action=new_product_preview" "Mozilla/5.0 (Windows NT 10.0; Win64; x64) AppleWebKit/537.36 (KHTML, like Gecko) Chrome/79.0.3945.130 Safari/537.36"
114.119.158.21 - - [26/Feb/2020:15:12:44 +0100] "GET /contact_us.php?osCsid=gjl2f6i9lll0dsku58erstlir0 HTTP/1.1" 200 6963 "-" "Mozilla/5.0(Linux;U;Android 5.1.1;zh-CN;OPPO A33 Build/LMY47V) AppleWebKit/537.36(KHTML,like Gecko) Version/4.0 Chrome/40.0.2214.89 Mobile Safari/537.36"
46.229.168.134 - - [26/Feb/2020:15:12:48 +0100] "GET /product_info.php?action=add_product&language=sr&products_id=97 HTTP/1.1" 302 566 "-" "Mozilla/5.0 (compatible; SemrushBot/6~bl; +http://www.semrush.com/bot.html)"
46.229.168.142 - - [26/Feb/2020:15:12:49 +0100] "GET /shopping_cart.php?language=sr HTTP/1.1" 200 8672 "-" "Mozilla/5.0 (compatible; SemrushBot/6~bl; +http://www.semrush.com/bot.html)"
193.72.144.226 - - [26/Feb/2020:15:12:52 +0100] "GET /lechef/categories.php?cPath=22&pID=188&action=new_product HTTP/1.1" 200 46739 "http://www.e-medicalonline.com/lechef/categories.php?cPath=22&pID=188" "Mozilla/5.0 (Windows NT 10.0; Win64; x64) AppleWebKit/537.36 (KHTML, like Gecko) Chrome/79.0.3945.130 Safari/537.36"
114.119.141.117 - - [26/Feb/2020:15:12:54 +0100] "GET /index.php?cPath=41&osCsid=inkkomrj8c4aoa3t2tmc7kh7r7%20 HTTP/1.1" 302 288 "-" "Mozilla/5.0(Linux;Android 5.1.1;OPPO A33 Build/LMY47V;wv) AppleWebKit/537.36(KHTML,link Gecko) Version/4.0 Chrome/43.0.2357.121 Mobile Safari/537.36"
114.119.141.117 - - [26/Feb/2020:15:12:55 +0100] "GET /index.php HTTP/1.1" 200 7350 "-" "Mozilla/5.0(Linux;Android 5.1.1;OPPO A33 Build/LMY47V;wv) AppleWebKit/537.36(KHTML,link Gecko) Version/4.0 Chrome/43.0.2357.121 Mobile Safari/537.36"
86.70.60.26 - - [26/Feb/2020:15:12:59 +0100] "POST /ajax_shopping_cart.php?products_id=101&action=add_product&osCsid=vnv3dj7fn5gbfm6pnnk8anlot6&15827263789242-xml HTTP/1.1" 200 1138 "http://www.e-medicalonline.com/product_info.php?products_id=101" "Mozilla/5.0 (Macintosh; Intel Mac OS X 10.12; rv:73.0) Gecko/20100101 Firefox/73.0"
86.70.60.26 - - [26/Feb/2020:15:12:59 +0100] "POST /ajax_shopping_cart.php?products_id=101&action=add_product&osCsid=vnv3dj7fn5gbfm6pnnk8anlot6&15827263796513-xml HTTP/1.1" 200 1141 "http://www.e-medicalonline.com/product_info.php?products_id=101" "Mozilla/5.0 (Macintosh; Intel Mac OS X 10.12; rv:73.0) Gecko/20100101 Firefox/73.0"
86.70.60.26 - - [26/Feb/2020:15:13:00 +0100] "POST /ajax_shopping_cart.php?products_id=101&action=add_product&osCsid=vnv3dj7fn5gbfm6pnnk8anlot6&15827263798444-xml HTTP/1.1" 200 1132 "http://www.e-medicalonline.com/product_info.php?products_id=101" "Mozilla/5.0 (Macintosh; Intel Mac OS X 10.12; rv:73.0) Gecko/20100101 Firefox/73.0"
86.70.60.26 - - [26/Feb/2020:15:13:00 +0100] "POST /ajax_shopping_cart.php?products_id=101&action=add_product&osCsid=vnv3dj7fn5gbfm6pnnk8anlot6&15827263800355-xml HTTP/1.1" 200 1132 "http://www.e-medicalonline.com/product_info.php?products_id=101" "Mozilla/5.0 (Macintosh; Intel Mac OS X 10.12; rv:73.0) Gecko/20100101 Firefox/73.0"
114.119.129.124 - - [26/Feb/2020:15:13:00 +0100] "GET /images/PGLA3CN.jpg?osCsid=eifdvkb0vfp8m34gqv975dgh47 HTTP/1.1" 200 62577 "-" "Mozilla/5.0(Linux;U;Android 5.1.1;zh-CN;OPPO A33 Build/LMY47V) AppleWebKit/537.36(KHTML,like Gecko) Version/4.0 Chrome/40.0.2214.89 Mobile Safari/537.36"
114.119.134.255 - - [26/Feb/2020:15:13:05 +0100] "GET /privacy.php?osCsid=hfnq6eupiudg34o86rc49uuh00 HTTP/1.1" 200 12076 "-" "Mozilla/5.0(Linux;Android 5.1.1;OPPO A33 Build/LMY47V;wv) AppleWebKit/537.36(KHTML,link Gecko) Version/4.0 Chrome/43.0.2357.121 Mobile Safari/537.36"
114.119.167.72 - - [26/Feb/2020:15:13:15 +0100] "GET /index.php?cPath=42&osCsid=jn8kskae1qhsbuptqgfj0a5mu4%20 HTTP/1.1" 302 288 "-" "Mozilla/5.0(Linux;Android 5.1.1;OPPO A33 Build/LMY47V;wv) AppleWebKit/537.36(KHTML,link Gecko) Version/4.0 Chrome/42.0.2311.138 Mobile Safari/537.36"
114.119.167.72 - - [26/Feb/2020:15:13:16 +0100] "GET /index.php HTTP/1.1" 200 7327 "-" "Mozilla/5.0(Linux;Android 5.1.1;OPPO A33 Build/LMY47V;wv) AppleWebKit/537.36(KHTML,link Gecko) Version/4.0 Chrome/42.0.2311.138 Mobile Safari/537.36"
114.119.132.230 - - [26/Feb/2020:15:13:20 +0100] "GET /login.php?osCsid=0kbsjd9ik84r41361rrmkcq2v4 HTTP/1.1" 200 7466 "-" "Mozilla/5.0(Linux;U;Android 5.1.1;zh-CN;OPPO A33 Build/LMY47V) AppleWebKit/537.36(KHTML,like Gecko) Version/4.0 Chrome/40.0.2214.89 Mobile Safari/537.36"
193.72.144.226 - - [26/Feb/2020:15:13:28 +0100] "GET /lechef/categories.php?cPath=22&pID=188 HTTP/1.1" 200 31714 "http://www.e-medicalonline.com/lechef/categories.php?cPath=22&pID=185" "Mozilla/5.0 (Windows NT 10.0; Win64; x64) AppleWebKit/537.36 (KHTML, like Gecko) Chrome/79.0.3945.130 Safari/537.36"
114.119.151.80 - - [26/Feb/2020:15:13:31 +0100] "GET /shopping_cart.php?osCsid=pq65ubopdtla84hlvbrjtj6ki3 HTTP/1.1" 200 8560 "-" "Mozilla/5.0(Linux;Android 5.1.1;OPPO A33 Build/LMY47V;wv) AppleWebKit/537.36(KHTML,link Gecko) Version/4.0 Chrome/43.0.2357.121 Mobile Safari/537.36"
86.70.60.26 - - [26/Feb/2020:15:13:31 +0100] "GET /product_info.php?products_id=101 HTTP/1.1" 200 9499 "http://www.e-medicalonline.com/advanced_search_result.php?search_in_description=1&inc_subcat=1&keywords=Vetsuture+PGLA+metric+3" "Mozilla/5.0 (Macintosh; Intel Mac OS X 10.12; rv:73.0) Gecko/20100101 Firefox/73.0"
86.70.60.26 - - [26/Feb/2020:15:13:32 +0100] "GET /js/prototype.js HTTP/1.1" 304 137 "http://www.e-medicalonline.com/product_info.php?products_id=101" "Mozilla/5.0 (Macintosh; Intel Mac OS X 10.12; rv:73.0) Gecko/20100101 Firefox/73.0"
86.70.60.26 - - [26/Feb/2020:15:13:32 +0100] "GET /js/scriptaculous.js?load=effects HTTP/1.1" 304 136 "http://www.e-medicalonline.com/product_info.php?products_id=101" "Mozilla/5.0 (Macintosh; Intel Mac OS X 10.12; rv:73.0) Gecko/20100101 Firefox/73.0"
86.70.60.26 - - [26/Feb/2020:15:13:32 +0100] "GET /js/lightbox.js HTTP/1.1" 304 137 "http://www.e-medicalonline.com/product_info.php?products_id=101" "Mozilla/5.0 (Macintosh; Intel Mac OS X 10.12; rv:73.0) Gecko/20100101 Firefox/73.0"
86.70.60.26 - - [26/Feb/2020:15:13:32 +0100] "GET /includes/ajax_sc.js HTTP/1.1" 304 137 "http://www.e-medicalonline.com/product_info.php?products_id=101" "Mozilla/5.0 (Macintosh; Intel Mac OS X 10.12; rv:73.0) Gecko/20100101 Firefox/73.0"
86.70.60.26 - - [26/Feb/2020:15:13:32 +0100] "GET /stylesheet.css HTTP/1.1" 304 136 "http://www.e-medicalonline.com/product_info.php?products_id=101" "Mozilla/5.0 (Macintosh; Intel Mac OS X 10.12; rv:73.0) Gecko/20100101 Firefox/73.0"
86.70.60.26 - - [26/Feb/2020:15:13:32 +0100] "GET /mymenu.css HTTP/1.1" 304 136 "http://www.e-medicalonline.com/product_info.php?products_id=101" "Mozilla/5.0 (Macintosh; Intel Mac OS X 10.12; rv:73.0) Gecko/20100101 Firefox/73.0"
86.70.60.26 - - [26/Feb/2020:15:13:32 +0100] "GET /images/pixel_black.gif HTTP/1.1" 200 297 "http://www.e-medicalonline.com/product_info.php?products_id=101" "Mozilla/5.0 (Macintosh; Intel Mac OS X 10.12; rv:73.0) Gecko/20100101 Firefox/73.0"
86.70.60.26 - - [26/Feb/2020:15:13:32 +0100] "GET /js/effects.js HTTP/1.1" 304 137 "http://www.e-medicalonline.com/product_info.php?products_id=101" "Mozilla/5.0 (Macintosh; Intel Mac OS X 10.12; rv:73.0) Gecko/20100101 Firefox/73.0"
86.70.60.26 - - [26/Feb/2020:15:13:32 +0100] "GET /images/theme/background.png HTTP/1.1" 304 138 "http://www.e-medicalonline.com/stylesheet.css" "Mozilla/5.0 (Macintosh; Intel Mac OS X 10.12; rv:73.0) Gecko/20100101 Firefox/73.0"
86.70.60.26 - - [26/Feb/2020:15:13:32 +0100] "GET /includes/languages/french/images/icon.gif HTTP/1.1" 304 135 "http://www.e-medicalonline.com/product_info.php?products_id=101" "Mozilla/5.0 (Macintosh; Intel Mac OS X 10.12; rv:73.0) Gecko/20100101 Firefox/73.0"
86.70.60.26 - - [26/Feb/2020:15:13:32 +0100] "GET /includes/languages/english/images/icon.gif HTTP/1.1" 304 135 "http://www.e-medicalonline.com/product_info.php?products_id=101" "Mozilla/5.0 (Macintosh; Intel Mac OS X 10.12; rv:73.0) Gecko/20100101 Firefox/73.0"
86.70.60.26 - - [26/Feb/2020:15:13:32 +0100] "GET /includes/languages/polish/images/icon.gif HTTP/1.1" 304 135 "http://www.e-medicalonline.com/product_info.php?products_id=101" "Mozilla/5.0 (Macintosh; Intel Mac OS X 10.12; rv:73.0) Gecko/20100101 Firefox/73.0"
86.70.60.26 - - [26/Feb/2020:15:13:32 +0100] "GET /includes/languages/srpski/images/icon.gif HTTP/1.1" 304 136 "http://www.e-medicalonline.com/product_info.php?products_id=101" "Mozilla/5.0 (Macintosh; Intel Mac OS X 10.12; rv:73.0) Gecko/20100101 Firefox/73.0"
86.70.60.26 - - [26/Feb/2020:15:13:32 +0100] "GET /includes/languages/russian/images/icon.gif HTTP/1.1" 304 135 "http://www.e-medicalonline.com/product_info.php?products_id=101" "Mozilla/5.0 (Macintosh; Intel Mac OS X 10.12; rv:73.0) Gecko/20100101 Firefox/73.0"
86.70.60.26 - - [26/Feb/2020:15:13:32 +0100] "GET /includes/languages/turkish/images/icon.gif HTTP/1.1" 304 135 "http://www.e-medicalonline.com/product_info.php?products_id=101" "Mozilla/5.0 (Macintosh; Intel Mac OS X 10.12; rv:73.0) Gecko/20100101 Firefox/73.0"
86.70.60.26 - - [26/Feb/2020:15:13:32 +0100] "GET /includes/languages/hebrew/images/icon.gif HTTP/1.1" 304 136 "http://www.e-medicalonline.com/product_info.php?products_id=101" "Mozilla/5.0 (Macintosh; Intel Mac OS X 10.12; rv:73.0) Gecko/20100101 Firefox/73.0"
86.70.60.26 - - [26/Feb/2020:15:13:32 +0100] "GET /includes/languages/arabic/images/icon.gif HTTP/1.1" 304 136 "http://www.e-medicalonline.com/product_info.php?products_id=101" "Mozilla/5.0 (Macintosh; Intel Mac OS X 10.12; rv:73.0) Gecko/20100101 Firefox/73.0"
86.70.60.26 - - [26/Feb/2020:15:13:33 +0100] "GET /images/store_logo.gif HTTP/1.1" 304 137 "http://www.e-medicalonline.com/product_info.php?products_id=101" "Mozilla/5.0 (Macintosh; Intel Mac OS X 10.12; rv:73.0) Gecko/20100101 Firefox/73.0"
86.70.60.26 - - [26/Feb/2020:15:13:33 +0100] "GET /images/header_account.gif HTTP/1.1" 304 136 "http://www.e-medicalonline.com/product_info.php?products_id=101" "Mozilla/5.0 (Macintosh; Intel Mac OS X 10.12; rv:73.0) Gecko/20100101 Firefox/73.0"
86.70.60.26 - - [26/Feb/2020:15:13:33 +0100] "GET /images/infobox_module/upper_left.gif HTTP/1.1" 304 136 "http://www.e-medicalonline.com/product_info.php?products_id=101" "Mozilla/5.0 (Macintosh; Intel Mac OS X 10.12; rv:73.0) Gecko/20100101 Firefox/73.0"
86.70.60.26 - - [26/Feb/2020:15:13:33 +0100] "GET /images/header_cart.gif HTTP/1.1" 304 136 "http://www.e-medicalonline.com/product_info.php?products_id=101" "Mozilla/5.0 (Macintosh; Intel Mac OS X 10.12; rv:73.0) Gecko/20100101 Firefox/73.0"
86.70.60.26 - - [26/Feb/2020:15:13:33 +0100] "GET /arrow.gif HTTP/1.1" 304 135 "http://www.e-medicalonline.com/product_info.php?products_id=101" "Mozilla/5.0 (Macintosh; Intel Mac OS X 10.12; rv:73.0) Gecko/20100101 Firefox/73.0"
86.70.60.26 - - [26/Feb/2020:15:13:33 +0100] "GET /images/stock_on.gif HTTP/1.1" 304 136 "http://www.e-medicalonline.com/product_info.php?products_id=101" "Mozilla/5.0 (Macintosh; Intel Mac OS X 10.12; rv:73.0) Gecko/20100101 Firefox/73.0"
86.70.60.26 - - [26/Feb/2020:15:13:33 +0100] "GET /images/pixel_trans.gif HTTP/1.1" 304 135 "http://www.e-medicalonline.com/product_info.php?products_id=101" "Mozilla/5.0 (Macintosh; Intel Mac OS X 10.12; rv:73.0) Gecko/20100101 Firefox/73.0"
86.70.60.26 - - [26/Feb/2020:15:13:33 +0100] "GET /product_thumb.php?img=images/PGLA3CN.jpg&w=120&h=120 HTTP/1.1" 304 132 "http://www.e-medicalonline.com/product_info.php?products_id=101" "Mozilla/5.0 (Macintosh; Intel Mac OS X 10.12; rv:73.0) Gecko/20100101 Firefox/73.0"
86.70.60.26 - - [26/Feb/2020:15:13:33 +0100] "GET /product_thumb.php?img=images/no_image.jpg&w=120&h=120 HTTP/1.1" 304 131 "http://www.e-medicalonline.com/product_info.php?products_id=101" "Mozilla/5.0 (Macintosh; Intel Mac OS X 10.12; rv:73.0) Gecko/20100101 Firefox/73.0"
86.70.60.26 - - [26/Feb/2020:15:13:33 +0100] "GET /images/infobox_module/upper_right.gif HTTP/1.1" 304 136 "http://www.e-medicalonline.com/product_info.php?products_id=101" "Mozilla/5.0 (Macintosh; Intel Mac OS X 10.12; rv:73.0) Gecko/20100101 Firefox/73.0"
86.70.60.26 - - [26/Feb/2020:15:13:33 +0100] "GET /product_thumb.php?img=images/lene-monofilament.png&w=150&h=98 HTTP/1.1" 304 132 "http://www.e-medicalonline.com/product_info.php?products_id=101" "Mozilla/5.0 (Macintosh; Intel Mac OS X 10.12; rv:73.0) Gecko/20100101 Firefox/73.0"
86.70.60.26 - - [26/Feb/2020:15:13:33 +0100] "GET /images/infobox_module/right.gif HTTP/1.1" 304 135 "http://www.e-medicalonline.com/product_info.php?products_id=101" "Mozilla/5.0 (Macintosh; Intel Mac OS X 10.12; rv:73.0) Gecko/20100101 Firefox/73.0"
86.70.60.26 - - [26/Feb/2020:15:13:33 +0100] "GET /images/infobox_module/lower_left.gif HTTP/1.1" 304 135 "http://www.e-medicalonline.com/product_info.php?products_id=101" "Mozilla/5.0 (Macintosh; Intel Mac OS X 10.12; rv:73.0) Gecko/20100101 Firefox/73.0"
86.70.60.26 - - [26/Feb/2020:15:13:33 +0100] "GET /images/infobox_module/bot.gif HTTP/1.1" 304 135 "http://www.e-medicalonline.com/product_info.php?products_id=101" "Mozilla/5.0 (Macintosh; Intel Mac OS X 10.12; rv:73.0) Gecko/20100101 Firefox/73.0"
86.70.60.26 - - [26/Feb/2020:15:13:33 +0100] "GET /images/infobox_module/lower_right.gif HTTP/1.1" 304 135 "http://www.e-medicalonline.com/product_info.php?products_id=101" "Mozilla/5.0 (Macintosh; Intel Mac OS X 10.12; rv:73.0) Gecko/20100101 Firefox/73.0"
86.70.60.26 - - [26/Feb/2020:15:13:33 +0100] "GET /product_thumb.php?img=images/LENE1CN.png&w=150&h=101 HTTP/1.1" 304 132 "http://www.e-medicalonline.com/product_info.php?products_id=101" "Mozilla/5.0 (Macintosh; Intel Mac OS X 10.12; rv:73.0) Gecko/20100101 Firefox/73.0"
86.70.60.26 - - [26/Feb/2020:15:13:33 +0100] "GET /product_thumb.php?img=images/visuel-indisponible-650.png&w=120&h=120 HTTP/1.1" 304 132 "http://www.e-medicalonline.com/product_info.php?products_id=101" "Mozilla/5.0 (Macintosh; Intel Mac OS X 10.12; rv:73.0) Gecko/20100101 Firefox/73.0"
86.70.60.26 - - [26/Feb/2020:15:13:33 +0100] "GET /product_thumb.php?img=images/2019-08-28_00h10_15.png&w=150&h=98 HTTP/1.1" 304 132 "http://www.e-medicalonline.com/product_info.php?products_id=101" "Mozilla/5.0 (Macintosh; Intel Mac OS X 10.12; rv:73.0) Gecko/20100101 Firefox/73.0"
86.70.60.26 - - [26/Feb/2020:15:13:33 +0100] "GET /images/loading.gif HTTP/1.1" 304 136 "http://www.e-medicalonline.com/product_info.php?products_id=101" "Mozilla/5.0 (Macintosh; Intel Mac OS X 10.12; rv:73.0) Gecko/20100101 Firefox/73.0"
86.70.60.26 - - [26/Feb/2020:15:13:33 +0100] "GET /images/ok.gif HTTP/1.1" 304 137 "http://www.e-medicalonline.com/product_info.php?products_id=101" "Mozilla/5.0 (Macintosh; Intel Mac OS X 10.12; rv:73.0) Gecko/20100101 Firefox/73.0"
86.70.60.26 - - [26/Feb/2020:15:13:33 +0100] "GET /images/box_products_notifications_remove.gif HTTP/1.1" 304 136 "http://www.e-medicalonline.com/product_info.php?products_id=101" "Mozilla/5.0 (Macintosh; Intel Mac OS X 10.12; rv:73.0) Gecko/20100101 Firefox/73.0"
86.70.60.26 - - [26/Feb/2020:15:13:33 +0100] "GET /images/theme/bgbar.gif HTTP/1.1" 304 135 "http://www.e-medicalonline.com/stylesheet.css" "Mozilla/5.0 (Macintosh; Intel Mac OS X 10.12; rv:73.0) Gecko/20100101 Firefox/73.0"
86.70.60.26 - - [26/Feb/2020:15:13:33 +0100] "GET /images/infobox_module/top.gif HTTP/1.1" 304 135 "http://www.e-medicalonline.com/stylesheet.css" "Mozilla/5.0 (Macintosh; Intel Mac OS X 10.12; rv:73.0) Gecko/20100101 Firefox/73.0"
86.70.60.26 - - [26/Feb/2020:15:13:33 +0100] "GET /images/infobox_module/left.gif HTTP/1.1" 304 135 "http://www.e-medicalonline.com/product_info.php?products_id=101" "Mozilla/5.0 (Macintosh; Intel Mac OS X 10.12; rv:73.0) Gecko/20100101 Firefox/73.0"
86.70.60.26 - - [26/Feb/2020:15:13:33 +0100] "GET /images/icons/cart.gif HTTP/1.1" 304 135 "http://www.e-medicalonline.com/product_info.php?products_id=101" "Mozilla/5.0 (Macintosh; Intel Mac OS X 10.12; rv:73.0) Gecko/20100101 Firefox/73.0"
86.70.60.26 - - [26/Feb/2020:15:13:33 +0100] "GET /images/theme/s1.jpg HTTP/1.1" 304 137 "http://www.e-medicalonline.com/product_info.php?products_id=101" "Mozilla/5.0 (Macintosh; Intel Mac OS X 10.12; rv:73.0) Gecko/20100101 Firefox/73.0"
86.70.60.26 - - [26/Feb/2020:15:13:34 +0100] "GET /images/closelabel.gif HTTP/1.1" 304 136 "http://www.e-medicalonline.com/product_info.php?products_id=101" "Mozilla/5.0 (Macintosh; Intel Mac OS X 10.12; rv:73.0) Gecko/20100101 Firefox/73.0"
114.119.150.88 - - [26/Feb/2020:15:13:38 +0100] "GET /account.php?osCsid=phasirishc5mtnj25pj2tqnm71 HTTP/1.1" 302 546 "-" "Mozilla/5.0(Linux;Android 5.1.1;OPPO A33 Build/LMY47V;wv) AppleWebKit/537.36(KHTML,link Gecko) Version/4.0 Chrome/43.0.2357.121 Mobile Safari/537.36"
86.70.60.26 - - [26/Feb/2020:15:13:38 +0100] "POST /ajax_shopping_cart.php?products_id=101&action=add_product&osCsid=vnv3dj7fn5gbfm6pnnk8anlot6&15827264186370-xml HTTP/1.1" 200 1136 "http://www.e-medicalonline.com/product_info.php?products_id=101" "Mozilla/5.0 (Macintosh; Intel Mac OS X 10.12; rv:73.0) Gecko/20100101 Firefox/73.0"
114.119.150.88 - - [26/Feb/2020:15:13:39 +0100] "GET /login.php?osCsid=68jm1sf0h1mulrbmv63j0j6hv6 HTTP/1.1" 200 7331 "-" "Mozilla/5.0(Linux;Android 5.1.1;OPPO A33 Build/LMY47V;wv) AppleWebKit/537.36(KHTML,link Gecko) Version/4.0 Chrome/43.0.2357.121 Mobile Safari/537.36"
86.70.60.26 - - [26/Feb/2020:15:13:42 +0100] "GET /shopping_cart.php HTTP/1.1" 200 8951 "http://www.e-medicalonline.com/product_info.php?products_id=101" "Mozilla/5.0 (Macintosh; Intel Mac OS X 10.12; rv:73.0) Gecko/20100101 Firefox/73.0"
86.70.60.26 - - [26/Feb/2020:15:13:42 +0100] "GET /product_thumb.php?img=images/table_background_cart.gif&w=150&h=120 HTTP/1.1" 200 3338 "http://www.e-medicalonline.com/shopping_cart.php" "Mozilla/5.0 (Macintosh; Intel Mac OS X 10.12; rv:73.0) Gecko/20100101 Firefox/73.0"
86.70.60.26 - - [26/Feb/2020:15:13:42 +0100] "GET /getCart.php?osCsid=vnv3dj7fn5gbfm6pnnk8anlot6&Cart=1 HTTP/1.1" 200 1236 "http://www.e-medicalonline.com/shopping_cart.php" "Mozilla/5.0 (Macintosh; Intel Mac OS X 10.12; rv:73.0) Gecko/20100101 Firefox/73.0"
86.70.60.26 - - [26/Feb/2020:15:13:43 +0100] "GET /images/minusBtn.gif HTTP/1.1" 200 1339 "http://www.e-medicalonline.com/shopping_cart.php" "Mozilla/5.0 (Macintosh; Intel Mac OS X 10.12; rv:73.0) Gecko/20100101 Firefox/73.0"
86.70.60.26 - - [26/Feb/2020:15:13:43 +0100] "GET /images/plusBtn.gif HTTP/1.1" 200 1337 "http://www.e-medicalonline.com/shopping_cart.php" "Mozilla/5.0 (Macintosh; Intel Mac OS X 10.12; rv:73.0) Gecko/20100101 Firefox/73.0"
114.119.165.96 - - [26/Feb/2020:15:13:44 +0100] "GET /conditions.php?osCsid=as28lsn3vv22bpgekag4j1qms6 HTTP/1.1" 200 12491 "-" "Mozilla/5.0(Linux;U;Android 5.1.1;zh-CN;OPPO A33 Build/LMY47V) AppleWebKit/537.36(KHTML,like Gecko) Version/4.0 Chrome/40.0.2214.89 Mobile Safari/537.36"
114.119.167.197 - - [26/Feb/2020:15:13:45 +0100] "GET /advanced_search.php?osCsid=pccjpgqnmhei6nasrvj6chqjr0 HTTP/1.1" 200 8303 "-" "Mozilla/5.0(Linux;U;Android 5.1.1;zh-CN;OPPO A33 Build/LMY47V) AppleWebKit/537.36(KHTML,like Gecko) Version/4.0 Chrome/40.0.2214.89 Mobile Safari/537.36"
114.119.146.63 - - [26/Feb/2020:15:13:50 +0100] "GET /account.php?osCsid=7a023j1orme04mto01re49ee42 HTTP/1.1" 302 546 "-" "Mozilla/5.0 (iPad; CPU OS 7_0 like Mac OS X) AppleWebKit/537.51.1 (KHTML, like Gecko) Version/7.0 Mobile/11A465 Safari/9537.53"
114.119.146.63 - - [26/Feb/2020:15:13:51 +0100] "GET /login.php?osCsid=t7heung7mie5kcsodcsdvgalb6 HTTP/1.1" 200 7326 "-" "Mozilla/5.0 (iPad; CPU OS 7_0 like Mac OS X) AppleWebKit/537.51.1 (KHTML, like Gecko) Version/7.0 Mobile/11A465 Safari/9537.53"
193.72.144.226 - - [26/Feb/2020:15:13:52 +0100] "GET /lechef/categories.php?cPath=22&pID=300 HTTP/1.1" 200 31718 "http://www.e-medicalonline.com/lechef/categories.php?cPath=22&pID=188" "Mozilla/5.0 (Windows NT 10.0; Win64; x64) AppleWebKit/537.36 (KHTML, like Gecko) Chrome/79.0.3945.130 Safari/537.36"
193.72.144.226 - - [26/Feb/2020:15:13:52 +0100] "GET /images/NYL35CN.jpg HTTP/1.1" 200 45209 "http://www.e-medicalonline.com/lechef/categories.php?cPath=22&pID=300" "Mozilla/5.0 (Windows NT 10.0; Win64; x64) AppleWebKit/537.36 (KHTML, like Gecko) Chrome/79.0.3945.130 Safari/537.36"
193.72.144.226 - - [26/Feb/2020:15:13:52 +0100] "GET /images/NYL35CN.png HTTP/1.1" 200 394051 "http://www.e-medicalonline.com/lechef/categories.php?cPath=22&pID=300" "Mozilla/5.0 (Windows NT 10.0; Win64; x64) AppleWebKit/537.36 (KHTML, like Gecko) Chrome/79.0.3945.130 Safari/537.36"
193.72.144.226 - - [26/Feb/2020:15:13:54 +0100] "GET /lechef/categories.php?cPath=22&pID=188 HTTP/1.1" 200 31714 "http://www.e-medicalonline.com/lechef/categories.php?cPath=22&pID=300" "Mozilla/5.0 (Windows NT 10.0; Win64; x64) AppleWebKit/537.36 (KHTML, like Gecko) Chrome/79.0.3945.130 Safari/537.36"
193.72.144.226 - - [26/Feb/2020:15:13:54 +0100] "GET /images/NYL3CN.jpg HTTP/1.1" 404 452 "http://www.e-medicalonline.com/lechef/categories.php?cPath=22&pID=188" "Mozilla/5.0 (Windows NT 10.0; Win64; x64) AppleWebKit/537.36 (KHTML, like Gecko) Chrome/79.0.3945.130 Safari/537.36"
86.70.60.26 - - [26/Feb/2020:15:13:55 +0100] "GET /images/loading_sc.gif HTTP/1.1" 200 2938 "http://www.e-medicalonline.com/shopping_cart.php" "Mozilla/5.0 (Macintosh; Intel Mac OS X 10.12; rv:73.0) Gecko/20100101 Firefox/73.0"
86.70.60.26 - - [26/Feb/2020:15:13:55 +0100] "POST /getCart.php?osCsid=vnv3dj7fn5gbfm6pnnk8anlot6&101{8}28&Cart=1 HTTP/1.1" 200 1234 "http://www.e-medicalonline.com/shopping_cart.php" "Mozilla/5.0 (Macintosh; Intel Mac OS X 10.12; rv:73.0) Gecko/20100101 Firefox/73.0"
86.70.60.26 - - [26/Feb/2020:15:13:55 +0100] "GET /getCart.php?osCsid=vnv3dj7fn5gbfm6pnnk8anlot6&Cart=1 HTTP/1.1" 200 1234 "http://www.e-medicalonline.com/shopping_cart.php" "Mozilla/5.0 (Macintosh; Intel Mac OS X 10.12; rv:73.0) Gecko/20100101 Firefox/73.0"
86.70.60.26 - - [26/Feb/2020:15:13:55 +0100] "GET /getCartBox.php?osCsid=vnv3dj7fn5gbfm6pnnk8anlot6&Cart=1 HTTP/1.1" 200 821 "http://www.e-medicalonline.com/shopping_cart.php" "Mozilla/5.0 (Macintosh; Intel Mac OS X 10.12; rv:73.0) Gecko/20100101 Firefox/73.0"
193.72.144.226 - - [26/Feb/2020:15:13:56 +0100] "GET /lechef/categories.php?cPath=22&pID=300 HTTP/1.1" 200 31718 "http://www.e-medicalonline.com/lechef/categories.php?cPath=22&pID=188" "Mozilla/5.0 (Windows NT 10.0; Win64; x64) AppleWebKit/537.36 (KHTML, like Gecko) Chrome/79.0.3945.130 Safari/537.36"
193.72.144.226 - - [26/Feb/2020:15:13:57 +0100] "GET /lechef/categories.php?cPath=22&pID=190 HTTP/1.1" 200 31660 "http://www.e-medicalonline.com/lechef/categories.php?cPath=22&pID=300" "Mozilla/5.0 (Windows NT 10.0; Win64; x64) AppleWebKit/537.36 (KHTML, like Gecko) Chrome/79.0.3945.130 Safari/537.36"
193.72.144.226 - - [26/Feb/2020:15:13:57 +0100] "GET /images/NYL4SN.jpg HTTP/1.1" 200 73152 "http://www.e-medicalonline.com/lechef/categories.php?cPath=22&pID=190" "Mozilla/5.0 (Windows NT 10.0; Win64; x64) AppleWebKit/537.36 (KHTML, like Gecko) Chrome/79.0.3945.130 Safari/537.36"
193.72.144.226 - - [26/Feb/2020:15:13:57 +0100] "GET /images/NYL4SN.png HTTP/1.1" 200 391918 "http://www.e-medicalonline.com/lechef/categories.php?cPath=22&pID=190" "Mozilla/5.0 (Windows NT 10.0; Win64; x64) AppleWebKit/537.36 (KHTML, like Gecko) Chrome/79.0.3945.130 Safari/537.36"
86.70.60.26 - - [26/Feb/2020:15:13:58 +0100] "GET /checkout_shipping.php HTTP/1.1" 200 7934 "http://www.e-medicalonline.com/shopping_cart.php" "Mozilla/5.0 (Macintosh; Intel Mac OS X 10.12; rv:73.0) Gecko/20100101 Firefox/73.0"
193.72.144.226 - - [26/Feb/2020:15:13:58 +0100] "GET /lechef/categories.php?cPath=22&pID=192 HTTP/1.1" 200 31705 "http://www.e-medicalonline.com/lechef/categories.php?cPath=22&pID=190" "Mozilla/5.0 (Windows NT 10.0; Win64; x64) AppleWebKit/537.36 (KHTML, like Gecko) Chrome/79.0.3945.130 Safari/537.36"
86.70.60.26 - - [26/Feb/2020:15:13:59 +0100] "GET /product_thumb.php?img=images/table_background_delivery.gif&w=150&h=105 HTTP/1.1" 200 3006 "http://www.e-medicalonline.com/checkout_shipping.php" "Mozilla/5.0 (Macintosh; Intel Mac OS X 10.12; rv:73.0) Gecko/20100101 Firefox/73.0"
86.70.60.26 - - [26/Feb/2020:15:13:59 +0100] "GET /images/checkout_bullet.gif HTTP/1.1" 200 797 "http://www.e-medicalonline.com/checkout_shipping.php" "Mozilla/5.0 (Macintosh; Intel Mac OS X 10.12; rv:73.0) Gecko/20100101 Firefox/73.0"
86.70.60.26 - - [26/Feb/2020:15:13:59 +0100] "GET /images/pixel_silver.gif HTTP/1.1" 200 297 "http://www.e-medicalonline.com/checkout_shipping.php" "Mozilla/5.0 (Macintosh; Intel Mac OS X 10.12; rv:73.0) Gecko/20100101 Firefox/73.0"
193.72.144.226 - - [26/Feb/2020:15:13:59 +0100] "GET /images/NYL4CN.jpg HTTP/1.1" 200 194107 "http://www.e-medicalonline.com/lechef/categories.php?cPath=22&pID=192" "Mozilla/5.0 (Windows NT 10.0; Win64; x64) AppleWebKit/537.36 (KHTML, like Gecko) Chrome/79.0.3945.130 Safari/537.36"
193.72.144.226 - - [26/Feb/2020:15:13:59 +0100] "GET /images/NYL4CN.png HTTP/1.1" 200 392903 "http://www.e-medicalonline.com/lechef/categories.php?cPath=22&pID=192" "Mozilla/5.0 (Windows NT 10.0; Win64; x64) AppleWebKit/537.36 (KHTML, like Gecko) Chrome/79.0.3945.130 Safari/537.36"
193.72.144.226 - - [26/Feb/2020:15:14:01 +0100] "GET /lechef/categories.php?cPath=22&pID=188 HTTP/1.1" 200 31714 "http://www.e-medicalonline.com/lechef/categories.php?cPath=22&pID=192" "Mozilla/5.0 (Windows NT 10.0; Win64; x64) AppleWebKit/537.36 (KHTML, like Gecko) Chrome/79.0.3945.130 Safari/537.36"
193.72.144.226 - - [26/Feb/2020:15:14:02 +0100] "GET /images/NYL3CN.jpg HTTP/1.1" 404 452 "http://www.e-medicalonline.com/lechef/categories.php?cPath=22&pID=188" "Mozilla/5.0 (Windows NT 10.0; Win64; x64) AppleWebKit/537.36 (KHTML, like Gecko) Chrome/79.0.3945.130 Safari/537.36"
86.70.60.26 - - [26/Feb/2020:15:14:02 +0100] "POST /checkout_shipping.php HTTP/1.1" 302 436 "http://www.e-medicalonline.com/checkout_shipping.php" "Mozilla/5.0 (Macintosh; Intel Mac OS X 10.12; rv:73.0) Gecko/20100101 Firefox/73.0"
114.119.142.88 - - [26/Feb/2020:15:14:02 +0100] "GET /shipping.php?osCsid=7pusc7kpjipqa708odigbbb7m3 HTTP/1.1" 200 7405 "-" "Mozilla/5.0(Linux;Android 5.1.1;OPPO A33 Build/LMY47V;wv) AppleWebKit/537.36(KHTML,link Gecko) Version/4.0 Chrome/42.0.2311.138 Mobile Safari/537.36"
86.70.60.26 - - [26/Feb/2020:15:14:02 +0100] "GET /checkout_payment.php HTTP/1.1" 200 8609 "http://www.e-medicalonline.com/checkout_shipping.php" "Mozilla/5.0 (Macintosh; Intel Mac OS X 10.12; rv:73.0) Gecko/20100101 Firefox/73.0"
86.70.60.26 - - [26/Feb/2020:15:14:03 +0100] "GET /product_thumb.php?img=images/table_background_payment.gif&w=150&h=120 HTTP/1.1" 200 3825 "http://www.e-medicalonline.com/checkout_payment.php" "Mozilla/5.0 (Macintosh; Intel Mac OS X 10.12; rv:73.0) Gecko/20100101 Firefox/73.0"
86.70.60.26 - - [26/Feb/2020:15:14:03 +0100] "GET /images/arrow_east_south.gif HTTP/1.1" 200 697 "http://www.e-medicalonline.com/checkout_payment.php" "Mozilla/5.0 (Macintosh; Intel Mac OS X 10.12; rv:73.0) Gecko/20100101 Firefox/73.0"
114.119.157.241 - - [26/Feb/2020:15:14:09 +0100] "GET /index.php?cPath=29&osCsid=5m3ci7ntkvf1fan1ebpkra6644%20 HTTP/1.1" 302 288 "-" "Mozilla/5.0(Linux;Android 5.1.1;OPPO A33 Build/LMY47V;wv) AppleWebKit/537.36(KHTML,link Gecko) Version/4.0 Chrome/42.0.2311.138 Mobile Safari/537.36"
114.119.157.241 - - [26/Feb/2020:15:14:10 +0100] "GET /index.php HTTP/1.1" 200 7349 "-" "Mozilla/5.0(Linux;Android 5.1.1;OPPO A33 Build/LMY47V;wv) AppleWebKit/537.36(KHTML,link Gecko) Version/4.0 Chrome/42.0.2311.138 Mobile Safari/537.36"
193.72.144.226 - - [26/Feb/2020:15:14:12 +0100] "GET /lechef/categories.php?cPath=22&pID=188&action=new_product HTTP/1.1" 200 46739 "http://www.e-medicalonline.com/lechef/categories.php?cPath=22&pID=188" "Mozilla/5.0 (Windows NT 10.0; Win64; x64) AppleWebKit/537.36 (KHTML, like Gecko) Chrome/79.0.3945.130 Safari/537.36"
193.72.144.226 - - [26/Feb/2020:15:14:12 +0100] "GET /images/NYL3CN.jpg HTTP/1.1" 404 452 "http://www.e-medicalonline.com/lechef/categories.php?cPath=22&pID=188&action=new_product" "Mozilla/5.0 (Windows NT 10.0; Win64; x64) AppleWebKit/537.36 (KHTML, like Gecko) Chrome/79.0.3945.130 Safari/537.36"
114.119.145.222 - - [26/Feb/2020:15:14:15 +0100] "GET /index.php?cPath=42&osCsid=bpv21ncm6jt8e6l6hjd3bogcg4%20 HTTP/1.1" 302 288 "-" "Mozilla/5.0(Linux;U;Android 5.1.1;zh-CN;OPPO A33 Build/LMY47V) AppleWebKit/537.36(KHTML,like Gecko) Version/4.0 Chrome/40.0.2214.89 Mobile Safari/537.36"
114.119.145.222 - - [26/Feb/2020:15:14:16 +0100] "GET /index.php HTTP/1.1" 200 7350 "-" "Mozilla/5.0(Linux;U;Android 5.1.1;zh-CN;OPPO A33 Build/LMY47V) AppleWebKit/537.36(KHTML,like Gecko) Version/4.0 Chrome/40.0.2214.89 Mobile Safari/537.36"
114.119.164.214 - - [26/Feb/2020:15:14:21 +0100] "GET /index.php?cPath=42&osCsid=3tbsbe8pnqimr60jj1gmghkrg4%20 HTTP/1.1" 302 288 "-" "Mozilla/5.0(Linux;U;Android 5.1.1;zh-CN;OPPO A33 Build/LMY47V) AppleWebKit/537.36(KHTML,like Gecko) Version/4.0 Chrome/40.0.2214.89 Mobile Safari/537.36"
114.119.164.214 - - [26/Feb/2020:15:14:22 +0100] "GET /index.php HTTP/1.1" 200 7326 "-" "Mozilla/5.0(Linux;U;Android 5.1.1;zh-CN;OPPO A33 Build/LMY47V) AppleWebKit/537.36(KHTML,like Gecko) Version/4.0 Chrome/40.0.2214.89 Mobile Safari/537.36"
86.70.60.26 - - [26/Feb/2020:15:14:26 +0100] "GET /checkout_shipping.php HTTP/1.1" 200 7957 "http://www.e-medicalonline.com/shopping_cart.php" "Mozilla/5.0 (Macintosh; Intel Mac OS X 10.12; rv:73.0) Gecko/20100101 Firefox/73.0"
114.119.165.107 - - [26/Feb/2020:15:14:31 +0100] "GET /product_reviews.php?products_id=104&osCsid=cbekch8qiv19t41l046uiercp4 HTTP/1.1" 200 7381 "-" "Mozilla/5.0(Linux;U;Android 5.1.1;zh-CN;OPPO A33 Build/LMY47V) AppleWebKit/537.36(KHTML,like Gecko) Version/4.0 Chrome/40.0.2214.89 Mobile Safari/537.36"
86.70.60.26 - - [26/Feb/2020:15:14:33 +0100] "GET /shopping_cart.php HTTP/1.1" 200 8959 "http://www.e-medicalonline.com/checkout_shipping.php" "Mozilla/5.0 (Macintosh; Intel Mac OS X 10.12; rv:73.0) Gecko/20100101 Firefox/73.0"
86.70.60.26 - - [26/Feb/2020:15:14:33 +0100] "GET /product_thumb.php?img=images/table_background_cart.gif&w=150&h=120 HTTP/1.1" 304 131 "http://www.e-medicalonline.com/shopping_cart.php" "Mozilla/5.0 (Macintosh; Intel Mac OS X 10.12; rv:73.0) Gecko/20100101 Firefox/73.0"
86.70.60.26 - - [26/Feb/2020:15:14:33 +0100] "GET /getCart.php?osCsid=vnv3dj7fn5gbfm6pnnk8anlot6&Cart=1 HTTP/1.1" 200 1234 "http://www.e-medicalonline.com/shopping_cart.php" "Mozilla/5.0 (Macintosh; Intel Mac OS X 10.12; rv:73.0) Gecko/20100101 Firefox/73.0"
86.70.60.26 - - [26/Feb/2020:15:14:36 +0100] "GET /checkout_shipping.php HTTP/1.1" 200 7961 "http://www.e-medicalonline.com/shopping_cart.php" "Mozilla/5.0 (Macintosh; Intel Mac OS X 10.12; rv:73.0) Gecko/20100101 Firefox/73.0"
86.70.60.26 - - [26/Feb/2020:15:14:36 +0100] "GET /product_thumb.php?img=images/visuel-indisponible-650%20(1).png&w=120&h=120 HTTP/1.1" 200 6607 "http://www.e-medicalonline.com/checkout_shipping.php" "Mozilla/5.0 (Macintosh; Intel Mac OS X 10.12; rv:73.0) Gecko/20100101 Firefox/73.0"
86.70.60.26 - - [26/Feb/2020:15:14:36 +0100] "GET /product_thumb.php?img=images/table_background_delivery.gif&w=150&h=105 HTTP/1.1" 200 3006 "http://www.e-medicalonline.com/checkout_shipping.php" "Mozilla/5.0 (Macintosh; Intel Mac OS X 10.12; rv:73.0) Gecko/20100101 Firefox/73.0"
114.119.138.165 - - [26/Feb/2020:15:14:38 +0100] "GET /product_info.php?products_id=379&osCsid=epvfls7ikg53o77b7290a5slq3 HTTP/1.1" 200 8813 "-" "Mozilla/5.0 (iPad; CPU OS 7_0 like Mac OS X) AppleWebKit/537.51.1 (KHTML, like Gecko) Version/7.0 Mobile/11A465 Safari/9537.53"
86.70.60.26 - - [26/Feb/2020:15:14:41 +0100] "POST /checkout_shipping.php HTTP/1.1" 302 436 "http://www.e-medicalonline.com/checkout_shipping.php" "Mozilla/5.0 (Macintosh; Intel Mac OS X 10.12; rv:73.0) Gecko/20100101 Firefox/73.0"
86.70.60.26 - - [26/Feb/2020:15:14:41 +0100] "GET /checkout_payment.php HTTP/1.1" 200 8630 "http://www.e-medicalonline.com/checkout_shipping.php" "Mozilla/5.0 (Macintosh; Intel Mac OS X 10.12; rv:73.0) Gecko/20100101 Firefox/73.0"
86.70.60.26 - - [26/Feb/2020:15:14:41 +0100] "GET /product_thumb.php?img=images/table_background_payment.gif&w=150&h=120 HTTP/1.1" 304 131 "http://www.e-medicalonline.com/checkout_payment.php" "Mozilla/5.0 (Macintosh; Intel Mac OS X 10.12; rv:73.0) Gecko/20100101 Firefox/73.0"
114.119.137.141 - - [26/Feb/2020:15:14:43 +0100] "GET /product_info.php?products_id=134&osCsid=6ffvl0vphn6taajq8f57i7ur70 HTTP/1.1" 200 9111 "-" "Mozilla/5.0 (iPad; CPU OS 7_0 like Mac OS X) AppleWebKit/537.51.1 (KHTML, like Gecko) Version/7.0 Mobile/11A465 Safari/9537.53"
114.119.165.185 - - [26/Feb/2020:15:14:49 +0100] "GET /index.php?cPath=29&osCsid=rk04k72ap4u8pfi63u5foqqg46%20 HTTP/1.1" 302 288 "-" "Mozilla/5.0(Linux;Android 5.1.1;OPPO A33 Build/LMY47V;wv) AppleWebKit/537.36(KHTML,link Gecko) Version/4.0 Chrome/43.0.2357.121 Mobile Safari/537.36"
114.119.165.185 - - [26/Feb/2020:15:14:50 +0100] "GET /index.php HTTP/1.1" 200 7316 "-" "Mozilla/5.0(Linux;Android 5.1.1;OPPO A33 Build/LMY47V;wv) AppleWebKit/537.36(KHTML,link Gecko) Version/4.0 Chrome/43.0.2357.121 Mobile Safari/537.36"
114.119.137.156 - - [26/Feb/2020:15:14:54 +0100] "GET /index.php?cPath=47&osCsid=9nj4glh0piin6q8723l575d2k7%20 HTTP/1.1" 302 288 "-" "Mozilla/5.0(Linux;Android 5.1.1;OPPO A33 Build/LMY47V;wv) AppleWebKit/537.36(KHTML,link Gecko) Version/4.0 Chrome/43.0.2357.121 Mobile Safari/537.36"
114.119.137.156 - - [26/Feb/2020:15:14:55 +0100] "GET /index.php HTTP/1.1" 200 7317 "-" "Mozilla/5.0(Linux;Android 5.1.1;OPPO A33 Build/LMY47V;wv) AppleWebKit/537.36(KHTML,link Gecko) Version/4.0 Chrome/43.0.2357.121 Mobile Safari/537.36"
159.138.154.103 - - [26/Feb/2020:15:14:59 +0100] "GET /images/PGLA2CN.png?osCsid=vv1r8v3fekgos8r62fpble5f17 HTTP/1.1" 404 453 "-" "Mozilla/5.0 (iPad; CPU OS 7_0 like Mac OS X) AppleWebKit/537.51.1 (KHTML, like Gecko) Version/7.0 Mobile/11A465 Safari/9537.53"
193.72.144.226 - - [26/Feb/2020:15:15:01 +0100] "GET /lechef/categories.php?cPath=22&pID=188 HTTP/1.1" 200 31714 "http://www.e-medicalonline.com/lechef/categories.php?cPath=22&pID=192" "Mozilla/5.0 (Windows NT 10.0; Win64; x64) AppleWebKit/537.36 (KHTML, like Gecko) Chrome/79.0.3945.130 Safari/537.36"
114.119.151.5 - - [26/Feb/2020:15:15:05 +0100] "GET /product_info.php?products_id=378&osCsid=cbc760fn41me6sh8cgtfevlje7 HTTP/1.1" 200 8785 "-" "Mozilla/5.0(Linux;U;Android 5.1.1;zh-CN;OPPO A33 Build/LMY47V) AppleWebKit/537.36(KHTML,like Gecko) Version/4.0 Chrome/40.0.2214.89 Mobile Safari/537.36"
54.36.150.122 - - [26/Feb/2020:15:15:07 +0100] "GET /product_reviews.php?products_id=231&language=fr HTTP/1.1" 200 7495 "-" "Mozilla/5.0 (compatible; AhrefsBot/6.1; +http://ahrefs.com/robot/)"
193.72.144.226 - - [26/Feb/2020:15:15:08 +0100] "GET /lechef/categories.php?cPath=37 HTTP/1.1" 200 29679 "http://www.e-medicalonline.com/lechef/categories.php?cPath=22&pID=188" "Mozilla/5.0 (Windows NT 10.0; Win64; x64) AppleWebKit/537.36 (KHTML, like Gecko) Chrome/79.0.3945.130 Safari/537.36"
193.72.144.226 - - [26/Feb/2020:15:15:08 +0100] "GET /images/lene2cn-1.jpg HTTP/1.1" 200 56512 "http://www.e-medicalonline.com/lechef/categories.php?cPath=37" "Mozilla/5.0 (Windows NT 10.0; Win64; x64) AppleWebKit/537.36 (KHTML, like Gecko) Chrome/79.0.3945.130 Safari/537.36"
193.72.144.226 - - [26/Feb/2020:15:15:11 +0100] "GET /lechef/categories.php?cPath=37&pID=378 HTTP/1.1" 200 29798 "http://www.e-medicalonline.com/lechef/categories.php?cPath=37" "Mozilla/5.0 (Windows NT 10.0; Win64; x64) AppleWebKit/537.36 (KHTML, like Gecko) Chrome/79.0.3945.130 Safari/537.36"
193.72.144.226 - - [26/Feb/2020:15:15:11 +0100] "GET /images/2019-08-28_00h10_15.png HTTP/1.1" 200 104664 "http://www.e-medicalonline.com/lechef/categories.php?cPath=37&pID=378" "Mozilla/5.0 (Windows NT 10.0; Win64; x64) AppleWebKit/537.36 (KHTML, like Gecko) Chrome/79.0.3945.130 Safari/537.36"
193.72.144.226 - - [26/Feb/2020:15:15:12 +0100] "GET /lechef/categories.php?cPath=37&pID=378&action=new_product_preview&read=only HTTP/1.1" 200 23822 "http://www.e-medicalonline.com/lechef/categories.php?cPath=37&pID=378" "Mozilla/5.0 (Windows NT 10.0; Win64; x64) AppleWebKit/537.36 (KHTML, like Gecko) Chrome/79.0.3945.130 Safari/537.36"
114.119.130.217 - - [26/Feb/2020:15:15:12 +0100] "GET /privacy.php?osCsid=r3v5459dp4v9qc2gohks60tu70 HTTP/1.1" 200 12085 "-" "Mozilla/5.0(Linux;Android 5.1.1;OPPO A33 Build/LMY47V;wv) AppleWebKit/537.36(KHTML,link Gecko) Version/4.0 Chrome/42.0.2311.138 Mobile Safari/537.36"
193.72.144.226 - - [26/Feb/2020:15:15:14 +0100] "GET /lechef/categories.php?cPath=37&pID=378 HTTP/1.1" 200 29798 "http://www.e-medicalonline.com/lechef/categories.php?cPath=37" "Mozilla/5.0 (Windows NT 10.0; Win64; x64) AppleWebKit/537.36 (KHTML, like Gecko) Chrome/79.0.3945.130 Safari/537.36"
193.72.144.226 - - [26/Feb/2020:15:15:16 +0100] "GET /lechef/categories.php?cPath=37&pID=245 HTTP/1.1" 200 30242 "http://www.e-medicalonline.com/lechef/categories.php?cPath=37&pID=378" "Mozilla/5.0 (Windows NT 10.0; Win64; x64) AppleWebKit/537.36 (KHTML, like Gecko) Chrome/79.0.3945.130 Safari/537.36"
