114.119.164.165 - - [26/Feb/2020:15:10:37 +0100] "GET /product_info.php?products_id=385&osCsid=m132p393llhkkt151vuali9qo0 HTTP/1.1" 200 9095 "-" "Mozilla/5.0 (iPad; CPU OS 7_0 like Mac OS X) AppleWebKit/537.51.1 (KHTML, like Gecko) Version/7.0 Mobile/11A465 Safari/9537.53"
114.119.133.161 - - [26/Feb/2020:15:10:44 +0100] "GET /faq.php?osCsid=008k5d8snj3l9u0trmofr0it42 HTTP/1.1" 200 7140 "-" "Mozilla/5.0(Linux;U;Android 5.1.1;zh-CN;OPPO A33 Build/LMY47V) AppleWebKit/537.36(KHTML,like Gecko) Version/4.0 Chrome/40.0.2214.89 Mobile Safari/537.36"
86.70.60.26 - - [26/Feb/2020:15:10:47 +0100] "GET / HTTP/1.1" 200 3471 "-" "Mozilla/5.0 (Macintosh; Intel Mac OS X 10.12; rv:73.0) Gecko/20100101 Firefox/73.0"
86.70.60.26 - - [26/Feb/2020:15:10:48 +0100] "GET /index.php?language=fr HTTP/1.1" 200 8864 "http://www.e-medicalonline.com/" "Mozilla/5.0 (Macintosh; Intel Mac OS X 10.12; rv:73.0) Gecko/20100101 Firefox/73.0"
86.70.60.26 - - [26/Feb/2020:15:10:48 +0100] "GET /mymenu.css HTTP/1.1" 200 8561 "http://www.e-medicalonline.com/index.php?language=fr" "Mozilla/5.0 (Macintosh; Intel Mac OS X 10.12; rv:73.0) Gecko/20100101 Firefox/73.0"
86.70.60.26 - - [26/Feb/2020:15:10:48 +0100] "GET /includes/ajax_sc.js HTTP/1.1" 200 17129 "http://www.e-medicalonline.com/index.php?language=fr" "Mozilla/5.0 (Macintosh; Intel Mac OS X 10.12; rv:73.0) Gecko/20100101 Firefox/73.0"
86.70.60.26 - - [26/Feb/2020:15:10:48 +0100] "GET /stylesheet.css HTTP/1.1" 200 21852 "http://www.e-medicalonline.com/index.php?language=fr" "Mozilla/5.0 (Macintosh; Intel Mac OS X 10.12; rv:73.0) Gecko/20100101 Firefox/73.0"
86.70.60.26 - - [26/Feb/2020:15:10:48 +0100] "GET /includes/languages/french/images/icon.gif HTTP/1.1" 200 388 "http://www.e-medicalonline.com/index.php?language=fr" "Mozilla/5.0 (Macintosh; Intel Mac OS X 10.12; rv:73.0) Gecko/20100101 Firefox/73.0"
86.70.60.26 - - [26/Feb/2020:15:10:48 +0100] "GET /includes/languages/english/images/icon.gif HTTP/1.1" 200 458 "http://www.e-medicalonline.com/index.php?language=fr" "Mozilla/5.0 (Macintosh; Intel Mac OS X 10.12; rv:73.0) Gecko/20100101 Firefox/73.0"
86.70.60.26 - - [26/Feb/2020:15:10:48 +0100] "GET /includes/languages/polish/images/icon.gif HTTP/1.1" 200 342 "http://www.e-medicalonline.com/index.php?language=fr" "Mozilla/5.0 (Macintosh; Intel Mac OS X 10.12; rv:73.0) Gecko/20100101 Firefox/73.0"
86.70.60.26 - - [26/Feb/2020:15:10:48 +0100] "GET /includes/languages/srpski/images/icon.gif HTTP/1.1" 200 707 "http://www.e-medicalonline.com/index.php?language=fr" "Mozilla/5.0 (Macintosh; Intel Mac OS X 10.12; rv:73.0) Gecko/20100101 Firefox/73.0"
86.70.60.26 - - [26/Feb/2020:15:10:48 +0100] "GET /includes/languages/russian/images/icon.gif HTTP/1.1" 200 384 "http://www.e-medicalonline.com/index.php?language=fr" "Mozilla/5.0 (Macintosh; Intel Mac OS X 10.12; rv:73.0) Gecko/20100101 Firefox/73.0"
86.70.60.26 - - [26/Feb/2020:15:10:48 +0100] "GET /includes/languages/turkish/images/icon.gif HTTP/1.1" 200 421 "http://www.e-medicalonline.com/index.php?language=fr" "Mozilla/5.0 (Macintosh; Intel Mac OS X 10.12; rv:73.0) Gecko/20100101 Firefox/73.0"
86.70.60.26 - - [26/Feb/2020:15:10:48 +0100] "GET /includes/languages/hebrew/images/icon.gif HTTP/1.1" 200 1188 "http://www.e-medicalonline.com/index.php?language=fr" "Mozilla/5.0 (Macintosh; Intel Mac OS X 10.12; rv:73.0) Gecko/20100101 Firefox/73.0"
86.70.60.26 - - [26/Feb/2020:15:10:48 +0100] "GET /includes/languages/arabic/images/icon.gif HTTP/1.1" 200 1127 "http://www.e-medicalonline.com/index.php?language=fr" "Mozilla/5.0 (Macintosh; Intel Mac OS X 10.12; rv:73.0) Gecko/20100101 Firefox/73.0"
86.70.60.26 - - [26/Feb/2020:15:10:49 +0100] "GET /images/store_logo.gif HTTP/1.1" 200 10346 "http://www.e-medicalonline.com/index.php?language=fr" "Mozilla/5.0 (Macintosh; Intel Mac OS X 10.12; rv:73.0) Gecko/20100101 Firefox/73.0"
86.70.60.26 - - [26/Feb/2020:15:10:48 +0100] "GET /images/theme/background.png HTTP/1.1" 200 107677 "http://www.e-medicalonline.com/stylesheet.css" "Mozilla/5.0 (Macintosh; Intel Mac OS X 10.12; rv:73.0) Gecko/20100101 Firefox/73.0"
86.70.60.26 - - [26/Feb/2020:15:10:49 +0100] "GET /images/header_account.gif HTTP/1.1" 200 2319 "http://www.e-medicalonline.com/index.php?language=fr" "Mozilla/5.0 (Macintosh; Intel Mac OS X 10.12; rv:73.0) Gecko/20100101 Firefox/73.0"
86.70.60.26 - - [26/Feb/2020:15:10:49 +0100] "GET /images/header_cart.gif HTTP/1.1" 200 1877 "http://www.e-medicalonline.com/index.php?language=fr" "Mozilla/5.0 (Macintosh; Intel Mac OS X 10.12; rv:73.0) Gecko/20100101 Firefox/73.0"
86.70.60.26 - - [26/Feb/2020:15:10:49 +0100] "GET /arrow.gif HTTP/1.1" 200 1078 "http://www.e-medicalonline.com/index.php?language=fr" "Mozilla/5.0 (Macintosh; Intel Mac OS X 10.12; rv:73.0) Gecko/20100101 Firefox/73.0"
86.70.60.26 - - [26/Feb/2020:15:10:49 +0100] "GET /images/pixel_trans.gif HTTP/1.1" 200 305 "http://www.e-medicalonline.com/index.php?language=fr" "Mozilla/5.0 (Macintosh; Intel Mac OS X 10.12; rv:73.0) Gecko/20100101 Firefox/73.0"
86.70.60.26 - - [26/Feb/2020:15:10:49 +0100] "GET /product_thumb.php?img=images/LENE1CN.png&w=150&h=101 HTTP/1.1" 200 8128 "http://www.e-medicalonline.com/index.php?language=fr" "Mozilla/5.0 (Macintosh; Intel Mac OS X 10.12; rv:73.0) Gecko/20100101 Firefox/73.0"
86.70.60.26 - - [26/Feb/2020:15:10:49 +0100] "GET /images/theme/bgbar.gif HTTP/1.1" 200 429 "http://www.e-medicalonline.com/stylesheet.css" "Mozilla/5.0 (Macintosh; Intel Mac OS X 10.12; rv:73.0) Gecko/20100101 Firefox/73.0"
86.70.60.26 - - [26/Feb/2020:15:10:49 +0100] "GET /images/loading.gif HTTP/1.1" 200 2938 "http://www.e-medicalonline.com/index.php?language=fr" "Mozilla/5.0 (Macintosh; Intel Mac OS X 10.12; rv:73.0) Gecko/20100101 Firefox/73.0"
86.70.60.26 - - [26/Feb/2020:15:10:49 +0100] "GET /images/teaser.jpg HTTP/1.1" 200 69016 "http://www.e-medicalonline.com/index.php?language=fr" "Mozilla/5.0 (Macintosh; Intel Mac OS X 10.12; rv:73.0) Gecko/20100101 Firefox/73.0"
86.70.60.26 - - [26/Feb/2020:15:10:49 +0100] "GET /images/theme/s1.jpg HTTP/1.1" 200 26302 "http://www.e-medicalonline.com/index.php?language=fr" "Mozilla/5.0 (Macintosh; Intel Mac OS X 10.12; rv:73.0) Gecko/20100101 Firefox/73.0"
86.70.60.26 - - [26/Feb/2020:15:10:49 +0100] "GET /images/ok.gif HTTP/1.1" 200 4521 "http://www.e-medicalonline.com/index.php?language=fr" "Mozilla/5.0 (Macintosh; Intel Mac OS X 10.12; rv:73.0) Gecko/20100101 Firefox/73.0"
86.70.60.26 - - [26/Feb/2020:15:10:49 +0100] "GET /favicon.ico HTTP/1.1" 404 446 "-" "Mozilla/5.0 (Macintosh; Intel Mac OS X 10.12; rv:73.0) Gecko/20100101 Firefox/73.0"
193.72.144.226 - - [26/Feb/2020:15:10:50 +0100] "GET /lechef/images/icons/error.gif HTTP/1.1" 200 456 "http://www.e-medicalonline.com/lechef/categories.php?selected_box=catalog" "Mozilla/5.0 (Windows NT 10.0; Win64; x64) AppleWebKit/537.36 (KHTML, like Gecko) Chrome/79.0.3945.130 Safari/537.36"
193.72.144.226 - - [26/Feb/2020:15:10:50 +0100] "GET /lechef/categories.php?selected_box=catalog HTTP/1.1" 200 24693 "http://www.e-medicalonline.com/lechef/configuration.php?gID=4" "Mozilla/5.0 (Windows NT 10.0; Win64; x64) AppleWebKit/537.36 (KHTML, like Gecko) Chrome/79.0.3945.130 Safari/537.36"
193.72.144.226 - - [26/Feb/2020:15:10:50 +0100] "GET /lechef/images/icons/preview.gif HTTP/1.1" 200 641 "http://www.e-medicalonline.com/lechef/categories.php?selected_box=catalog" "Mozilla/5.0 (Windows NT 10.0; Win64; x64) AppleWebKit/537.36 (KHTML, like Gecko) Chrome/79.0.3945.130 Safari/537.36"
193.72.144.226 - - [26/Feb/2020:15:10:50 +0100] "GET /lechef/images/icons/folder.gif HTTP/1.1" 200 392 "http://www.e-medicalonline.com/lechef/categories.php?selected_box=catalog" "Mozilla/5.0 (Windows NT 10.0; Win64; x64) AppleWebKit/537.36 (KHTML, like Gecko) Chrome/79.0.3945.130 Safari/537.36"
193.72.144.226 - - [26/Feb/2020:15:10:50 +0100] "GET /lechef/includes/languages/french/images/buttons/button_new_category.gif HTTP/1.1" 200 805 "http://www.e-medicalonline.com/lechef/categories.php?selected_box=catalog" "Mozilla/5.0 (Windows NT 10.0; Win64; x64) AppleWebKit/537.36 (KHTML, like Gecko) Chrome/79.0.3945.130 Safari/537.36"
193.72.144.226 - - [26/Feb/2020:15:10:50 +0100] "GET /lechef/includes/languages/french/images/buttons/button_new_product.gif HTTP/1.1" 200 823 "http://www.e-medicalonline.com/lechef/categories.php?selected_box=catalog" "Mozilla/5.0 (Windows NT 10.0; Win64; x64) AppleWebKit/537.36 (KHTML, like Gecko) Chrome/79.0.3945.130 Safari/537.36"
193.72.144.226 - - [26/Feb/2020:15:10:50 +0100] "GET /lechef/images/icon_status_green_light.gif HTTP/1.1" 200 556 "http://www.e-medicalonline.com/lechef/categories.php?selected_box=catalog" "Mozilla/5.0 (Windows NT 10.0; Win64; x64) AppleWebKit/537.36 (KHTML, like Gecko) Chrome/79.0.3945.130 Safari/537.36"
193.72.144.226 - - [26/Feb/2020:15:10:50 +0100] "GET /lechef/images/icon_status_red.gif HTTP/1.1" 200 572 "http://www.e-medicalonline.com/lechef/categories.php?selected_box=catalog" "Mozilla/5.0 (Windows NT 10.0; Win64; x64) AppleWebKit/537.36 (KHTML, like Gecko) Chrome/79.0.3945.130 Safari/537.36"
193.72.144.226 - - [26/Feb/2020:15:10:50 +0100] "GET /lechef/includes/languages/french/images/buttons/button_move.gif HTTP/1.1" 200 716 "http://www.e-medicalonline.com/lechef/categories.php?selected_box=catalog" "Mozilla/5.0 (Windows NT 10.0; Win64; x64) AppleWebKit/537.36 (KHTML, like Gecko) Chrome/79.0.3945.130 Safari/537.36"
193.72.144.226 - - [26/Feb/2020:15:10:50 +0100] "GET /lechef/includes/languages/french/images/buttons/button_delete.gif HTTP/1.1" 200 705 "http://www.e-medicalonline.com/lechef/categories.php?selected_box=catalog" "Mozilla/5.0 (Windows NT 10.0; Win64; x64) AppleWebKit/537.36 (KHTML, like Gecko) Chrome/79.0.3945.130 Safari/537.36"
114.119.141.90 - - [26/Feb/2020:15:10:52 +0100] "GET /product_info.php?products_id=134&action=notify&osCsid=msgn0k23rlgorap3kmrbgdmu13 HTTP/1.1" 302 546 "-" "Mozilla/5.0(Linux;Android 5.1.1;OPPO A33 Build/LMY47V;wv) AppleWebKit/537.36(KHTML,link Gecko) Version/4.0 Chrome/43.0.2357.121 Mobile Safari/537.36"
86.70.60.26 - - [26/Feb/2020:15:10:53 +0100] "GET /account.php?osCsid=vnv3dj7fn5gbfm6pnnk8anlot6 HTTP/1.1" 302 425 "http://www.e-medicalonline.com/index.php?language=fr" "Mozilla/5.0 (Macintosh; Intel Mac OS X 10.12; rv:73.0) Gecko/20100101 Firefox/73.0"
86.70.60.26 - - [26/Feb/2020:15:10:53 +0100] "GET /login.php HTTP/1.1" 200 7512 "http://www.e-medicalonline.com/index.php?language=fr" "Mozilla/5.0 (Macintosh; Intel Mac OS X 10.12; rv:73.0) Gecko/20100101 Firefox/73.0"
114.119.141.90 - - [26/Feb/2020:15:10:53 +0100] "GET /login.php?osCsid=d2bi2u3hooe6ve0igfjtco7hi0 HTTP/1.1" 200 7326 "-" "Mozilla/5.0(Linux;Android 5.1.1;OPPO A33 Build/LMY47V;wv) AppleWebKit/537.36(KHTML,link Gecko) Version/4.0 Chrome/43.0.2357.121 Mobile Safari/537.36"
86.70.60.26 - - [26/Feb/2020:15:10:53 +0100] "GET /product_thumb.php?img=images/table_background_login.gif&w=150&h=120 HTTP/1.1" 200 4581 "http://www.e-medicalonline.com/login.php" "Mozilla/5.0 (Macintosh; Intel Mac OS X 10.12; rv:73.0) Gecko/20100101 Firefox/73.0"
86.70.60.26 - - [26/Feb/2020:15:10:53 +0100] "GET /product_thumb.php?img=images/visuel-indisponible-650%20(1).png&w=120&h=120 HTTP/1.1" 200 6607 "http://www.e-medicalonline.com/login.php" "Mozilla/5.0 (Macintosh; Intel Mac OS X 10.12; rv:73.0) Gecko/20100101 Firefox/73.0"
46.229.168.146 - - [26/Feb/2020:15:10:53 +0100] "GET /shopping_cart.php?language=ar&page=4 HTTP/1.1" 200 8870 "-" "Mozilla/5.0 (compatible; SemrushBot/6~bl; +http://www.semrush.com/bot.html)"
86.70.60.26 - - [26/Feb/2020:15:10:57 +0100] "POST /login.php?action=process HTTP/1.1" 302 427 "http://www.e-medicalonline.com/login.php" "Mozilla/5.0 (Macintosh; Intel Mac OS X 10.12; rv:73.0) Gecko/20100101 Firefox/73.0"
86.70.60.26 - - [26/Feb/2020:15:10:57 +0100] "GET /account.php HTTP/1.1" 200 7909 "http://www.e-medicalonline.com/login.php" "Mozilla/5.0 (Macintosh; Intel Mac OS X 10.12; rv:73.0) Gecko/20100101 Firefox/73.0"
86.70.60.26 - - [26/Feb/2020:15:10:57 +0100] "GET /product_thumb.php?img=images/table_background_account.gif&w=150&h=105 HTTP/1.1" 200 3371 "http://www.e-medicalonline.com/account.php" "Mozilla/5.0 (Macintosh; Intel Mac OS X 10.12; rv:73.0) Gecko/20100101 Firefox/73.0"
86.70.60.26 - - [26/Feb/2020:15:10:57 +0100] "GET /images/arrow_south_east.gif HTTP/1.1" 200 698 "http://www.e-medicalonline.com/account.php" "Mozilla/5.0 (Macintosh; Intel Mac OS X 10.12; rv:73.0) Gecko/20100101 Firefox/73.0"
86.70.60.26 - - [26/Feb/2020:15:10:57 +0100] "GET /images/account_personal.gif HTTP/1.1" 200 2872 "http://www.e-medicalonline.com/account.php" "Mozilla/5.0 (Macintosh; Intel Mac OS X 10.12; rv:73.0) Gecko/20100101 Firefox/73.0"
86.70.60.26 - - [26/Feb/2020:15:10:57 +0100] "GET /images/arrow_green.gif HTTP/1.1" 200 331 "http://www.e-medicalonline.com/account.php" "Mozilla/5.0 (Macintosh; Intel Mac OS X 10.12; rv:73.0) Gecko/20100101 Firefox/73.0"
86.70.60.26 - - [26/Feb/2020:15:10:57 +0100] "GET /images/account_orders.gif HTTP/1.1" 200 2976 "http://www.e-medicalonline.com/account.php" "Mozilla/5.0 (Macintosh; Intel Mac OS X 10.12; rv:73.0) Gecko/20100101 Firefox/73.0"
86.70.60.26 - - [26/Feb/2020:15:10:57 +0100] "GET /images/account_notifications.gif HTTP/1.1" 200 2617 "http://www.e-medicalonline.com/account.php" "Mozilla/5.0 (Macintosh; Intel Mac OS X 10.12; rv:73.0) Gecko/20100101 Firefox/73.0"
86.70.60.26 - - [26/Feb/2020:15:10:57 +0100] "GET /images/parrainage.gif HTTP/1.1" 200 533 "http://www.e-medicalonline.com/account.php" "Mozilla/5.0 (Macintosh; Intel Mac OS X 10.12; rv:73.0) Gecko/20100101 Firefox/73.0"
86.70.60.26 - - [26/Feb/2020:15:10:57 +0100] "GET /product_thumb.php?img=images/visuel-indisponible-650.png&w=120&h=120 HTTP/1.1" 200 6607 "http://www.e-medicalonline.com/account.php" "Mozilla/5.0 (Macintosh; Intel Mac OS X 10.12; rv:73.0) Gecko/20100101 Firefox/73.0"
86.70.60.26 - - [26/Feb/2020:15:10:57 +0100] "GET /images/icons/cart.gif HTTP/1.1" 200 497 "http://www.e-medicalonline.com/account.php" "Mozilla/5.0 (Macintosh; Intel Mac OS X 10.12; rv:73.0) Gecko/20100101 Firefox/73.0"
114.119.146.26 - - [26/Feb/2020:15:10:58 +0100] "GET /conditions.php?osCsid=urjj35f21kj4do86pag55qvht4 HTTP/1.1" 200 12537 "-" "Mozilla/5.0 (iPad; CPU OS 7_0 like Mac OS X) AppleWebKit/537.51.1 (KHTML, like Gecko) Version/7.0 Mobile/11A465 Safari/9537.53"
193.72.144.226 - - [26/Feb/2020:15:10:59 +0100] "GET /lechef/categories.php?cPath=41 HTTP/1.1" 200 23538 "http://www.e-medicalonline.com/lechef/categories.php?selected_box=catalog" "Mozilla/5.0 (Windows NT 10.0; Win64; x64) AppleWebKit/537.36 (KHTML, like Gecko) Chrome/79.0.3945.130 Safari/537.36"
193.72.144.226 - - [26/Feb/2020:15:10:59 +0100] "GET /images/product_thumb.jpg HTTP/1.1" 200 8901 "http://www.e-medicalonline.com/lechef/categories.php?cPath=41" "Mozilla/5.0 (Windows NT 10.0; Win64; x64) AppleWebKit/537.36 (KHTML, like Gecko) Chrome/79.0.3945.130 Safari/537.36"
193.72.144.226 - - [26/Feb/2020:15:10:59 +0100] "GET /lechef/includes/languages/french/images/buttons/button_back.gif HTTP/1.1" 200 703 "http://www.e-medicalonline.com/lechef/categories.php?cPath=41" "Mozilla/5.0 (Windows NT 10.0; Win64; x64) AppleWebKit/537.36 (KHTML, like Gecko) Chrome/79.0.3945.130 Safari/537.36"
193.72.144.226 - - [26/Feb/2020:15:11:00 +0100] "GET /lechef/categories.php?cPath=41_62 HTTP/1.1" 200 25142 "http://www.e-medicalonline.com/lechef/categories.php?cPath=41" "Mozilla/5.0 (Windows NT 10.0; Win64; x64) AppleWebKit/537.36 (KHTML, like Gecko) Chrome/79.0.3945.130 Safari/537.36"
86.70.60.26 - - [26/Feb/2020:15:11:00 +0100] "GET /account_history_info.php?order_id=12006 HTTP/1.1" 200 7907 "http://www.e-medicalonline.com/account.php" "Mozilla/5.0 (Macintosh; Intel Mac OS X 10.12; rv:73.0) Gecko/20100101 Firefox/73.0"
193.72.144.226 - - [26/Feb/2020:15:11:00 +0100] "GET /lechef/images/icon_status_green.gif HTTP/1.1" 200 780 "http://www.e-medicalonline.com/lechef/categories.php?cPath=41_62" "Mozilla/5.0 (Windows NT 10.0; Win64; x64) AppleWebKit/537.36 (KHTML, like Gecko) Chrome/79.0.3945.130 Safari/537.36"
193.72.144.226 - - [26/Feb/2020:15:11:00 +0100] "GET /lechef/images/icon_status_red_light.gif HTTP/1.1" 200 572 "http://www.e-medicalonline.com/lechef/categories.php?cPath=41_62" "Mozilla/5.0 (Windows NT 10.0; Win64; x64) AppleWebKit/537.36 (KHTML, like Gecko) Chrome/79.0.3945.130 Safari/537.36"
193.72.144.226 - - [26/Feb/2020:15:11:00 +0100] "GET /lechef/includes/languages/french/images/buttons/button_copy_to.gif HTTP/1.1" 200 701 "http://www.e-medicalonline.com/lechef/categories.php?cPath=41_62" "Mozilla/5.0 (Windows NT 10.0; Win64; x64) AppleWebKit/537.36 (KHTML, like Gecko) Chrome/79.0.3945.130 Safari/537.36"
193.72.144.226 - - [26/Feb/2020:15:11:00 +0100] "GET /lechef/includes/languages/french/images/buttons/button_stock.gif HTTP/1.1" 200 1427 "http://www.e-medicalonline.com/lechef/categories.php?cPath=41_62" "Mozilla/5.0 (Windows NT 10.0; Win64; x64) AppleWebKit/537.36 (KHTML, like Gecko) Chrome/79.0.3945.130 Safari/537.36"
86.70.60.26 - - [26/Feb/2020:15:11:01 +0100] "GET /product_thumb.php?img=images/table_background_history.gif&w=150&h=105 HTTP/1.1" 200 3304 "http://www.e-medicalonline.com/account_history_info.php?order_id=12006" "Mozilla/5.0 (Macintosh; Intel Mac OS X 10.12; rv:73.0) Gecko/20100101 Firefox/73.0"
86.70.60.26 - - [26/Feb/2020:15:11:01 +0100] "GET /product_thumb.php?img=images/no_image.jpg&w=120&h=120 HTTP/1.1" 200 3525 "http://www.e-medicalonline.com/account_history_info.php?order_id=12006" "Mozilla/5.0 (Macintosh; Intel Mac OS X 10.12; rv:73.0) Gecko/20100101 Firefox/73.0"
193.72.144.226 - - [26/Feb/2020:15:11:00 +0100] "GET /images/LENE1CN.png HTTP/1.1" 200 374033 "http://www.e-medicalonline.com/lechef/categories.php?cPath=41_62" "Mozilla/5.0 (Windows NT 10.0; Win64; x64) AppleWebKit/537.36 (KHTML, like Gecko) Chrome/79.0.3945.130 Safari/537.36"
193.72.144.226 - - [26/Feb/2020:15:11:02 +0100] "GET /favicon.ico HTTP/1.1" 404 442 "-" "ManicTime/4.4.4.0"
193.72.144.226 - - [26/Feb/2020:15:11:02 +0100] "GET / HTTP/1.1" 200 3471 "-" "ManicTime/4.4.4.0"
193.72.144.226 - - [26/Feb/2020:15:11:03 +0100] "GET /lechef/categories.php?cPath=41_62&pID=380&action=new_product_preview&read=only HTTP/1.1" 200 36686 "http://www.e-medicalonline.com/lechef/categories.php?cPath=41_62" "Mozilla/5.0 (Windows NT 10.0; Win64; x64) AppleWebKit/537.36 (KHTML, like Gecko) Chrome/79.0.3945.130 Safari/537.36"
193.72.144.226 - - [26/Feb/2020:15:11:03 +0100] "GET /lechef/images/icons/warning.gif HTTP/1.1" 200 804 "http://www.e-medicalonline.com/lechef/categories.php?cPath=41_62&pID=380&action=new_product_preview&read=only" "Mozilla/5.0 (Windows NT 10.0; Win64; x64) AppleWebKit/537.36 (KHTML, like Gecko) Chrome/79.0.3945.130 Safari/537.36"
193.72.144.226 - - [26/Feb/2020:15:11:03 +0100] "GET /includes/languages/french/images/icon.gif HTTP/1.1" 200 388 "http://www.e-medicalonline.com/lechef/categories.php?cPath=41_62&pID=380&action=new_product_preview&read=only" "Mozilla/5.0 (Windows NT 10.0; Win64; x64) AppleWebKit/537.36 (KHTML, like Gecko) Chrome/79.0.3945.130 Safari/537.36"
193.72.144.226 - - [26/Feb/2020:15:11:03 +0100] "GET /includes/languages/polish/images/icon.gif HTTP/1.1" 200 342 "http://www.e-medicalonline.com/lechef/categories.php?cPath=41_62&pID=380&action=new_product_preview&read=only" "Mozilla/5.0 (Windows NT 10.0; Win64; x64) AppleWebKit/537.36 (KHTML, like Gecko) Chrome/79.0.3945.130 Safari/537.36"
193.72.144.226 - - [26/Feb/2020:15:11:03 +0100] "GET /includes/languages/english/images/icon.gif HTTP/1.1" 200 458 "http://www.e-medicalonline.com/lechef/categories.php?cPath=41_62&pID=380&action=new_product_preview&read=only" "Mozilla/5.0 (Windows NT 10.0; Win64; x64) AppleWebKit/537.36 (KHTML, like Gecko) Chrome/79.0.3945.130 Safari/537.36"
193.72.144.226 - - [26/Feb/2020:15:11:03 +0100] "GET /includes/languages/srpski/images/icon.gif HTTP/1.1" 200 707 "http://www.e-medicalonline.com/lechef/categories.php?cPath=41_62&pID=380&action=new_product_preview&read=only" "Mozilla/5.0 (Windows NT 10.0; Win64; x64) AppleWebKit/537.36 (KHTML, like Gecko) Chrome/79.0.3945.130 Safari/537.36"
193.72.144.226 - - [26/Feb/2020:15:11:03 +0100] "GET /includes/languages/russian/images/icon.gif HTTP/1.1" 200 384 "http://www.e-medicalonline.com/lechef/categories.php?cPath=41_62&pID=380&action=new_product_preview&read=only" "Mozilla/5.0 (Windows NT 10.0; Win64; x64) AppleWebKit/537.36 (KHTML, like Gecko) Chrome/79.0.3945.130 Safari/537.36"
193.72.144.226 - - [26/Feb/2020:15:11:03 +0100] "GET /includes/languages/turkish/images/icon.gif HTTP/1.1" 200 421 "http://www.e-medicalonline.com/lechef/categories.php?cPath=41_62&pID=380&action=new_product_preview&read=only" "Mozilla/5.0 (Windows NT 10.0; Win64; x64) AppleWebKit/537.36 (KHTML, like Gecko) Chrome/79.0.3945.130 Safari/537.36"
193.72.144.226 - - [26/Feb/2020:15:11:03 +0100] "GET /includes/languages/hebrew/images/icon.gif HTTP/1.1" 200 1188 "http://www.e-medicalonline.com/lechef/categories.php?cPath=41_62&pID=380&action=new_product_preview&read=only" "Mozilla/5.0 (Windows NT 10.0; Win64; x64) AppleWebKit/537.36 (KHTML, like Gecko) Chrome/79.0.3945.130 Safari/537.36"
193.72.144.226 - - [26/Feb/2020:15:11:03 +0100] "GET /includes/languages/arabic/images/icon.gif HTTP/1.1" 200 1127 "http://www.e-medicalonline.com/lechef/categories.php?cPath=41_62&pID=380&action=new_product_preview&read=only" "Mozilla/5.0 (Windows NT 10.0; Win64; x64) AppleWebKit/537.36 (KHTML, like Gecko) Chrome/79.0.3945.130 Safari/537.36"
114.119.134.149 - - [26/Feb/2020:15:11:03 +0100] "GET /product_info.php?products_id=335&osCsid=9no959sftg3c01evlbtc6em560 HTTP/1.1" 200 8725 "-" "Mozilla/5.0(Linux;Android 5.1.1;OPPO A33 Build/LMY47V;wv) AppleWebKit/537.36(KHTML,link Gecko) Version/4.0 Chrome/42.0.2311.138 Mobile Safari/537.36"
193.72.144.226 - - [26/Feb/2020:15:11:06 +0100] "GET /lechef/categories.php?cPath=41_62 HTTP/1.1" 200 25142 "http://www.e-medicalonline.com/lechef/categories.php?cPath=41" "Mozilla/5.0 (Windows NT 10.0; Win64; x64) AppleWebKit/537.36 (KHTML, like Gecko) Chrome/79.0.3945.130 Safari/537.36"
193.72.144.226 - - [26/Feb/2020:15:11:08 +0100] "GET /lechef/categories.php?cPath=41_62&pID=357 HTTP/1.1" 200 25486 "http://www.e-medicalonline.com/lechef/categories.php?cPath=41_62" "Mozilla/5.0 (Windows NT 10.0; Win64; x64) AppleWebKit/537.36 (KHTML, like Gecko) Chrome/79.0.3945.130 Safari/537.36"
193.72.144.226 - - [26/Feb/2020:15:11:08 +0100] "GET /images/NYL02DR.jpg HTTP/1.1" 200 66799 "http://www.e-medicalonline.com/lechef/categories.php?cPath=41_62&pID=357" "Mozilla/5.0 (Windows NT 10.0; Win64; x64) AppleWebKit/537.36 (KHTML, like Gecko) Chrome/79.0.3945.130 Safari/537.36"
46.229.168.132 - - [26/Feb/2020:15:11:09 +0100] "GET /products_new.php?action=buy_now&language=pl&page=6&products_id=301 HTTP/1.1" 302 569 "-" "Mozilla/5.0 (compatible; SemrushBot/6~bl; +http://www.semrush.com/bot.html)"
193.72.144.226 - - [26/Feb/2020:15:11:08 +0100] "GET /images/NYL02DR.png HTTP/1.1" 200 393735 "http://www.e-medicalonline.com/lechef/categories.php?cPath=41_62&pID=357" "Mozilla/5.0 (Windows NT 10.0; Win64; x64) AppleWebKit/537.36 (KHTML, like Gecko) Chrome/79.0.3945.130 Safari/537.36"
114.119.147.72 - - [26/Feb/2020:15:11:09 +0100] "GET /product_info.php?products_id=384&osCsid=e5g8kn6gvgqatngpn2njo3q3d3 HTTP/1.1" 200 9421 "-" "Mozilla/5.0(Linux;Android 5.1.1;OPPO A33 Build/LMY47V;wv) AppleWebKit/537.36(KHTML,link Gecko) Version/4.0 Chrome/42.0.2311.138 Mobile Safari/537.36"
193.72.144.226 - - [26/Feb/2020:15:11:10 +0100] "GET /lechef/categories.php?cPath=41_62&pID=231 HTTP/1.1" 200 25480 "http://www.e-medicalonline.com/lechef/categories.php?cPath=41_62&pID=357" "Mozilla/5.0 (Windows NT 10.0; Win64; x64) AppleWebKit/537.36 (KHTML, like Gecko) Chrome/79.0.3945.130 Safari/537.36"
193.72.144.226 - - [26/Feb/2020:15:11:10 +0100] "GET /images/NYL02DS.jpg HTTP/1.1" 200 52134 "http://www.e-medicalonline.com/lechef/categories.php?cPath=41_62&pID=231" "Mozilla/5.0 (Windows NT 10.0; Win64; x64) AppleWebKit/537.36 (KHTML, like Gecko) Chrome/79.0.3945.130 Safari/537.36"
46.229.168.138 - - [26/Feb/2020:15:11:10 +0100] "GET /product_info.php?products_id=301 HTTP/1.1" 200 9453 "-" "Mozilla/5.0 (compatible; SemrushBot/6~bl; +http://www.semrush.com/bot.html)"
193.72.144.226 - - [26/Feb/2020:15:11:10 +0100] "GET /images/NYL02DS.png HTTP/1.1" 200 393665 "http://www.e-medicalonline.com/lechef/categories.php?cPath=41_62&pID=231" "Mozilla/5.0 (Windows NT 10.0; Win64; x64) AppleWebKit/537.36 (KHTML, like Gecko) Chrome/79.0.3945.130 Safari/537.36"
193.72.144.226 - - [26/Feb/2020:15:11:11 +0100] "GET /lechef/categories.php?cPath=41_62&pID=230 HTTP/1.1" 200 25475 "http://www.e-medicalonline.com/lechef/categories.php?cPath=41_62&pID=231" "Mozilla/5.0 (Windows NT 10.0; Win64; x64) AppleWebKit/537.36 (KHTML, like Gecko) Chrome/79.0.3945.130 Safari/537.36"
193.72.144.226 - - [26/Feb/2020:15:11:11 +0100] "GET /images/NYL03DS.jpg HTTP/1.1" 200 51796 "http://www.e-medicalonline.com/lechef/categories.php?cPath=41_62&pID=230" "Mozilla/5.0 (Windows NT 10.0; Win64; x64) AppleWebKit/537.36 (KHTML, like Gecko) Chrome/79.0.3945.130 Safari/537.36"
193.72.144.226 - - [26/Feb/2020:15:11:11 +0100] "GET /images/NYL03DS.png HTTP/1.1" 200 392819 "http://www.e-medicalonline.com/lechef/categories.php?cPath=41_62&pID=230" "Mozilla/5.0 (Windows NT 10.0; Win64; x64) AppleWebKit/537.36 (KHTML, like Gecko) Chrome/79.0.3945.130 Safari/537.36"
193.72.144.226 - - [26/Feb/2020:15:11:12 +0100] "GET /lechef/categories.php?cPath=41_62&pID=232 HTTP/1.1" 200 25520 "http://www.e-medicalonline.com/lechef/categories.php?cPath=41_62&pID=230" "Mozilla/5.0 (Windows NT 10.0; Win64; x64) AppleWebKit/537.36 (KHTML, like Gecko) Chrome/79.0.3945.130 Safari/537.36"
193.72.144.226 - - [26/Feb/2020:15:11:12 +0100] "GET /images/NYL07DC.jpg HTTP/1.1" 200 53674 "http://www.e-medicalonline.com/lechef/categories.php?cPath=41_62&pID=232" "Mozilla/5.0 (Windows NT 10.0; Win64; x64) AppleWebKit/537.36 (KHTML, like Gecko) Chrome/79.0.3945.130 Safari/537.36"
193.72.144.226 - - [26/Feb/2020:15:11:12 +0100] "GET /images/NYL07DC.png HTTP/1.1" 200 392571 "http://www.e-medicalonline.com/lechef/categories.php?cPath=41_62&pID=232" "Mozilla/5.0 (Windows NT 10.0; Win64; x64) AppleWebKit/537.36 (KHTML, like Gecko) Chrome/79.0.3945.130 Safari/537.36"
193.72.144.226 - - [26/Feb/2020:15:11:14 +0100] "GET /lechef/categories.php?cPath=41_62&pID=230 HTTP/1.1" 200 25475 "http://www.e-medicalonline.com/lechef/categories.php?cPath=41_62&pID=231" "Mozilla/5.0 (Windows NT 10.0; Win64; x64) AppleWebKit/537.36 (KHTML, like Gecko) Chrome/79.0.3945.130 Safari/537.36"
114.119.137.132 - - [26/Feb/2020:15:11:14 +0100] "GET /contact_us.php?osCsid=kp5i73qvvqb5i64b8g6sf39ci0 HTTP/1.1" 200 6942 "-" "Mozilla/5.0(Linux;Android 5.1.1;OPPO A33 Build/LMY47V;wv) AppleWebKit/537.36(KHTML,link Gecko) Version/4.0 Chrome/43.0.2357.121 Mobile Safari/537.36"
46.229.168.149 - - [26/Feb/2020:15:11:17 +0100] "GET /product_info.php?language=en&products_id=253 HTTP/1.1" 200 7180 "-" "Mozilla/5.0 (compatible; SemrushBot/6~bl; +http://www.semrush.com/bot.html)"
86.70.60.26 - - [26/Feb/2020:15:11:19 +0100] "GET /advanced_search_result.php?search_in_description=1&inc_subcat=1&keywords=Vetsuture+PGLA+metric+3 HTTP/1.1" 200 8838 "http://www.e-medicalonline.com/account_history_info.php?order_id=12006" "Mozilla/5.0 (Macintosh; Intel Mac OS X 10.12; rv:73.0) Gecko/20100101 Firefox/73.0"
86.70.60.26 - - [26/Feb/2020:15:11:19 +0100] "GET /product_thumb.php?img=images/table_background_browse.gif&w=150&h=105 HTTP/1.1" 200 278 "http://www.e-medicalonline.com/advanced_search_result.php?search_in_description=1&inc_subcat=1&keywords=Vetsuture+PGLA+metric+3" "Mozilla/5.0 (Macintosh; Intel Mac OS X 10.12; rv:73.0) Gecko/20100101 Firefox/73.0"
86.70.60.26 - - [26/Feb/2020:15:11:19 +0100] "GET /product_thumb.php?img=images/FPGLA1CN.jpg&w=120&h=120 HTTP/1.1" 200 16088 "http://www.e-medicalonline.com/advanced_search_result.php?search_in_description=1&inc_subcat=1&keywords=Vetsuture+PGLA+metric+3" "Mozilla/5.0 (Macintosh; Intel Mac OS X 10.12; rv:73.0) Gecko/20100101 Firefox/73.0"
86.70.60.26 - - [26/Feb/2020:15:11:19 +0100] "GET /product_thumb.php?img=images/FPGLA15CN.jpg&w=120&h=120 HTTP/1.1" 200 15830 "http://www.e-medicalonline.com/advanced_search_result.php?search_in_description=1&inc_subcat=1&keywords=Vetsuture+PGLA+metric+3" "Mozilla/5.0 (Macintosh; Intel Mac OS X 10.12; rv:73.0) Gecko/20100101 Firefox/73.0"
86.70.60.26 - - [26/Feb/2020:15:11:19 +0100] "GET /product_thumb.php?img=images/FPGLA2CN.jpg&w=120&h=120 HTTP/1.1" 200 16485 "http://www.e-medicalonline.com/advanced_search_result.php?search_in_description=1&inc_subcat=1&keywords=Vetsuture+PGLA+metric+3" "Mozilla/5.0 (Macintosh; Intel Mac OS X 10.12; rv:73.0) Gecko/20100101 Firefox/73.0"
86.70.60.26 - - [26/Feb/2020:15:11:20 +0100] "GET /product_thumb.php?img=images/FPGLA3CN.jpg&w=120&h=120 HTTP/1.1" 200 16490 "http://www.e-medicalonline.com/advanced_search_result.php?search_in_description=1&inc_subcat=1&keywords=Vetsuture+PGLA+metric+3" "Mozilla/5.0 (Macintosh; Intel Mac OS X 10.12; rv:73.0) Gecko/20100101 Firefox/73.0"
86.70.60.26 - - [26/Feb/2020:15:11:20 +0100] "GET /product_thumb.php?img=images/PGLA07CN.jpg&w=120&h=120 HTTP/1.1" 200 15097 "http://www.e-medicalonline.com/advanced_search_result.php?search_in_description=1&inc_subcat=1&keywords=Vetsuture+PGLA+metric+3" "Mozilla/5.0 (Macintosh; Intel Mac OS X 10.12; rv:73.0) Gecko/20100101 Firefox/73.0"
86.70.60.26 - - [26/Feb/2020:15:11:20 +0100] "GET /product_thumb.php?img=images/PGLA1CN.jpg&w=120&h=120 HTTP/1.1" 200 14753 "http://www.e-medicalonline.com/advanced_search_result.php?search_in_description=1&inc_subcat=1&keywords=Vetsuture+PGLA+metric+3" "Mozilla/5.0 (Macintosh; Intel Mac OS X 10.12; rv:73.0) Gecko/20100101 Firefox/73.0"
86.70.60.26 - - [26/Feb/2020:15:11:20 +0100] "GET /product_thumb.php?img=images/PGLA1RN.jpg&w=120&h=120 HTTP/1.1" 200 14989 "http://www.e-medicalonline.com/advanced_search_result.php?search_in_description=1&inc_subcat=1&keywords=Vetsuture+PGLA+metric+3" "Mozilla/5.0 (Macintosh; Intel Mac OS X 10.12; rv:73.0) Gecko/20100101 Firefox/73.0"
86.70.60.26 - - [26/Feb/2020:15:11:20 +0100] "GET /product_thumb.php?img=images/PGLA15RN.jpg&w=120&h=120 HTTP/1.1" 200 14855 "http://www.e-medicalonline.com/advanced_search_result.php?search_in_description=1&inc_subcat=1&keywords=Vetsuture+PGLA+metric+3" "Mozilla/5.0 (Macintosh; Intel Mac OS X 10.12; rv:73.0) Gecko/20100101 Firefox/73.0"
86.70.60.26 - - [26/Feb/2020:15:11:20 +0100] "GET /product_thumb.php?img=images/PGLA15CN.jpg&w=120&h=120 HTTP/1.1" 200 14840 "http://www.e-medicalonline.com/advanced_search_result.php?search_in_description=1&inc_subcat=1&keywords=Vetsuture+PGLA+metric+3" "Mozilla/5.0 (Macintosh; Intel Mac OS X 10.12; rv:73.0) Gecko/20100101 Firefox/73.0"
86.70.60.26 - - [26/Feb/2020:15:11:20 +0100] "GET /product_thumb.php?img=images/PGLA2RN.jpg&w=120&h=120 HTTP/1.1" 200 15457 "http://www.e-medicalonline.com/advanced_search_result.php?search_in_description=1&inc_subcat=1&keywords=Vetsuture+PGLA+metric+3" "Mozilla/5.0 (Macintosh; Intel Mac OS X 10.12; rv:73.0) Gecko/20100101 Firefox/73.0"
86.70.60.26 - - [26/Feb/2020:15:11:20 +0100] "GET /product_thumb.php?img=images/PGLA2CN.jpg&w=120&h=120 HTTP/1.1" 200 15046 "http://www.e-medicalonline.com/advanced_search_result.php?search_in_description=1&inc_subcat=1&keywords=Vetsuture+PGLA+metric+3" "Mozilla/5.0 (Macintosh; Intel Mac OS X 10.12; rv:73.0) Gecko/20100101 Firefox/73.0"
86.70.60.26 - - [26/Feb/2020:15:11:20 +0100] "GET /product_thumb.php?img=images/PGLA3LG.jpg&w=150&h=67 HTTP/1.1" 200 9312 "http://www.e-medicalonline.com/advanced_search_result.php?search_in_description=1&inc_subcat=1&keywords=Vetsuture+PGLA+metric+3" "Mozilla/5.0 (Macintosh; Intel Mac OS X 10.12; rv:73.0) Gecko/20100101 Firefox/73.0"
86.70.60.26 - - [26/Feb/2020:15:11:20 +0100] "GET /product_thumb.php?img=images/PGLA3RN.jpg&w=120&h=120 HTTP/1.1" 200 15153 "http://www.e-medicalonline.com/advanced_search_result.php?search_in_description=1&inc_subcat=1&keywords=Vetsuture+PGLA+metric+3" "Mozilla/5.0 (Macintosh; Intel Mac OS X 10.12; rv:73.0) Gecko/20100101 Firefox/73.0"
86.70.60.26 - - [26/Feb/2020:15:11:20 +0100] "GET /product_thumb.php?img=images/PGLA3DCN.jpg&w=120&h=120 HTTP/1.1" 200 15224 "http://www.e-medicalonline.com/advanced_search_result.php?search_in_description=1&inc_subcat=1&keywords=Vetsuture+PGLA+metric+3" "Mozilla/5.0 (Macintosh; Intel Mac OS X 10.12; rv:73.0) Gecko/20100101 Firefox/73.0"
86.70.60.26 - - [26/Feb/2020:15:11:20 +0100] "GET /product_thumb.php?img=images/PGLA3CN.jpg&w=120&h=120 HTTP/1.1" 200 15283 "http://www.e-medicalonline.com/advanced_search_result.php?search_in_description=1&inc_subcat=1&keywords=Vetsuture+PGLA+metric+3" "Mozilla/5.0 (Macintosh; Intel Mac OS X 10.12; rv:73.0) Gecko/20100101 Firefox/73.0"
86.70.60.26 - - [26/Feb/2020:15:11:20 +0100] "GET /product_thumb.php?img=images/PGLA35RN.jpg&w=120&h=120 HTTP/1.1" 200 14926 "http://www.e-medicalonline.com/advanced_search_result.php?search_in_description=1&inc_subcat=1&keywords=Vetsuture+PGLA+metric+3" "Mozilla/5.0 (Macintosh; Intel Mac OS X 10.12; rv:73.0) Gecko/20100101 Firefox/73.0"
86.70.60.26 - - [26/Feb/2020:15:11:20 +0100] "GET /product_thumb.php?img=images/PGLA35CN.jpg&w=120&h=120 HTTP/1.1" 200 14765 "http://www.e-medicalonline.com/advanced_search_result.php?search_in_description=1&inc_subcat=1&keywords=Vetsuture+PGLA+metric+3" "Mozilla/5.0 (Macintosh; Intel Mac OS X 10.12; rv:73.0) Gecko/20100101 Firefox/73.0"
86.70.60.26 - - [26/Feb/2020:15:11:20 +0100] "GET /product_thumb.php?img=images/PGLA35LG.jpg&w=150&h=67 HTTP/1.1" 200 9270 "http://www.e-medicalonline.com/advanced_search_result.php?search_in_description=1&inc_subcat=1&keywords=Vetsuture+PGLA+metric+3" "Mozilla/5.0 (Macintosh; Intel Mac OS X 10.12; rv:73.0) Gecko/20100101 Firefox/73.0"
86.70.60.26 - - [26/Feb/2020:15:11:20 +0100] "GET /product_thumb.php?img=images/PGLA4LG.jpg&w=150&h=67 HTTP/1.1" 200 9200 "http://www.e-medicalonline.com/advanced_search_result.php?search_in_description=1&inc_subcat=1&keywords=Vetsuture+PGLA+metric+3" "Mozilla/5.0 (Macintosh; Intel Mac OS X 10.12; rv:73.0) Gecko/20100101 Firefox/73.0"
86.70.60.26 - - [26/Feb/2020:15:11:20 +0100] "GET /product_thumb.php?img=images/PGLA4CN.jpg&w=120&h=120 HTTP/1.1" 200 15039 "http://www.e-medicalonline.com/advanced_search_result.php?search_in_description=1&inc_subcat=1&keywords=Vetsuture+PGLA+metric+3" "Mozilla/5.0 (Macintosh; Intel Mac OS X 10.12; rv:73.0) Gecko/20100101 Firefox/73.0"
86.70.60.26 - - [26/Feb/2020:15:11:20 +0100] "GET /product_thumb.php?img=images/PGLA5LG.jpg&w=150&h=67 HTTP/1.1" 200 9227 "http://www.e-medicalonline.com/advanced_search_result.php?search_in_description=1&inc_subcat=1&keywords=Vetsuture+PGLA+metric+3" "Mozilla/5.0 (Macintosh; Intel Mac OS X 10.12; rv:73.0) Gecko/20100101 Firefox/73.0"
86.70.60.26 - - [26/Feb/2020:15:11:20 +0100] "GET /product_thumb.php?img=images/PGLA5CN.jpg&w=120&h=120 HTTP/1.1" 200 15330 "http://www.e-medicalonline.com/advanced_search_result.php?search_in_description=1&inc_subcat=1&keywords=Vetsuture+PGLA+metric+3" "Mozilla/5.0 (Macintosh; Intel Mac OS X 10.12; rv:73.0) Gecko/20100101 Firefox/73.0"
193.72.144.226 - - [26/Feb/2020:15:11:20 +0100] "GET /lechef/categories.php?cPath=61 HTTP/1.1" 200 23728 "http://www.e-medicalonline.com/lechef/categories.php?cPath=41_62&pID=230" "Mozilla/5.0 (Windows NT 10.0; Win64; x64) AppleWebKit/537.36 (KHTML, like Gecko) Chrome/79.0.3945.130 Safari/537.36"
86.70.60.26 - - [26/Feb/2020:15:11:21 +0100] "GET /product_thumb.php?img=images/PGLA6LG.jpg&w=150&h=67 HTTP/1.1" 200 9319 "http://www.e-medicalonline.com/advanced_search_result.php?search_in_description=1&inc_subcat=1&keywords=Vetsuture+PGLA+metric+3" "Mozilla/5.0 (Macintosh; Intel Mac OS X 10.12; rv:73.0) Gecko/20100101 Firefox/73.0"
86.70.60.26 - - [26/Feb/2020:15:11:21 +0100] "GET /product_thumb.php?img=images/PGLAplus15CN.jpg&w=120&h=120 HTTP/1.1" 200 15033 "http://www.e-medicalonline.com/advanced_search_result.php?search_in_description=1&inc_subcat=1&keywords=Vetsuture+PGLA+metric+3" "Mozilla/5.0 (Macintosh; Intel Mac OS X 10.12; rv:73.0) Gecko/20100101 Firefox/73.0"
86.70.60.26 - - [26/Feb/2020:15:11:21 +0100] "GET /product_thumb.php?img=images/PGLAplus2CN.jpg&w=120&h=120 HTTP/1.1" 200 15146 "http://www.e-medicalonline.com/advanced_search_result.php?search_in_description=1&inc_subcat=1&keywords=Vetsuture+PGLA+metric+3" "Mozilla/5.0 (Macintosh; Intel Mac OS X 10.12; rv:73.0) Gecko/20100101 Firefox/73.0"
86.70.60.26 - - [26/Feb/2020:15:11:21 +0100] "GET /product_thumb.php?img=images/PGLAplus3CN.jpg&w=120&h=120 HTTP/1.1" 200 14824 "http://www.e-medicalonline.com/advanced_search_result.php?search_in_description=1&inc_subcat=1&keywords=Vetsuture+PGLA+metric+3" "Mozilla/5.0 (Macintosh; Intel Mac OS X 10.12; rv:73.0) Gecko/20100101 Firefox/73.0"
86.70.60.26 - - [26/Feb/2020:15:11:21 +0100] "GET /product_thumb.php?img=images/PGLAplus35CN.jpg&w=120&h=120 HTTP/1.1" 200 14482 "http://www.e-medicalonline.com/advanced_search_result.php?search_in_description=1&inc_subcat=1&keywords=Vetsuture+PGLA+metric+3" "Mozilla/5.0 (Macintosh; Intel Mac OS X 10.12; rv:73.0) Gecko/20100101 Firefox/73.0"
86.70.60.26 - - [26/Feb/2020:15:11:21 +0100] "GET /product_thumb.php?img=images/PGLAplus4CN.jpg&w=120&h=120 HTTP/1.1" 200 14599 "http://www.e-medicalonline.com/advanced_search_result.php?search_in_description=1&inc_subcat=1&keywords=Vetsuture+PGLA+metric+3" "Mozilla/5.0 (Macintosh; Intel Mac OS X 10.12; rv:73.0) Gecko/20100101 Firefox/73.0"
86.70.60.26 - - [26/Feb/2020:15:11:21 +0100] "GET /product_thumb.php?img=images/visuel-indisponible-650.png&w=120&h=120 HTTP/1.1" 304 132 "http://www.e-medicalonline.com/advanced_search_result.php?search_in_description=1&inc_subcat=1&keywords=Vetsuture+PGLA+metric+3" "Mozilla/5.0 (Macintosh; Intel Mac OS X 10.12; rv:73.0) Gecko/20100101 Firefox/73.0"
193.72.144.226 - - [26/Feb/2020:15:11:21 +0100] "GET /images/NYL35CAS100.png HTTP/1.1" 200 694877 "http://www.e-medicalonline.com/lechef/categories.php?cPath=61" "Mozilla/5.0 (Windows NT 10.0; Win64; x64) AppleWebKit/537.36 (KHTML, like Gecko) Chrome/79.0.3945.130 Safari/537.36"
193.72.144.226 - - [26/Feb/2020:15:11:23 +0100] "GET /lechef/categories.php?cPath=61&pID=304&action=new_product_preview&read=only HTTP/1.1" 200 28845 "http://www.e-medicalonline.com/lechef/categories.php?cPath=61" "Mozilla/5.0 (Windows NT 10.0; Win64; x64) AppleWebKit/537.36 (KHTML, like Gecko) Chrome/79.0.3945.130 Safari/537.36"
193.72.144.226 - - [26/Feb/2020:15:11:25 +0100] "GET /lechef/categories.php?cPath=61 HTTP/1.1" 200 23728 "http://www.e-medicalonline.com/lechef/categories.php?cPath=41_62&pID=230" "Mozilla/5.0 (Windows NT 10.0; Win64; x64) AppleWebKit/537.36 (KHTML, like Gecko) Chrome/79.0.3945.130 Safari/537.36"
114.119.152.98 - - [26/Feb/2020:15:11:25 +0100] "GET /account.php?osCsid=llj2cu2b48q10sf6bmu6d2ttm7 HTTP/1.1" 302 546 "-" "Mozilla/5.0(Linux;U;Android 5.1.1;zh-CN;OPPO A33 Build/LMY47V) AppleWebKit/537.36(KHTML,like Gecko) Version/4.0 Chrome/40.0.2214.89 Mobile Safari/537.36"
114.119.152.98 - - [26/Feb/2020:15:11:26 +0100] "GET /login.php?osCsid=553bavls2vt7n30ukosnha6f70 HTTP/1.1" 200 7302 "-" "Mozilla/5.0(Linux;U;Android 5.1.1;zh-CN;OPPO A33 Build/LMY47V) AppleWebKit/537.36(KHTML,like Gecko) Version/4.0 Chrome/40.0.2214.89 Mobile Safari/537.36"
193.72.144.226 - - [26/Feb/2020:15:11:27 +0100] "GET /lechef/categories.php?cPath=61&pID=270 HTTP/1.1" 200 23729 "http://www.e-medicalonline.com/lechef/categories.php?cPath=61" "Mozilla/5.0 (Windows NT 10.0; Win64; x64) AppleWebKit/537.36 (KHTML, like Gecko) Chrome/79.0.3945.130 Safari/537.36"
193.72.144.226 - - [26/Feb/2020:15:11:28 +0100] "GET /images/NYL4CAS100.png HTTP/1.1" 200 693985 "http://www.e-medicalonline.com/lechef/categories.php?cPath=61&pID=270" "Mozilla/5.0 (Windows NT 10.0; Win64; x64) AppleWebKit/537.36 (KHTML, like Gecko) Chrome/79.0.3945.130 Safari/537.36"
193.72.144.226 - - [26/Feb/2020:15:11:29 +0100] "GET /lechef/categories.php?cPath=61&pID=269 HTTP/1.1" 200 23725 "http://www.e-medicalonline.com/lechef/categories.php?cPath=61&pID=270" "Mozilla/5.0 (Windows NT 10.0; Win64; x64) AppleWebKit/537.36 (KHTML, like Gecko) Chrome/79.0.3945.130 Safari/537.36"
193.72.144.226 - - [26/Feb/2020:15:11:29 +0100] "GET /images/NYL5CAS075.png HTTP/1.1" 200 694008 "http://www.e-medicalonline.com/lechef/categories.php?cPath=61&pID=269" "Mozilla/5.0 (Windows NT 10.0; Win64; x64) AppleWebKit/537.36 (KHTML, like Gecko) Chrome/79.0.3945.130 Safari/537.36"
193.72.144.226 - - [26/Feb/2020:15:11:31 +0100] "GET /lechef/categories.php?cPath=61&pID=268 HTTP/1.1" 200 23741 "http://www.e-medicalonline.com/lechef/categories.php?cPath=61&pID=269" "Mozilla/5.0 (Windows NT 10.0; Win64; x64) AppleWebKit/537.36 (KHTML, like Gecko) Chrome/79.0.3945.130 Safari/537.36"
193.72.144.226 - - [26/Feb/2020:15:11:31 +0100] "GET /images/NYL3CAS100.png HTTP/1.1" 200 695655 "http://www.e-medicalonline.com/lechef/categories.php?cPath=61&pID=268" "Mozilla/5.0 (Windows NT 10.0; Win64; x64) AppleWebKit/537.36 (KHTML, like Gecko) Chrome/79.0.3945.130 Safari/537.36"
114.119.165.92 - - [26/Feb/2020:15:11:32 +0100] "GET /account.php?osCsid=6rnstgp23shfoa6lkd2tm3jke2 HTTP/1.1" 302 546 "-" "Mozilla/5.0(Linux;U;Android 5.1.1;zh-CN;OPPO A33 Build/LMY47V) AppleWebKit/537.36(KHTML,like Gecko) Version/4.0 Chrome/40.0.2214.89 Mobile Safari/537.36"
46.229.168.150 - - [26/Feb/2020:15:11:33 +0100] "GET /product_reviews.php?action=notify&language=en&products_id=221 HTTP/1.1" 302 546 "-" "Mozilla/5.0 (compatible; SemrushBot/6~bl; +http://www.semrush.com/bot.html)"
114.119.165.92 - - [26/Feb/2020:15:11:33 +0100] "GET /login.php?osCsid=8f9ijfvfkh99egq9p9ihnodt01 HTTP/1.1" 200 7303 "-" "Mozilla/5.0(Linux;U;Android 5.1.1;zh-CN;OPPO A33 Build/LMY47V) AppleWebKit/537.36(KHTML,like Gecko) Version/4.0 Chrome/40.0.2214.89 Mobile Safari/537.36"
46.229.168.140 - - [26/Feb/2020:15:11:34 +0100] "GET /login.php HTTP/1.1" 200 7459 "-" "Mozilla/5.0 (compatible; SemrushBot/6~bl; +http://www.semrush.com/bot.html)"
86.70.60.26 - - [26/Feb/2020:15:11:34 +0100] "GET /product_info.php?products_id=101 HTTP/1.1" 200 9360 "http://www.e-medicalonline.com/advanced_search_result.php?search_in_description=1&inc_subcat=1&keywords=Vetsuture+PGLA+metric+3" "Mozilla/5.0 (Macintosh; Intel Mac OS X 10.12; rv:73.0) Gecko/20100101 Firefox/73.0"
193.72.144.226 - - [26/Feb/2020:15:11:35 +0100] "GET /lechef/categories.php?cPath=22 HTTP/1.1" 200 31695 "http://www.e-medicalonline.com/lechef/categories.php?cPath=61&pID=268" "Mozilla/5.0 (Windows NT 10.0; Win64; x64) AppleWebKit/537.36 (KHTML, like Gecko) Chrome/79.0.3945.130 Safari/537.36"
86.70.60.26 - - [26/Feb/2020:15:11:35 +0100] "GET /js/scriptaculous.js?load=effects HTTP/1.1" 200 2423 "http://www.e-medicalonline.com/product_info.php?products_id=101" "Mozilla/5.0 (Macintosh; Intel Mac OS X 10.12; rv:73.0) Gecko/20100101 Firefox/73.0"
193.72.144.226 - - [26/Feb/2020:15:11:35 +0100] "GET /images/NEXT1CN.jpg HTTP/1.1" 200 20435 "http://www.e-medicalonline.com/lechef/categories.php?cPath=22" "Mozilla/5.0 (Windows NT 10.0; Win64; x64) AppleWebKit/537.36 (KHTML, like Gecko) Chrome/79.0.3945.130 Safari/537.36"
86.70.60.26 - - [26/Feb/2020:15:11:35 +0100] "GET /js/prototype.js HTTP/1.1" 200 47876 "http://www.e-medicalonline.com/product_info.php?products_id=101" "Mozilla/5.0 (Macintosh; Intel Mac OS X 10.12; rv:73.0) Gecko/20100101 Firefox/73.0"
86.70.60.26 - - [26/Feb/2020:15:11:35 +0100] "GET /js/lightbox.js HTTP/1.1" 200 20286 "http://www.e-medicalonline.com/product_info.php?products_id=101" "Mozilla/5.0 (Macintosh; Intel Mac OS X 10.12; rv:73.0) Gecko/20100101 Firefox/73.0"
86.70.60.26 - - [26/Feb/2020:15:11:35 +0100] "GET /images/stock_on.gif HTTP/1.1" 200 3515 "http://www.e-medicalonline.com/product_info.php?products_id=101" "Mozilla/5.0 (Macintosh; Intel Mac OS X 10.12; rv:73.0) Gecko/20100101 Firefox/73.0"
86.70.60.26 - - [26/Feb/2020:15:11:35 +0100] "GET /images/infobox_module/upper_left.gif HTTP/1.1" 200 624 "http://www.e-medicalonline.com/product_info.php?products_id=101" "Mozilla/5.0 (Macintosh; Intel Mac OS X 10.12; rv:73.0) Gecko/20100101 Firefox/73.0"
86.70.60.26 - - [26/Feb/2020:15:11:35 +0100] "GET /images/infobox_module/upper_right.gif HTTP/1.1" 200 646 "http://www.e-medicalonline.com/product_info.php?products_id=101" "Mozilla/5.0 (Macintosh; Intel Mac OS X 10.12; rv:73.0) Gecko/20100101 Firefox/73.0"
86.70.60.26 - - [26/Feb/2020:15:11:35 +0100] "GET /product_thumb.php?img=images/lene-monofilament.png&w=150&h=98 HTTP/1.1" 200 11328 "http://www.e-medicalonline.com/product_info.php?products_id=101" "Mozilla/5.0 (Macintosh; Intel Mac OS X 10.12; rv:73.0) Gecko/20100101 Firefox/73.0"
86.70.60.26 - - [26/Feb/2020:15:11:35 +0100] "GET /images/infobox_module/right.gif HTTP/1.1" 200 414 "http://www.e-medicalonline.com/product_info.php?products_id=101" "Mozilla/5.0 (Macintosh; Intel Mac OS X 10.12; rv:73.0) Gecko/20100101 Firefox/73.0"
86.70.60.26 - - [26/Feb/2020:15:11:35 +0100] "GET /js/effects.js HTTP/1.1" 200 32242 "http://www.e-medicalonline.com/product_info.php?products_id=101" "Mozilla/5.0 (Macintosh; Intel Mac OS X 10.12; rv:73.0) Gecko/20100101 Firefox/73.0"
86.70.60.26 - - [26/Feb/2020:15:11:35 +0100] "GET /images/infobox_module/lower_left.gif HTTP/1.1" 200 489 "http://www.e-medicalonline.com/product_info.php?products_id=101" "Mozilla/5.0 (Macintosh; Intel Mac OS X 10.12; rv:73.0) Gecko/20100101 Firefox/73.0"
86.70.60.26 - - [26/Feb/2020:15:11:35 +0100] "GET /images/infobox_module/bot.gif HTTP/1.1" 200 414 "http://www.e-medicalonline.com/product_info.php?products_id=101" "Mozilla/5.0 (Macintosh; Intel Mac OS X 10.12; rv:73.0) Gecko/20100101 Firefox/73.0"
86.70.60.26 - - [26/Feb/2020:15:11:35 +0100] "GET /images/infobox_module/lower_right.gif HTTP/1.1" 200 496 "http://www.e-medicalonline.com/product_info.php?products_id=101" "Mozilla/5.0 (Macintosh; Intel Mac OS X 10.12; rv:73.0) Gecko/20100101 Firefox/73.0"
193.72.144.226 - - [26/Feb/2020:15:11:35 +0100] "GET /images/NEXT1CN.png HTTP/1.1" 200 375823 "http://www.e-medicalonline.com/lechef/categories.php?cPath=22" "Mozilla/5.0 (Windows NT 10.0; Win64; x64) AppleWebKit/537.36 (KHTML, like Gecko) Chrome/79.0.3945.130 Safari/537.36"
86.70.60.26 - - [26/Feb/2020:15:11:35 +0100] "GET /product_thumb.php?img=images/2019-08-28_00h10_15.png&w=150&h=98 HTTP/1.1" 200 11328 "http://www.e-medicalonline.com/product_info.php?products_id=101" "Mozilla/5.0 (Macintosh; Intel Mac OS X 10.12; rv:73.0) Gecko/20100101 Firefox/73.0"
86.70.60.26 - - [26/Feb/2020:15:11:35 +0100] "GET /images/box_products_notifications_remove.gif HTTP/1.1" 200 2343 "http://www.e-medicalonline.com/product_info.php?products_id=101" "Mozilla/5.0 (Macintosh; Intel Mac OS X 10.12; rv:73.0) Gecko/20100101 Firefox/73.0"
86.70.60.26 - - [26/Feb/2020:15:11:35 +0100] "GET /product_thumb.php?img=images/LENE1CN.png&w=150&h=101 HTTP/1.1" 304 132 "http://www.e-medicalonline.com/product_info.php?products_id=101" "Mozilla/5.0 (Macintosh; Intel Mac OS X 10.12; rv:73.0) Gecko/20100101 Firefox/73.0"
86.70.60.26 - - [26/Feb/2020:15:11:35 +0100] "GET /product_thumb.php?img=images/PGLA3CN.jpg&w=120&h=120 HTTP/1.1" 304 132 "http://www.e-medicalonline.com/product_info.php?products_id=101" "Mozilla/5.0 (Macintosh; Intel Mac OS X 10.12; rv:73.0) Gecko/20100101 Firefox/73.0"
86.70.60.26 - - [26/Feb/2020:15:11:35 +0100] "GET /product_thumb.php?img=images/no_image.jpg&w=120&h=120 HTTP/1.1" 200 3525 "http://www.e-medicalonline.com/product_info.php?products_id=101" "Mozilla/5.0 (Macintosh; Intel Mac OS X 10.12; rv:73.0) Gecko/20100101 Firefox/73.0"
86.70.60.26 - - [26/Feb/2020:15:11:35 +0100] "GET /images/infobox_module/top.gif HTTP/1.1" 200 463 "http://www.e-medicalonline.com/stylesheet.css" "Mozilla/5.0 (Macintosh; Intel Mac OS X 10.12; rv:73.0) Gecko/20100101 Firefox/73.0"
86.70.60.26 - - [26/Feb/2020:15:11:35 +0100] "GET /images/infobox_module/left.gif HTTP/1.1" 200 414 "http://www.e-medicalonline.com/product_info.php?products_id=101" "Mozilla/5.0 (Macintosh; Intel Mac OS X 10.12; rv:73.0) Gecko/20100101 Firefox/73.0"
86.70.60.26 - - [26/Feb/2020:15:11:36 +0100] "GET /images/closelabel.gif HTTP/1.1" 200 1243 "http://www.e-medicalonline.com/product_info.php?products_id=101" "Mozilla/5.0 (Macintosh; Intel Mac OS X 10.12; rv:73.0) Gecko/20100101 Firefox/73.0"
193.72.144.226 - - [26/Feb/2020:15:11:37 +0100] "GET /lechef/categories.php?cPath=22&pID=235 HTTP/1.1" 200 31715 "http://www.e-medicalonline.com/lechef/categories.php?cPath=22" "Mozilla/5.0 (Windows NT 10.0; Win64; x64) AppleWebKit/537.36 (KHTML, like Gecko) Chrome/79.0.3945.130 Safari/537.36"
193.72.144.226 - - [26/Feb/2020:15:11:37 +0100] "GET /images/NYL1CN.jpg HTTP/1.1" 200 50771 "http://www.e-medicalonline.com/lechef/categories.php?cPath=22&pID=235" "Mozilla/5.0 (Windows NT 10.0; Win64; x64) AppleWebKit/537.36 (KHTML, like Gecko) Chrome/79.0.3945.130 Safari/537.36"
193.72.144.226 - - [26/Feb/2020:15:11:37 +0100] "GET /images/NYL1CN.png HTTP/1.1" 200 393529 "http://www.e-medicalonline.com/lechef/categories.php?cPath=22&pID=235" "Mozilla/5.0 (Windows NT 10.0; Win64; x64) AppleWebKit/537.36 (KHTML, like Gecko) Chrome/79.0.3945.130 Safari/537.36"
193.72.144.226 - - [26/Feb/2020:15:11:38 +0100] "GET /lechef/categories.php?cPath=22&pID=104 HTTP/1.1" 200 31729 "http://www.e-medicalonline.com/lechef/categories.php?cPath=22&pID=235" "Mozilla/5.0 (Windows NT 10.0; Win64; x64) AppleWebKit/537.36 (KHTML, like Gecko) Chrome/79.0.3945.130 Safari/537.36"
193.72.144.226 - - [26/Feb/2020:15:11:38 +0100] "GET /images/NYL15CN.jpg HTTP/1.1" 200 65844 "http://www.e-medicalonline.com/lechef/categories.php?cPath=22&pID=104" "Mozilla/5.0 (Windows NT 10.0; Win64; x64) AppleWebKit/537.36 (KHTML, like Gecko) Chrome/79.0.3945.130 Safari/537.36"
