46.229.168.151 - - [26/Feb/2020:14:04:23 +0100] "GET /index.php?cPath=29_48&language=en&page=1&sort=3a HTTP/1.1" 200 7134 "-" "Mozilla/5.0 (compatible; SemrushBot/6~bl; +http://www.semrush.com/bot.html)"
54.36.150.13 - - [26/Feb/2020:14:04:34 +0100] "GET /index.php?cPath=41_59&language=en&page=1&sort=1a HTTP/1.1" 200 7487 "-" "Mozilla/5.0 (compatible; AhrefsBot/6.1; +http://ahrefs.com/robot/)"
151.80.39.194 - - [26/Feb/2020:14:04:37 +0100] "GET /index.php?cPath=29 HTTP/1.1" 200 8902 "-" "Mozilla/5.0 (compatible; AhrefsBot/6.1; +http://ahrefs.com/robot/)"
114.119.166.138 - - [26/Feb/2020:14:04:43 +0100] "GET /redirect.php?action=url&goto=www.vetsuture.com&osCsid=9d65uubav3v4bi5s29j489vb74 HTTP/1.1" 302 496 "-" "Mozilla/5.0(Linux;Android 5.1.1;OPPO A33 Build/LMY47V;wv) AppleWebKit/537.36(KHTML,link Gecko) Version/4.0 Chrome/42.0.2311.138 Mobile Safari/537.36"
114.119.166.188 - - [26/Feb/2020:14:04:49 +0100] "GET /product_info.php?products_id=97&osCsid=4kvtcv31uhbnqob2uej815i8b3 HTTP/1.1" 200 9356 "-" "Mozilla/5.0(Linux;Android 5.1.1;OPPO A33 Build/LMY47V;wv) AppleWebKit/537.36(KHTML,link Gecko) Version/4.0 Chrome/43.0.2357.121 Mobile Safari/537.36"
114.119.150.221 - - [26/Feb/2020:14:04:54 +0100] "GET /product_info.php?products_id=341&osCsid=jafs22i0o2269j9b3cibe66cp2 HTTP/1.1" 200 9426 "-" "Mozilla/5.0 (iPad; CPU OS 7_0 like Mac OS X) AppleWebKit/537.51.1 (KHTML, like Gecko) Version/7.0 Mobile/11A465 Safari/9537.53"
114.119.138.159 - - [26/Feb/2020:14:05:02 +0100] "GET /account.php?osCsid=02r7hmtqja89s7isebi8jdtmj4 HTTP/1.1" 302 546 "-" "Mozilla/5.0 (iPad; CPU OS 7_0 like Mac OS X) AppleWebKit/537.51.1 (KHTML, like Gecko) Version/7.0 Mobile/11A465 Safari/9537.53"
114.119.138.159 - - [26/Feb/2020:14:05:03 +0100] "GET /login.php?osCsid=hn4gno3e401tad3eibjacn3fl0 HTTP/1.1" 200 7323 "-" "Mozilla/5.0 (iPad; CPU OS 7_0 like Mac OS X) AppleWebKit/537.51.1 (KHTML, like Gecko) Version/7.0 Mobile/11A465 Safari/9537.53"
207.46.13.155 - - [26/Feb/2020:14:05:30 +0100] "GET /product_info.php?products_id=341 HTTP/1.1" 200 9422 "-" "Mozilla/5.0 (compatible; bingbot/2.0; +http://www.bing.com/bingbot.htm)"
46.229.168.151 - - [26/Feb/2020:14:05:32 +0100] "GET /product_reviews.php?action=buy_now&language=lv&products_id=352 HTTP/1.1" 302 569 "-" "Mozilla/5.0 (compatible; SemrushBot/6~bl; +http://www.semrush.com/bot.html)"
46.229.168.139 - - [26/Feb/2020:14:05:33 +0100] "GET /product_info.php?products_id=352 HTTP/1.1" 200 9143 "-" "Mozilla/5.0 (compatible; SemrushBot/6~bl; +http://www.semrush.com/bot.html)"
54.36.149.94 - - [26/Feb/2020:14:05:43 +0100] "GET /product_info.php?products_id=378&language=ru HTTP/1.1" 200 9062 "-" "Mozilla/5.0 (compatible; AhrefsBot/6.1; +http://ahrefs.com/robot/)"
46.229.168.131 - - [26/Feb/2020:14:05:52 +0100] "GET /product_reviews_write.php?products_id=211 HTTP/1.1" 302 546 "-" "Mozilla/5.0 (compatible; SemrushBot/6~bl; +http://www.semrush.com/bot.html)"
46.229.168.152 - - [26/Feb/2020:14:05:54 +0100] "GET /login.php HTTP/1.1" 200 7444 "-" "Mozilla/5.0 (compatible; SemrushBot/6~bl; +http://www.semrush.com/bot.html)"
46.229.168.162 - - [26/Feb/2020:14:05:56 +0100] "GET /index.php?cPath=41_53&language=en&page=1&sort=3a HTTP/1.1" 200 7445 "-" "Mozilla/5.0 (compatible; SemrushBot/6~bl; +http://www.semrush.com/bot.html)"
46.229.168.152 - - [26/Feb/2020:14:05:59 +0100] "GET /product_info.php?language=pl&products_id=325 HTTP/1.1" 200 9560 "-" "Mozilla/5.0 (compatible; SemrushBot/6~bl; +http://www.semrush.com/bot.html)"
46.229.168.139 - - [26/Feb/2020:14:06:11 +0100] "GET /product_reviews.php?action=buy_now&language=ru&products_id=282 HTTP/1.1" 302 569 "-" "Mozilla/5.0 (compatible; SemrushBot/6~bl; +http://www.semrush.com/bot.html)"
46.229.168.153 - - [26/Feb/2020:14:06:12 +0100] "GET /product_info.php?products_id=282 HTTP/1.1" 200 9274 "-" "Mozilla/5.0 (compatible; SemrushBot/6~bl; +http://www.semrush.com/bot.html)"
83.114.83.83 - - [26/Feb/2020:14:06:35 +0100] "GET /lechef/edit_orders_ajax.php?action=update_attributes_field&oID=12273&aid=58049&pid=78116&field=products_options_values&new_value=20%20mm%20CST35.20H%2FFJBHAS HTTP/1.1" 200 340 "http://www.e-medicalonline.com/lechef/edit_orders.php?oID=12273" "Mozilla/5.0 (Windows NT 10.0; Win64; x64) AppleWebKit/537.36 (KHTML, like Gecko) Chrome/79.0.3945.130 Safari/537.36"
46.229.168.142 - - [26/Feb/2020:14:07:49 +0100] "GET /product_reviews_write.php?cPath=42_52&language=fr&products_id=144 HTTP/1.1" 302 546 "-" "Mozilla/5.0 (compatible; SemrushBot/6~bl; +http://www.semrush.com/bot.html)"
46.229.168.144 - - [26/Feb/2020:14:07:50 +0100] "GET /login.php HTTP/1.1" 200 7465 "-" "Mozilla/5.0 (compatible; SemrushBot/6~bl; +http://www.semrush.com/bot.html)"
54.36.148.5 - - [26/Feb/2020:14:07:55 +0100] "GET /index.php?cPath=42_23&language=sr&page=1&sort=1d HTTP/1.1" 200 7869 "-" "Mozilla/5.0 (compatible; AhrefsBot/6.1; +http://ahrefs.com/robot/)"
83.114.83.83 - - [26/Feb/2020:14:08:33 +0100] "GET /lechef/edit_orders_ajax.php?action=update_attributes_field&oID=12273&aid=58050&pid=78117&field=products_options_values&new_value=22%20mm%20CST35.22H%2FFJAWCB HTTP/1.1" 200 340 "http://www.e-medicalonline.com/lechef/edit_orders.php?oID=12273" "Mozilla/5.0 (Windows NT 10.0; Win64; x64) AppleWebKit/537.36 (KHTML, like Gecko) Chrome/79.0.3945.130 Safari/537.36"
178.157.251.222 - - [26/Feb/2020:14:08:56 +0100] "GET /favicon.ico HTTP/1.1" 404 446 "-" "NCO"
46.229.168.151 - - [26/Feb/2020:14:08:57 +0100] "GET /product_reviews.php?action=notify&language=lv&products_id=223 HTTP/1.1" 302 546 "-" "Mozilla/5.0 (compatible; SemrushBot/6~bl; +http://www.semrush.com/bot.html)"
46.229.168.153 - - [26/Feb/2020:14:08:58 +0100] "GET /login.php HTTP/1.1" 200 7494 "-" "Mozilla/5.0 (compatible; SemrushBot/6~bl; +http://www.semrush.com/bot.html)"
54.36.148.231 - - [26/Feb/2020:14:09:11 +0100] "GET /product_info.php?products_id=309&language=tr HTTP/1.1" 200 7288 "-" "Mozilla/5.0 (compatible; AhrefsBot/6.1; +http://ahrefs.com/robot/)"
83.114.83.83 - - [26/Feb/2020:14:10:01 +0100] "GET /lechef/edit_orders_ajax.php?action=update_attributes_field&oID=12273&aid=58051&pid=78118&field=products_options_values&new_value=24%20mm%20CST35.24H%2FFJBHAS HTTP/1.1" 200 340 "http://www.e-medicalonline.com/lechef/edit_orders.php?oID=12273" "Mozilla/5.0 (Windows NT 10.0; Win64; x64) AppleWebKit/537.36 (KHTML, like Gecko) Chrome/79.0.3945.130 Safari/537.36"
83.114.83.83 - - [26/Feb/2020:14:10:49 +0100] "GET /lechef/edit_orders_ajax.php?action=update_attributes_field&oID=12273&aid=58052&pid=78119&field=products_options_values&new_value=26%20mm%200103760192608022109252111803042330306646 HTTP/1.1" 200 340 "http://www.e-medicalonline.com/lechef/edit_orders.php?oID=12273" "Mozilla/5.0 (Windows NT 10.0; Win64; x64) AppleWebKit/537.36 (KHTML, like Gecko) Chrome/79.0.3945.130 Safari/537.36"
46.229.168.154 - - [26/Feb/2020:14:10:51 +0100] "GET /products_new.php?action=buy_now&language=tr&page=10&products_id=211 HTTP/1.1" 302 569 "-" "Mozilla/5.0 (compatible; SemrushBot/6~bl; +http://www.semrush.com/bot.html)"
46.229.168.151 - - [26/Feb/2020:14:10:53 +0100] "GET /product_info.php?products_id=211 HTTP/1.1" 200 9469 "-" "Mozilla/5.0 (compatible; SemrushBot/6~bl; +http://www.semrush.com/bot.html)"
46.229.168.141 - - [26/Feb/2020:14:11:14 +0100] "GET /product_reviews.php?action=notify&products_id=113 HTTP/1.1" 302 546 "-" "Mozilla/5.0 (compatible; SemrushBot/6~bl; +http://www.semrush.com/bot.html)"
46.229.168.131 - - [26/Feb/2020:14:11:16 +0100] "GET /login.php HTTP/1.1" 200 7463 "-" "Mozilla/5.0 (compatible; SemrushBot/6~bl; +http://www.semrush.com/bot.html)"
46.229.168.136 - - [26/Feb/2020:14:11:27 +0100] "GET /product_reviews.php?action=buy_now&products_id=278 HTTP/1.1" 302 569 "-" "Mozilla/5.0 (compatible; SemrushBot/6~bl; +http://www.semrush.com/bot.html)"
46.229.168.141 - - [26/Feb/2020:14:11:29 +0100] "GET /product_info.php?products_id=278 HTTP/1.1" 200 9147 "-" "Mozilla/5.0 (compatible; SemrushBot/6~bl; +http://www.semrush.com/bot.html)"
46.229.168.142 - - [26/Feb/2020:14:11:45 +0100] "GET /product_info.php?action=add_product&language=hr&products_id=183 HTTP/1.1" 302 566 "-" "Mozilla/5.0 (compatible; SemrushBot/6~bl; +http://www.semrush.com/bot.html)"
46.229.168.163 - - [26/Feb/2020:14:11:46 +0100] "GET /shopping_cart.php?language=hr HTTP/1.1" 200 8568 "-" "Mozilla/5.0 (compatible; SemrushBot/6~bl; +http://www.semrush.com/bot.html)"
46.229.168.135 - - [26/Feb/2020:14:11:58 +0100] "GET /products_new.php?action=buy_now&language=fr&page=2&products_id=372 HTTP/1.1" 302 573 "-" "Mozilla/5.0 (compatible; SemrushBot/6~bl; +http://www.semrush.com/bot.html)"
46.229.168.141 - - [26/Feb/2020:14:12:00 +0100] "GET /shopping_cart.php?language=fr&page=2 HTTP/1.1" 200 8696 "-" "Mozilla/5.0 (compatible; SemrushBot/6~bl; +http://www.semrush.com/bot.html)"
83.114.83.83 - - [26/Feb/2020:14:12:07 +0100] "GET /lechef/edit_orders_ajax.php?action=update_attributes_field&oID=12273&aid=58050&pid=78117&field=products_options_values&new_value=22%20mm%201*CST35.22H%2FFJAWCB%2B2*0103760192608008109252111803042330306644 HTTP/1.1" 200 340 "http://www.e-medicalonline.com/lechef/edit_orders.php?oID=12273" "Mozilla/5.0 (Windows NT 10.0; Win64; x64) AppleWebKit/537.36 (KHTML, like Gecko) Chrome/79.0.3945.130 Safari/537.36"
46.229.168.163 - - [26/Feb/2020:14:12:44 +0100] "GET /index.php?cPath=42_39&page=1&sort=1d HTTP/1.1" 200 7421 "-" "Mozilla/5.0 (compatible; SemrushBot/6~bl; +http://www.semrush.com/bot.html)"
83.114.83.83 - - [26/Feb/2020:14:13:12 +0100] "GET /lechef/edit_orders_ajax.php?action=update_attributes_field&oID=12273&aid=58054&pid=78121&field=products_options_values&new_value=30%20mm%200103760192608046109252111803042330306647 HTTP/1.1" 200 340 "http://www.e-medicalonline.com/lechef/edit_orders.php?oID=12273" "Mozilla/5.0 (Windows NT 10.0; Win64; x64) AppleWebKit/537.36 (KHTML, like Gecko) Chrome/79.0.3945.130 Safari/537.36"
114.119.131.187 - - [26/Feb/2020:14:13:21 +0100] "GET /product_info.php?products_id=51&osCsid=lppgfhgi9dv7806mtqs556e5f2 HTTP/1.1" 200 8951 "-" "Mozilla/5.0(Linux;U;Android 5.1.1;zh-CN;OPPO A33 Build/LMY47V) AppleWebKit/537.36(KHTML,like Gecko) Version/4.0 Chrome/40.0.2214.89 Mobile Safari/537.36"
114.119.152.150 - - [26/Feb/2020:14:13:28 +0100] "GET /account.php?osCsid=165528esvipn9eq10irrm9ile5 HTTP/1.1" 302 546 "-" "Mozilla/5.0(Linux;Android 5.1.1;OPPO A33 Build/LMY47V;wv) AppleWebKit/537.36(KHTML,link Gecko) Version/4.0 Chrome/43.0.2357.121 Mobile Safari/537.36"
114.119.152.150 - - [26/Feb/2020:14:13:30 +0100] "GET /login.php?osCsid=u3kbthdl2qin78nfs4sg2oppj5 HTTP/1.1" 200 7357 "-" "Mozilla/5.0(Linux;Android 5.1.1;OPPO A33 Build/LMY47V;wv) AppleWebKit/537.36(KHTML,link Gecko) Version/4.0 Chrome/43.0.2357.121 Mobile Safari/537.36"
83.114.83.83 - - [26/Feb/2020:14:13:51 +0100] "GET /lechef/edit_orders_ajax.php?action=update_attributes_field&oID=12273&aid=58055&pid=78122&field=products_options_values&new_value=32%20mm%200103760192608053108689111703172330282088 HTTP/1.1" 200 340 "http://www.e-medicalonline.com/lechef/edit_orders.php?oID=12273" "Mozilla/5.0 (Windows NT 10.0; Win64; x64) AppleWebKit/537.36 (KHTML, like Gecko) Chrome/79.0.3945.130 Safari/537.36"
207.46.13.155 - - [26/Feb/2020:14:14:32 +0100] "GET /advanced_search_result.php?m_op=1&keywords=1&sort=4a&page=2&language=cs HTTP/1.1" 200 10949 "-" "Mozilla/5.0 (compatible; bingbot/2.0; +http://www.bing.com/bingbot.htm)"
46.229.168.129 - - [26/Feb/2020:14:14:42 +0100] "GET /robots.txt HTTP/1.1" 404 445 "-" "Mozilla/5.0 (compatible; SemrushBot/6~bl; +http://www.semrush.com/bot.html)"
46.229.168.142 - - [26/Feb/2020:14:14:42 +0100] "GET /product_reviews.php?action=buy_now&language=en&products_id=219 HTTP/1.1" 302 569 "-" "Mozilla/5.0 (compatible; SemrushBot/6~bl; +http://www.semrush.com/bot.html)"
46.229.168.142 - - [26/Feb/2020:14:14:44 +0100] "GET /product_info.php?products_id=219 HTTP/1.1" 200 8883 "-" "Mozilla/5.0 (compatible; SemrushBot/6~bl; +http://www.semrush.com/bot.html)"
66.249.64.112 - - [26/Feb/2020:14:15:23 +0100] "GET /product_info.php?products_id=341&language=pl&osCsid=ahlqods6cc0m629os0eclup437 HTTP/1.1" 200 9647 "-" "Mozilla/5.0 (Linux; Android 6.0.1; Nexus 5X Build/MMB29P) AppleWebKit/537.36 (KHTML, like Gecko) Chrome/41.0.2272.96 Mobile Safari/537.36 (compatible; Googlebot/2.1; +http://www.google.com/bot.html)"
46.229.168.161 - - [26/Feb/2020:14:15:35 +0100] "GET /product_info.php?action=add_product&cPath=42_23&language=fr&products_id=103 HTTP/1.1" 302 566 "-" "Mozilla/5.0 (compatible; SemrushBot/6~bl; +http://www.semrush.com/bot.html)"
46.229.168.132 - - [26/Feb/2020:14:15:36 +0100] "GET /shopping_cart.php?language=fr HTTP/1.1" 200 8706 "-" "Mozilla/5.0 (compatible; SemrushBot/6~bl; +http://www.semrush.com/bot.html)"
83.114.83.83 - - [26/Feb/2020:14:15:47 +0100] "GET /lechef/edit_orders_ajax.php?action=update_attributes_field&oID=12273&aid=58056&pid=78123&field=products_options_values&new_value=34%20mm%20CST35.34H%2FFJBHAS HTTP/1.1" 200 340 "http://www.e-medicalonline.com/lechef/edit_orders.php?oID=12273" "Mozilla/5.0 (Windows NT 10.0; Win64; x64) AppleWebKit/537.36 (KHTML, like Gecko) Chrome/79.0.3945.130 Safari/537.36"
83.114.83.83 - - [26/Feb/2020:14:16:42 +0100] "GET /lechef/edit_orders_ajax.php?action=update_attributes_field&oID=12273&aid=58075&pid=78142&field=products_options_values&new_value=45%20mm%20CST35.45H%2FFJAYAO HTTP/1.1" 200 340 "http://www.e-medicalonline.com/lechef/edit_orders.php?oID=12273" "Mozilla/5.0 (Windows NT 10.0; Win64; x64) AppleWebKit/537.36 (KHTML, like Gecko) Chrome/79.0.3945.130 Safari/537.36"
46.229.168.136 - - [26/Feb/2020:14:17:08 +0100] "GET /product_reviews.php?products_id=302 HTTP/1.1" 200 7350 "-" "Mozilla/5.0 (compatible; SemrushBot/6~bl; +http://www.semrush.com/bot.html)"
46.229.168.129 - - [26/Feb/2020:14:17:10 +0100] "GET /product_info.php?action=add_product&language=en&products_id=383 HTTP/1.1" 302 566 "-" "Mozilla/5.0 (compatible; SemrushBot/6~bl; +http://www.semrush.com/bot.html)"
46.229.168.146 - - [26/Feb/2020:14:17:11 +0100] "GET /shopping_cart.php?language=en HTTP/1.1" 200 8569 "-" "Mozilla/5.0 (compatible; SemrushBot/6~bl; +http://www.semrush.com/bot.html)"
83.114.83.83 - - [26/Feb/2020:14:17:19 +0100] "GET /lechef/edit_orders_ajax.php?action=update_attributes_field&oID=12273&aid=58047&pid=78114&field=products_options_values&new_value=20%20mm%20CST27.20H%2FEKBCAD HTTP/1.1" 200 340 "http://www.e-medicalonline.com/lechef/edit_orders.php?oID=12273" "Mozilla/5.0 (Windows NT 10.0; Win64; x64) AppleWebKit/537.36 (KHTML, like Gecko) Chrome/79.0.3945.130 Safari/537.36"
114.119.145.150 - - [26/Feb/2020:14:17:26 +0100] "GET /product_info.php?products_id=245&osCsid=7lnal93mo3lvsq7n1hk58oamn4 HTTP/1.1" 200 9474 "-" "Mozilla/5.0(Linux;U;Android 5.1.1;zh-CN;OPPO A33 Build/LMY47V) AppleWebKit/537.36(KHTML,like Gecko) Version/4.0 Chrome/40.0.2214.89 Mobile Safari/537.36"
46.229.168.163 - - [26/Feb/2020:14:17:36 +0100] "GET /products_new.php?action=buy_now&language=iw&page=3&products_id=352 HTTP/1.1" 302 569 "-" "Mozilla/5.0 (compatible; SemrushBot/6~bl; +http://www.semrush.com/bot.html)"
114.119.149.116 - - [26/Feb/2020:14:17:36 +0100] "GET /product_info.php?products_id=271&osCsid=u4870bm8qiohcb01bi7ici1je3 HTTP/1.1" 200 9396 "-" "Mozilla/5.0(Linux;Android 5.1.1;OPPO A33 Build/LMY47V;wv) AppleWebKit/537.36(KHTML,link Gecko) Version/4.0 Chrome/43.0.2357.121 Mobile Safari/537.36"
46.229.168.138 - - [26/Feb/2020:14:17:38 +0100] "GET /product_info.php?products_id=352 HTTP/1.1" 200 9148 "-" "Mozilla/5.0 (compatible; SemrushBot/6~bl; +http://www.semrush.com/bot.html)"
114.119.166.145 - - [26/Feb/2020:14:17:42 +0100] "GET /account.php?osCsid=0ohjf8nikd165t02vj6nna6d37 HTTP/1.1" 302 546 "-" "Mozilla/5.0(Linux;U;Android 5.1.1;zh-CN;OPPO A33 Build/LMY47V) AppleWebKit/537.36(KHTML,like Gecko) Version/4.0 Chrome/40.0.2214.89 Mobile Safari/537.36"
114.119.166.145 - - [26/Feb/2020:14:17:43 +0100] "GET /login.php?osCsid=b76cr2g474hmb5h08j24botil2 HTTP/1.1" 200 7324 "-" "Mozilla/5.0(Linux;U;Android 5.1.1;zh-CN;OPPO A33 Build/LMY47V) AppleWebKit/537.36(KHTML,like Gecko) Version/4.0 Chrome/40.0.2214.89 Mobile Safari/537.36"
83.114.83.83 - - [26/Feb/2020:14:17:52 +0100] "GET /lechef/edit_orders_ajax.php?action=update_attributes_field&oID=12273&aid=58046&pid=78113&field=products_options_values&new_value=16%20mm%20CST24.16H%2FARAQAJ HTTP/1.1" 200 340 "http://www.e-medicalonline.com/lechef/edit_orders.php?oID=12273" "Mozilla/5.0 (Windows NT 10.0; Win64; x64) AppleWebKit/537.36 (KHTML, like Gecko) Chrome/79.0.3945.130 Safari/537.36"
46.229.168.141 - - [26/Feb/2020:14:17:52 +0100] "GET /product_reviews.php?action=notify&products_id=111 HTTP/1.1" 302 546 "-" "Mozilla/5.0 (compatible; SemrushBot/6~bl; +http://www.semrush.com/bot.html)"
46.229.168.150 - - [26/Feb/2020:14:17:54 +0100] "GET /login.php HTTP/1.1" 200 7495 "-" "Mozilla/5.0 (compatible; SemrushBot/6~bl; +http://www.semrush.com/bot.html)"
207.46.13.155 - - [26/Feb/2020:14:18:08 +0100] "GET /index.php?&cPath=42_40 HTTP/1.1" 200 7672 "-" "Mozilla/5.0 (compatible; bingbot/2.0; +http://www.bing.com/bingbot.htm)"
83.114.83.83 - - [26/Feb/2020:14:18:11 +0100] "GET /lechef/edit_orders_ajax.php?action=update_attributes_field&oID=12273&aid=58045&pid=78112&field=products_options_values&new_value=12%20mm%20CST24.12H%2FARAQAJ HTTP/1.1" 200 340 "http://www.e-medicalonline.com/lechef/edit_orders.php?oID=12273" "Mozilla/5.0 (Windows NT 10.0; Win64; x64) AppleWebKit/537.36 (KHTML, like Gecko) Chrome/79.0.3945.130 Safari/537.36"
46.229.168.147 - - [26/Feb/2020:14:18:39 +0100] "GET /product_info.php?cPath=47_71&language=tr&products_id=374 HTTP/1.1" 200 9227 "-" "Mozilla/5.0 (compatible; SemrushBot/6~bl; +http://www.semrush.com/bot.html)"
46.229.168.152 - - [26/Feb/2020:14:19:03 +0100] "GET /product_reviews.php?action=buy_now&language=lv&products_id=325 HTTP/1.1" 302 569 "-" "Mozilla/5.0 (compatible; SemrushBot/6~bl; +http://www.semrush.com/bot.html)"
46.229.168.130 - - [26/Feb/2020:14:19:04 +0100] "GET /product_info.php?products_id=325 HTTP/1.1" 200 9368 "-" "Mozilla/5.0 (compatible; SemrushBot/6~bl; +http://www.semrush.com/bot.html)"
46.229.168.140 - - [26/Feb/2020:14:19:06 +0100] "GET /product_info.php?action=notify&products_id=119 HTTP/1.1" 302 546 "-" "Mozilla/5.0 (compatible; SemrushBot/6~bl; +http://www.semrush.com/bot.html)"
46.229.168.151 - - [26/Feb/2020:14:19:07 +0100] "GET /login.php HTTP/1.1" 200 7445 "-" "Mozilla/5.0 (compatible; SemrushBot/6~bl; +http://www.semrush.com/bot.html)"
83.114.83.83 - - [26/Feb/2020:14:19:35 +0100] "GET /lechef/edit_orders_ajax.php?action=update_comment&cID=37634&comment=Missing%20product%0A&oID=12273 HTTP/1.1" 200 338 "http://www.e-medicalonline.com/lechef/edit_orders.php?oID=12273" "Mozilla/5.0 (Windows NT 10.0; Win64; x64) AppleWebKit/537.36 (KHTML, like Gecko) Chrome/79.0.3945.130 Safari/537.36"
46.229.168.140 - - [26/Feb/2020:14:19:47 +0100] "GET /product_reviews.php?action=notify&language=iw&products_id=199 HTTP/1.1" 302 546 "-" "Mozilla/5.0 (compatible; SemrushBot/6~bl; +http://www.semrush.com/bot.html)"
46.229.168.132 - - [26/Feb/2020:14:19:49 +0100] "GET /login.php HTTP/1.1" 200 7458 "-" "Mozilla/5.0 (compatible; SemrushBot/6~bl; +http://www.semrush.com/bot.html)"
83.114.83.83 - - [26/Feb/2020:14:20:10 +0100] "GET /lechef/edit_orders_ajax.php?action=update_comment&cID=37634&comment=Missing%20product%0A3%20CST35.%2028mm&oID=12273 HTTP/1.1" 200 338 "http://www.e-medicalonline.com/lechef/edit_orders.php?oID=12273" "Mozilla/5.0 (Windows NT 10.0; Win64; x64) AppleWebKit/537.36 (KHTML, like Gecko) Chrome/79.0.3945.130 Safari/537.36"
207.46.13.155 - - [26/Feb/2020:14:20:13 +0100] "GET /index.php?&cPath=42_40 HTTP/1.1" 200 7723 "-" "Mozilla/5.0 (compatible; bingbot/2.0; +http://www.bing.com/bingbot.htm)"
46.229.168.144 - - [26/Feb/2020:14:20:47 +0100] "GET /product_reviews.php?action=buy_now&cPath=42_40&language=iw&products_id=385 HTTP/1.1" 302 569 "-" "Mozilla/5.0 (compatible; SemrushBot/6~bl; +http://www.semrush.com/bot.html)"
46.229.168.147 - - [26/Feb/2020:14:20:49 +0100] "GET /product_info.php?products_id=385 HTTP/1.1" 200 9084 "-" "Mozilla/5.0 (compatible; SemrushBot/6~bl; +http://www.semrush.com/bot.html)"
40.77.167.1 - - [26/Feb/2020:14:20:52 +0100] "GET /product_info.php?products_id=366 HTTP/1.1" 200 7120 "-" "Mozilla/5.0 (compatible; bingbot/2.0; +http://www.bing.com/bingbot.htm)"
40.77.167.1 - - [26/Feb/2020:14:20:52 +0100] "GET /product_info.php?products_id=243 HTTP/1.1" 200 9371 "-" "Mozilla/5.0 (compatible; bingbot/2.0; +http://www.bing.com/bingbot.htm)"
40.77.167.1 - - [26/Feb/2020:14:20:53 +0100] "GET /product_info.php?products_id=102 HTTP/1.1" 200 9370 "-" "Mozilla/5.0 (compatible; bingbot/2.0; +http://www.bing.com/bingbot.htm)"
40.77.167.1 - - [26/Feb/2020:14:20:53 +0100] "GET /product_info.php?products_id=102 HTTP/1.1" 200 9371 "-" "Mozilla/5.0 (compatible; bingbot/2.0; +http://www.bing.com/bingbot.htm)"
83.114.83.83 - - [26/Feb/2020:14:21:02 +0100] "GET /lechef/edit_orders_ajax.php?action=delete_product_field&oID=12273&pid=78120&field=delete&new_value=true HTTP/1.1" 200 332 "http://www.e-medicalonline.com/lechef/edit_orders.php?oID=12273" "Mozilla/5.0 (Windows NT 10.0; Win64; x64) AppleWebKit/537.36 (KHTML, like Gecko) Chrome/79.0.3945.130 Safari/537.36"
83.114.83.83 - - [26/Feb/2020:14:21:02 +0100] "POST /lechef/edit_orders_ajax.php HTTP/1.1" 200 13122 "http://www.e-medicalonline.com/lechef/edit_orders.php?oID=12273" "Mozilla/5.0 (Windows NT 10.0; Win64; x64) AppleWebKit/537.36 (KHTML, like Gecko) Chrome/79.0.3945.130 Safari/537.36"
83.114.83.83 - - [26/Feb/2020:14:22:44 +0100] "GET /lechef/edit_orders_ajax.php?action=update_attributes_field&oID=12273&aid=58057&pid=78124&field=products_options_values&new_value=8%20mm%200103760192605519109177111705102330304218 HTTP/1.1" 200 340 "http://www.e-medicalonline.com/lechef/edit_orders.php?oID=12273" "Mozilla/5.0 (Windows NT 10.0; Win64; x64) AppleWebKit/537.36 (KHTML, like Gecko) Chrome/79.0.3945.130 Safari/537.36"
46.229.168.134 - - [26/Feb/2020:14:23:03 +0100] "GET /product_reviews.php?action=buy_now&cPath=41_38&language=lv&products_id=196 HTTP/1.1" 302 569 "-" "Mozilla/5.0 (compatible; SemrushBot/6~bl; +http://www.semrush.com/bot.html)"
46.229.168.134 - - [26/Feb/2020:14:23:05 +0100] "GET /product_info.php?products_id=196 HTTP/1.1" 200 9226 "-" "Mozilla/5.0 (compatible; SemrushBot/6~bl; +http://www.semrush.com/bot.html)"
46.229.168.131 - - [26/Feb/2020:14:23:29 +0100] "GET /product_info.php?action=add_product&language=ru&products_id=262 HTTP/1.1" 302 566 "-" "Mozilla/5.0 (compatible; SemrushBot/6~bl; +http://www.semrush.com/bot.html)"
46.229.168.136 - - [26/Feb/2020:14:23:30 +0100] "GET /shopping_cart.php?language=ru HTTP/1.1" 200 8956 "-" "Mozilla/5.0 (compatible; SemrushBot/6~bl; +http://www.semrush.com/bot.html)"
46.229.168.153 - - [26/Feb/2020:14:23:43 +0100] "GET /product_info.php?action=notify&language=no&products_id=232 HTTP/1.1" 302 546 "-" "Mozilla/5.0 (compatible; SemrushBot/6~bl; +http://www.semrush.com/bot.html)"
46.229.168.136 - - [26/Feb/2020:14:23:44 +0100] "GET /login.php HTTP/1.1" 200 7458 "-" "Mozilla/5.0 (compatible; SemrushBot/6~bl; +http://www.semrush.com/bot.html)"
83.114.83.83 - - [26/Feb/2020:14:23:46 +0100] "GET /lechef/edit_orders_ajax.php?action=update_attributes_field&oID=12273&aid=58058&pid=78125&field=products_options_values&new_value=30%20mm%200103760192605199109177111707102330307029 HTTP/1.1" 200 340 "http://www.e-medicalonline.com/lechef/edit_orders.php?oID=12273" "Mozilla/5.0 (Windows NT 10.0; Win64; x64) AppleWebKit/537.36 (KHTML, like Gecko) Chrome/79.0.3945.130 Safari/537.36"
54.36.148.40 - - [26/Feb/2020:14:23:57 +0100] "GET /index.php?cPath=47_46&page=1&sort=5a&language=fr HTTP/1.1" 200 8488 "-" "Mozilla/5.0 (compatible; AhrefsBot/6.1; +http://ahrefs.com/robot/)"
83.114.83.83 - - [26/Feb/2020:14:24:12 +0100] "GET /lechef/edit_orders_ajax.php?action=update_attributes_field&oID=12273&aid=58059&pid=78126&field=products_options_values&new_value=36%20mm%200103760192605229109177111707102330307032 HTTP/1.1" 200 340 "http://www.e-medicalonline.com/lechef/edit_orders.php?oID=12273" "Mozilla/5.0 (Windows NT 10.0; Win64; x64) AppleWebKit/537.36 (KHTML, like Gecko) Chrome/79.0.3945.130 Safari/537.36"
83.114.83.83 - - [26/Feb/2020:14:24:42 +0100] "GET /lechef/edit_orders_ajax.php?action=update_attributes_field&oID=12273&aid=58060&pid=78127&field=products_options_values&new_value=40%20mm%20PLS35.40H%2FFJBHBA HTTP/1.1" 200 340 "http://www.e-medicalonline.com/lechef/edit_orders.php?oID=12273" "Mozilla/5.0 (Windows NT 10.0; Win64; x64) AppleWebKit/537.36 (KHTML, like Gecko) Chrome/79.0.3945.130 Safari/537.36"
46.229.168.138 - - [26/Feb/2020:14:24:53 +0100] "GET /product_reviews.php?action=notify&language=is&products_id=305 HTTP/1.1" 302 546 "-" "Mozilla/5.0 (compatible; SemrushBot/6~bl; +http://www.semrush.com/bot.html)"
46.229.168.146 - - [26/Feb/2020:14:24:54 +0100] "GET /login.php HTTP/1.1" 200 7496 "-" "Mozilla/5.0 (compatible; SemrushBot/6~bl; +http://www.semrush.com/bot.html)"
46.229.168.138 - - [26/Feb/2020:14:26:03 +0100] "GET /product_info.php?action=add_product&language=lv&products_id=248 HTTP/1.1" 302 566 "-" "Mozilla/5.0 (compatible; SemrushBot/6~bl; +http://www.semrush.com/bot.html)"
46.229.168.134 - - [26/Feb/2020:14:26:04 +0100] "GET /shopping_cart.php?language=lv HTTP/1.1" 200 8561 "-" "Mozilla/5.0 (compatible; SemrushBot/6~bl; +http://www.semrush.com/bot.html)"
54.36.149.55 - - [26/Feb/2020:14:26:07 +0100] "GET /index.php?cPath=47_64&language=nl&page=1&sort=1a HTTP/1.1" 200 7504 "-" "Mozilla/5.0 (compatible; AhrefsBot/6.1; +http://ahrefs.com/robot/)"
46.229.168.145 - - [26/Feb/2020:14:26:21 +0100] "GET /product_info.php?action=add_product&language=pl&products_id=272 HTTP/1.1" 302 566 "-" "Mozilla/5.0 (compatible; SemrushBot/6~bl; +http://www.semrush.com/bot.html)"
46.229.168.154 - - [26/Feb/2020:14:26:22 +0100] "GET /shopping_cart.php?language=pl HTTP/1.1" 200 8732 "-" "Mozilla/5.0 (compatible; SemrushBot/6~bl; +http://www.semrush.com/bot.html)"
46.229.168.153 - - [26/Feb/2020:14:26:48 +0100] "GET /product_info.php?action=add_product&cPath=42_60&language=pl&products_id=240 HTTP/1.1" 302 566 "-" "Mozilla/5.0 (compatible; SemrushBot/6~bl; +http://www.semrush.com/bot.html)"
46.229.168.153 - - [26/Feb/2020:14:26:50 +0100] "GET /shopping_cart.php?language=pl HTTP/1.1" 200 8712 "-" "Mozilla/5.0 (compatible; SemrushBot/6~bl; +http://www.semrush.com/bot.html)"
83.114.83.83 - - [26/Feb/2020:14:27:23 +0100] "GET /lechef/edit_orders_ajax.php?action=update_attributes_field&oID=12273&aid=58061&pid=78128&field=products_options_values&new_value=6%20trous%20(32mm)%20DCP20.06P%2FBHAAAA HTTP/1.1" 200 340 "http://www.e-medicalonline.com/lechef/edit_orders.php?oID=12273" "Mozilla/5.0 (Windows NT 10.0; Win64; x64) AppleWebKit/537.36 (KHTML, like Gecko) Chrome/79.0.3945.130 Safari/537.36"
80.11.235.142 - - [26/Feb/2020:14:27:28 +0100] "GET / HTTP/1.1" 200 3471 "http://www.vetsuture.com/fr/dealers-FR.html" "Mozilla/5.0 (Windows NT 10.0; Win64; x64; rv:73.0) Gecko/20100101 Firefox/73.0"
80.11.235.142 - - [26/Feb/2020:14:27:29 +0100] "GET /includes/languages/english/images/icon.gif HTTP/1.1" 200 458 "http://www.e-medicalonline.com/" "Mozilla/5.0 (Windows NT 10.0; Win64; x64; rv:73.0) Gecko/20100101 Firefox/73.0"
80.11.235.142 - - [26/Feb/2020:14:27:29 +0100] "GET /includes/languages/greek/images/icon.gif HTTP/1.1" 404 475 "http://www.e-medicalonline.com/" "Mozilla/5.0 (Windows NT 10.0; Win64; x64; rv:73.0) Gecko/20100101 Firefox/73.0"
80.11.235.142 - - [26/Feb/2020:14:27:29 +0100] "GET /includes/languages/french/images/icon.gif HTTP/1.1" 200 388 "http://www.e-medicalonline.com/" "Mozilla/5.0 (Windows NT 10.0; Win64; x64; rv:73.0) Gecko/20100101 Firefox/73.0"
80.11.235.142 - - [26/Feb/2020:14:27:29 +0100] "GET /includes/languages/espanol/images/icon.gif HTTP/1.1" 200 606 "http://www.e-medicalonline.com/" "Mozilla/5.0 (Windows NT 10.0; Win64; x64; rv:73.0) Gecko/20100101 Firefox/73.0"
80.11.235.142 - - [26/Feb/2020:14:27:29 +0100] "GET /includes/languages/german/images/icon.gif HTTP/1.1" 200 408 "http://www.e-medicalonline.com/" "Mozilla/5.0 (Windows NT 10.0; Win64; x64; rv:73.0) Gecko/20100101 Firefox/73.0"
80.11.235.142 - - [26/Feb/2020:14:27:29 +0100] "GET /includes/languages/italian/images/icon.gif HTTP/1.1" 200 388 "http://www.e-medicalonline.com/" "Mozilla/5.0 (Windows NT 10.0; Win64; x64; rv:73.0) Gecko/20100101 Firefox/73.0"
80.11.235.142 - - [26/Feb/2020:14:27:29 +0100] "GET /index.php?language=fr HTTP/1.1" 200 8820 "http://www.e-medicalonline.com/" "Mozilla/5.0 (Windows NT 10.0; Win64; x64; rv:73.0) Gecko/20100101 Firefox/73.0"
80.11.235.142 - - [26/Feb/2020:14:27:29 +0100] "GET /stylesheet.css HTTP/1.1" 200 21852 "http://www.e-medicalonline.com/index.php?language=fr" "Mozilla/5.0 (Windows NT 10.0; Win64; x64; rv:73.0) Gecko/20100101 Firefox/73.0"
80.11.235.142 - - [26/Feb/2020:14:27:29 +0100] "GET /includes/languages/srpski/images/icon.gif HTTP/1.1" 200 707 "http://www.e-medicalonline.com/index.php?language=fr" "Mozilla/5.0 (Windows NT 10.0; Win64; x64; rv:73.0) Gecko/20100101 Firefox/73.0"
80.11.235.142 - - [26/Feb/2020:14:27:29 +0100] "GET /includes/languages/polish/images/icon.gif HTTP/1.1" 200 342 "http://www.e-medicalonline.com/index.php?language=fr" "Mozilla/5.0 (Windows NT 10.0; Win64; x64; rv:73.0) Gecko/20100101 Firefox/73.0"
80.11.235.142 - - [26/Feb/2020:14:27:29 +0100] "GET /includes/languages/hebrew/images/icon.gif HTTP/1.1" 200 1188 "http://www.e-medicalonline.com/index.php?language=fr" "Mozilla/5.0 (Windows NT 10.0; Win64; x64; rv:73.0) Gecko/20100101 Firefox/73.0"
80.11.235.142 - - [26/Feb/2020:14:27:29 +0100] "GET /includes/languages/turkish/images/icon.gif HTTP/1.1" 200 421 "http://www.e-medicalonline.com/index.php?language=fr" "Mozilla/5.0 (Windows NT 10.0; Win64; x64; rv:73.0) Gecko/20100101 Firefox/73.0"
80.11.235.142 - - [26/Feb/2020:14:27:29 +0100] "GET /includes/languages/russian/images/icon.gif HTTP/1.1" 200 384 "http://www.e-medicalonline.com/index.php?language=fr" "Mozilla/5.0 (Windows NT 10.0; Win64; x64; rv:73.0) Gecko/20100101 Firefox/73.0"
80.11.235.142 - - [26/Feb/2020:14:27:29 +0100] "GET /includes/languages/arabic/images/icon.gif HTTP/1.1" 200 1127 "http://www.e-medicalonline.com/index.php?language=fr" "Mozilla/5.0 (Windows NT 10.0; Win64; x64; rv:73.0) Gecko/20100101 Firefox/73.0"
80.11.235.142 - - [26/Feb/2020:14:27:29 +0100] "GET /mymenu.css HTTP/1.1" 200 8561 "http://www.e-medicalonline.com/index.php?language=fr" "Mozilla/5.0 (Windows NT 10.0; Win64; x64; rv:73.0) Gecko/20100101 Firefox/73.0"
80.11.235.142 - - [26/Feb/2020:14:27:29 +0100] "GET /images/header_account.gif HTTP/1.1" 200 2319 "http://www.e-medicalonline.com/index.php?language=fr" "Mozilla/5.0 (Windows NT 10.0; Win64; x64; rv:73.0) Gecko/20100101 Firefox/73.0"
80.11.235.142 - - [26/Feb/2020:14:27:29 +0100] "GET /images/store_logo.gif HTTP/1.1" 200 10346 "http://www.e-medicalonline.com/index.php?language=fr" "Mozilla/5.0 (Windows NT 10.0; Win64; x64; rv:73.0) Gecko/20100101 Firefox/73.0"
80.11.235.142 - - [26/Feb/2020:14:27:29 +0100] "GET /images/header_cart.gif HTTP/1.1" 200 1877 "http://www.e-medicalonline.com/index.php?language=fr" "Mozilla/5.0 (Windows NT 10.0; Win64; x64; rv:73.0) Gecko/20100101 Firefox/73.0"
80.11.235.142 - - [26/Feb/2020:14:27:30 +0100] "GET /arrow.gif HTTP/1.1" 200 1078 "http://www.e-medicalonline.com/index.php?language=fr" "Mozilla/5.0 (Windows NT 10.0; Win64; x64; rv:73.0) Gecko/20100101 Firefox/73.0"
80.11.235.142 - - [26/Feb/2020:14:27:30 +0100] "GET /images/pixel_trans.gif HTTP/1.1" 200 305 "http://www.e-medicalonline.com/index.php?language=fr" "Mozilla/5.0 (Windows NT 10.0; Win64; x64; rv:73.0) Gecko/20100101 Firefox/73.0"
80.11.235.142 - - [26/Feb/2020:14:27:30 +0100] "GET /includes/ajax_sc.js HTTP/1.1" 200 17129 "http://www.e-medicalonline.com/index.php?language=fr" "Mozilla/5.0 (Windows NT 10.0; Win64; x64; rv:73.0) Gecko/20100101 Firefox/73.0"
80.11.235.142 - - [26/Feb/2020:14:27:30 +0100] "GET /product_thumb.php?img=images/lene-monofilament.png&w=150&h=98 HTTP/1.1" 200 11328 "http://www.e-medicalonline.com/index.php?language=fr" "Mozilla/5.0 (Windows NT 10.0; Win64; x64; rv:73.0) Gecko/20100101 Firefox/73.0"
80.11.235.142 - - [26/Feb/2020:14:27:30 +0100] "GET /images/theme/s1.jpg HTTP/1.1" 200 26302 "http://www.e-medicalonline.com/index.php?language=fr" "Mozilla/5.0 (Windows NT 10.0; Win64; x64; rv:73.0) Gecko/20100101 Firefox/73.0"
80.11.235.142 - - [26/Feb/2020:14:27:30 +0100] "GET /images/loading.gif HTTP/1.1" 200 2938 "http://www.e-medicalonline.com/index.php?language=fr" "Mozilla/5.0 (Windows NT 10.0; Win64; x64; rv:73.0) Gecko/20100101 Firefox/73.0"
80.11.235.142 - - [26/Feb/2020:14:27:30 +0100] "GET /images/ok.gif HTTP/1.1" 200 4521 "http://www.e-medicalonline.com/index.php?language=fr" "Mozilla/5.0 (Windows NT 10.0; Win64; x64; rv:73.0) Gecko/20100101 Firefox/73.0"
80.11.235.142 - - [26/Feb/2020:14:27:30 +0100] "GET /images/teaser.jpg HTTP/1.1" 200 69016 "http://www.e-medicalonline.com/index.php?language=fr" "Mozilla/5.0 (Windows NT 10.0; Win64; x64; rv:73.0) Gecko/20100101 Firefox/73.0"
80.11.235.142 - - [26/Feb/2020:14:27:30 +0100] "GET /images/theme/bgbar.gif HTTP/1.1" 200 429 "http://www.e-medicalonline.com/stylesheet.css" "Mozilla/5.0 (Windows NT 10.0; Win64; x64; rv:73.0) Gecko/20100101 Firefox/73.0"
80.11.235.142 - - [26/Feb/2020:14:27:30 +0100] "GET /images/theme/background.png HTTP/1.1" 200 107677 "http://www.e-medicalonline.com/stylesheet.css" "Mozilla/5.0 (Windows NT 10.0; Win64; x64; rv:73.0) Gecko/20100101 Firefox/73.0"
80.11.235.142 - - [26/Feb/2020:14:27:31 +0100] "GET /favicon.ico HTTP/1.1" 404 446 "-" "Mozilla/5.0 (Windows NT 10.0; Win64; x64; rv:73.0) Gecko/20100101 Firefox/73.0"
80.11.235.142 - - [26/Feb/2020:14:27:38 +0100] "GET /account.php?osCsid=s9l0jvpvto30g4ap27augm2c27 HTTP/1.1" 302 425 "http://www.e-medicalonline.com/index.php?language=fr" "Mozilla/5.0 (Windows NT 10.0; Win64; x64; rv:73.0) Gecko/20100101 Firefox/73.0"
80.11.235.142 - - [26/Feb/2020:14:27:38 +0100] "GET /login.php HTTP/1.1" 200 7487 "http://www.e-medicalonline.com/index.php?language=fr" "Mozilla/5.0 (Windows NT 10.0; Win64; x64; rv:73.0) Gecko/20100101 Firefox/73.0"
80.11.235.142 - - [26/Feb/2020:14:27:38 +0100] "GET /product_thumb.php?img=images/no_image.jpg&w=120&h=120 HTTP/1.1" 200 3525 "http://www.e-medicalonline.com/login.php" "Mozilla/5.0 (Windows NT 10.0; Win64; x64; rv:73.0) Gecko/20100101 Firefox/73.0"
80.11.235.142 - - [26/Feb/2020:14:27:38 +0100] "GET /product_thumb.php?img=images/table_background_login.gif&w=150&h=120 HTTP/1.1" 200 4581 "http://www.e-medicalonline.com/login.php" "Mozilla/5.0 (Windows NT 10.0; Win64; x64; rv:73.0) Gecko/20100101 Firefox/73.0"
80.11.235.142 - - [26/Feb/2020:14:28:14 +0100] "POST /login.php?action=process HTTP/1.1" 302 427 "http://www.e-medicalonline.com/login.php" "Mozilla/5.0 (Windows NT 10.0; Win64; x64; rv:73.0) Gecko/20100101 Firefox/73.0"
80.11.235.142 - - [26/Feb/2020:14:28:14 +0100] "GET /account.php HTTP/1.1" 200 7998 "http://www.e-medicalonline.com/login.php" "Mozilla/5.0 (Windows NT 10.0; Win64; x64; rv:73.0) Gecko/20100101 Firefox/73.0"
80.11.235.142 - - [26/Feb/2020:14:28:15 +0100] "GET /images/arrow_south_east.gif HTTP/1.1" 200 698 "http://www.e-medicalonline.com/account.php" "Mozilla/5.0 (Windows NT 10.0; Win64; x64; rv:73.0) Gecko/20100101 Firefox/73.0"
80.11.235.142 - - [26/Feb/2020:14:28:15 +0100] "GET /product_thumb.php?img=images/table_background_account.gif&w=150&h=105 HTTP/1.1" 200 3371 "http://www.e-medicalonline.com/account.php" "Mozilla/5.0 (Windows NT 10.0; Win64; x64; rv:73.0) Gecko/20100101 Firefox/73.0"
80.11.235.142 - - [26/Feb/2020:14:28:15 +0100] "GET /images/account_personal.gif HTTP/1.1" 200 2872 "http://www.e-medicalonline.com/account.php" "Mozilla/5.0 (Windows NT 10.0; Win64; x64; rv:73.0) Gecko/20100101 Firefox/73.0"
80.11.235.142 - - [26/Feb/2020:14:28:15 +0100] "GET /images/arrow_green.gif HTTP/1.1" 200 331 "http://www.e-medicalonline.com/account.php" "Mozilla/5.0 (Windows NT 10.0; Win64; x64; rv:73.0) Gecko/20100101 Firefox/73.0"
80.11.235.142 - - [26/Feb/2020:14:28:15 +0100] "GET /images/account_orders.gif HTTP/1.1" 200 2976 "http://www.e-medicalonline.com/account.php" "Mozilla/5.0 (Windows NT 10.0; Win64; x64; rv:73.0) Gecko/20100101 Firefox/73.0"
80.11.235.142 - - [26/Feb/2020:14:28:15 +0100] "GET /images/account_notifications.gif HTTP/1.1" 200 2617 "http://www.e-medicalonline.com/account.php" "Mozilla/5.0 (Windows NT 10.0; Win64; x64; rv:73.0) Gecko/20100101 Firefox/73.0"
80.11.235.142 - - [26/Feb/2020:14:28:15 +0100] "GET /images/parrainage.gif HTTP/1.1" 200 533 "http://www.e-medicalonline.com/account.php" "Mozilla/5.0 (Windows NT 10.0; Win64; x64; rv:73.0) Gecko/20100101 Firefox/73.0"
80.11.235.142 - - [26/Feb/2020:14:28:15 +0100] "GET /images/pixel_black.gif HTTP/1.1" 200 297 "http://www.e-medicalonline.com/account.php" "Mozilla/5.0 (Windows NT 10.0; Win64; x64; rv:73.0) Gecko/20100101 Firefox/73.0"
80.11.235.142 - - [26/Feb/2020:14:28:15 +0100] "GET /images/icons/cart.gif HTTP/1.1" 200 497 "http://www.e-medicalonline.com/account.php" "Mozilla/5.0 (Windows NT 10.0; Win64; x64; rv:73.0) Gecko/20100101 Firefox/73.0"
80.11.235.142 - - [26/Feb/2020:14:28:22 +0100] "GET /product_thumb.php?img=images/no_image.jpg&w=120&h=120 HTTP/1.1" 200 3525 "http://www.e-medicalonline.com/account.php" "Mozilla/5.0 (Windows NT 10.0; Win64; x64; rv:73.0) Gecko/20100101 Firefox/73.0"
80.11.235.142 - - [26/Feb/2020:14:28:22 +0100] "GET /shopping_cart.php HTTP/1.1" 200 8988 "http://www.e-medicalonline.com/account.php" "Mozilla/5.0 (Windows NT 10.0; Win64; x64; rv:73.0) Gecko/20100101 Firefox/73.0"
80.11.235.142 - - [26/Feb/2020:14:28:23 +0100] "GET /product_thumb.php?img=images/table_background_cart.gif&w=150&h=120 HTTP/1.1" 200 3338 "http://www.e-medicalonline.com/shopping_cart.php" "Mozilla/5.0 (Windows NT 10.0; Win64; x64; rv:73.0) Gecko/20100101 Firefox/73.0"
83.114.83.83 - - [26/Feb/2020:14:28:29 +0100] "GET /lechef/edit_orders_ajax.php?action=update_attributes_field&oID=12273&aid=58062&pid=78129&field=products_options_values&new_value=9%20trous%20(Longueur%2066mm)%200103760192606561109267111903012330307206 HTTP/1.1" 200 340 "http://www.e-medicalonline.com/lechef/edit_orders.php?oID=12273" "Mozilla/5.0 (Windows NT 10.0; Win64; x64) AppleWebKit/537.36 (KHTML, like Gecko) Chrome/79.0.3945.130 Safari/537.36"
80.11.235.142 - - [26/Feb/2020:14:28:29 +0100] "GET /product_thumb.php?img=images/no_image.jpg&w=120&h=120 HTTP/1.1" 304 131 "http://www.e-medicalonline.com/shopping_cart.php" "Mozilla/5.0 (Windows NT 10.0; Win64; x64; rv:73.0) Gecko/20100101 Firefox/73.0"
80.11.235.142 - - [26/Feb/2020:14:28:29 +0100] "GET /shopping_cart.php HTTP/1.1" 200 9041 "http://www.e-medicalonline.com/shopping_cart.php" "Mozilla/5.0 (Windows NT 10.0; Win64; x64; rv:73.0) Gecko/20100101 Firefox/73.0"
80.11.235.142 - - [26/Feb/2020:14:28:29 +0100] "GET /product_thumb.php?img=images/visuel-indisponible-650.png&w=120&h=120 HTTP/1.1" 200 6607 "http://www.e-medicalonline.com/shopping_cart.php" "Mozilla/5.0 (Windows NT 10.0; Win64; x64; rv:73.0) Gecko/20100101 Firefox/73.0"
80.11.235.142 - - [26/Feb/2020:14:28:29 +0100] "GET /product_thumb.php?img=images/table_background_cart.gif&w=150&h=120 HTTP/1.1" 304 131 "http://www.e-medicalonline.com/shopping_cart.php" "Mozilla/5.0 (Windows NT 10.0; Win64; x64; rv:73.0) Gecko/20100101 Firefox/73.0"
80.11.235.142 - - [26/Feb/2020:14:28:36 +0100] "GET /product_info.php?products_id=101{8}28 HTTP/1.1" 200 9553 "http://www.e-medicalonline.com/shopping_cart.php" "Mozilla/5.0 (Windows NT 10.0; Win64; x64; rv:73.0) Gecko/20100101 Firefox/73.0"
80.11.235.142 - - [26/Feb/2020:14:28:37 +0100] "GET /js/scriptaculous.js?load=effects HTTP/1.1" 200 2423 "http://www.e-medicalonline.com/product_info.php?products_id=101{8}28" "Mozilla/5.0 (Windows NT 10.0; Win64; x64; rv:73.0) Gecko/20100101 Firefox/73.0"
80.11.235.142 - - [26/Feb/2020:14:28:37 +0100] "GET /js/lightbox.js HTTP/1.1" 200 20286 "http://www.e-medicalonline.com/product_info.php?products_id=101{8}28" "Mozilla/5.0 (Windows NT 10.0; Win64; x64; rv:73.0) Gecko/20100101 Firefox/73.0"
80.11.235.142 - - [26/Feb/2020:14:28:37 +0100] "GET /js/prototype.js HTTP/1.1" 200 47876 "http://www.e-medicalonline.com/product_info.php?products_id=101{8}28" "Mozilla/5.0 (Windows NT 10.0; Win64; x64; rv:73.0) Gecko/20100101 Firefox/73.0"
80.11.235.142 - - [26/Feb/2020:14:28:38 +0100] "GET /images/stock_on.gif HTTP/1.1" 200 3515 "http://www.e-medicalonline.com/product_info.php?products_id=101{8}28" "Mozilla/5.0 (Windows NT 10.0; Win64; x64; rv:73.0) Gecko/20100101 Firefox/73.0"
80.11.235.142 - - [26/Feb/2020:14:28:38 +0100] "GET /images/infobox_module/upper_left.gif HTTP/1.1" 200 624 "http://www.e-medicalonline.com/product_info.php?products_id=101{8}28" "Mozilla/5.0 (Windows NT 10.0; Win64; x64; rv:73.0) Gecko/20100101 Firefox/73.0"
80.11.235.142 - - [26/Feb/2020:14:28:38 +0100] "GET /images/infobox_module/upper_right.gif HTTP/1.1" 200 646 "http://www.e-medicalonline.com/product_info.php?products_id=101{8}28" "Mozilla/5.0 (Windows NT 10.0; Win64; x64; rv:73.0) Gecko/20100101 Firefox/73.0"
80.11.235.142 - - [26/Feb/2020:14:28:38 +0100] "GET /images/infobox_module/lower_left.gif HTTP/1.1" 200 489 "http://www.e-medicalonline.com/product_info.php?products_id=101{8}28" "Mozilla/5.0 (Windows NT 10.0; Win64; x64; rv:73.0) Gecko/20100101 Firefox/73.0"
80.11.235.142 - - [26/Feb/2020:14:28:38 +0100] "GET /images/infobox_module/right.gif HTTP/1.1" 200 414 "http://www.e-medicalonline.com/product_info.php?products_id=101{8}28" "Mozilla/5.0 (Windows NT 10.0; Win64; x64; rv:73.0) Gecko/20100101 Firefox/73.0"
80.11.235.142 - - [26/Feb/2020:14:28:38 +0100] "GET /images/infobox_module/bot.gif HTTP/1.1" 200 414 "http://www.e-medicalonline.com/product_info.php?products_id=101{8}28" "Mozilla/5.0 (Windows NT 10.0; Win64; x64; rv:73.0) Gecko/20100101 Firefox/73.0"
80.11.235.142 - - [26/Feb/2020:14:28:38 +0100] "GET /images/infobox_module/lower_right.gif HTTP/1.1" 200 496 "http://www.e-medicalonline.com/product_info.php?products_id=101{8}28" "Mozilla/5.0 (Windows NT 10.0; Win64; x64; rv:73.0) Gecko/20100101 Firefox/73.0"
80.11.235.142 - - [26/Feb/2020:14:28:38 +0100] "GET /js/effects.js HTTP/1.1" 200 32242 "http://www.e-medicalonline.com/product_info.php?products_id=101{8}28" "Mozilla/5.0 (Windows NT 10.0; Win64; x64; rv:73.0) Gecko/20100101 Firefox/73.0"
80.11.235.142 - - [26/Feb/2020:14:28:38 +0100] "GET /product_thumb.php?img=images/2019-08-28_00h10_15.png&w=150&h=98 HTTP/1.1" 200 11328 "http://www.e-medicalonline.com/product_info.php?products_id=101{8}28" "Mozilla/5.0 (Windows NT 10.0; Win64; x64; rv:73.0) Gecko/20100101 Firefox/73.0"
80.11.235.142 - - [26/Feb/2020:14:28:38 +0100] "GET /product_thumb.php?img=images/LENE1CN.png&w=150&h=101 HTTP/1.1" 200 8128 "http://www.e-medicalonline.com/product_info.php?products_id=101{8}28" "Mozilla/5.0 (Windows NT 10.0; Win64; x64; rv:73.0) Gecko/20100101 Firefox/73.0"
80.11.235.142 - - [26/Feb/2020:14:28:38 +0100] "GET /images/box_products_notifications.gif HTTP/1.1" 200 2407 "http://www.e-medicalonline.com/product_info.php?products_id=101{8}28" "Mozilla/5.0 (Windows NT 10.0; Win64; x64; rv:73.0) Gecko/20100101 Firefox/73.0"
80.11.235.142 - - [26/Feb/2020:14:28:38 +0100] "GET /product_thumb.php?img=images/lene-monofilament.png&w=150&h=98 HTTP/1.1" 304 132 "http://www.e-medicalonline.com/product_info.php?products_id=101{8}28" "Mozilla/5.0 (Windows NT 10.0; Win64; x64; rv:73.0) Gecko/20100101 Firefox/73.0"
80.11.235.142 - - [26/Feb/2020:14:28:38 +0100] "GET /product_thumb.php?img=images/PGLA3CN.jpg&w=120&h=120 HTTP/1.1" 200 15283 "http://www.e-medicalonline.com/product_info.php?products_id=101{8}28" "Mozilla/5.0 (Windows NT 10.0; Win64; x64; rv:73.0) Gecko/20100101 Firefox/73.0"
80.11.235.142 - - [26/Feb/2020:14:28:38 +0100] "GET /product_thumb.php?img=images/visuel-indisponible-650.png&w=120&h=120 HTTP/1.1" 304 132 "http://www.e-medicalonline.com/product_info.php?products_id=101{8}28" "Mozilla/5.0 (Windows NT 10.0; Win64; x64; rv:73.0) Gecko/20100101 Firefox/73.0"
80.11.235.142 - - [26/Feb/2020:14:28:38 +0100] "GET /images/infobox_module/top.gif HTTP/1.1" 200 463 "http://www.e-medicalonline.com/stylesheet.css" "Mozilla/5.0 (Windows NT 10.0; Win64; x64; rv:73.0) Gecko/20100101 Firefox/73.0"
80.11.235.142 - - [26/Feb/2020:14:28:38 +0100] "GET /images/infobox_module/left.gif HTTP/1.1" 200 414 "http://www.e-medicalonline.com/product_info.php?products_id=101{8}28" "Mozilla/5.0 (Windows NT 10.0; Win64; x64; rv:73.0) Gecko/20100101 Firefox/73.0"
80.11.235.142 - - [26/Feb/2020:14:28:51 +0100] "POST /ajax_shopping_cart.php?products_id=101&action=add_product&osCsid=s9l0jvpvto30g4ap27augm2c27&15827237302280-xml HTTP/1.1" 200 1163 "http://www.e-medicalonline.com/product_info.php?products_id=101{8}28" "Mozilla/5.0 (Windows NT 10.0; Win64; x64; rv:73.0) Gecko/20100101 Firefox/73.0"
46.229.168.161 - - [26/Feb/2020:14:29:28 +0100] "GET /products_new.php?action=buy_now&page=11&products_id=149 HTTP/1.1" 302 569 "-" "Mozilla/5.0 (compatible; SemrushBot/6~bl; +http://www.semrush.com/bot.html)"
46.229.168.133 - - [26/Feb/2020:14:29:30 +0100] "GET /product_info.php?products_id=149 HTTP/1.1" 200 9325 "-" "Mozilla/5.0 (compatible; SemrushBot/6~bl; +http://www.semrush.com/bot.html)"
54.36.150.31 - - [26/Feb/2020:14:30:17 +0100] "GET /product_info.php?products_id=232&language=tr HTTP/1.1" 200 9645 "-" "Mozilla/5.0 (compatible; AhrefsBot/6.1; +http://ahrefs.com/robot/)"
46.229.168.148 - - [26/Feb/2020:14:30:25 +0100] "GET /robots.txt HTTP/1.1" 404 445 "-" "Mozilla/5.0 (compatible; SemrushBot/6~bl; +http://www.semrush.com/bot.html)"
46.229.168.141 - - [26/Feb/2020:14:30:25 +0100] "GET /product_reviews.php?action=notify&cPath=42_24&language=pl&products_id=295 HTTP/1.1" 302 546 "-" "Mozilla/5.0 (compatible; SemrushBot/6~bl; +http://www.semrush.com/bot.html)"
46.229.168.154 - - [26/Feb/2020:14:30:27 +0100] "GET /login.php HTTP/1.1" 200 7457 "-" "Mozilla/5.0 (compatible; SemrushBot/6~bl; +http://www.semrush.com/bot.html)"
83.114.83.83 - - [26/Feb/2020:14:30:39 +0100] "GET /lechef/edit_orders_ajax.php?action=update_attributes_field&oID=12273&aid=58063&pid=78130&field=products_options_values&new_value=10%20trous%20(Longueur%2073mm)%200103760192606578109267111903012330307207 HTTP/1.1" 200 340 "http://www.e-medicalonline.com/lechef/edit_orders.php?oID=12273" "Mozilla/5.0 (Windows NT 10.0; Win64; x64) AppleWebKit/537.36 (KHTML, like Gecko) Chrome/79.0.3945.130 Safari/537.36"
114.119.166.20 - - [26/Feb/2020:14:30:42 +0100] "GET /index.php?cPath=29&osCsid=3ffnbcqs4fjvpovnugql0td2f1%20 HTTP/1.1" 302 288 "-" "Mozilla/5.0(Linux;U;Android 5.1.1;zh-CN;OPPO A33 Build/LMY47V) AppleWebKit/537.36(KHTML,like Gecko) Version/4.0 Chrome/40.0.2214.89 Mobile Safari/537.36"
114.119.166.20 - - [26/Feb/2020:14:30:43 +0100] "GET /index.php HTTP/1.1" 200 7326 "-" "Mozilla/5.0(Linux;U;Android 5.1.1;zh-CN;OPPO A33 Build/LMY47V) AppleWebKit/537.36(KHTML,like Gecko) Version/4.0 Chrome/40.0.2214.89 Mobile Safari/537.36"
54.36.150.13 - - [26/Feb/2020:14:30:46 +0100] "GET /product_info.php?products_id=339&language=iw HTTP/1.1" 200 9893 "-" "Mozilla/5.0 (compatible; AhrefsBot/6.1; +http://ahrefs.com/robot/)"
114.119.140.116 - - [26/Feb/2020:14:30:52 +0100] "GET /index.php?osCsid=6s8r5h2ccj8uiu3u09c69vttp1 HTTP/1.1" 200 7304 "-" "Mozilla/5.0(Linux;U;Android 5.1.1;zh-CN;OPPO A33 Build/LMY47V) AppleWebKit/537.36(KHTML,like Gecko) Version/4.0 Chrome/40.0.2214.89 Mobile Safari/537.36"
114.119.161.249 - - [26/Feb/2020:14:30:58 +0100] "GET /product_info.php?products_id=281&osCsid=liehcp9vhqnvir72l3o28i0ut7 HTTP/1.1" 200 9111 "-" "Mozilla/5.0(Linux;Android 5.1.1;OPPO A33 Build/LMY47V;wv) AppleWebKit/537.36(KHTML,link Gecko) Version/4.0 Chrome/42.0.2311.138 Mobile Safari/537.36"
114.119.146.246 - - [26/Feb/2020:14:31:03 +0100] "GET /shipping.php?osCsid=0g9p739bqdp8kvheh72b198b40 HTTP/1.1" 200 7401 "-" "Mozilla/5.0 (iPad; CPU OS 7_0 like Mac OS X) AppleWebKit/537.51.1 (KHTML, like Gecko) Version/7.0 Mobile/11A465 Safari/9537.53"
114.119.167.245 - - [26/Feb/2020:14:31:08 +0100] "GET /product_info.php?products_id=378&osCsid=hg4q5u0f5v9h4nsbek4b62v0h4 HTTP/1.1" 200 8812 "-" "Mozilla/5.0(Linux;Android 5.1.1;OPPO A33 Build/LMY47V;wv) AppleWebKit/537.36(KHTML,link Gecko) Version/4.0 Chrome/43.0.2357.121 Mobile Safari/537.36"
46.229.168.131 - - [26/Feb/2020:14:31:10 +0100] "GET /products_new.php?action=buy_now&language=tr&page=3&products_id=331 HTTP/1.1" 302 569 "-" "Mozilla/5.0 (compatible; SemrushBot/6~bl; +http://www.semrush.com/bot.html)"
46.229.168.138 - - [26/Feb/2020:14:31:12 +0100] "GET /product_info.php?products_id=331 HTTP/1.1" 200 9435 "-" "Mozilla/5.0 (compatible; SemrushBot/6~bl; +http://www.semrush.com/bot.html)"
114.119.136.204 - - [26/Feb/2020:14:31:18 +0100] "GET /product_info.php?products_id=134&osCsid=ato59oraeo1av852g1pookk2a5 HTTP/1.1" 200 9062 "-" "Mozilla/5.0 (iPad; CPU OS 7_0 like Mac OS X) AppleWebKit/537.51.1 (KHTML, like Gecko) Version/7.0 Mobile/11A465 Safari/9537.53"
216.244.66.234 - - [26/Feb/2020:14:31:22 +0100] "GET /images/LENE35CN.png HTTP/1.1" 200 373302 "-" "Mozilla/5.0 (compatible; DotBot/1.1; http://www.opensiteexplorer.org/dotbot, help@moz.com)"
114.119.166.28 - - [26/Feb/2020:14:31:25 +0100] "GET /product_info.php?products_id=134&osCsid=017m844ug6v6436vmguf1dtda0 HTTP/1.1" 200 9114 "-" "Mozilla/5.0(Linux;Android 5.1.1;OPPO A33 Build/LMY47V;wv) AppleWebKit/537.36(KHTML,link Gecko) Version/4.0 Chrome/42.0.2311.138 Mobile Safari/537.36"
46.229.168.161 - - [26/Feb/2020:14:31:30 +0100] "GET /product_reviews.php?action=buy_now&cPath=41_61&language=ar&products_id=304 HTTP/1.1" 302 569 "-" "Mozilla/5.0 (compatible; SemrushBot/6~bl; +http://www.semrush.com/bot.html)"
46.229.168.147 - - [26/Feb/2020:14:31:32 +0100] "GET /product_info.php?products_id=304 HTTP/1.1" 200 7145 "-" "Mozilla/5.0 (compatible; SemrushBot/6~bl; +http://www.semrush.com/bot.html)"
