46.229.168.143 - - [26/Feb/2020:09:46:16 +0100] "GET /product_info.php?action=notify&language=tr&products_id=73 HTTP/1.1" 302 546 "-" "Mozilla/5.0 (compatible; SemrushBot/6~bl; +http://www.semrush.com/bot.html)"
46.229.168.133 - - [26/Feb/2020:09:46:18 +0100] "GET /login.php HTTP/1.1" 200 7469 "-" "Mozilla/5.0 (compatible; SemrushBot/6~bl; +http://www.semrush.com/bot.html)"
100.43.85.188 - - [26/Feb/2020:09:46:18 +0100] "GET /shopping_cart.php?page=10&language=iw&osCsid=uieudvcuo52ivsoq29ke6bq2d5 HTTP/1.1" 200 8873 "-" "Mozilla/5.0 (compatible; YandexBot/3.0; +http://yandex.com/bots)"
83.114.83.83 - - [26/Feb/2020:09:46:31 +0100] "GET /lechef/orders.php?page=1&oID=12280 HTTP/1.1" 200 130125 "http://www.e-medicalonline.com/lechef/orders.php?page=1&oID=12280&action=edit" "Mozilla/5.0 (Macintosh; Intel Mac OS X 10_14_5) AppleWebKit/537.36 (KHTML, like Gecko) Chrome/80.0.3987.116 Safari/537.36"
83.114.83.83 - - [26/Feb/2020:09:47:09 +0100] "GET /lechef/edit_orders_ajax.php?action=update_attributes_field&oID=12280&aid=58113&pid=78180&field=products_options_values&new_value=02037601926000191724050010FV909903712 HTTP/1.1" 200 340 "http://www.e-medicalonline.com/lechef/edit_orders.php?oID=12280" "Mozilla/5.0 (Windows NT 10.0; Win64; x64) AppleWebKit/537.36 (KHTML, like Gecko) Chrome/79.0.3945.130 Safari/537.36"
46.229.168.147 - - [26/Feb/2020:09:47:30 +0100] "GET /product_reviews.php?action=buy_now&cPath=47_64&language=ar&products_id=316 HTTP/1.1" 302 569 "-" "Mozilla/5.0 (compatible; SemrushBot/6~bl; +http://www.semrush.com/bot.html)"
46.229.168.149 - - [26/Feb/2020:09:47:31 +0100] "GET /product_info.php?products_id=316 HTTP/1.1" 200 9438 "-" "Mozilla/5.0 (compatible; SemrushBot/6~bl; +http://www.semrush.com/bot.html)"
46.229.168.147 - - [26/Feb/2020:09:48:18 +0100] "GET /product_info.php?language=ru&products_id=325 HTTP/1.1" 200 9736 "-" "Mozilla/5.0 (compatible; SemrushBot/6~bl; +http://www.semrush.com/bot.html)"
83.114.83.83 - - [26/Feb/2020:09:49:15 +0100] "GET /lechef/orders.php?oID=12280 HTTP/1.1" 200 130111 "http://www.e-medicalonline.com/lechef/edit_orders.php?oID=12280" "Mozilla/5.0 (Windows NT 10.0; Win64; x64) AppleWebKit/537.36 (KHTML, like Gecko) Chrome/79.0.3945.130 Safari/537.36"
83.114.83.83 - - [26/Feb/2020:09:49:18 +0100] "GET /lechef/orders.php?page=1&oID=12280&action=edit HTTP/1.1" 200 24683 "http://www.e-medicalonline.com/lechef/orders.php?oID=12280" "Mozilla/5.0 (Windows NT 10.0; Win64; x64) AppleWebKit/537.36 (KHTML, like Gecko) Chrome/79.0.3945.130 Safari/537.36"
83.114.83.83 - - [26/Feb/2020:09:49:25 +0100] "POST /lechef/orders.php?page=1&oID=12280&action=update_order HTTP/1.1" 302 388 "http://www.e-medicalonline.com/lechef/orders.php?page=1&oID=12280&action=edit" "Mozilla/5.0 (Windows NT 10.0; Win64; x64) AppleWebKit/537.36 (KHTML, like Gecko) Chrome/79.0.3945.130 Safari/537.36"
83.114.83.83 - - [26/Feb/2020:09:49:26 +0100] "GET /lechef/orders.php?page=1&oID=12280&action=edit HTTP/1.1" 200 25440 "http://www.e-medicalonline.com/lechef/orders.php?page=1&oID=12280&action=edit" "Mozilla/5.0 (Windows NT 10.0; Win64; x64) AppleWebKit/537.36 (KHTML, like Gecko) Chrome/79.0.3945.130 Safari/537.36"
46.229.168.150 - - [26/Feb/2020:09:49:46 +0100] "GET /product_reviews_write.php?cPath=29_54&language=en&products_id=221 HTTP/1.1" 302 546 "-" "Mozilla/5.0 (compatible; SemrushBot/6~bl; +http://www.semrush.com/bot.html)"
46.229.168.150 - - [26/Feb/2020:09:49:47 +0100] "GET /login.php HTTP/1.1" 200 7444 "-" "Mozilla/5.0 (compatible; SemrushBot/6~bl; +http://www.semrush.com/bot.html)"
216.244.66.234 - - [26/Feb/2020:09:49:58 +0100] "GET /index.php?cPath=47_26&page=1&sort=4a&language=no HTTP/1.1" 200 37359 "-" "Mozilla/5.0 (compatible; DotBot/1.1; http://www.opensiteexplorer.org/dotbot, help@moz.com)"
46.229.168.161 - - [26/Feb/2020:09:50:05 +0100] "GET /product_info.php?action=notify&cPath=29_54&language=fr&products_id=219 HTTP/1.1" 302 546 "-" "Mozilla/5.0 (compatible; SemrushBot/6~bl; +http://www.semrush.com/bot.html)"
46.229.168.142 - - [26/Feb/2020:09:50:06 +0100] "GET /login.php HTTP/1.1" 200 7468 "-" "Mozilla/5.0 (compatible; SemrushBot/6~bl; +http://www.semrush.com/bot.html)"
83.114.83.83 - - [26/Feb/2020:09:50:10 +0100] "GET /lechef/invoice.php?oID=12280 HTTP/1.1" 200 25921 "http://www.e-medicalonline.com/lechef/orders.php?page=1&oID=12280&action=edit" "Mozilla/5.0 (Windows NT 10.0; Win64; x64) AppleWebKit/537.36 (KHTML, like Gecko) Chrome/79.0.3945.130 Safari/537.36"
46.229.168.145 - - [26/Feb/2020:09:50:13 +0100] "GET /shopping_cart.php?language=sr&page=2 HTTP/1.1" 200 8696 "-" "Mozilla/5.0 (compatible; SemrushBot/6~bl; +http://www.semrush.com/bot.html)"
83.114.83.83 - - [26/Feb/2020:09:50:58 +0100] "GET /lechef/edit_orders.php?oID=12280 HTTP/1.1" 200 158101 "http://www.e-medicalonline.com/lechef/orders.php?page=1&oID=12280" "Mozilla/5.0 (Macintosh; Intel Mac OS X 10_14_5) AppleWebKit/537.36 (KHTML, like Gecko) Chrome/80.0.3987.116 Safari/537.36"
83.114.83.83 - - [26/Feb/2020:09:51:17 +0100] "GET /lechef/edit_orders_ajax.php?action=update_product_field&oID=12280&pid=78180&field=products_quantity&new_value=408 HTTP/1.1" 200 334 "http://www.e-medicalonline.com/lechef/edit_orders.php?oID=12280" "Mozilla/5.0 (Macintosh; Intel Mac OS X 10_14_5) AppleWebKit/537.36 (KHTML, like Gecko) Chrome/80.0.3987.116 Safari/537.36"
83.114.83.83 - - [26/Feb/2020:09:51:18 +0100] "POST /lechef/edit_orders_ajax.php HTTP/1.1" 200 13128 "http://www.e-medicalonline.com/lechef/edit_orders.php?oID=12280" "Mozilla/5.0 (Macintosh; Intel Mac OS X 10_14_5) AppleWebKit/537.36 (KHTML, like Gecko) Chrome/80.0.3987.116 Safari/537.36"
46.229.168.145 - - [26/Feb/2020:09:51:31 +0100] "GET /product_info.php?action=notify&cPath=42_51&language=lv&products_id=238 HTTP/1.1" 302 546 "-" "Mozilla/5.0 (compatible; SemrushBot/6~bl; +http://www.semrush.com/bot.html)"
46.229.168.147 - - [26/Feb/2020:09:51:33 +0100] "GET /login.php HTTP/1.1" 200 7458 "-" "Mozilla/5.0 (compatible; SemrushBot/6~bl; +http://www.semrush.com/bot.html)"
46.229.168.131 - - [26/Feb/2020:09:51:34 +0100] "GET /product_reviews.php?action=buy_now&cPath=41_59&products_id=263 HTTP/1.1" 302 569 "-" "Mozilla/5.0 (compatible; SemrushBot/6~bl; +http://www.semrush.com/bot.html)"
83.114.83.83 - - [26/Feb/2020:09:51:35 +0100] "GET /lechef/edit_orders_ajax.php?action=update_product_value_field&oID=12280&pid=78180&price=1.10%20&final_price=1.1000 HTTP/1.1" 200 332 "http://www.e-medicalonline.com/lechef/edit_orders.php?oID=12280" "Mozilla/5.0 (Macintosh; Intel Mac OS X 10_14_5) AppleWebKit/537.36 (KHTML, like Gecko) Chrome/80.0.3987.116 Safari/537.36"
83.114.83.83 - - [26/Feb/2020:09:51:35 +0100] "POST /lechef/edit_orders_ajax.php HTTP/1.1" 200 13128 "http://www.e-medicalonline.com/lechef/edit_orders.php?oID=12280" "Mozilla/5.0 (Macintosh; Intel Mac OS X 10_14_5) AppleWebKit/537.36 (KHTML, like Gecko) Chrome/80.0.3987.116 Safari/537.36"
46.229.168.148 - - [26/Feb/2020:09:51:35 +0100] "GET /product_info.php?products_id=263 HTTP/1.1" 200 9217 "-" "Mozilla/5.0 (compatible; SemrushBot/6~bl; +http://www.semrush.com/bot.html)"
46.229.168.145 - - [26/Feb/2020:09:51:41 +0100] "GET /product_info.php?action=notify&cPath=42_23&language=en&products_id=239 HTTP/1.1" 302 546 "-" "Mozilla/5.0 (compatible; SemrushBot/6~bl; +http://www.semrush.com/bot.html)"
46.229.168.152 - - [26/Feb/2020:09:51:42 +0100] "GET /login.php HTTP/1.1" 200 7467 "-" "Mozilla/5.0 (compatible; SemrushBot/6~bl; +http://www.semrush.com/bot.html)"
83.114.83.83 - - [26/Feb/2020:09:51:52 +0100] "GET /lechef/orders.php?oID=12280 HTTP/1.1" 200 130108 "http://www.e-medicalonline.com/lechef/edit_orders.php?oID=12280" "Mozilla/5.0 (Macintosh; Intel Mac OS X 10_14_5) AppleWebKit/537.36 (KHTML, like Gecko) Chrome/80.0.3987.116 Safari/537.36"
83.114.83.83 - - [26/Feb/2020:09:51:58 +0100] "GET /lechef/orders.php?page=1&oID=12280&action=edit HTTP/1.1" 200 25095 "http://www.e-medicalonline.com/lechef/orders.php?oID=12280" "Mozilla/5.0 (Macintosh; Intel Mac OS X 10_14_5) AppleWebKit/537.36 (KHTML, like Gecko) Chrome/80.0.3987.116 Safari/537.36"
46.229.168.142 - - [26/Feb/2020:09:53:22 +0100] "GET /product_info.php?cPath=42_55&language=fr&products_id=228 HTTP/1.1" 200 9331 "-" "Mozilla/5.0 (compatible; SemrushBot/6~bl; +http://www.semrush.com/bot.html)"
46.229.168.133 - - [26/Feb/2020:09:53:54 +0100] "GET /product_info.php?action=add_product&language=pl&products_id=255 HTTP/1.1" 302 566 "-" "Mozilla/5.0 (compatible; SemrushBot/6~bl; +http://www.semrush.com/bot.html)"
46.229.168.145 - - [26/Feb/2020:09:53:56 +0100] "GET /shopping_cart.php?language=pl HTTP/1.1" 200 8729 "-" "Mozilla/5.0 (compatible; SemrushBot/6~bl; +http://www.semrush.com/bot.html)"
83.114.83.83 - - [26/Feb/2020:09:54:43 +0100] "POST /lechef/orders.php?page=1&oID=12280&action=update_order HTTP/1.1" 302 388 "http://www.e-medicalonline.com/lechef/orders.php?page=1&oID=12280&action=edit" "Mozilla/5.0 (Windows NT 10.0; Win64; x64) AppleWebKit/537.36 (KHTML, like Gecko) Chrome/79.0.3945.130 Safari/537.36"
83.114.83.83 - - [26/Feb/2020:09:54:44 +0100] "GET /lechef/orders.php?page=1&oID=12280&action=edit HTTP/1.1" 200 25998 "http://www.e-medicalonline.com/lechef/orders.php?page=1&oID=12280&action=edit" "Mozilla/5.0 (Windows NT 10.0; Win64; x64) AppleWebKit/537.36 (KHTML, like Gecko) Chrome/79.0.3945.130 Safari/537.36"
83.114.83.83 - - [26/Feb/2020:09:55:00 +0100] "GET /lechef/orders.php?page=1&oID=12280 HTTP/1.1" 200 130119 "http://www.e-medicalonline.com/lechef/orders.php?page=1&oID=12280&action=edit" "Mozilla/5.0 (Windows NT 10.0; Win64; x64) AppleWebKit/537.36 (KHTML, like Gecko) Chrome/79.0.3945.130 Safari/537.36"
46.229.168.129 - - [26/Feb/2020:09:55:31 +0100] "GET /robots.txt HTTP/1.1" 404 445 "-" "Mozilla/5.0 (compatible; SemrushBot/6~bl; +http://www.semrush.com/bot.html)"
46.229.168.136 - - [26/Feb/2020:09:55:32 +0100] "GET /product_info.php?action=add_product&language=iw&products_id=275 HTTP/1.1" 302 566 "-" "Mozilla/5.0 (compatible; SemrushBot/6~bl; +http://www.semrush.com/bot.html)"
46.229.168.145 - - [26/Feb/2020:09:55:33 +0100] "GET /shopping_cart.php?language=iw HTTP/1.1" 200 8866 "-" "Mozilla/5.0 (compatible; SemrushBot/6~bl; +http://www.semrush.com/bot.html)"
216.244.66.234 - - [26/Feb/2020:09:55:59 +0100] "GET /index.php?cPath=29&language=is&action=buy_now&products_id=49 HTTP/1.1" 302 492 "-" "Mozilla/5.0 (compatible; DotBot/1.1; http://www.opensiteexplorer.org/dotbot, help@moz.com)"
216.244.66.234 - - [26/Feb/2020:09:56:00 +0100] "GET /index.php?cPath=29_54&page=1&sort=3a&language=pl HTTP/1.1" 200 41355 "-" "Mozilla/5.0 (compatible; DotBot/1.1; http://www.opensiteexplorer.org/dotbot, help@moz.com)"
216.244.66.234 - - [26/Feb/2020:09:56:02 +0100] "GET /index.php?cPath=41&language=is&action=buy_now&products_id=262 HTTP/1.1" 302 495 "-" "Mozilla/5.0 (compatible; DotBot/1.1; http://www.opensiteexplorer.org/dotbot, help@moz.com)"
216.244.66.234 - - [26/Feb/2020:09:56:02 +0100] "GET /index.php?cPath=41&language=nl&action=buy_now&products_id=262 HTTP/1.1" 302 495 "-" "Mozilla/5.0 (compatible; DotBot/1.1; http://www.opensiteexplorer.org/dotbot, help@moz.com)"
216.244.66.234 - - [26/Feb/2020:09:56:04 +0100] "GET /index.php?cPath=42_40&language=lv&page=1&sort=4d HTTP/1.1" 200 46968 "-" "Mozilla/5.0 (compatible; DotBot/1.1; http://www.opensiteexplorer.org/dotbot, help@moz.com)"
216.244.66.234 - - [26/Feb/2020:09:56:04 +0100] "GET /index.php?cPath=47_71&page=1&sort=3a&language=ru HTTP/1.1" 200 41232 "-" "Mozilla/5.0 (compatible; DotBot/1.1; http://www.opensiteexplorer.org/dotbot, help@moz.com)"
216.244.66.234 - - [26/Feb/2020:09:56:05 +0100] "GET /product_info.php?products_id=210&language=no HTTP/1.1" 200 57318 "-" "Mozilla/5.0 (compatible; DotBot/1.1; http://www.opensiteexplorer.org/dotbot, help@moz.com)"
216.244.66.234 - - [26/Feb/2020:09:56:07 +0100] "GET /product_reviews.php?products_id=103&language=nl HTTP/1.1" 200 39951 "-" "Mozilla/5.0 (compatible; DotBot/1.1; http://www.opensiteexplorer.org/dotbot, help@moz.com)"
216.244.66.234 - - [26/Feb/2020:09:56:10 +0100] "GET /product_reviews.php?products_id=132&language=tr HTTP/1.1" 200 40153 "-" "Mozilla/5.0 (compatible; DotBot/1.1; http://www.opensiteexplorer.org/dotbot, help@moz.com)"
216.244.66.234 - - [26/Feb/2020:09:56:10 +0100] "GET /product_reviews.php?products_id=223&language=no HTTP/1.1" 200 39600 "-" "Mozilla/5.0 (compatible; DotBot/1.1; http://www.opensiteexplorer.org/dotbot, help@moz.com)"
216.244.66.234 - - [26/Feb/2020:09:56:14 +0100] "GET /product_reviews.php?products_id=229&language=no HTTP/1.1" 200 39793 "-" "Mozilla/5.0 (compatible; DotBot/1.1; http://www.opensiteexplorer.org/dotbot, help@moz.com)"
216.244.66.234 - - [26/Feb/2020:09:56:15 +0100] "GET /products_new.php?language=ru&page=10&action=buy_now&products_id=239 HTTP/1.1" 302 495 "-" "Mozilla/5.0 (compatible; DotBot/1.1; http://www.opensiteexplorer.org/dotbot, help@moz.com)"
216.244.66.234 - - [26/Feb/2020:09:56:16 +0100] "GET /products_new.php?language=ru&page=10&action=buy_now&products_id=242 HTTP/1.1" 302 495 "-" "Mozilla/5.0 (compatible; DotBot/1.1; http://www.opensiteexplorer.org/dotbot, help@moz.com)"
216.244.66.234 - - [26/Feb/2020:09:56:17 +0100] "GET /products_new.php?page=13&language=en&action=buy_now&products_id=152 HTTP/1.1" 302 495 "-" "Mozilla/5.0 (compatible; DotBot/1.1; http://www.opensiteexplorer.org/dotbot, help@moz.com)"
216.244.66.234 - - [26/Feb/2020:09:56:19 +0100] "GET /products_new.php?page=14&language=ru&action=buy_now&products_id=116 HTTP/1.1" 302 500 "-" "Mozilla/5.0 (compatible; DotBot/1.1; http://www.opensiteexplorer.org/dotbot, help@moz.com)"
83.114.83.83 - - [26/Feb/2020:09:56:31 +0100] "GET /lechef/orders.php?page=1&oID=12281 HTTP/1.1" 200 130017 "http://www.e-medicalonline.com/lechef/orders.php?page=1&oID=12280" "Mozilla/5.0 (Windows NT 10.0; Win64; x64) AppleWebKit/537.36 (KHTML, like Gecko) Chrome/79.0.3945.130 Safari/537.36"
83.114.83.83 - - [26/Feb/2020:09:56:39 +0100] "GET /lechef/orders.php?page=1&oID=12281&action=edit HTTP/1.1" 200 25431 "http://www.e-medicalonline.com/lechef/orders.php?page=1&oID=12281" "Mozilla/5.0 (Windows NT 10.0; Win64; x64) AppleWebKit/537.36 (KHTML, like Gecko) Chrome/79.0.3945.130 Safari/537.36"
83.114.83.83 - - [26/Feb/2020:09:56:43 +0100] "GET /lechef/edit_orders.php?oID=12281 HTTP/1.1" 200 155265 "http://www.e-medicalonline.com/lechef/orders.php?page=1&oID=12281&action=edit" "Mozilla/5.0 (Windows NT 10.0; Win64; x64) AppleWebKit/537.36 (KHTML, like Gecko) Chrome/79.0.3945.130 Safari/537.36"
46.229.168.148 - - [26/Feb/2020:09:57:12 +0100] "GET /product_info.php?action=add_product&language=en&products_id=134 HTTP/1.1" 302 566 "-" "Mozilla/5.0 (compatible; SemrushBot/6~bl; +http://www.semrush.com/bot.html)"
46.229.168.161 - - [26/Feb/2020:09:57:13 +0100] "GET /product_info.php?action=add_product&cPath=42_23&products_id=337 HTTP/1.1" 302 554 "-" "Mozilla/5.0 (compatible; SemrushBot/6~bl; +http://www.semrush.com/bot.html)"
46.229.168.148 - - [26/Feb/2020:09:57:15 +0100] "GET /shopping_cart.php?language=en HTTP/1.1" 200 8563 "-" "Mozilla/5.0 (compatible; SemrushBot/6~bl; +http://www.semrush.com/bot.html)"
46.229.168.163 - - [26/Feb/2020:09:57:16 +0100] "GET /shopping_cart.php HTTP/1.1" 200 8557 "-" "Mozilla/5.0 (compatible; SemrushBot/6~bl; +http://www.semrush.com/bot.html)"
46.229.168.136 - - [26/Feb/2020:09:57:18 +0100] "GET /index.php?cPath=42_40&language=en&page=1&sort=4a HTTP/1.1" 200 7772 "-" "Mozilla/5.0 (compatible; SemrushBot/6~bl; +http://www.semrush.com/bot.html)"
46.229.168.140 - - [26/Feb/2020:09:57:19 +0100] "GET /product_info.php?action=notify&cPath=47_65&language=pl&products_id=323 HTTP/1.1" 302 546 "-" "Mozilla/5.0 (compatible; SemrushBot/6~bl; +http://www.semrush.com/bot.html)"
46.229.168.141 - - [26/Feb/2020:09:57:21 +0100] "GET /login.php HTTP/1.1" 200 7465 "-" "Mozilla/5.0 (compatible; SemrushBot/6~bl; +http://www.semrush.com/bot.html)"
46.229.168.151 - - [26/Feb/2020:09:57:26 +0100] "GET /product_info.php?action=notify&cPath=42_60&language=sr&products_id=303 HTTP/1.1" 302 546 "-" "Mozilla/5.0 (compatible; SemrushBot/6~bl; +http://www.semrush.com/bot.html)"
46.229.168.152 - - [26/Feb/2020:09:57:28 +0100] "GET /login.php HTTP/1.1" 200 7453 "-" "Mozilla/5.0 (compatible; SemrushBot/6~bl; +http://www.semrush.com/bot.html)"
83.114.83.83 - - [26/Feb/2020:09:58:29 +0100] "GET /lechef/edit_orders_ajax.php?action=update_attributes_field&oID=12281&aid=58114&pid=78181&field=products_options_values&new_value=02037601926003541724030010FV903633712 HTTP/1.1" 200 340 "http://www.e-medicalonline.com/lechef/edit_orders.php?oID=12281" "Mozilla/5.0 (Windows NT 10.0; Win64; x64) AppleWebKit/537.36 (KHTML, like Gecko) Chrome/79.0.3945.130 Safari/537.36"
46.229.168.162 - - [26/Feb/2020:09:59:08 +0100] "GET /product_reviews_write.php?language=tr&products_id=114 HTTP/1.1" 302 546 "-" "Mozilla/5.0 (compatible; SemrushBot/6~bl; +http://www.semrush.com/bot.html)"
46.229.168.163 - - [26/Feb/2020:09:59:10 +0100] "GET /login.php HTTP/1.1" 200 7469 "-" "Mozilla/5.0 (compatible; SemrushBot/6~bl; +http://www.semrush.com/bot.html)"
83.114.83.83 - - [26/Feb/2020:09:59:24 +0100] "GET /lechef/edit_orders_ajax.php?action=update_comment&cID=37658&comment=RAL%20%3A%20cause%20rupture%20de%20stock%0A24%20NYL3CN&oID=12281 HTTP/1.1" 200 338 "http://www.e-medicalonline.com/lechef/edit_orders.php?oID=12281" "Mozilla/5.0 (Windows NT 10.0; Win64; x64) AppleWebKit/537.36 (KHTML, like Gecko) Chrome/79.0.3945.130 Safari/537.36"
83.114.83.83 - - [26/Feb/2020:09:59:26 +0100] "GET /lechef/edit_orders_ajax.php?action=delete_product_field&oID=12281&pid=78183&field=delete&new_value=true HTTP/1.1" 200 332 "http://www.e-medicalonline.com/lechef/edit_orders.php?oID=12281" "Mozilla/5.0 (Windows NT 10.0; Win64; x64) AppleWebKit/537.36 (KHTML, like Gecko) Chrome/79.0.3945.130 Safari/537.36"
83.114.83.83 - - [26/Feb/2020:09:59:26 +0100] "POST /lechef/edit_orders_ajax.php HTTP/1.1" 200 6011 "http://www.e-medicalonline.com/lechef/edit_orders.php?oID=12281" "Mozilla/5.0 (Windows NT 10.0; Win64; x64) AppleWebKit/537.36 (KHTML, like Gecko) Chrome/79.0.3945.130 Safari/537.36"
83.114.83.83 - - [26/Feb/2020:09:59:39 +0100] "GET /lechef/edit_orders_ajax.php?action=update_attributes_field&oID=12281&aid=58115&pid=78182&field=products_options_values&new_value=02037601926000191724050010FV909903712 HTTP/1.1" 200 340 "http://www.e-medicalonline.com/lechef/edit_orders.php?oID=12281" "Mozilla/5.0 (Windows NT 10.0; Win64; x64) AppleWebKit/537.36 (KHTML, like Gecko) Chrome/79.0.3945.130 Safari/537.36"
46.229.168.129 - - [26/Feb/2020:09:59:40 +0100] "GET /product_reviews.php?action=buy_now&language=sr&products_id=377 HTTP/1.1" 302 569 "-" "Mozilla/5.0 (compatible; SemrushBot/6~bl; +http://www.semrush.com/bot.html)"
46.229.168.136 - - [26/Feb/2020:09:59:41 +0100] "GET /product_info.php?products_id=377 HTTP/1.1" 200 9152 "-" "Mozilla/5.0 (compatible; SemrushBot/6~bl; +http://www.semrush.com/bot.html)"
83.114.83.83 - - [26/Feb/2020:09:59:55 +0100] "GET /lechef/orders.php?oID=12281 HTTP/1.1" 200 130003 "http://www.e-medicalonline.com/lechef/edit_orders.php?oID=12281" "Mozilla/5.0 (Windows NT 10.0; Win64; x64) AppleWebKit/537.36 (KHTML, like Gecko) Chrome/79.0.3945.130 Safari/537.36"
83.114.83.83 - - [26/Feb/2020:10:00:24 +0100] "GET /lechef/orders.php?page=1&oID=12281&action=edit HTTP/1.1" 200 24687 "http://www.e-medicalonline.com/lechef/orders.php?oID=12281" "Mozilla/5.0 (Windows NT 10.0; Win64; x64) AppleWebKit/537.36 (KHTML, like Gecko) Chrome/79.0.3945.130 Safari/537.36"
83.114.83.83 - - [26/Feb/2020:10:00:31 +0100] "POST /lechef/orders.php?page=1&oID=12281&action=update_order HTTP/1.1" 302 388 "http://www.e-medicalonline.com/lechef/orders.php?page=1&oID=12281&action=edit" "Mozilla/5.0 (Windows NT 10.0; Win64; x64) AppleWebKit/537.36 (KHTML, like Gecko) Chrome/79.0.3945.130 Safari/537.36"
83.114.83.83 - - [26/Feb/2020:10:00:32 +0100] "GET /lechef/orders.php?page=1&oID=12281&action=edit HTTP/1.1" 200 25444 "http://www.e-medicalonline.com/lechef/orders.php?page=1&oID=12281&action=edit" "Mozilla/5.0 (Windows NT 10.0; Win64; x64) AppleWebKit/537.36 (KHTML, like Gecko) Chrome/79.0.3945.130 Safari/537.36"
83.114.83.83 - - [26/Feb/2020:10:00:38 +0100] "GET /lechef/invoice.php?oID=12281 HTTP/1.1" 200 25894 "http://www.e-medicalonline.com/lechef/orders.php?page=1&oID=12281&action=edit" "Mozilla/5.0 (Windows NT 10.0; Win64; x64) AppleWebKit/537.36 (KHTML, like Gecko) Chrome/79.0.3945.130 Safari/537.36"
46.229.168.136 - - [26/Feb/2020:10:00:46 +0100] "GET /product_info.php?action=add_product&cPath=29_54&language=fr&products_id=223 HTTP/1.1" 302 566 "-" "Mozilla/5.0 (compatible; SemrushBot/6~bl; +http://www.semrush.com/bot.html)"
46.229.168.137 - - [26/Feb/2020:10:00:47 +0100] "GET /shopping_cart.php?language=fr HTTP/1.1" 200 8709 "-" "Mozilla/5.0 (compatible; SemrushBot/6~bl; +http://www.semrush.com/bot.html)"
46.229.168.132 - - [26/Feb/2020:10:01:22 +0100] "GET /products_new.php?action=buy_now&language=lv&page=3&products_id=318 HTTP/1.1" 302 569 "-" "Mozilla/5.0 (compatible; SemrushBot/6~bl; +http://www.semrush.com/bot.html)"
46.229.168.148 - - [26/Feb/2020:10:01:23 +0100] "GET /product_info.php?products_id=318 HTTP/1.1" 200 9202 "-" "Mozilla/5.0 (compatible; SemrushBot/6~bl; +http://www.semrush.com/bot.html)"
46.229.168.134 - - [26/Feb/2020:10:01:54 +0100] "GET /product_reviews_write.php?language=tr&products_id=263 HTTP/1.1" 302 546 "-" "Mozilla/5.0 (compatible; SemrushBot/6~bl; +http://www.semrush.com/bot.html)"
46.229.168.140 - - [26/Feb/2020:10:01:55 +0100] "GET /login.php HTTP/1.1" 200 7460 "-" "Mozilla/5.0 (compatible; SemrushBot/6~bl; +http://www.semrush.com/bot.html)"
46.229.168.132 - - [26/Feb/2020:10:03:04 +0100] "GET /product_reviews.php?action=notify&language=en&products_id=57 HTTP/1.1" 302 546 "-" "Mozilla/5.0 (compatible; SemrushBot/6~bl; +http://www.semrush.com/bot.html)"
46.229.168.130 - - [26/Feb/2020:10:03:06 +0100] "GET /login.php HTTP/1.1" 200 7458 "-" "Mozilla/5.0 (compatible; SemrushBot/6~bl; +http://www.semrush.com/bot.html)"
46.229.168.148 - - [26/Feb/2020:10:03:07 +0100] "GET /product_reviews.php?action=notify&language=fr&products_id=114 HTTP/1.1" 302 546 "-" "Mozilla/5.0 (compatible; SemrushBot/6~bl; +http://www.semrush.com/bot.html)"
46.229.168.140 - - [26/Feb/2020:10:03:09 +0100] "GET /login.php HTTP/1.1" 200 7464 "-" "Mozilla/5.0 (compatible; SemrushBot/6~bl; +http://www.semrush.com/bot.html)"
46.229.168.138 - - [26/Feb/2020:10:03:16 +0100] "GET /product_info.php?language=lv&products_id=112 HTTP/1.1" 200 9610 "-" "Mozilla/5.0 (compatible; SemrushBot/6~bl; +http://www.semrush.com/bot.html)"
83.114.83.83 - - [26/Feb/2020:10:03:26 +0100] "POST /lechef/orders.php?page=1&oID=12281&action=update_order HTTP/1.1" 302 388 "http://www.e-medicalonline.com/lechef/orders.php?page=1&oID=12281&action=edit" "Mozilla/5.0 (Windows NT 10.0; Win64; x64) AppleWebKit/537.36 (KHTML, like Gecko) Chrome/79.0.3945.130 Safari/537.36"
83.114.83.83 - - [26/Feb/2020:10:03:27 +0100] "GET /lechef/orders.php?page=1&oID=12281&action=edit HTTP/1.1" 200 26002 "http://www.e-medicalonline.com/lechef/orders.php?page=1&oID=12281&action=edit" "Mozilla/5.0 (Windows NT 10.0; Win64; x64) AppleWebKit/537.36 (KHTML, like Gecko) Chrome/79.0.3945.130 Safari/537.36"
83.114.83.83 - - [26/Feb/2020:10:03:31 +0100] "GET /lechef/orders.php?page=1&oID=12281 HTTP/1.1" 200 130109 "http://www.e-medicalonline.com/lechef/orders.php?page=1&oID=12281&action=edit" "Mozilla/5.0 (Windows NT 10.0; Win64; x64) AppleWebKit/537.36 (KHTML, like Gecko) Chrome/79.0.3945.130 Safari/537.36"
46.229.168.146 - - [26/Feb/2020:10:04:56 +0100] "GET /product_info.php?action=notify&cPath=47_64&language=ar&products_id=316 HTTP/1.1" 302 546 "-" "Mozilla/5.0 (compatible; SemrushBot/6~bl; +http://www.semrush.com/bot.html)"
46.229.168.143 - - [26/Feb/2020:10:04:57 +0100] "GET /login.php HTTP/1.1" 200 7465 "-" "Mozilla/5.0 (compatible; SemrushBot/6~bl; +http://www.semrush.com/bot.html)"
114.119.145.9 - - [26/Feb/2020:10:05:33 +0100] "GET /account.php?osCsid=0vgt4gsufef413a605vf7glhm3 HTTP/1.1" 302 546 "-" "Mozilla/5.0(Linux;Android 5.1.1;OPPO A33 Build/LMY47V;wv) AppleWebKit/537.36(KHTML,link Gecko) Version/4.0 Chrome/42.0.2311.138 Mobile Safari/537.36"
114.119.145.9 - - [26/Feb/2020:10:05:33 +0100] "GET /login.php?osCsid=ing1gv2g1unbc4701c72uk4132 HTTP/1.1" 200 7356 "-" "Mozilla/5.0(Linux;Android 5.1.1;OPPO A33 Build/LMY47V;wv) AppleWebKit/537.36(KHTML,link Gecko) Version/4.0 Chrome/42.0.2311.138 Mobile Safari/537.36"
83.114.83.83 - - [26/Feb/2020:10:06:05 +0100] "GET /lechef/orders.php?page=1&oID=12267 HTTP/1.1" 200 130113 "http://www.e-medicalonline.com/lechef/orders.php?page=1&oID=12281" "Mozilla/5.0 (Windows NT 10.0; Win64; x64) AppleWebKit/537.36 (KHTML, like Gecko) Chrome/79.0.3945.130 Safari/537.36"
83.114.83.83 - - [26/Feb/2020:10:06:08 +0100] "GET /lechef/orders.php?page=1&oID=12267&action=edit HTTP/1.1" 200 29669 "http://www.e-medicalonline.com/lechef/orders.php?page=1&oID=12267" "Mozilla/5.0 (Windows NT 10.0; Win64; x64) AppleWebKit/537.36 (KHTML, like Gecko) Chrome/79.0.3945.130 Safari/537.36"
83.114.83.83 - - [26/Feb/2020:10:06:10 +0100] "GET /lechef/edit_orders.php?oID=12267 HTTP/1.1" 200 170046 "http://www.e-medicalonline.com/lechef/orders.php?page=1&oID=12267&action=edit" "Mozilla/5.0 (Windows NT 10.0; Win64; x64) AppleWebKit/537.36 (KHTML, like Gecko) Chrome/79.0.3945.130 Safari/537.36"
83.114.83.83 - - [26/Feb/2020:10:06:19 +0100] "GET /lechef/edit_orders_add_product.php?oID=12267&step=1 HTTP/1.1" 200 6615 "http://www.e-medicalonline.com/lechef/edit_orders.php?oID=12267" "Mozilla/5.0 (Windows NT 10.0; Win64; x64) AppleWebKit/537.36 (KHTML, like Gecko) Chrome/79.0.3945.130 Safari/537.36"
83.114.83.83 - - [26/Feb/2020:10:06:22 +0100] "GET /lechef/edit_orders_add_product.php?oID=12267&step=1 HTTP/1.1" 200 6615 "http://www.e-medicalonline.com/lechef/edit_orders.php?oID=12267" "Mozilla/5.0 (Windows NT 10.0; Win64; x64) AppleWebKit/537.36 (KHTML, like Gecko) Chrome/79.0.3945.130 Safari/537.36"
46.229.168.146 - - [26/Feb/2020:10:06:30 +0100] "GET /product_reviews.php?language=lv&products_id=265 HTTP/1.1" 200 7368 "-" "Mozilla/5.0 (compatible; SemrushBot/6~bl; +http://www.semrush.com/bot.html)"
83.114.83.83 - - [26/Feb/2020:10:06:39 +0100] "POST /lechef/edit_orders_add_product.php?oID=12267 HTTP/1.1" 200 8462 "http://www.e-medicalonline.com/lechef/edit_orders_add_product.php?oID=12267&step=1" "Mozilla/5.0 (Windows NT 10.0; Win64; x64) AppleWebKit/537.36 (KHTML, like Gecko) Chrome/79.0.3945.130 Safari/537.36"
83.114.83.83 - - [26/Feb/2020:10:06:42 +0100] "POST /lechef/edit_orders_add_product.php?oID=12267 HTTP/1.1" 200 9620 "http://www.e-medicalonline.com/lechef/edit_orders_add_product.php?oID=12267" "Mozilla/5.0 (Windows NT 10.0; Win64; x64) AppleWebKit/537.36 (KHTML, like Gecko) Chrome/79.0.3945.130 Safari/537.36"
83.114.83.83 - - [26/Feb/2020:10:06:43 +0100] "POST /lechef/edit_orders_add_product.php?oID=12267 HTTP/1.1" 200 11159 "http://www.e-medicalonline.com/lechef/edit_orders_add_product.php?oID=12267" "Mozilla/5.0 (Windows NT 10.0; Win64; x64) AppleWebKit/537.36 (KHTML, like Gecko) Chrome/79.0.3945.130 Safari/537.36"
83.114.83.83 - - [26/Feb/2020:10:06:47 +0100] "POST /lechef/edit_orders_add_product.php?oID=12267&action=add_product HTTP/1.1" 302 408 "http://www.e-medicalonline.com/lechef/edit_orders_add_product.php?oID=12267" "Mozilla/5.0 (Windows NT 10.0; Win64; x64) AppleWebKit/537.36 (KHTML, like Gecko) Chrome/79.0.3945.130 Safari/537.36"
83.114.83.83 - - [26/Feb/2020:10:06:47 +0100] "GET /lechef/edit_orders_add_product.php?oID=12267&step=1&submitForm=yes HTTP/1.1" 200 6802 "http://www.e-medicalonline.com/lechef/edit_orders_add_product.php?oID=12267" "Mozilla/5.0 (Windows NT 10.0; Win64; x64) AppleWebKit/537.36 (KHTML, like Gecko) Chrome/79.0.3945.130 Safari/537.36"
83.114.83.83 - - [26/Feb/2020:10:06:47 +0100] "POST /lechef/edit_orders.php?oID=12267&action=update_order HTTP/1.1" 302 395 "http://www.e-medicalonline.com/lechef/edit_orders.php?oID=12267" "Mozilla/5.0 (Windows NT 10.0; Win64; x64) AppleWebKit/537.36 (KHTML, like Gecko) Chrome/79.0.3945.130 Safari/537.36"
83.114.83.83 - - [26/Feb/2020:10:06:47 +0100] "GET /lechef/edit_orders.php?oID=12267&action=edit HTTP/1.1" 200 173931 "http://www.e-medicalonline.com/lechef/edit_orders.php?oID=12267" "Mozilla/5.0 (Windows NT 10.0; Win64; x64) AppleWebKit/537.36 (KHTML, like Gecko) Chrome/79.0.3945.130 Safari/537.36"
46.229.168.162 - - [26/Feb/2020:10:07:12 +0100] "GET /product_reviews.php?action=notify&cPath=42_51&language=pl&products_id=238 HTTP/1.1" 302 546 "-" "Mozilla/5.0 (compatible; SemrushBot/6~bl; +http://www.semrush.com/bot.html)"
46.229.168.130 - - [26/Feb/2020:10:07:14 +0100] "GET /login.php HTTP/1.1" 200 7467 "-" "Mozilla/5.0 (compatible; SemrushBot/6~bl; +http://www.semrush.com/bot.html)"
83.114.83.83 - - [26/Feb/2020:10:08:03 +0100] "GET /lechef/edit_orders_ajax.php?action=update_product_value_field&oID=12267&pid=78184&price=1.9300&final_price=1.9300 HTTP/1.1" 200 332 "http://www.e-medicalonline.com/lechef/edit_orders.php?oID=12267&action=edit" "Mozilla/5.0 (Windows NT 10.0; Win64; x64) AppleWebKit/537.36 (KHTML, like Gecko) Chrome/79.0.3945.130 Safari/537.36"
83.114.83.83 - - [26/Feb/2020:10:08:03 +0100] "POST /lechef/edit_orders_ajax.php HTTP/1.1" 200 15100 "http://www.e-medicalonline.com/lechef/edit_orders.php?oID=12267&action=edit" "Mozilla/5.0 (Windows NT 10.0; Win64; x64) AppleWebKit/537.36 (KHTML, like Gecko) Chrome/79.0.3945.130 Safari/537.36"
83.114.83.83 - - [26/Feb/2020:10:08:06 +0100] "GET /lechef/edit_orders_add_product.php?oID=12267&step=1 HTTP/1.1" 200 6615 "http://www.e-medicalonline.com/lechef/edit_orders.php?oID=12267&action=edit" "Mozilla/5.0 (Windows NT 10.0; Win64; x64) AppleWebKit/537.36 (KHTML, like Gecko) Chrome/79.0.3945.130 Safari/537.36"
83.114.83.83 - - [26/Feb/2020:10:08:21 +0100] "POST /lechef/edit_orders_add_product.php?oID=12267 HTTP/1.1" 200 8457 "http://www.e-medicalonline.com/lechef/edit_orders_add_product.php?oID=12267&step=1" "Mozilla/5.0 (Windows NT 10.0; Win64; x64) AppleWebKit/537.36 (KHTML, like Gecko) Chrome/79.0.3945.130 Safari/537.36"
83.114.83.83 - - [26/Feb/2020:10:08:25 +0100] "POST /lechef/edit_orders_add_product.php?oID=12267 HTTP/1.1" 200 9615 "http://www.e-medicalonline.com/lechef/edit_orders_add_product.php?oID=12267" "Mozilla/5.0 (Windows NT 10.0; Win64; x64) AppleWebKit/537.36 (KHTML, like Gecko) Chrome/79.0.3945.130 Safari/537.36"
83.114.83.83 - - [26/Feb/2020:10:08:27 +0100] "POST /lechef/edit_orders_add_product.php?oID=12267 HTTP/1.1" 200 11154 "http://www.e-medicalonline.com/lechef/edit_orders_add_product.php?oID=12267" "Mozilla/5.0 (Windows NT 10.0; Win64; x64) AppleWebKit/537.36 (KHTML, like Gecko) Chrome/79.0.3945.130 Safari/537.36"
83.114.83.83 - - [26/Feb/2020:10:08:30 +0100] "POST /lechef/edit_orders_add_product.php?oID=12267&action=add_product HTTP/1.1" 302 408 "http://www.e-medicalonline.com/lechef/edit_orders_add_product.php?oID=12267" "Mozilla/5.0 (Windows NT 10.0; Win64; x64) AppleWebKit/537.36 (KHTML, like Gecko) Chrome/79.0.3945.130 Safari/537.36"
83.114.83.83 - - [26/Feb/2020:10:08:30 +0100] "GET /lechef/edit_orders_add_product.php?oID=12267&step=1&submitForm=yes HTTP/1.1" 200 6802 "http://www.e-medicalonline.com/lechef/edit_orders_add_product.php?oID=12267" "Mozilla/5.0 (Windows NT 10.0; Win64; x64) AppleWebKit/537.36 (KHTML, like Gecko) Chrome/79.0.3945.130 Safari/537.36"
83.114.83.83 - - [26/Feb/2020:10:08:30 +0100] "POST /lechef/edit_orders.php?oID=12267&action=update_order HTTP/1.1" 302 395 "http://www.e-medicalonline.com/lechef/edit_orders.php?oID=12267&action=edit" "Mozilla/5.0 (Windows NT 10.0; Win64; x64) AppleWebKit/537.36 (KHTML, like Gecko) Chrome/79.0.3945.130 Safari/537.36"
83.114.83.83 - - [26/Feb/2020:10:08:30 +0100] "GET /lechef/edit_orders.php?oID=12267&action=edit HTTP/1.1" 200 177786 "http://www.e-medicalonline.com/lechef/edit_orders.php?oID=12267&action=edit" "Mozilla/5.0 (Windows NT 10.0; Win64; x64) AppleWebKit/537.36 (KHTML, like Gecko) Chrome/79.0.3945.130 Safari/537.36"
66.249.64.110 - - [26/Feb/2020:10:08:46 +0100] "GET /product_info.php?cPath=24_23&products_id=97&language=tr&osCsid=ihk1qh6m0lhpil82g640939482 HTTP/1.1" 200 9612 "-" "Mozilla/5.0 (Linux; Android 6.0.1; Nexus 5X Build/MMB29P) AppleWebKit/537.36 (KHTML, like Gecko) Chrome/80.0.3987.92 Mobile Safari/537.36 (compatible; Googlebot/2.1; +http://www.google.com/bot.html)"
83.114.83.83 - - [26/Feb/2020:10:08:48 +0100] "GET /lechef/edit_orders_ajax.php?action=update_product_value_field&oID=12267&pid=78185&price=1.9300&final_price=1.9300 HTTP/1.1" 200 332 "http://www.e-medicalonline.com/lechef/edit_orders.php?oID=12267&action=edit" "Mozilla/5.0 (Windows NT 10.0; Win64; x64) AppleWebKit/537.36 (KHTML, like Gecko) Chrome/79.0.3945.130 Safari/537.36"
83.114.83.83 - - [26/Feb/2020:10:08:48 +0100] "POST /lechef/edit_orders_ajax.php HTTP/1.1" 200 15108 "http://www.e-medicalonline.com/lechef/edit_orders.php?oID=12267&action=edit" "Mozilla/5.0 (Windows NT 10.0; Win64; x64) AppleWebKit/537.36 (KHTML, like Gecko) Chrome/79.0.3945.130 Safari/537.36"
83.114.83.83 - - [26/Feb/2020:10:08:50 +0100] "GET /lechef/edit_orders_add_product.php?oID=12267&step=1 HTTP/1.1" 200 6615 "http://www.e-medicalonline.com/lechef/edit_orders.php?oID=12267&action=edit" "Mozilla/5.0 (Windows NT 10.0; Win64; x64) AppleWebKit/537.36 (KHTML, like Gecko) Chrome/79.0.3945.130 Safari/537.36"
46.229.168.142 - - [26/Feb/2020:10:08:54 +0100] "GET /product_reviews.php?action=buy_now&cPath=47_66&products_id=322 HTTP/1.1" 302 569 "-" "Mozilla/5.0 (compatible; SemrushBot/6~bl; +http://www.semrush.com/bot.html)"
83.114.83.83 - - [26/Feb/2020:10:08:54 +0100] "POST /lechef/edit_orders_add_product.php?oID=12267 HTTP/1.1" 200 8454 "http://www.e-medicalonline.com/lechef/edit_orders_add_product.php?oID=12267&step=1" "Mozilla/5.0 (Windows NT 10.0; Win64; x64) AppleWebKit/537.36 (KHTML, like Gecko) Chrome/79.0.3945.130 Safari/537.36"
83.114.83.83 - - [26/Feb/2020:10:08:54 +0100] "POST /lechef/edit_orders_add_product.php?oID=12267 HTTP/1.1" 200 8454 "http://www.e-medicalonline.com/lechef/edit_orders_add_product.php?oID=12267&step=1" "Mozilla/5.0 (Windows NT 10.0; Win64; x64) AppleWebKit/537.36 (KHTML, like Gecko) Chrome/79.0.3945.130 Safari/537.36"
46.229.168.152 - - [26/Feb/2020:10:08:55 +0100] "GET /product_info.php?products_id=322 HTTP/1.1" 200 9283 "-" "Mozilla/5.0 (compatible; SemrushBot/6~bl; +http://www.semrush.com/bot.html)"
83.114.83.83 - - [26/Feb/2020:10:08:57 +0100] "POST /lechef/edit_orders_add_product.php?oID=12267 HTTP/1.1" 200 9612 "http://www.e-medicalonline.com/lechef/edit_orders_add_product.php?oID=12267" "Mozilla/5.0 (Windows NT 10.0; Win64; x64) AppleWebKit/537.36 (KHTML, like Gecko) Chrome/79.0.3945.130 Safari/537.36"
83.114.83.83 - - [26/Feb/2020:10:08:58 +0100] "POST /lechef/edit_orders_add_product.php?oID=12267 HTTP/1.1" 200 11151 "http://www.e-medicalonline.com/lechef/edit_orders_add_product.php?oID=12267" "Mozilla/5.0 (Windows NT 10.0; Win64; x64) AppleWebKit/537.36 (KHTML, like Gecko) Chrome/79.0.3945.130 Safari/537.36"
46.229.168.137 - - [26/Feb/2020:10:08:59 +0100] "GET /product_reviews.php?action=notify&language=ru&products_id=301 HTTP/1.1" 302 546 "-" "Mozilla/5.0 (compatible; SemrushBot/6~bl; +http://www.semrush.com/bot.html)"
46.229.168.147 - - [26/Feb/2020:10:09:00 +0100] "GET /login.php HTTP/1.1" 200 7465 "-" "Mozilla/5.0 (compatible; SemrushBot/6~bl; +http://www.semrush.com/bot.html)"
83.114.83.83 - - [26/Feb/2020:10:09:01 +0100] "POST /lechef/edit_orders_add_product.php?oID=12267&action=add_product HTTP/1.1" 302 408 "http://www.e-medicalonline.com/lechef/edit_orders_add_product.php?oID=12267" "Mozilla/5.0 (Windows NT 10.0; Win64; x64) AppleWebKit/537.36 (KHTML, like Gecko) Chrome/79.0.3945.130 Safari/537.36"
83.114.83.83 - - [26/Feb/2020:10:09:01 +0100] "GET /lechef/edit_orders_add_product.php?oID=12267&step=1&submitForm=yes HTTP/1.1" 200 6802 "http://www.e-medicalonline.com/lechef/edit_orders_add_product.php?oID=12267" "Mozilla/5.0 (Windows NT 10.0; Win64; x64) AppleWebKit/537.36 (KHTML, like Gecko) Chrome/79.0.3945.130 Safari/537.36"
83.114.83.83 - - [26/Feb/2020:10:09:01 +0100] "POST /lechef/edit_orders.php?oID=12267&action=update_order HTTP/1.1" 302 395 "http://www.e-medicalonline.com/lechef/edit_orders.php?oID=12267&action=edit" "Mozilla/5.0 (Windows NT 10.0; Win64; x64) AppleWebKit/537.36 (KHTML, like Gecko) Chrome/79.0.3945.130 Safari/537.36"
83.114.83.83 - - [26/Feb/2020:10:09:01 +0100] "GET /lechef/edit_orders.php?oID=12267&action=edit HTTP/1.1" 200 181645 "http://www.e-medicalonline.com/lechef/edit_orders.php?oID=12267&action=edit" "Mozilla/5.0 (Windows NT 10.0; Win64; x64) AppleWebKit/537.36 (KHTML, like Gecko) Chrome/79.0.3945.130 Safari/537.36"
46.229.168.147 - - [26/Feb/2020:10:09:03 +0100] "GET /product_info.php?action=notify&language=lv&products_id=372 HTTP/1.1" 302 546 "-" "Mozilla/5.0 (compatible; SemrushBot/6~bl; +http://www.semrush.com/bot.html)"
46.229.168.149 - - [26/Feb/2020:10:09:04 +0100] "GET /login.php HTTP/1.1" 200 7456 "-" "Mozilla/5.0 (compatible; SemrushBot/6~bl; +http://www.semrush.com/bot.html)"
46.229.168.147 - - [26/Feb/2020:10:09:14 +0100] "GET /product_reviews.php?cPath=42_70&language=lv&products_id=340 HTTP/1.1" 200 7391 "-" "Mozilla/5.0 (compatible; SemrushBot/6~bl; +http://www.semrush.com/bot.html)"
83.114.83.83 - - [26/Feb/2020:10:09:15 +0100] "GET /lechef/edit_orders_ajax.php?action=update_product_value_field&oID=12267&pid=78186&price=1.9300&final_price=1.9300 HTTP/1.1" 200 332 "http://www.e-medicalonline.com/lechef/edit_orders.php?oID=12267&action=edit" "Mozilla/5.0 (Windows NT 10.0; Win64; x64) AppleWebKit/537.36 (KHTML, like Gecko) Chrome/79.0.3945.130 Safari/537.36"
83.114.83.83 - - [26/Feb/2020:10:09:38 +0100] "POST /lechef/edit_orders_ajax.php HTTP/1.1" 200 15108 "http://www.e-medicalonline.com/lechef/edit_orders.php?oID=12267&action=edit" "Mozilla/5.0 (Windows NT 10.0; Win64; x64) AppleWebKit/537.36 (KHTML, like Gecko) Chrome/79.0.3945.130 Safari/537.36"
66.249.64.108 - - [26/Feb/2020:10:09:43 +0100] "GET /product_info.php?products_id=384&osCsid=2kn8f55d9alb5u5l0j0u2rjur3 HTTP/1.1" 200 9400 "-" "Mozilla/5.0 (Linux; Android 6.0.1; Nexus 5X Build/MMB29P) AppleWebKit/537.36 (KHTML, like Gecko) Chrome/41.0.2272.96 Mobile Safari/537.36 (compatible; Googlebot/2.1; +http://www.google.com/bot.html)"
46.229.168.134 - - [26/Feb/2020:10:09:47 +0100] "GET /product_reviews.php?action=buy_now&language=en&products_id=237 HTTP/1.1" 302 569 "-" "Mozilla/5.0 (compatible; SemrushBot/6~bl; +http://www.semrush.com/bot.html)"
46.229.168.137 - - [26/Feb/2020:10:09:49 +0100] "GET /product_info.php?products_id=237 HTTP/1.1" 200 9295 "-" "Mozilla/5.0 (compatible; SemrushBot/6~bl; +http://www.semrush.com/bot.html)"
83.114.83.83 - - [26/Feb/2020:10:09:50 +0100] "GET /lechef/edit_orders_add_product.php?oID=12267&step=1 HTTP/1.1" 200 6615 "http://www.e-medicalonline.com/lechef/edit_orders.php?oID=12267&action=edit" "Mozilla/5.0 (Windows NT 10.0; Win64; x64) AppleWebKit/537.36 (KHTML, like Gecko) Chrome/79.0.3945.130 Safari/537.36"
46.229.168.129 - - [26/Feb/2020:10:12:07 +0100] "GET /robots.txt HTTP/1.1" 404 445 "-" "Mozilla/5.0 (compatible; SemrushBot/6~bl; +http://www.semrush.com/bot.html)"
46.229.168.152 - - [26/Feb/2020:10:12:07 +0100] "GET /product_info.php?cPath=41_38&language=en&products_id=199 HTTP/1.1" 200 9309 "-" "Mozilla/5.0 (compatible; SemrushBot/6~bl; +http://www.semrush.com/bot.html)"
46.229.168.151 - - [26/Feb/2020:10:12:20 +0100] "GET /product_reviews.php?action=notify&cPath=41_59&language=ar&products_id=262 HTTP/1.1" 302 546 "-" "Mozilla/5.0 (compatible; SemrushBot/6~bl; +http://www.semrush.com/bot.html)"
46.229.168.132 - - [26/Feb/2020:10:12:21 +0100] "GET /login.php HTTP/1.1" 200 7458 "-" "Mozilla/5.0 (compatible; SemrushBot/6~bl; +http://www.semrush.com/bot.html)"
46.229.168.131 - - [26/Feb/2020:10:13:38 +0100] "GET /products_new.php?action=buy_now&language=ru&page=3&products_id=340 HTTP/1.1" 302 569 "-" "Mozilla/5.0 (compatible; SemrushBot/6~bl; +http://www.semrush.com/bot.html)"
46.229.168.144 - - [26/Feb/2020:10:13:40 +0100] "GET /product_info.php?products_id=340 HTTP/1.1" 200 9435 "-" "Mozilla/5.0 (compatible; SemrushBot/6~bl; +http://www.semrush.com/bot.html)"
46.229.168.146 - - [26/Feb/2020:10:14:51 +0100] "GET /product_info.php?action=add_product&language=ru&products_id=361 HTTP/1.1" 302 566 "-" "Mozilla/5.0 (compatible; SemrushBot/6~bl; +http://www.semrush.com/bot.html)"
46.229.168.139 - - [26/Feb/2020:10:14:52 +0100] "GET /shopping_cart.php?language=ru HTTP/1.1" 200 8961 "-" "Mozilla/5.0 (compatible; SemrushBot/6~bl; +http://www.semrush.com/bot.html)"
46.229.168.142 - - [26/Feb/2020:10:14:54 +0100] "GET /product_reviews_write.php?language=tr&products_id=385 HTTP/1.1" 302 546 "-" "Mozilla/5.0 (compatible; SemrushBot/6~bl; +http://www.semrush.com/bot.html)"
46.229.168.162 - - [26/Feb/2020:10:14:56 +0100] "GET /login.php HTTP/1.1" 200 7458 "-" "Mozilla/5.0 (compatible; SemrushBot/6~bl; +http://www.semrush.com/bot.html)"
46.229.168.161 - - [26/Feb/2020:10:15:50 +0100] "GET /product_info.php?action=notify&cPath=41_62&language=lv&products_id=231 HTTP/1.1" 302 546 "-" "Mozilla/5.0 (compatible; SemrushBot/6~bl; +http://www.semrush.com/bot.html)"
46.229.168.163 - - [26/Feb/2020:10:15:52 +0100] "GET /login.php HTTP/1.1" 200 7467 "-" "Mozilla/5.0 (compatible; SemrushBot/6~bl; +http://www.semrush.com/bot.html)"
83.114.83.83 - - [26/Feb/2020:10:16:29 +0100] "GET /lechef/customers.php?selected_box=customers HTTP/1.1" 302 358 "http://www.e-medicalonline.com/lechef/orders.php?page=1&oID=12280&action=edit" "Mozilla/5.0 (Macintosh; Intel Mac OS X 10_14_5) AppleWebKit/537.36 (KHTML, like Gecko) Chrome/80.0.3987.116 Safari/537.36"
83.114.83.83 - - [26/Feb/2020:10:16:29 +0100] "GET /lechef/login.php HTTP/1.1" 200 3880 "http://www.e-medicalonline.com/lechef/orders.php?page=1&oID=12280&action=edit" "Mozilla/5.0 (Macintosh; Intel Mac OS X 10_14_5) AppleWebKit/537.36 (KHTML, like Gecko) Chrome/80.0.3987.116 Safari/537.36"
83.114.83.83 - - [26/Feb/2020:10:16:30 +0100] "GET /lechef/edit_orders_ajax.php?action=update_attributes_field&oID=12267&aid=58117&pid=78184&field=products_options_values&new_value=02037601926002621722030010FV903563712 HTTP/1.1" 200 340 "http://www.e-medicalonline.com/lechef/edit_orders.php?oID=12267&action=edit" "Mozilla/5.0 (Windows NT 10.0; Win64; x64) AppleWebKit/537.36 (KHTML, like Gecko) Chrome/79.0.3945.130 Safari/537.36"
83.114.83.83 - - [26/Feb/2020:10:16:34 +0100] "POST /lechef/login.php?action=process HTTP/1.1" 302 385 "http://www.e-medicalonline.com/lechef/login.php" "Mozilla/5.0 (Macintosh; Intel Mac OS X 10_14_5) AppleWebKit/537.36 (KHTML, like Gecko) Chrome/80.0.3987.116 Safari/537.36"
83.114.83.83 - - [26/Feb/2020:10:16:34 +0100] "GET /lechef/customers.php?selected_box=customers HTTP/1.1" 200 202675 "http://www.e-medicalonline.com/lechef/login.php" "Mozilla/5.0 (Macintosh; Intel Mac OS X 10_14_5) AppleWebKit/537.36 (KHTML, like Gecko) Chrome/80.0.3987.116 Safari/537.36"
83.114.83.83 - - [26/Feb/2020:10:16:37 +0100] "GET /lechef/customers.php?search=jordi HTTP/1.1" 200 16765 "http://www.e-medicalonline.com/lechef/customers.php?selected_box=customers" "Mozilla/5.0 (Macintosh; Intel Mac OS X 10_14_5) AppleWebKit/537.36 (KHTML, like Gecko) Chrome/80.0.3987.116 Safari/537.36"
83.114.83.83 - - [26/Feb/2020:10:16:40 +0100] "GET /lechef/orders.php?cID=1163 HTTP/1.1" 200 124539 "http://www.e-medicalonline.com/lechef/customers.php?search=jordi" "Mozilla/5.0 (Macintosh; Intel Mac OS X 10_14_5) AppleWebKit/537.36 (KHTML, like Gecko) Chrome/80.0.3987.116 Safari/537.36"
83.114.83.83 - - [26/Feb/2020:10:16:43 +0100] "GET /lechef/orders.php?cID=1163&page=1&oID=12274&action=edit HTTP/1.1" 200 29538 "http://www.e-medicalonline.com/lechef/orders.php?cID=1163" "Mozilla/5.0 (Macintosh; Intel Mac OS X 10_14_5) AppleWebKit/537.36 (KHTML, like Gecko) Chrome/80.0.3987.116 Safari/537.36"
46.229.168.146 - - [26/Feb/2020:10:16:59 +0100] "GET /product_info.php?cPath=42_24&products_id=255 HTTP/1.1" 200 7213 "-" "Mozilla/5.0 (compatible; SemrushBot/6~bl; +http://www.semrush.com/bot.html)"
46.229.168.137 - - [26/Feb/2020:10:17:14 +0100] "GET /product_info.php?action=add_product&cPath=47&language=en&products_id=379 HTTP/1.1" 302 566 "-" "Mozilla/5.0 (compatible; SemrushBot/6~bl; +http://www.semrush.com/bot.html)"
46.229.168.132 - - [26/Feb/2020:10:17:15 +0100] "GET /shopping_cart.php?language=en HTTP/1.1" 200 8566 "-" "Mozilla/5.0 (compatible; SemrushBot/6~bl; +http://www.semrush.com/bot.html)"
83.114.83.83 - - [26/Feb/2020:10:17:20 +0100] "GET /lechef/edit_orders_ajax.php?action=update_attributes_field&oID=12267&aid=58118&pid=78185&field=products_options_values&new_value=2*02037601926002791722030010FV903543712 HTTP/1.1" 200 340 "http://www.e-medicalonline.com/lechef/edit_orders.php?oID=12267&action=edit" "Mozilla/5.0 (Windows NT 10.0; Win64; x64) AppleWebKit/537.36 (KHTML, like Gecko) Chrome/79.0.3945.130 Safari/537.36"
83.114.83.83 - - [26/Feb/2020:10:17:27 +0100] "GET /lechef/edit_orders_ajax.php?action=update_attributes_field&oID=12267&aid=58118&pid=78185&field=products_options_values&new_value=2*02037601926002791722030010FV903543712%2B3*02037601926002791722050010FV910153712 HTTP/1.1" 200 340 "http://www.e-medicalonline.com/lechef/edit_orders.php?oID=12267&action=edit" "Mozilla/5.0 (Windows NT 10.0; Win64; x64) AppleWebKit/537.36 (KHTML, like Gecko) Chrome/79.0.3945.130 Safari/537.36"
46.229.168.144 - - [26/Feb/2020:10:17:32 +0100] "GET /product_info.php?cPath=29_30&language=ru&products_id=50 HTTP/1.1" 200 9450 "-" "Mozilla/5.0 (compatible; SemrushBot/6~bl; +http://www.semrush.com/bot.html)"
46.229.168.149 - - [26/Feb/2020:10:17:39 +0100] "GET /product_info.php?action=notify&cPath=29_30&language=iw&products_id=52 HTTP/1.1" 302 546 "-" "Mozilla/5.0 (compatible; SemrushBot/6~bl; +http://www.semrush.com/bot.html)"
46.229.168.151 - - [26/Feb/2020:10:17:41 +0100] "GET /login.php HTTP/1.1" 200 7468 "-" "Mozilla/5.0 (compatible; SemrushBot/6~bl; +http://www.semrush.com/bot.html)"
83.114.83.83 - - [26/Feb/2020:10:17:56 +0100] "GET /lechef/edit_orders_ajax.php?action=update_attributes_field&oID=12267&aid=58119&pid=78186&field=products_options_values&new_value=02037601926002551722030010FV903503712 HTTP/1.1" 200 340 "http://www.e-medicalonline.com/lechef/edit_orders.php?oID=12267&action=edit" "Mozilla/5.0 (Windows NT 10.0; Win64; x64) AppleWebKit/537.36 (KHTML, like Gecko) Chrome/79.0.3945.130 Safari/537.36"
46.229.168.139 - - [26/Feb/2020:10:18:02 +0100] "GET /product_info.php?action=notify&language=ar&products_id=132 HTTP/1.1" 302 546 "-" "Mozilla/5.0 (compatible; SemrushBot/6~bl; +http://www.semrush.com/bot.html)"
46.229.168.135 - - [26/Feb/2020:10:18:03 +0100] "GET /login.php HTTP/1.1" 200 7467 "-" "Mozilla/5.0 (compatible; SemrushBot/6~bl; +http://www.semrush.com/bot.html)"
46.229.168.137 - - [26/Feb/2020:10:18:14 +0100] "GET /product_reviews_write.php?cPath=42_40&language=cs&products_id=272 HTTP/1.1" 302 546 "-" "Mozilla/5.0 (compatible; SemrushBot/6~bl; +http://www.semrush.com/bot.html)"
46.229.168.150 - - [26/Feb/2020:10:18:15 +0100] "GET /login.php HTTP/1.1" 200 7444 "-" "Mozilla/5.0 (compatible; SemrushBot/6~bl; +http://www.semrush.com/bot.html)"
46.229.168.144 - - [26/Feb/2020:10:18:16 +0100] "GET /product_info.php?products_id=101 HTTP/1.1" 200 9216 "-" "Mozilla/5.0 (compatible; SemrushBot/6~bl; +http://www.semrush.com/bot.html)"
83.114.83.83 - - [26/Feb/2020:10:18:43 +0100] "GET /lechef/orders.php?oID=12267 HTTP/1.1" 200 130101 "http://www.e-medicalonline.com/lechef/edit_orders.php?oID=12267&action=edit" "Mozilla/5.0 (Windows NT 10.0; Win64; x64) AppleWebKit/537.36 (KHTML, like Gecko) Chrome/79.0.3945.130 Safari/537.36"
46.229.168.140 - - [26/Feb/2020:10:19:26 +0100] "GET /product_info.php?cPath=42_52&language=ru&products_id=249 HTTP/1.1" 200 7657 "-" "Mozilla/5.0 (compatible; SemrushBot/6~bl; +http://www.semrush.com/bot.html)"
83.114.83.83 - - [26/Feb/2020:10:19:42 +0100] "GET /lechef/customers.php?selected_box=customers HTTP/1.1" 200 202675 "http://www.e-medicalonline.com/lechef/orders.php?oID=12267" "Mozilla/5.0 (Windows NT 10.0; Win64; x64) AppleWebKit/537.36 (KHTML, like Gecko) Chrome/79.0.3945.130 Safari/537.36"
83.114.83.83 - - [26/Feb/2020:10:19:49 +0100] "GET /lechef/customers.php?search=alcyon HTTP/1.1" 200 24219 "http://www.e-medicalonline.com/lechef/customers.php?selected_box=customers" "Mozilla/5.0 (Windows NT 10.0; Win64; x64) AppleWebKit/537.36 (KHTML, like Gecko) Chrome/79.0.3945.130 Safari/537.36"
83.114.83.83 - - [26/Feb/2020:10:19:52 +0100] "POST /lechef/login.php?action=process HTTP/1.1" 200 4296 "http://www.e-medicalonline.com/lechef/login.php" "Mozilla/5.0 (Macintosh; Intel Mac OS X 10_14_5) AppleWebKit/537.36 (KHTML, like Gecko) Chrome/80.0.3987.116 Safari/537.36"
83.114.83.83 - - [26/Feb/2020:10:19:55 +0100] "GET /lechef/create_order.php?Customer=648 HTTP/1.1" 200 194566 "http://www.e-medicalonline.com/lechef/customers.php?search=alcyon" "Mozilla/5.0 (Windows NT 10.0; Win64; x64) AppleWebKit/537.36 (KHTML, like Gecko) Chrome/79.0.3945.130 Safari/537.36"
83.114.83.83 - - [26/Feb/2020:10:19:59 +0100] "POST /lechef/create_order_process.php HTTP/1.1" 302 374 "http://www.e-medicalonline.com/lechef/create_order.php?Customer=648" "Mozilla/5.0 (Windows NT 10.0; Win64; x64) AppleWebKit/537.36 (KHTML, like Gecko) Chrome/79.0.3945.130 Safari/537.36"
83.114.83.83 - - [26/Feb/2020:10:19:59 +0100] "GET /lechef/edit_orders.php?oID=12282 HTTP/1.1" 200 144806 "http://www.e-medicalonline.com/lechef/create_order.php?Customer=648" "Mozilla/5.0 (Windows NT 10.0; Win64; x64) AppleWebKit/537.36 (KHTML, like Gecko) Chrome/79.0.3945.130 Safari/537.36"
