46.229.168.152 - - [26/Feb/2020:08:09:57 +0100] "GET /index.php?cPath=41_61&language=iw&page=1&sort=5a HTTP/1.1" 200 7074 "-" "Mozilla/5.0 (compatible; SemrushBot/6~bl; +http://www.semrush.com/bot.html)"
46.229.168.134 - - [26/Feb/2020:08:10:10 +0100] "GET /product_reviews_write.php?language=pl&products_id=361 HTTP/1.1" 302 546 "-" "Mozilla/5.0 (compatible; SemrushBot/6~bl; +http://www.semrush.com/bot.html)"
46.229.168.131 - - [26/Feb/2020:08:10:12 +0100] "GET /login.php HTTP/1.1" 200 7468 "-" "Mozilla/5.0 (compatible; SemrushBot/6~bl; +http://www.semrush.com/bot.html)"
46.229.168.150 - - [26/Feb/2020:08:10:30 +0100] "GET /login.php?language=pl HTTP/1.1" 200 7674 "-" "Mozilla/5.0 (compatible; SemrushBot/6~bl; +http://www.semrush.com/bot.html)"
46.229.168.146 - - [26/Feb/2020:08:10:52 +0100] "GET /products_new.php?language=en&page=2 HTTP/1.1" 200 8072 "-" "Mozilla/5.0 (compatible; SemrushBot/6~bl; +http://www.semrush.com/bot.html)"
216.244.66.234 - - [26/Feb/2020:08:10:53 +0100] "GET /shopping_cart.php?page=15&language=ar HTTP/1.1" 200 46534 "-" "Mozilla/5.0 (compatible; DotBot/1.1; http://www.opensiteexplorer.org/dotbot, help@moz.com)"
209.17.96.122 - - [26/Feb/2020:08:11:22 +0100] "GET / HTTP/1.1" 200 3471 "-" "Mozilla/5.0 (compatible; Nimbostratus-Bot/v1.3.2; http://cloudsystemnetworks.com)"
216.244.66.234 - - [26/Feb/2020:08:11:33 +0100] "GET /product_info.php?products_id=97&language=tr HTTP/1.1" 200 57603 "-" "Mozilla/5.0 (compatible; DotBot/1.1; http://www.opensiteexplorer.org/dotbot, help@moz.com)"
46.229.168.147 - - [26/Feb/2020:08:12:25 +0100] "GET /product_reviews.php?action=notify&cPath=41_38&language=ar&products_id=196 HTTP/1.1" 302 546 "-" "Mozilla/5.0 (compatible; SemrushBot/6~bl; +http://www.semrush.com/bot.html)"
46.229.168.143 - - [26/Feb/2020:08:12:27 +0100] "GET /login.php HTTP/1.1" 200 7460 "-" "Mozilla/5.0 (compatible; SemrushBot/6~bl; +http://www.semrush.com/bot.html)"
151.80.39.194 - - [26/Feb/2020:08:12:59 +0100] "GET /faq.php HTTP/1.1" 200 7159 "-" "Mozilla/5.0 (compatible; AhrefsBot/6.1; +http://ahrefs.com/robot/)"
216.244.66.234 - - [26/Feb/2020:08:13:48 +0100] "GET /product_reviews.php?products_id=254&language=en HTTP/1.1" 302 474 "-" "Mozilla/5.0 (compatible; DotBot/1.1; http://www.opensiteexplorer.org/dotbot, help@moz.com)"
46.229.168.148 - - [26/Feb/2020:08:14:14 +0100] "GET /products_new.php?action=buy_now&language=ar&page=11&products_id=188 HTTP/1.1" 302 569 "-" "Mozilla/5.0 (compatible; SemrushBot/6~bl; +http://www.semrush.com/bot.html)"
46.229.168.162 - - [26/Feb/2020:08:14:15 +0100] "GET /product_info.php?products_id=188 HTTP/1.1" 200 9162 "-" "Mozilla/5.0 (compatible; SemrushBot/6~bl; +http://www.semrush.com/bot.html)"
46.229.168.129 - - [26/Feb/2020:08:14:28 +0100] "GET /product_reviews_write.php?language=ar&products_id=334 HTTP/1.1" 302 546 "-" "Mozilla/5.0 (compatible; SemrushBot/6~bl; +http://www.semrush.com/bot.html)"
46.229.168.148 - - [26/Feb/2020:08:14:29 +0100] "GET /login.php HTTP/1.1" 200 7460 "-" "Mozilla/5.0 (compatible; SemrushBot/6~bl; +http://www.semrush.com/bot.html)"
46.229.168.129 - - [26/Feb/2020:08:15:15 +0100] "GET /product_info.php?action=notify&language=ar&products_id=295 HTTP/1.1" 302 546 "-" "Mozilla/5.0 (compatible; SemrushBot/6~bl; +http://www.semrush.com/bot.html)"
46.229.168.152 - - [26/Feb/2020:08:15:16 +0100] "GET /login.php HTTP/1.1" 200 7458 "-" "Mozilla/5.0 (compatible; SemrushBot/6~bl; +http://www.semrush.com/bot.html)"
198.71.241.27 - - [26/Feb/2020:08:15:35 +0100] "GET / HTTP/1.0" 200 3471 "-" "-"
46.229.168.154 - - [26/Feb/2020:08:16:05 +0100] "GET /product_reviews.php?action=buy_now&cPath=47_67&language=ru&products_id=377 HTTP/1.1" 302 569 "-" "Mozilla/5.0 (compatible; SemrushBot/6~bl; +http://www.semrush.com/bot.html)"
46.229.168.146 - - [26/Feb/2020:08:16:06 +0100] "GET /product_info.php?products_id=377 HTTP/1.1" 200 9237 "-" "Mozilla/5.0 (compatible; SemrushBot/6~bl; +http://www.semrush.com/bot.html)"
46.229.168.129 - - [26/Feb/2020:08:16:28 +0100] "GET /robots.txt HTTP/1.1" 404 445 "-" "Mozilla/5.0 (compatible; SemrushBot/6~bl; +http://www.semrush.com/bot.html)"
46.229.168.132 - - [26/Feb/2020:08:16:28 +0100] "GET /index.php?cPath=41_53&language=en&page=1&sort=1a HTTP/1.1" 200 7476 "-" "Mozilla/5.0 (compatible; SemrushBot/6~bl; +http://www.semrush.com/bot.html)"
46.229.168.146 - - [26/Feb/2020:08:16:50 +0100] "GET /product_reviews.php?action=notify&language=sr&products_id=132 HTTP/1.1" 302 546 "-" "Mozilla/5.0 (compatible; SemrushBot/6~bl; +http://www.semrush.com/bot.html)"
46.229.168.145 - - [26/Feb/2020:08:16:51 +0100] "GET /login.php HTTP/1.1" 200 7463 "-" "Mozilla/5.0 (compatible; SemrushBot/6~bl; +http://www.semrush.com/bot.html)"
46.229.168.135 - - [26/Feb/2020:08:16:53 +0100] "GET /product_reviews.php?language=en&products_id=361 HTTP/1.1" 200 7387 "-" "Mozilla/5.0 (compatible; SemrushBot/6~bl; +http://www.semrush.com/bot.html)"
46.229.168.150 - - [26/Feb/2020:08:17:21 +0100] "GET /index.php?action=buy_now&cPath=41&language=iw&products_id=378 HTTP/1.1" 302 566 "-" "Mozilla/5.0 (compatible; SemrushBot/6~bl; +http://www.semrush.com/bot.html)"
46.229.168.129 - - [26/Feb/2020:08:17:22 +0100] "GET /shopping_cart.php?language=iw HTTP/1.1" 200 8871 "-" "Mozilla/5.0 (compatible; SemrushBot/6~bl; +http://www.semrush.com/bot.html)"
82.193.102.149 - - [26/Feb/2020:08:19:09 +0100] "GET /robots.txt HTTP/1.1" 404 445 "-" "Mozilla/5.0 (compatible; MJ12bot/v1.4.8; http://mj12bot.com/)"
82.193.102.149 - - [26/Feb/2020:08:19:17 +0100] "GET /product_info.php?products_id=323&language=ar&action=notify/ HTTP/1.1" 200 9614 "-" "Mozilla/5.0 (compatible; MJ12bot/v1.4.8; http://mj12bot.com/)"
82.193.102.149 - - [26/Feb/2020:08:19:24 +0100] "GET /product_info.php?products_id=323&language=en&action=notify/ HTTP/1.1" 200 9291 "-" "Mozilla/5.0 (compatible; MJ12bot/v1.4.8; http://mj12bot.com/)"
82.193.102.149 - - [26/Feb/2020:08:19:34 +0100] "GET /product_info.php?products_id=323&language=iw&action=notify/ HTTP/1.1" 200 9481 "-" "Mozilla/5.0 (compatible; MJ12bot/v1.4.8; http://mj12bot.com/)"
82.193.102.149 - - [26/Feb/2020:08:19:41 +0100] "GET /product_info.php?products_id=323&language=pl&action=notify/ HTTP/1.1" 200 9477 "-" "Mozilla/5.0 (compatible; MJ12bot/v1.4.8; http://mj12bot.com/)"
82.193.102.149 - - [26/Feb/2020:08:19:52 +0100] "GET /product_info.php?products_id=323&language=ru&action=notify/ HTTP/1.1" 200 9731 "-" "Mozilla/5.0 (compatible; MJ12bot/v1.4.8; http://mj12bot.com/)"
82.193.102.149 - - [26/Feb/2020:08:20:01 +0100] "GET /product_info.php?products_id=323&language=sr&action=notify/ HTTP/1.1" 200 9406 "-" "Mozilla/5.0 (compatible; MJ12bot/v1.4.8; http://mj12bot.com/)"
82.193.102.149 - - [26/Feb/2020:08:20:07 +0100] "GET /product_info.php?products_id=323&language=tr&action=notify/ HTTP/1.1" 200 9509 "-" "Mozilla/5.0 (compatible; MJ12bot/v1.4.8; http://mj12bot.com/)"
46.229.168.152 - - [26/Feb/2020:08:20:13 +0100] "GET /product_reviews.php?language=ar&products_id=223 HTTP/1.1" 200 7678 "-" "Mozilla/5.0 (compatible; SemrushBot/6~bl; +http://www.semrush.com/bot.html)"
82.193.102.149 - - [26/Feb/2020:08:20:20 +0100] "GET /product_info.php?products_id=345&language=is&action=notify/ HTTP/1.1" 200 7219 "-" "Mozilla/5.0 (compatible; MJ12bot/v1.4.8; http://mj12bot.com/)"
82.193.102.149 - - [26/Feb/2020:08:20:25 +0100] "GET /product_info.php?products_id=345&language=lv&action=notify/ HTTP/1.1" 200 7234 "-" "Mozilla/5.0 (compatible; MJ12bot/v1.4.8; http://mj12bot.com/)"
82.193.102.149 - - [26/Feb/2020:08:20:29 +0100] "GET /product_info.php?products_id=345&language=nl&action=notify/ HTTP/1.1" 200 7185 "-" "Mozilla/5.0 (compatible; MJ12bot/v1.4.8; http://mj12bot.com/)"
82.193.102.149 - - [26/Feb/2020:08:20:36 +0100] "GET /product_info.php?products_id=345&language=no&action=notify/ HTTP/1.1" 200 7183 "-" "Mozilla/5.0 (compatible; MJ12bot/v1.4.8; http://mj12bot.com/)"
82.193.102.149 - - [26/Feb/2020:08:20:42 +0100] "GET /product_reviews.php?cPath=41_38&products_id=196&language=ru&action=notify/ HTTP/1.1" 200 7884 "-" "Mozilla/5.0 (compatible; MJ12bot/v1.4.8; http://mj12bot.com/)"
82.193.102.149 - - [26/Feb/2020:08:20:51 +0100] "GET /product_reviews.php?cPath=41_38&products_id=196&language=sr&action=buy_now/ HTTP/1.1" 200 7569 "-" "Mozilla/5.0 (compatible; MJ12bot/v1.4.8; http://mj12bot.com/)"
46.229.168.161 - - [26/Feb/2020:08:20:53 +0100] "GET /products_new.php?action=buy_now&page=1&products_id=380 HTTP/1.1" 302 561 "-" "Mozilla/5.0 (compatible; SemrushBot/6~bl; +http://www.semrush.com/bot.html)"
46.229.168.138 - - [26/Feb/2020:08:20:55 +0100] "GET /shopping_cart.php?page=1 HTTP/1.1" 200 8563 "-" "Mozilla/5.0 (compatible; SemrushBot/6~bl; +http://www.semrush.com/bot.html)"
82.193.102.149 - - [26/Feb/2020:08:20:56 +0100] "GET /product_reviews.php?cPath=41_38&products_id=196&language=sr&action=notify/ HTTP/1.1" 200 7506 "-" "Mozilla/5.0 (compatible; MJ12bot/v1.4.8; http://mj12bot.com/)"
46.229.168.133 - - [26/Feb/2020:08:20:59 +0100] "GET /products_new.php?action=buy_now&language=iw&page=8&products_id=231 HTTP/1.1" 302 569 "-" "Mozilla/5.0 (compatible; SemrushBot/6~bl; +http://www.semrush.com/bot.html)"
46.229.168.148 - - [26/Feb/2020:08:21:01 +0100] "GET /product_info.php?products_id=231 HTTP/1.1" 200 9311 "-" "Mozilla/5.0 (compatible; SemrushBot/6~bl; +http://www.semrush.com/bot.html)"
82.193.102.149 - - [26/Feb/2020:08:21:08 +0100] "GET /product_reviews.php?products_id=274&language=pl&action=buy_now/ HTTP/1.1" 200 7629 "-" "Mozilla/5.0 (compatible; MJ12bot/v1.4.8; http://mj12bot.com/)"
82.193.102.149 - - [26/Feb/2020:08:21:12 +0100] "GET /product_reviews.php?products_id=274&language=pl&action=notify/ HTTP/1.1" 200 7577 "-" "Mozilla/5.0 (compatible; MJ12bot/v1.4.8; http://mj12bot.com/)"
82.193.102.149 - - [26/Feb/2020:08:21:22 +0100] "GET /product_reviews.php?products_id=274&language=ru&action=buy_now/ HTTP/1.1" 200 7949 "-" "Mozilla/5.0 (compatible; MJ12bot/v1.4.8; http://mj12bot.com/)"
82.193.102.149 - - [26/Feb/2020:08:21:31 +0100] "GET /product_reviews.php?products_id=274&language=ru&action=notify/ HTTP/1.1" 200 7882 "-" "Mozilla/5.0 (compatible; MJ12bot/v1.4.8; http://mj12bot.com/)"
82.193.102.149 - - [26/Feb/2020:08:21:40 +0100] "GET /product_reviews.php?products_id=274&language=sr&action=buy_now/ HTTP/1.1" 200 7604 "-" "Mozilla/5.0 (compatible; MJ12bot/v1.4.8; http://mj12bot.com/)"
82.193.102.149 - - [26/Feb/2020:08:21:48 +0100] "GET /product_reviews.php?products_id=274&language=sr&action=notify/ HTTP/1.1" 200 7488 "-" "Mozilla/5.0 (compatible; MJ12bot/v1.4.8; http://mj12bot.com/)"
82.193.102.149 - - [26/Feb/2020:08:21:55 +0100] "GET /products_new.php?action=buy_now&products_id=379/ HTTP/1.1" 302 554 "-" "Mozilla/5.0 (compatible; MJ12bot/v1.4.8; http://mj12bot.com/)"
82.193.102.149 - - [26/Feb/2020:08:22:00 +0100] "GET /shopping_cart.php?osCsid=ejkqgel875vka284ehejdkv6c5 HTTP/1.1" 200 8553 "-" "Mozilla/5.0 (compatible; MJ12bot/v1.4.8; http://mj12bot.com/)"
82.193.102.149 - - [26/Feb/2020:08:22:08 +0100] "GET /products_new.php?language=cs&page=12&action=buy_now&products_id=130/ HTTP/1.1" 302 570 "-" "Mozilla/5.0 (compatible; MJ12bot/v1.4.8; http://mj12bot.com/)"
46.229.168.137 - - [26/Feb/2020:08:22:08 +0100] "GET /product_reviews_write.php?language=tr&products_id=261 HTTP/1.1" 302 546 "-" "Mozilla/5.0 (compatible; SemrushBot/6~bl; +http://www.semrush.com/bot.html)"
46.229.168.143 - - [26/Feb/2020:08:22:10 +0100] "GET /login.php HTTP/1.1" 200 7457 "-" "Mozilla/5.0 (compatible; SemrushBot/6~bl; +http://www.semrush.com/bot.html)"
82.193.102.149 - - [26/Feb/2020:08:22:13 +0100] "GET /product_info.php?products_id=130/&osCsid=4iapgmct6cu7e1ag3f1qipg3r2 HTTP/1.1" 200 9330 "-" "Mozilla/5.0 (compatible; MJ12bot/v1.4.8; http://mj12bot.com/)"
82.193.102.149 - - [26/Feb/2020:08:22:20 +0100] "GET /products_new.php?language=cs&page=12&action=buy_now&products_id=134/ HTTP/1.1" 302 570 "-" "Mozilla/5.0 (compatible; MJ12bot/v1.4.8; http://mj12bot.com/)"
159.138.158.165 - - [26/Feb/2020:08:22:23 +0100] "GET /account.php?osCsid=45p3n3unnc8s1th6a53ekenbu1 HTTP/1.1" 302 546 "-" "Mozilla/5.0 (iPad; CPU OS 7_0 like Mac OS X) AppleWebKit/537.51.1 (KHTML, like Gecko) Version/7.0 Mobile/11A465 Safari/9537.53"
159.138.154.148 - - [26/Feb/2020:08:22:24 +0100] "GET /login.php?osCsid=t5ga50r75p3ggo41p2k4dohl54 HTTP/1.1" 200 7311 "-" "Mozilla/5.0 (iPad; CPU OS 7_0 like Mac OS X) AppleWebKit/537.51.1 (KHTML, like Gecko) Version/7.0 Mobile/11A465 Safari/9537.53"
82.193.102.149 - - [26/Feb/2020:08:22:25 +0100] "GET /product_info.php?products_id=134/&osCsid=gf50a61p5c2ni7v0hlei0b0md4 HTTP/1.1" 200 9102 "-" "Mozilla/5.0 (compatible; MJ12bot/v1.4.8; http://mj12bot.com/)"
46.229.168.153 - - [26/Feb/2020:08:22:32 +0100] "GET /product_reviews.php?action=notify&language=ar&products_id=281 HTTP/1.1" 302 546 "-" "Mozilla/5.0 (compatible; SemrushBot/6~bl; +http://www.semrush.com/bot.html)"
82.193.102.149 - - [26/Feb/2020:08:22:33 +0100] "GET /products_new.php?language=cs&page=12&action=buy_now&products_id=142/ HTTP/1.1" 302 570 "-" "Mozilla/5.0 (compatible; MJ12bot/v1.4.8; http://mj12bot.com/)"
46.229.168.130 - - [26/Feb/2020:08:22:34 +0100] "GET /login.php HTTP/1.1" 200 7454 "-" "Mozilla/5.0 (compatible; SemrushBot/6~bl; +http://www.semrush.com/bot.html)"
82.193.102.149 - - [26/Feb/2020:08:22:37 +0100] "GET /product_info.php?products_id=142/&osCsid=hrnjahbgjee9ca5l2eb4a74vf5 HTTP/1.1" 200 9520 "-" "Mozilla/5.0 (compatible; MJ12bot/v1.4.8; http://mj12bot.com/)"
82.193.102.149 - - [26/Feb/2020:08:22:47 +0100] "GET /products_new.php?language=nl&page=10&action=buy_now&products_id=214/ HTTP/1.1" 302 570 "-" "Mozilla/5.0 (compatible; MJ12bot/v1.4.8; http://mj12bot.com/)"
82.193.102.149 - - [26/Feb/2020:08:22:53 +0100] "GET /product_info.php?products_id=214/&osCsid=cmim7vsqljg2bratotqn4v0le0 HTTP/1.1" 200 9250 "-" "Mozilla/5.0 (compatible; MJ12bot/v1.4.8; http://mj12bot.com/)"
82.193.102.149 - - [26/Feb/2020:08:23:00 +0100] "GET /products_new.php?language=nl&page=10&action=buy_now&products_id=219/ HTTP/1.1" 302 570 "-" "Mozilla/5.0 (compatible; MJ12bot/v1.4.8; http://mj12bot.com/)"
82.193.102.149 - - [26/Feb/2020:08:23:04 +0100] "GET /product_info.php?products_id=219/&osCsid=eb7floatcoks3cjbgaflh62mf3 HTTP/1.1" 200 8886 "-" "Mozilla/5.0 (compatible; MJ12bot/v1.4.8; http://mj12bot.com/)"
46.229.168.130 - - [26/Feb/2020:08:23:12 +0100] "GET /products_new.php?action=buy_now&language=pl&page=2&products_id=361 HTTP/1.1" 302 569 "-" "Mozilla/5.0 (compatible; SemrushBot/6~bl; +http://www.semrush.com/bot.html)"
46.229.168.162 - - [26/Feb/2020:08:23:13 +0100] "GET /product_info.php?products_id=361 HTTP/1.1" 200 9152 "-" "Mozilla/5.0 (compatible; SemrushBot/6~bl; +http://www.semrush.com/bot.html)"
82.193.102.149 - - [26/Feb/2020:08:23:15 +0100] "GET /products_new.php?language=nl&page=10&action=buy_now&products_id=220/ HTTP/1.1" 302 574 "-" "Mozilla/5.0 (compatible; MJ12bot/v1.4.8; http://mj12bot.com/)"
82.193.102.149 - - [26/Feb/2020:08:23:18 +0100] "GET /shopping_cart.php?language=nl&page=10&osCsid=ube6ig57uiih307ajjc1v9jua6 HTTP/1.1" 200 8583 "-" "Mozilla/5.0 (compatible; MJ12bot/v1.4.8; http://mj12bot.com/)"
46.229.168.142 - - [26/Feb/2020:08:23:24 +0100] "GET /products_new.php?action=buy_now&language=pl&page=8&products_id=261 HTTP/1.1" 302 569 "-" "Mozilla/5.0 (compatible; SemrushBot/6~bl; +http://www.semrush.com/bot.html)"
82.193.102.149 - - [26/Feb/2020:08:23:24 +0100] "GET /products_new.php?language=no&page=10&action=buy_now&products_id=211/ HTTP/1.1" 302 570 "-" "Mozilla/5.0 (compatible; MJ12bot/v1.4.8; http://mj12bot.com/)"
46.229.168.154 - - [26/Feb/2020:08:23:25 +0100] "GET /product_info.php?products_id=261 HTTP/1.1" 200 9370 "-" "Mozilla/5.0 (compatible; SemrushBot/6~bl; +http://www.semrush.com/bot.html)"
82.193.102.149 - - [26/Feb/2020:08:23:31 +0100] "GET /product_info.php?products_id=211/&osCsid=c40qannc7q9d890g3m6om8eg83 HTTP/1.1" 200 9485 "-" "Mozilla/5.0 (compatible; MJ12bot/v1.4.8; http://mj12bot.com/)"
82.193.102.149 - - [26/Feb/2020:08:23:36 +0100] "GET /products_new.php?language=no&page=10&action=buy_now&products_id=214/ HTTP/1.1" 302 570 "-" "Mozilla/5.0 (compatible; MJ12bot/v1.4.8; http://mj12bot.com/)"
82.193.102.149 - - [26/Feb/2020:08:23:41 +0100] "GET /product_info.php?products_id=214/&osCsid=lih0tvad7jnjfse8pddnur74p1 HTTP/1.1" 200 9250 "-" "Mozilla/5.0 (compatible; MJ12bot/v1.4.8; http://mj12bot.com/)"
82.193.102.149 - - [26/Feb/2020:08:23:49 +0100] "GET /products_new.php?language=no&page=10&action=buy_now&products_id=215/ HTTP/1.1" 302 570 "-" "Mozilla/5.0 (compatible; MJ12bot/v1.4.8; http://mj12bot.com/)"
82.193.102.149 - - [26/Feb/2020:08:23:57 +0100] "GET /product_info.php?products_id=215/&osCsid=36psdbtod4m2ot07b4svr7q0f1 HTTP/1.1" 200 9358 "-" "Mozilla/5.0 (compatible; MJ12bot/v1.4.8; http://mj12bot.com/)"
82.193.102.149 - - [26/Feb/2020:08:24:07 +0100] "GET /products_new.php?language=no&page=10&action=buy_now&products_id=219/ HTTP/1.1" 302 570 "-" "Mozilla/5.0 (compatible; MJ12bot/v1.4.8; http://mj12bot.com/)"
82.193.102.149 - - [26/Feb/2020:08:24:14 +0100] "GET /product_info.php?products_id=219/&osCsid=1k5dpfo3uq18iqjabmn0rqgdk5 HTTP/1.1" 200 8940 "-" "Mozilla/5.0 (compatible; MJ12bot/v1.4.8; http://mj12bot.com/)"
159.138.149.209 - - [26/Feb/2020:08:24:17 +0100] "GET /account.php?osCsid=69d3b4o6hnkqc8b72kmle3ric3 HTTP/1.1" 302 546 "-" "Mozilla/5.0(Linux;Android 5.1.1;OPPO A33 Build/LMY47V;wv) AppleWebKit/537.36(KHTML,link Gecko) Version/4.0 Chrome/42.0.2311.138 Mobile Safari/537.36"
159.138.153.106 - - [26/Feb/2020:08:24:17 +0100] "GET /login.php?osCsid=2uijkmtu86585git9kllgt03c3 HTTP/1.1" 200 7303 "-" "Mozilla/5.0(Linux;Android 5.1.1;OPPO A33 Build/LMY47V;wv) AppleWebKit/537.36(KHTML,link Gecko) Version/4.0 Chrome/42.0.2311.138 Mobile Safari/537.36"
82.193.102.149 - - [26/Feb/2020:08:24:19 +0100] "GET /products_new.php?language=no&page=10&action=buy_now&products_id=220/ HTTP/1.1" 302 574 "-" "Mozilla/5.0 (compatible; MJ12bot/v1.4.8; http://mj12bot.com/)"
82.193.102.149 - - [26/Feb/2020:08:24:23 +0100] "GET /shopping_cart.php?language=no&page=10&osCsid=tacmkrse71mic1brtna61t1i26 HTTP/1.1" 200 8571 "-" "Mozilla/5.0 (compatible; MJ12bot/v1.4.8; http://mj12bot.com/)"
82.193.102.149 - - [26/Feb/2020:08:24:30 +0100] "GET /products_new.php?language=no&page=11&action=buy_now&products_id=185/ HTTP/1.1" 302 570 "-" "Mozilla/5.0 (compatible; MJ12bot/v1.4.8; http://mj12bot.com/)"
82.193.102.149 - - [26/Feb/2020:08:24:38 +0100] "GET /product_info.php?products_id=185/&osCsid=eildll16n8g84iaqusev5it1m2 HTTP/1.1" 200 9531 "-" "Mozilla/5.0 (compatible; MJ12bot/v1.4.8; http://mj12bot.com/)"
82.193.102.149 - - [26/Feb/2020:08:24:47 +0100] "GET /products_new.php?page=14&action=buy_now&products_id=42/ HTTP/1.1" 302 562 "-" "Mozilla/5.0 (compatible; MJ12bot/v1.4.8; http://mj12bot.com/)"
82.193.102.149 - - [26/Feb/2020:08:24:50 +0100] "GET /shopping_cart.php?page=14&osCsid=2uqi6nmbblhm7gf2sgb6gge154 HTTP/1.1" 200 8566 "-" "Mozilla/5.0 (compatible; MJ12bot/v1.4.8; http://mj12bot.com/)"
82.193.102.149 - - [26/Feb/2020:08:25:00 +0100] "GET /products_new.php?page=14&action=buy_now&products_id=49/ HTTP/1.1" 302 562 "-" "Mozilla/5.0 (compatible; MJ12bot/v1.4.8; http://mj12bot.com/)"
46.229.168.138 - - [26/Feb/2020:08:25:01 +0100] "GET /product_info.php?action=add_product&cPath=42_40&language=en&products_id=280 HTTP/1.1" 302 566 "-" "Mozilla/5.0 (compatible; SemrushBot/6~bl; +http://www.semrush.com/bot.html)"
159.65.170.197 - - [26/Feb/2020:08:25:02 +0100] "GET /images/8Q769453664.HTML HTTP/1.1" 404 458 "-" "Mozilla/4.0 (compatible; MSIE 7.0; Windows NT 6.0)"
134.209.41.27 - - [26/Feb/2020:08:25:02 +0100] "GET /images/8Q769453664.HTML HTTP/1.1" 404 458 "-" "Mozilla/4.0 (compatible; MSIE 7.0; Windows NT 6.0)"
46.229.168.144 - - [26/Feb/2020:08:25:03 +0100] "GET /shopping_cart.php?language=en HTTP/1.1" 200 8559 "-" "Mozilla/5.0 (compatible; SemrushBot/6~bl; +http://www.semrush.com/bot.html)"
82.193.102.149 - - [26/Feb/2020:08:25:09 +0100] "GET /shopping_cart.php?page=14&osCsid=53titd68aagatenud95180gi57 HTTP/1.1" 200 8566 "-" "Mozilla/5.0 (compatible; MJ12bot/v1.4.8; http://mj12bot.com/)"
82.193.102.149 - - [26/Feb/2020:08:25:18 +0100] "GET /products_new.php?page=14&action=buy_now&products_id=50/ HTTP/1.1" 302 562 "-" "Mozilla/5.0 (compatible; MJ12bot/v1.4.8; http://mj12bot.com/)"
66.249.64.112 - - [26/Feb/2020:08:25:21 +0100] "GET /robots.txt HTTP/1.1" 404 445 "-" "Mozilla/5.0 (compatible; Googlebot/2.1; +http://www.google.com/bot.html)"
66.249.64.110 - - [26/Feb/2020:08:25:21 +0100] "GET /product_reviews.php?cPath=0_41_22&products_id=190&language=pl&osCsid=e8meft9r5a1os0a0hrr7r8s2o6 HTTP/1.1" 200 7562 "-" "Mozilla/5.0 (Linux; Android 6.0.1; Nexus 5X Build/MMB29P) AppleWebKit/537.36 (KHTML, like Gecko) Chrome/80.0.3987.92 Mobile Safari/537.36 (compatible; Googlebot/2.1; +http://www.google.com/bot.html)"
82.193.102.149 - - [26/Feb/2020:08:25:24 +0100] "GET /shopping_cart.php?page=14&osCsid=fntjvd5gnbebb0rpvbl5ikd2j2 HTTP/1.1" 200 8558 "-" "Mozilla/5.0 (compatible; MJ12bot/v1.4.8; http://mj12bot.com/)"
46.229.168.141 - - [26/Feb/2020:08:25:26 +0100] "GET /products_new.php?action=buy_now&language=fr&page=4&products_id=330 HTTP/1.1" 302 569 "-" "Mozilla/5.0 (compatible; SemrushBot/6~bl; +http://www.semrush.com/bot.html)"
46.229.168.150 - - [26/Feb/2020:08:25:28 +0100] "GET /product_info.php?products_id=330 HTTP/1.1" 200 9484 "-" "Mozilla/5.0 (compatible; SemrushBot/6~bl; +http://www.semrush.com/bot.html)"
82.193.102.149 - - [26/Feb/2020:08:25:31 +0100] "GET /products_new.php?page=14&action=buy_now&products_id=51/ HTTP/1.1" 302 562 "-" "Mozilla/5.0 (compatible; MJ12bot/v1.4.8; http://mj12bot.com/)"
82.193.102.149 - - [26/Feb/2020:08:25:38 +0100] "GET /shopping_cart.php?page=14&osCsid=jokd2b1k5va8sueiorudia9e96 HTTP/1.1" 200 8568 "-" "Mozilla/5.0 (compatible; MJ12bot/v1.4.8; http://mj12bot.com/)"
82.193.102.149 - - [26/Feb/2020:08:25:47 +0100] "GET /products_new.php?page=14&action=buy_now&products_id=57/ HTTP/1.1" 302 562 "-" "Mozilla/5.0 (compatible; MJ12bot/v1.4.8; http://mj12bot.com/)"
82.193.102.149 - - [26/Feb/2020:08:25:54 +0100] "GET /shopping_cart.php?page=14&osCsid=5to1kst042i5tqp5v72n61jne1 HTTP/1.1" 200 8576 "-" "Mozilla/5.0 (compatible; MJ12bot/v1.4.8; http://mj12bot.com/)"
82.193.102.149 - - [26/Feb/2020:08:26:01 +0100] "GET /products_new.php?page=7&language=ru&action=buy_now&products_id=279/ HTTP/1.1" 302 570 "-" "Mozilla/5.0 (compatible; MJ12bot/v1.4.8; http://mj12bot.com/)"
82.193.102.149 - - [26/Feb/2020:08:26:08 +0100] "GET /product_info.php?products_id=279/&osCsid=h7la6v1aedd4lehi3rhc9vt2o1 HTTP/1.1" 200 9177 "-" "Mozilla/5.0 (compatible; MJ12bot/v1.4.8; http://mj12bot.com/)"
46.229.168.148 - - [26/Feb/2020:08:26:13 +0100] "GET /product_info.php?action=notify&cPath=42_40&language=tr&products_id=371 HTTP/1.1" 302 546 "-" "Mozilla/5.0 (compatible; SemrushBot/6~bl; +http://www.semrush.com/bot.html)"
82.193.102.149 - - [26/Feb/2020:08:26:15 +0100] "GET /products_new.php?page=7&language=tr&action=buy_now&products_id=266/ HTTP/1.1" 302 570 "-" "Mozilla/5.0 (compatible; MJ12bot/v1.4.8; http://mj12bot.com/)"
46.229.168.130 - - [26/Feb/2020:08:26:15 +0100] "GET /login.php HTTP/1.1" 200 7455 "-" "Mozilla/5.0 (compatible; SemrushBot/6~bl; +http://www.semrush.com/bot.html)"
46.229.168.133 - - [26/Feb/2020:08:26:20 +0100] "GET /product_info.php?action=notify&cPath=42_60&language=lv&products_id=240 HTTP/1.1" 302 546 "-" "Mozilla/5.0 (compatible; SemrushBot/6~bl; +http://www.semrush.com/bot.html)"
46.229.168.130 - - [26/Feb/2020:08:26:21 +0100] "GET /login.php HTTP/1.1" 200 7441 "-" "Mozilla/5.0 (compatible; SemrushBot/6~bl; +http://www.semrush.com/bot.html)"
82.193.102.149 - - [26/Feb/2020:08:26:27 +0100] "GET /product_info.php?products_id=266/&osCsid=i4nv5vtrcj6g636v1b9o5auu42 HTTP/1.1" 200 9265 "-" "Mozilla/5.0 (compatible; MJ12bot/v1.4.8; http://mj12bot.com/)"
46.229.168.142 - - [26/Feb/2020:08:27:07 +0100] "GET /product_reviews.php?action=buy_now&language=tr&products_id=294 HTTP/1.1" 302 569 "-" "Mozilla/5.0 (compatible; SemrushBot/6~bl; +http://www.semrush.com/bot.html)"
46.229.168.139 - - [26/Feb/2020:08:27:08 +0100] "GET /product_info.php?products_id=294 HTTP/1.1" 200 9872 "-" "Mozilla/5.0 (compatible; SemrushBot/6~bl; +http://www.semrush.com/bot.html)"
46.229.168.141 - - [26/Feb/2020:08:27:10 +0100] "GET /product_reviews.php?cPath=42_40&language=fr&products_id=386 HTTP/1.1" 200 7368 "-" "Mozilla/5.0 (compatible; SemrushBot/6~bl; +http://www.semrush.com/bot.html)"
46.229.168.145 - - [26/Feb/2020:08:29:05 +0100] "GET /product_reviews.php?action=buy_now&cPath=42_55&language=sr&products_id=228 HTTP/1.1" 302 569 "-" "Mozilla/5.0 (compatible; SemrushBot/6~bl; +http://www.semrush.com/bot.html)"
46.229.168.133 - - [26/Feb/2020:08:29:06 +0100] "GET /product_info.php?products_id=228 HTTP/1.1" 200 9165 "-" "Mozilla/5.0 (compatible; SemrushBot/6~bl; +http://www.semrush.com/bot.html)"
46.229.168.143 - - [26/Feb/2020:08:29:52 +0100] "GET /product_reviews.php?action=notify&cPath=42_24&language=pl&products_id=298 HTTP/1.1" 302 546 "-" "Mozilla/5.0 (compatible; SemrushBot/6~bl; +http://www.semrush.com/bot.html)"
46.229.168.150 - - [26/Feb/2020:08:29:54 +0100] "GET /login.php HTTP/1.1" 200 7456 "-" "Mozilla/5.0 (compatible; SemrushBot/6~bl; +http://www.semrush.com/bot.html)"
46.229.168.146 - - [26/Feb/2020:08:30:01 +0100] "GET /product_info.php?action=add_product&cPath=47_64&language=lv&products_id=327 HTTP/1.1" 302 566 "-" "Mozilla/5.0 (compatible; SemrushBot/6~bl; +http://www.semrush.com/bot.html)"
46.229.168.154 - - [26/Feb/2020:08:30:02 +0100] "GET /shopping_cart.php?language=lv HTTP/1.1" 200 8599 "-" "Mozilla/5.0 (compatible; SemrushBot/6~bl; +http://www.semrush.com/bot.html)"
114.119.158.159 - - [26/Feb/2020:08:30:08 +0100] "GET /account.php?osCsid=21c5d5jh2rpk2vgcsm4ap2dfc0 HTTP/1.1" 302 546 "-" "Mozilla/5.0 (iPad; CPU OS 7_0 like Mac OS X) AppleWebKit/537.51.1 (KHTML, like Gecko) Version/7.0 Mobile/11A465 Safari/9537.53"
114.119.158.159 - - [26/Feb/2020:08:30:09 +0100] "GET /login.php?osCsid=d2a5anm41ic02rn8psp9m1ji42 HTTP/1.1" 200 7357 "-" "Mozilla/5.0 (iPad; CPU OS 7_0 like Mac OS X) AppleWebKit/537.51.1 (KHTML, like Gecko) Version/7.0 Mobile/11A465 Safari/9537.53"
114.119.148.249 - - [26/Feb/2020:08:30:38 +0100] "GET /redirect.php?action=url&goto=www.vetsuture.com&osCsid=842ff2bv5miulh92nfmv1943p6 HTTP/1.1" 302 496 "-" "Mozilla/5.0(Linux;Android 5.1.1;OPPO A33 Build/LMY47V;wv) AppleWebKit/537.36(KHTML,link Gecko) Version/4.0 Chrome/43.0.2357.121 Mobile Safari/537.36"
114.119.138.139 - - [26/Feb/2020:08:30:44 +0100] "GET /product_info.php?products_id=237&osCsid=avn38qbuf4aipi5qa8avc4t7l7 HTTP/1.1" 200 9359 "-" "Mozilla/5.0(Linux;Android 5.1.1;OPPO A33 Build/LMY47V;wv) AppleWebKit/537.36(KHTML,link Gecko) Version/4.0 Chrome/43.0.2357.121 Mobile Safari/537.36"
114.119.135.119 - - [26/Feb/2020:08:30:49 +0100] "GET /account.php?osCsid=09l31i8s1sbvaucd01v5p89574 HTTP/1.1" 302 546 "-" "Mozilla/5.0(Linux;Android 5.1.1;OPPO A33 Build/LMY47V;wv) AppleWebKit/537.36(KHTML,link Gecko) Version/4.0 Chrome/42.0.2311.138 Mobile Safari/537.36"
114.119.135.119 - - [26/Feb/2020:08:30:50 +0100] "GET /login.php?osCsid=ag9de2d6s3uvjubs5rn3pbjph6 HTTP/1.1" 200 7302 "-" "Mozilla/5.0(Linux;Android 5.1.1;OPPO A33 Build/LMY47V;wv) AppleWebKit/537.36(KHTML,link Gecko) Version/4.0 Chrome/42.0.2311.138 Mobile Safari/537.36"
46.229.168.154 - - [26/Feb/2020:08:31:13 +0100] "GET /product_info.php?cPath=41_59&language=ar&products_id=261 HTTP/1.1" 200 9839 "-" "Mozilla/5.0 (compatible; SemrushBot/6~bl; +http://www.semrush.com/bot.html)"
46.229.168.151 - - [26/Feb/2020:08:31:45 +0100] "GET /product_reviews.php?action=buy_now&cPath=47_64&language=en&products_id=317 HTTP/1.1" 302 569 "-" "Mozilla/5.0 (compatible; SemrushBot/6~bl; +http://www.semrush.com/bot.html)"
46.229.168.139 - - [26/Feb/2020:08:31:46 +0100] "GET /product_info.php?products_id=317 HTTP/1.1" 200 9410 "-" "Mozilla/5.0 (compatible; SemrushBot/6~bl; +http://www.semrush.com/bot.html)"
46.229.168.134 - - [26/Feb/2020:08:34:35 +0100] "GET /robots.txt HTTP/1.1" 404 445 "-" "Mozilla/5.0 (compatible; SemrushBot/6~bl; +http://www.semrush.com/bot.html)"
46.229.168.129 - - [26/Feb/2020:08:34:36 +0100] "GET /product_reviews.php?action=notify&language=fr&products_id=321 HTTP/1.1" 302 546 "-" "Mozilla/5.0 (compatible; SemrushBot/6~bl; +http://www.semrush.com/bot.html)"
46.229.168.141 - - [26/Feb/2020:08:34:37 +0100] "GET /login.php HTTP/1.1" 200 7467 "-" "Mozilla/5.0 (compatible; SemrushBot/6~bl; +http://www.semrush.com/bot.html)"
46.229.168.142 - - [26/Feb/2020:08:34:47 +0100] "GET /products_new.php?page=8 HTTP/1.1" 200 7946 "-" "Mozilla/5.0 (compatible; SemrushBot/6~bl; +http://www.semrush.com/bot.html)"
46.229.168.144 - - [26/Feb/2020:08:34:55 +0100] "GET /product_reviews.php?language=ar&products_id=294 HTTP/1.1" 200 7673 "-" "Mozilla/5.0 (compatible; SemrushBot/6~bl; +http://www.semrush.com/bot.html)"
46.229.168.143 - - [26/Feb/2020:08:35:31 +0100] "GET /product_reviews_write.php?cPath=41_37&language=en&products_id=245 HTTP/1.1" 302 546 "-" "Mozilla/5.0 (compatible; SemrushBot/6~bl; +http://www.semrush.com/bot.html)"
46.229.168.136 - - [26/Feb/2020:08:35:32 +0100] "GET /login.php HTTP/1.1" 200 7454 "-" "Mozilla/5.0 (compatible; SemrushBot/6~bl; +http://www.semrush.com/bot.html)"
46.229.168.129 - - [26/Feb/2020:08:36:24 +0100] "GET /product_reviews.php?cPath=41_59&language=iw&products_id=261 HTTP/1.1" 200 7681 "-" "Mozilla/5.0 (compatible; SemrushBot/6~bl; +http://www.semrush.com/bot.html)"
46.229.168.137 - - [26/Feb/2020:08:36:40 +0100] "GET /product_info.php?action=notify&cPath=47_64&language=lv&products_id=318 HTTP/1.1" 302 546 "-" "Mozilla/5.0 (compatible; SemrushBot/6~bl; +http://www.semrush.com/bot.html)"
46.229.168.134 - - [26/Feb/2020:08:36:42 +0100] "GET /login.php HTTP/1.1" 200 7468 "-" "Mozilla/5.0 (compatible; SemrushBot/6~bl; +http://www.semrush.com/bot.html)"
46.229.168.139 - - [26/Feb/2020:08:37:03 +0100] "GET /product_info.php?cPath=42_52&language=iw&products_id=142 HTTP/1.1" 200 9862 "-" "Mozilla/5.0 (compatible; SemrushBot/6~bl; +http://www.semrush.com/bot.html)"
46.229.168.135 - - [26/Feb/2020:08:37:04 +0100] "GET /product_reviews.php?language=lv&products_id=333 HTTP/1.1" 200 7203 "-" "Mozilla/5.0 (compatible; SemrushBot/6~bl; +http://www.semrush.com/bot.html)"
46.229.168.150 - - [26/Feb/2020:08:37:28 +0100] "GET /product_reviews.php?action=notify&cPath=42_39&language=lv&products_id=149 HTTP/1.1" 302 546 "-" "Mozilla/5.0 (compatible; SemrushBot/6~bl; +http://www.semrush.com/bot.html)"
46.229.168.146 - - [26/Feb/2020:08:37:30 +0100] "GET /login.php HTTP/1.1" 200 7495 "-" "Mozilla/5.0 (compatible; SemrushBot/6~bl; +http://www.semrush.com/bot.html)"
46.229.168.143 - - [26/Feb/2020:08:38:26 +0100] "GET /index.php?cPath=42_39&language=ru&page=1&sort=1a HTTP/1.1" 200 7926 "-" "Mozilla/5.0 (compatible; SemrushBot/6~bl; +http://www.semrush.com/bot.html)"
46.229.168.154 - - [26/Feb/2020:08:40:14 +0100] "GET /product_info.php?action=notify&cPath=42_24&language=fr&products_id=306 HTTP/1.1" 302 546 "-" "Mozilla/5.0 (compatible; SemrushBot/6~bl; +http://www.semrush.com/bot.html)"
46.229.168.146 - - [26/Feb/2020:08:40:16 +0100] "GET /login.php HTTP/1.1" 200 7458 "-" "Mozilla/5.0 (compatible; SemrushBot/6~bl; +http://www.semrush.com/bot.html)"
46.229.168.154 - - [26/Feb/2020:08:41:18 +0100] "GET /product_reviews.php?action=buy_now&cPath=42_60&language=ar&products_id=274 HTTP/1.1" 302 569 "-" "Mozilla/5.0 (compatible; SemrushBot/6~bl; +http://www.semrush.com/bot.html)"
46.229.168.149 - - [26/Feb/2020:08:41:19 +0100] "GET /product_info.php?products_id=274 HTTP/1.1" 200 9324 "-" "Mozilla/5.0 (compatible; SemrushBot/6~bl; +http://www.semrush.com/bot.html)"
66.249.64.108 - - [26/Feb/2020:08:41:38 +0100] "GET /product_info.php?cPath=24_23&products_id=97&language=fr&osCsid=ihk1qh6m0lhpil82g640939482 HTTP/1.1" 200 9488 "-" "Mozilla/5.0 (Linux; Android 6.0.1; Nexus 5X Build/MMB29P) AppleWebKit/537.36 (KHTML, like Gecko) Chrome/80.0.3987.92 Mobile Safari/537.36 (compatible; Googlebot/2.1; +http://www.google.com/bot.html)"
46.229.168.135 - - [26/Feb/2020:08:42:44 +0100] "GET /product_reviews.php?action=buy_now&cPath=41_59&language=iw&products_id=194 HTTP/1.1" 302 569 "-" "Mozilla/5.0 (compatible; SemrushBot/6~bl; +http://www.semrush.com/bot.html)"
46.229.168.145 - - [26/Feb/2020:08:42:46 +0100] "GET /product_info.php?products_id=194 HTTP/1.1" 200 9181 "-" "Mozilla/5.0 (compatible; SemrushBot/6~bl; +http://www.semrush.com/bot.html)"
46.229.168.133 - - [26/Feb/2020:08:43:04 +0100] "GET /product_info.php?language=en&products_id=268 HTTP/1.1" 200 7180 "-" "Mozilla/5.0 (compatible; SemrushBot/6~bl; +http://www.semrush.com/bot.html)"
114.119.155.239 - - [26/Feb/2020:08:43:23 +0100] "GET /redirect.php?action=url&goto=www.vetsuture.com&osCsid=j59hf5md9r4k0e4r5reh6th6d1 HTTP/1.1" 302 496 "-" "Mozilla/5.0(Linux;Android 5.1.1;OPPO A33 Build/LMY47V;wv) AppleWebKit/537.36(KHTML,link Gecko) Version/4.0 Chrome/42.0.2311.138 Mobile Safari/537.36"
46.229.168.141 - - [26/Feb/2020:08:43:25 +0100] "GET /product_reviews.php?action=notify&language=en&products_id=384 HTTP/1.1" 302 546 "-" "Mozilla/5.0 (compatible; SemrushBot/6~bl; +http://www.semrush.com/bot.html)"
46.229.168.161 - - [26/Feb/2020:08:43:27 +0100] "GET /login.php HTTP/1.1" 200 7468 "-" "Mozilla/5.0 (compatible; SemrushBot/6~bl; +http://www.semrush.com/bot.html)"
114.119.133.195 - - [26/Feb/2020:08:43:29 +0100] "GET /account.php?osCsid=0ehfh7511llfb57f7fmuu18d67 HTTP/1.1" 302 546 "-" "Mozilla/5.0(Linux;Android 5.1.1;OPPO A33 Build/LMY47V;wv) AppleWebKit/537.36(KHTML,link Gecko) Version/4.0 Chrome/42.0.2311.138 Mobile Safari/537.36"
114.119.133.195 - - [26/Feb/2020:08:43:30 +0100] "GET /login.php?osCsid=gvcaf2bl5nvdph2ceq8akb80v6 HTTP/1.1" 200 7327 "-" "Mozilla/5.0(Linux;Android 5.1.1;OPPO A33 Build/LMY47V;wv) AppleWebKit/537.36(KHTML,link Gecko) Version/4.0 Chrome/42.0.2311.138 Mobile Safari/537.36"
17.58.97.76 - - [26/Feb/2020:08:43:43 +0100] "GET /index.php?osCsid=3tvg3f9sl2rbi58u3k3oh89l95&language=ru HTTP/1.1" 200 7648 "-" "Mozilla/5.0 (Macintosh; Intel Mac OS X 10_10_1) AppleWebKit/600.2.5 (KHTML, like Gecko) Version/8.0.2 Safari/600.2.5 (Applebot/0.1; +http://www.apple.com/go/applebot)"
54.36.148.116 - - [26/Feb/2020:08:43:43 +0100] "GET /product_reviews.php?cPath=47_66&products_id=333&language=iw&action=notify HTTP/1.1" 302 546 "-" "Mozilla/5.0 (compatible; AhrefsBot/6.1; +http://ahrefs.com/robot/)"
66.249.64.108 - - [26/Feb/2020:08:44:02 +0100] "GET /index.php?manufacturers_id=10&filter_id=40&page=1&sort=1a&language=ar&osCsid=97d99mqktasigtgg1aqlvt03j3 HTTP/1.1" 200 8309 "-" "Mozilla/5.0 (Linux; Android 6.0.1; Nexus 5X Build/MMB29P) AppleWebKit/537.36 (KHTML, like Gecko) Chrome/41.0.2272.96 Mobile Safari/537.36 (compatible; Googlebot/2.1; +http://www.google.com/bot.html)"
46.229.168.136 - - [26/Feb/2020:08:44:18 +0100] "GET /product_info.php?action=add_product&cPath=47&language=en&products_id=378 HTTP/1.1" 302 566 "-" "Mozilla/5.0 (compatible; SemrushBot/6~bl; +http://www.semrush.com/bot.html)"
46.229.168.153 - - [26/Feb/2020:08:44:20 +0100] "GET /shopping_cart.php?language=en HTTP/1.1" 200 8567 "-" "Mozilla/5.0 (compatible; SemrushBot/6~bl; +http://www.semrush.com/bot.html)"
46.229.168.152 - - [26/Feb/2020:08:44:33 +0100] "GET /index.php?cPath=41_38&page=1&sort=4d HTTP/1.1" 200 7376 "-" "Mozilla/5.0 (compatible; SemrushBot/6~bl; +http://www.semrush.com/bot.html)"
46.229.168.151 - - [26/Feb/2020:08:44:53 +0100] "GET /product_info.php?action=add_product&cPath=29_54&language=lv&products_id=219 HTTP/1.1" 302 566 "-" "Mozilla/5.0 (compatible; SemrushBot/6~bl; +http://www.semrush.com/bot.html)"
46.229.168.148 - - [26/Feb/2020:08:44:55 +0100] "GET /shopping_cart.php?language=lv HTTP/1.1" 200 8568 "-" "Mozilla/5.0 (compatible; SemrushBot/6~bl; +http://www.semrush.com/bot.html)"
114.119.140.67 - - [26/Feb/2020:08:45:56 +0100] "GET /product_info.php?products_id=203&osCsid=ulb1vv1v08fbu69cki7ebi8oe4 HTTP/1.1" 200 9262 "-" "Mozilla/5.0 (iPad; CPU OS 7_0 like Mac OS X) AppleWebKit/537.51.1 (KHTML, like Gecko) Version/7.0 Mobile/11A465 Safari/9537.53"
114.119.143.251 - - [26/Feb/2020:08:46:03 +0100] "GET /redirect.php?action=url&goto=www.vetsuture.com&osCsid=8ubnq9n2lggr5l1e2in2hji9i6 HTTP/1.1" 302 496 "-" "Mozilla/5.0(Linux;U;Android 5.1.1;zh-CN;OPPO A33 Build/LMY47V) AppleWebKit/537.36(KHTML,like Gecko) Version/4.0 Chrome/40.0.2214.89 Mobile Safari/537.36"
114.119.161.156 - - [26/Feb/2020:08:46:08 +0100] "GET /product_info.php?products_id=265 HTTP/1.1" 200 9301 "-" "Mozilla/5.0(Linux;U;Android 5.1.1;zh-CN;OPPO A33 Build/LMY47V) AppleWebKit/537.36(KHTML,like Gecko) Version/4.0 Chrome/40.0.2214.89 Mobile Safari/537.36"
46.229.168.147 - - [26/Feb/2020:08:46:12 +0100] "GET /index.php?cPath=29_31&language=tr&page=1&sort=4a HTTP/1.1" 200 7368 "-" "Mozilla/5.0 (compatible; SemrushBot/6~bl; +http://www.semrush.com/bot.html)"
114.119.143.32 - - [26/Feb/2020:08:46:13 +0100] "GET /redirect.php?action=url&goto=www.vetsuture.com&osCsid=rca82m2kj5duv346f9tbeoo9f6 HTTP/1.1" 302 496 "-" "Mozilla/5.0 (iPad; CPU OS 7_0 like Mac OS X) AppleWebKit/537.51.1 (KHTML, like Gecko) Version/7.0 Mobile/11A465 Safari/9537.53"
114.119.129.131 - - [26/Feb/2020:08:46:18 +0100] "GET /product_info.php?products_id=341&osCsid=72dblibl4ngar6p8rd2fbb7n94 HTTP/1.1" 200 9417 "-" "Mozilla/5.0(Linux;Android 5.1.1;OPPO A33 Build/LMY47V;wv) AppleWebKit/537.36(KHTML,link Gecko) Version/4.0 Chrome/43.0.2357.121 Mobile Safari/537.36"
114.119.149.37 - - [26/Feb/2020:08:46:23 +0100] "GET /redirect.php?action=url&goto=www.vetsuture.com&osCsid=kbp6ikd7583c4v8oureounag23 HTTP/1.1" 302 496 "-" "Mozilla/5.0 (iPad; CPU OS 7_0 like Mac OS X) AppleWebKit/537.51.1 (KHTML, like Gecko) Version/7.0 Mobile/11A465 Safari/9537.53"
114.119.133.125 - - [26/Feb/2020:08:46:29 +0100] "GET /product_info.php?products_id=237&osCsid=0ahpm3mnop2vfpjbs615dhluq7 HTTP/1.1" 200 9359 "-" "Mozilla/5.0 (iPad; CPU OS 7_0 like Mac OS X) AppleWebKit/537.51.1 (KHTML, like Gecko) Version/7.0 Mobile/11A465 Safari/9537.53"
114.119.131.235 - - [26/Feb/2020:08:46:34 +0100] "GET /redirect.php?action=url&goto=www.vetsuture.com&osCsid=hhtk50jd2cl3ut4lo8i1pg87h7 HTTP/1.1" 302 496 "-" "Mozilla/5.0(Linux;Android 5.1.1;OPPO A33 Build/LMY47V;wv) AppleWebKit/537.36(KHTML,link Gecko) Version/4.0 Chrome/43.0.2357.121 Mobile Safari/537.36"
114.119.157.145 - - [26/Feb/2020:08:46:39 +0100] "GET /account.php?osCsid=017m844ug6v6436vmguf1dtda0 HTTP/1.1" 302 546 "-" "Mozilla/5.0(Linux;Android 5.1.1;OPPO A33 Build/LMY47V;wv) AppleWebKit/537.36(KHTML,link Gecko) Version/4.0 Chrome/43.0.2357.121 Mobile Safari/537.36"
114.119.157.145 - - [26/Feb/2020:08:46:40 +0100] "GET /login.php?osCsid=mvdpgfcs5iheb61h9c8sg1p265 HTTP/1.1" 200 7312 "-" "Mozilla/5.0(Linux;Android 5.1.1;OPPO A33 Build/LMY47V;wv) AppleWebKit/537.36(KHTML,link Gecko) Version/4.0 Chrome/43.0.2357.121 Mobile Safari/537.36"
114.119.163.114 - - [26/Feb/2020:08:46:58 +0100] "GET /product_info.php?products_id=97&osCsid=g27u7qmgtflqb0s38572gec072 HTTP/1.1" 200 9327 "-" "Mozilla/5.0(Linux;Android 5.1.1;OPPO A33 Build/LMY47V;wv) AppleWebKit/537.36(KHTML,link Gecko) Version/4.0 Chrome/42.0.2311.138 Mobile Safari/537.36"
114.119.147.186 - - [26/Feb/2020:08:47:03 +0100] "GET /product_info.php?products_id=237&osCsid=m4acksg3ctt7kuoeqkq22ncn40 HTTP/1.1" 200 9339 "-" "Mozilla/5.0(Linux;U;Android 5.1.1;zh-CN;OPPO A33 Build/LMY47V) AppleWebKit/537.36(KHTML,like Gecko) Version/4.0 Chrome/40.0.2214.89 Mobile Safari/537.36"
46.229.168.144 - - [26/Feb/2020:08:47:05 +0100] "GET /product_reviews.php?action=buy_now&language=ru&products_id=300 HTTP/1.1" 302 569 "-" "Mozilla/5.0 (compatible; SemrushBot/6~bl; +http://www.semrush.com/bot.html)"
40.77.167.1 - - [26/Feb/2020:08:47:06 +0100] "GET /product_info.php?cPath=42_24&products_id=242 HTTP/1.1" 200 9461 "-" "Mozilla/5.0 (compatible; bingbot/2.0; +http://www.bing.com/bingbot.htm)"
46.229.168.136 - - [26/Feb/2020:08:47:06 +0100] "GET /product_info.php?products_id=300 HTTP/1.1" 200 9199 "-" "Mozilla/5.0 (compatible; SemrushBot/6~bl; +http://www.semrush.com/bot.html)"
114.119.140.105 - - [26/Feb/2020:08:47:08 +0100] "GET /redirect.php?action=url&goto=www.vetsuture.com&osCsid=795vnc6bp742mcb2q3o761qpj1 HTTP/1.1" 302 496 "-" "Mozilla/5.0 (iPad; CPU OS 7_0 like Mac OS X) AppleWebKit/537.51.1 (KHTML, like Gecko) Version/7.0 Mobile/11A465 Safari/9537.53"
114.119.147.32 - - [26/Feb/2020:08:47:13 +0100] "GET /account.php?osCsid=01376a1bso5496po8pg8c5phi7 HTTP/1.1" 302 546 "-" "Mozilla/5.0(Linux;U;Android 5.1.1;zh-CN;OPPO A33 Build/LMY47V) AppleWebKit/537.36(KHTML,like Gecko) Version/4.0 Chrome/40.0.2214.89 Mobile Safari/537.36"
114.119.147.32 - - [26/Feb/2020:08:47:14 +0100] "GET /login.php?osCsid=dupr0nhvn9mp4umbgtkha229e4 HTTP/1.1" 200 7323 "-" "Mozilla/5.0(Linux;U;Android 5.1.1;zh-CN;OPPO A33 Build/LMY47V) AppleWebKit/537.36(KHTML,like Gecko) Version/4.0 Chrome/40.0.2214.89 Mobile Safari/537.36"
46.229.168.133 - - [26/Feb/2020:08:48:53 +0100] "GET /product_info.php?action=notify&language=iw&products_id=201 HTTP/1.1" 302 546 "-" "Mozilla/5.0 (compatible; SemrushBot/6~bl; +http://www.semrush.com/bot.html)"
46.229.168.163 - - [26/Feb/2020:08:48:55 +0100] "GET /login.php HTTP/1.1" 200 7455 "-" "Mozilla/5.0 (compatible; SemrushBot/6~bl; +http://www.semrush.com/bot.html)"
46.229.168.151 - - [26/Feb/2020:08:49:24 +0100] "GET /index.php?cPath=41_59&language=ru&page=1&sort=4d HTTP/1.1" 200 7988 "-" "Mozilla/5.0 (compatible; SemrushBot/6~bl; +http://www.semrush.com/bot.html)"
46.229.168.151 - - [26/Feb/2020:08:49:44 +0100] "GET /product_info.php?action=notify&cPath=29_30&language=ru&products_id=116 HTTP/1.1" 302 546 "-" "Mozilla/5.0 (compatible; SemrushBot/6~bl; +http://www.semrush.com/bot.html)"
46.229.168.144 - - [26/Feb/2020:08:49:46 +0100] "GET /login.php HTTP/1.1" 200 7445 "-" "Mozilla/5.0 (compatible; SemrushBot/6~bl; +http://www.semrush.com/bot.html)"
46.229.168.162 - - [26/Feb/2020:08:50:08 +0100] "GET /product_info.php?cPath=47_64&language=iw&products_id=327 HTTP/1.1" 200 9408 "-" "Mozilla/5.0 (compatible; SemrushBot/6~bl; +http://www.semrush.com/bot.html)"
216.244.66.234 - - [26/Feb/2020:08:51:00 +0100] "GET /index.php?cPath=41&language=ar HTTP/1.1" 200 72812 "-" "Mozilla/5.0 (compatible; DotBot/1.1; http://www.opensiteexplorer.org/dotbot, help@moz.com)"
46.229.168.129 - - [26/Feb/2020:08:51:13 +0100] "GET /robots.txt HTTP/1.1" 404 445 "-" "Mozilla/5.0 (compatible; SemrushBot/6~bl; +http://www.semrush.com/bot.html)"
46.229.168.148 - - [26/Feb/2020:08:51:14 +0100] "GET /product_info.php?language=lv&products_id=282 HTTP/1.1" 200 9292 "-" "Mozilla/5.0 (compatible; SemrushBot/6~bl; +http://www.semrush.com/bot.html)"
46.229.168.138 - - [26/Feb/2020:08:52:38 +0100] "GET /product_reviews.php?action=notify&cPath=47_66&language=en&products_id=328 HTTP/1.1" 302 546 "-" "Mozilla/5.0 (compatible; SemrushBot/6~bl; +http://www.semrush.com/bot.html)"
46.229.168.134 - - [26/Feb/2020:08:52:39 +0100] "GET /login.php HTTP/1.1" 200 7458 "-" "Mozilla/5.0 (compatible; SemrushBot/6~bl; +http://www.semrush.com/bot.html)"
46.229.168.136 - - [26/Feb/2020:08:52:50 +0100] "GET /index.php?cPath=47_64&language=ru&page=1&sort=4d HTTP/1.1" 200 7887 "-" "Mozilla/5.0 (compatible; SemrushBot/6~bl; +http://www.semrush.com/bot.html)"
46.229.168.154 - - [26/Feb/2020:08:53:15 +0100] "GET /index.php?cPath=41_59&language=ar&page=1&sort=4d HTTP/1.1" 200 7883 "-" "Mozilla/5.0 (compatible; SemrushBot/6~bl; +http://www.semrush.com/bot.html)"
46.229.168.135 - - [26/Feb/2020:08:53:21 +0100] "GET /product_reviews_write.php?cPath=42_60&language=tr&products_id=303 HTTP/1.1" 302 546 "-" "Mozilla/5.0 (compatible; SemrushBot/6~bl; +http://www.semrush.com/bot.html)"
46.229.168.148 - - [26/Feb/2020:08:53:23 +0100] "GET /login.php HTTP/1.1" 200 7453 "-" "Mozilla/5.0 (compatible; SemrushBot/6~bl; +http://www.semrush.com/bot.html)"
46.229.168.135 - - [26/Feb/2020:08:53:30 +0100] "GET /product_info.php?action=add_product&cPath=47_66&language=sr&products_id=334 HTTP/1.1" 302 566 "-" "Mozilla/5.0 (compatible; SemrushBot/6~bl; +http://www.semrush.com/bot.html)"
46.229.168.150 - - [26/Feb/2020:08:53:31 +0100] "GET /shopping_cart.php?language=sr HTTP/1.1" 200 8683 "-" "Mozilla/5.0 (compatible; SemrushBot/6~bl; +http://www.semrush.com/bot.html)"
114.119.145.200 - - [26/Feb/2020:08:54:08 +0100] "GET /account.php?osCsid=0dbc2cltjcpu4p8jbg0c309771 HTTP/1.1" 302 546 "-" "Mozilla/5.0 (iPad; CPU OS 7_0 like Mac OS X) AppleWebKit/537.51.1 (KHTML, like Gecko) Version/7.0 Mobile/11A465 Safari/9537.53"
114.119.145.200 - - [26/Feb/2020:08:54:08 +0100] "GET /login.php?osCsid=epdm1ocf7dnhj5tqboc6c6k1m5 HTTP/1.1" 200 7323 "-" "Mozilla/5.0 (iPad; CPU OS 7_0 like Mac OS X) AppleWebKit/537.51.1 (KHTML, like Gecko) Version/7.0 Mobile/11A465 Safari/9537.53"
46.229.168.133 - - [26/Feb/2020:08:56:04 +0100] "GET /product_info.php?language=sr&products_id=52 HTTP/1.1" 200 9128 "-" "Mozilla/5.0 (compatible; SemrushBot/6~bl; +http://www.semrush.com/bot.html)"
17.58.97.76 - - [26/Feb/2020:08:57:08 +0100] "GET /index.php?cPath=42&osCsid=e79c7ub4k37q67q3skjl2pv2c7 HTTP/1.1" 200 8779 "-" "Mozilla/5.0 (Macintosh; Intel Mac OS X 10_10_1) AppleWebKit/600.2.5 (KHTML, like Gecko) Version/8.0.2 Safari/600.2.5 (Applebot/0.1; +http://www.apple.com/go/applebot)"
46.229.168.162 - - [26/Feb/2020:08:58:16 +0100] "GET /product_reviews.php?action=buy_now&language=en&products_id=222 HTTP/1.1" 302 566 "-" "Mozilla/5.0 (compatible; SemrushBot/6~bl; +http://www.semrush.com/bot.html)"
46.229.168.146 - - [26/Feb/2020:08:58:18 +0100] "GET /shopping_cart.php?language=en HTTP/1.1" 200 8566 "-" "Mozilla/5.0 (compatible; SemrushBot/6~bl; +http://www.semrush.com/bot.html)"
216.244.66.234 - - [26/Feb/2020:08:58:19 +0100] "GET /product_info.php?cPath=47&products_id=378&language=ru HTTP/1.1" 200 58854 "-" "Mozilla/5.0 (compatible; DotBot/1.1; http://www.opensiteexplorer.org/dotbot, help@moz.com)"
46.229.168.142 - - [26/Feb/2020:08:58:26 +0100] "GET /product_reviews.php?action=notify&cPath=47_66&language=ar&products_id=334 HTTP/1.1" 302 546 "-" "Mozilla/5.0 (compatible; SemrushBot/6~bl; +http://www.semrush.com/bot.html)"
46.229.168.162 - - [26/Feb/2020:08:58:27 +0100] "GET /login.php HTTP/1.1" 200 7464 "-" "Mozilla/5.0 (compatible; SemrushBot/6~bl; +http://www.semrush.com/bot.html)"
17.58.97.76 - - [26/Feb/2020:08:58:58 +0100] "GET /login.php?language=en HTTP/1.1" 200 7468 "-" "Mozilla/5.0 (Macintosh; Intel Mac OS X 10_10_1) AppleWebKit/600.2.5 (KHTML, like Gecko) Version/8.0.2 Safari/600.2.5 (Applebot/0.1; +http://www.apple.com/go/applebot)"
46.229.168.149 - - [26/Feb/2020:08:59:05 +0100] "GET /index.php?cPath=29_31&page=1&sort=3a HTTP/1.1" 200 7247 "-" "Mozilla/5.0 (compatible; SemrushBot/6~bl; +http://www.semrush.com/bot.html)"
216.244.66.234 - - [26/Feb/2020:08:59:13 +0100] "GET /index.php?cPath=29_30&language=en&page=1&sort=5a HTTP/1.1" 200 40904 "-" "Mozilla/5.0 (compatible; DotBot/1.1; http://www.opensiteexplorer.org/dotbot, help@moz.com)"
46.229.168.149 - - [26/Feb/2020:08:59:18 +0100] "GET /product_info.php?language=en&products_id=112 HTTP/1.1" 200 9681 "-" "Mozilla/5.0 (compatible; SemrushBot/6~bl; +http://www.semrush.com/bot.html)"
159.138.149.107 - - [26/Feb/2020:08:59:59 +0100] "GET /account.php?osCsid=30du3pdf5hsofnl94qqkq30n57 HTTP/1.1" 302 546 "-" "Mozilla/5.0(Linux;Android 5.1.1;OPPO A33 Build/LMY47V;wv) AppleWebKit/537.36(KHTML,link Gecko) Version/4.0 Chrome/42.0.2311.138 Mobile Safari/537.36"
159.138.128.157 - - [26/Feb/2020:09:00:02 +0100] "GET /login.php?osCsid=pgbuv2v5dkch4igco8193e6fo7 HTTP/1.1" 200 7312 "-" "Mozilla/5.0(Linux;Android 5.1.1;OPPO A33 Build/LMY47V;wv) AppleWebKit/537.36(KHTML,link Gecko) Version/4.0 Chrome/42.0.2311.138 Mobile Safari/537.36"
46.229.168.138 - - [26/Feb/2020:09:01:28 +0100] "GET /products_new.php?action=buy_now&language=en&page=6&products_id=280 HTTP/1.1" 302 569 "-" "Mozilla/5.0 (compatible; SemrushBot/6~bl; +http://www.semrush.com/bot.html)"
46.229.168.147 - - [26/Feb/2020:09:01:30 +0100] "GET /product_info.php?products_id=280 HTTP/1.1" 200 9129 "-" "Mozilla/5.0 (compatible; SemrushBot/6~bl; +http://www.semrush.com/bot.html)"
37.9.87.160 - - [26/Feb/2020:09:01:59 +0100] "GET /products_new.php?products_id=75&language=en&page=7&action=buy_now&products_id=266 HTTP/1.1" 302 569 "-" "Mozilla/5.0 (compatible; YandexBot/3.0; +http://yandex.com/bots)"
100.43.90.103 - - [26/Feb/2020:09:02:03 +0100] "GET /product_info.php?products_id=266&osCsid=islm8j1pde2aa0v2bjm0f61s56 HTTP/1.1" 200 9256 "-" "Mozilla/5.0 (compatible; YandexBot/3.0; +http://yandex.com/bots)"
46.229.168.139 - - [26/Feb/2020:09:02:49 +0100] "GET /products_new.php?action=buy_now&language=ru&page=3&products_id=338 HTTP/1.1" 302 569 "-" "Mozilla/5.0 (compatible; SemrushBot/6~bl; +http://www.semrush.com/bot.html)"
46.229.168.145 - - [26/Feb/2020:09:02:50 +0100] "GET /product_info.php?products_id=338 HTTP/1.1" 200 9509 "-" "Mozilla/5.0 (compatible; SemrushBot/6~bl; +http://www.semrush.com/bot.html)"
46.229.168.129 - - [26/Feb/2020:09:02:52 +0100] "GET /product_info.php?action=add_product&products_id=251 HTTP/1.1" 302 554 "-" "Mozilla/5.0 (compatible; SemrushBot/6~bl; +http://www.semrush.com/bot.html)"
46.229.168.132 - - [26/Feb/2020:09:02:53 +0100] "GET /shopping_cart.php HTTP/1.1" 200 8562 "-" "Mozilla/5.0 (compatible; SemrushBot/6~bl; +http://www.semrush.com/bot.html)"
114.119.137.65 - - [26/Feb/2020:09:03:20 +0100] "GET /product_info.php?products_id=223&osCsid=dlaqlau49tso7rjopl2onmoj02 HTTP/1.1" 200 8949 "-" "Mozilla/5.0(Linux;U;Android 5.1.1;zh-CN;OPPO A33 Build/LMY47V) AppleWebKit/537.36(KHTML,like Gecko) Version/4.0 Chrome/40.0.2214.89 Mobile Safari/537.36"
114.119.160.191 - - [26/Feb/2020:09:03:25 +0100] "GET /product_info.php?products_id=271&osCsid=3o8fh1l9vbic83smnc1mhvg971 HTTP/1.1" 200 9398 "-" "Mozilla/5.0 (iPad; CPU OS 7_0 like Mac OS X) AppleWebKit/537.51.1 (KHTML, like Gecko) Version/7.0 Mobile/11A465 Safari/9537.53"
