46.229.168.132 - - [26/Feb/2020:11:07:12 +0100] "GET /shopping_cart.php?language=cs HTTP/1.1" 200 8549 "-" "Mozilla/5.0 (compatible; SemrushBot/6~bl; +http://www.semrush.com/bot.html)"
192.99.160.200 - - [26/Feb/2020:11:07:14 +0100] "GET /product_info.php?products_id=279/&osCsid=soa2lnaibosi4c7cehk7kect46 HTTP/1.1" 200 9159 "-" "Mozilla/5.0 (compatible; MJ12bot/v1.4.8; http://mj12bot.com/)"
192.99.15.29 - - [26/Feb/2020:11:07:15 +0100] "GET /products_new.php?page=15&action=buy_now&products_id=49/ HTTP/1.1" 302 562 "-" "Mozilla/5.0 (compatible; MJ12bot/v1.4.8; http://mj12bot.com/)"
192.99.15.29 - - [26/Feb/2020:11:07:21 +0100] "GET /shopping_cart.php?page=15&osCsid=fgd3mfhsbevpoaomp1lrf6mqd2 HTTP/1.1" 200 8575 "-" "Mozilla/5.0 (compatible; MJ12bot/v1.4.8; http://mj12bot.com/)"
192.99.15.29 - - [26/Feb/2020:11:07:25 +0100] "GET /products_new.php?page=15&action=buy_now&products_id=50/ HTTP/1.1" 302 562 "-" "Mozilla/5.0 (compatible; MJ12bot/v1.4.8; http://mj12bot.com/)"
192.99.5.48 - - [26/Feb/2020:11:07:29 +0100] "GET /product_reviews.php?products_id=330&language=en/ HTTP/1.1" 200 7337 "-" "Mozilla/5.0 (compatible; MJ12bot/v1.4.8; http://mj12bot.com/)"
192.99.15.29 - - [26/Feb/2020:11:07:32 +0100] "GET /shopping_cart.php?page=15&osCsid=avo7aot9a75qpmlf0s8m9ie8r3 HTTP/1.1" 200 8573 "-" "Mozilla/5.0 (compatible; MJ12bot/v1.4.8; http://mj12bot.com/)"
192.99.5.48 - - [26/Feb/2020:11:07:36 +0100] "GET /product_reviews.php?products_id=330&language=fr/ HTTP/1.1" 200 7341 "-" "Mozilla/5.0 (compatible; MJ12bot/v1.4.8; http://mj12bot.com/)"
192.99.15.29 - - [26/Feb/2020:11:07:38 +0100] "GET /products_new.php?page=15&action=buy_now&products_id=51/ HTTP/1.1" 302 562 "-" "Mozilla/5.0 (compatible; MJ12bot/v1.4.8; http://mj12bot.com/)"
192.99.15.29 - - [26/Feb/2020:11:07:47 +0100] "GET /shopping_cart.php?page=15&osCsid=sjs61ctudko49oajtp251s34j0 HTTP/1.1" 200 8566 "-" "Mozilla/5.0 (compatible; MJ12bot/v1.4.8; http://mj12bot.com/)"
192.99.5.48 - - [26/Feb/2020:11:07:55 +0100] "GET /product_reviews.php?products_id=330&language=iw/ HTTP/1.1" 200 7327 "-" "Mozilla/5.0 (compatible; MJ12bot/v1.4.8; http://mj12bot.com/)"
192.99.15.29 - - [26/Feb/2020:11:07:57 +0100] "GET /products_new.php?page=15&action=buy_now&products_id=52/ HTTP/1.1" 302 562 "-" "Mozilla/5.0 (compatible; MJ12bot/v1.4.8; http://mj12bot.com/)"
192.99.15.29 - - [26/Feb/2020:11:08:04 +0100] "GET /shopping_cart.php?page=15&osCsid=bjvrts615gec9nach6ufc9e847 HTTP/1.1" 200 8576 "-" "Mozilla/5.0 (compatible; MJ12bot/v1.4.8; http://mj12bot.com/)"
192.99.5.48 - - [26/Feb/2020:11:08:09 +0100] "GET /product_reviews.php?products_id=330&language=pl/ HTTP/1.1" 200 7339 "-" "Mozilla/5.0 (compatible; MJ12bot/v1.4.8; http://mj12bot.com/)"
192.99.15.29 - - [26/Feb/2020:11:08:12 +0100] "GET /products_new.php?page=15&action=buy_now&products_id=57/ HTTP/1.1" 302 562 "-" "Mozilla/5.0 (compatible; MJ12bot/v1.4.8; http://mj12bot.com/)"
192.99.15.29 - - [26/Feb/2020:11:08:18 +0100] "GET /shopping_cart.php?page=15&osCsid=7c3sqvck61i644ol6jceop9gb0 HTTP/1.1" 200 8565 "-" "Mozilla/5.0 (compatible; MJ12bot/v1.4.8; http://mj12bot.com/)"
192.99.5.48 - - [26/Feb/2020:11:08:24 +0100] "GET /product_reviews.php?products_id=330&language=tr/ HTTP/1.1" 200 7341 "-" "Mozilla/5.0 (compatible; MJ12bot/v1.4.8; http://mj12bot.com/)"
192.99.15.29 - - [26/Feb/2020:11:08:26 +0100] "GET /products_new.php?page=7&language=iw&action=buy_now&products_id=279/ HTTP/1.1" 302 570 "-" "Mozilla/5.0 (compatible; MJ12bot/v1.4.8; http://mj12bot.com/)"
46.229.168.140 - - [26/Feb/2020:11:08:31 +0100] "GET /index.php?cPath=47_66&language=lv&page=1&sort=4a HTTP/1.1" 200 7656 "-" "Mozilla/5.0 (compatible; SemrushBot/6~bl; +http://www.semrush.com/bot.html)"
192.99.5.48 - - [26/Feb/2020:11:08:35 +0100] "GET /product_reviews.php?products_id=343/ HTTP/1.1" 200 7400 "-" "Mozilla/5.0 (compatible; MJ12bot/v1.4.8; http://mj12bot.com/)"
192.99.15.29 - - [26/Feb/2020:11:08:38 +0100] "GET /product_info.php?products_id=279/&osCsid=l13uinguquut6eumh1r4vo6c42 HTTP/1.1" 200 9173 "-" "Mozilla/5.0 (compatible; MJ12bot/v1.4.8; http://mj12bot.com/)"
192.99.15.29 - - [26/Feb/2020:11:08:45 +0100] "GET /products_new.php?page=7&language=lv&action=buy_now&products_id=279/ HTTP/1.1" 302 570 "-" "Mozilla/5.0 (compatible; MJ12bot/v1.4.8; http://mj12bot.com/)"
192.99.5.48 - - [26/Feb/2020:11:08:48 +0100] "GET /product_reviews.php?products_id=343&language=lv/ HTTP/1.1" 200 7363 "-" "Mozilla/5.0 (compatible; MJ12bot/v1.4.8; http://mj12bot.com/)"
192.99.15.29 - - [26/Feb/2020:11:08:54 +0100] "GET /product_info.php?products_id=279/&osCsid=ft8gnsrkt77hs6qrolnqrpbtq5 HTTP/1.1" 200 9159 "-" "Mozilla/5.0 (compatible; MJ12bot/v1.4.8; http://mj12bot.com/)"
192.99.5.48 - - [26/Feb/2020:11:09:03 +0100] "GET /product_reviews.php?products_id=361&language=is/ HTTP/1.1" 200 7394 "-" "Mozilla/5.0 (compatible; MJ12bot/v1.4.8; http://mj12bot.com/)"
192.99.15.29 - - [26/Feb/2020:11:09:04 +0100] "GET /products_new.php?page=7&language=pl&action=buy_now&products_id=279/ HTTP/1.1" 302 570 "-" "Mozilla/5.0 (compatible; MJ12bot/v1.4.8; http://mj12bot.com/)"
46.229.168.145 - - [26/Feb/2020:11:09:05 +0100] "GET /create_account.php?language=ar HTTP/1.1" 200 11802 "-" "Mozilla/5.0 (compatible; SemrushBot/6~bl; +http://www.semrush.com/bot.html)"
192.99.15.29 - - [26/Feb/2020:11:09:13 +0100] "GET /product_info.php?products_id=279/&osCsid=40ouuthg56qu92t0eph06lvh50 HTTP/1.1" 200 9160 "-" "Mozilla/5.0 (compatible; MJ12bot/v1.4.8; http://mj12bot.com/)"
192.99.5.48 - - [26/Feb/2020:11:09:14 +0100] "GET /product_reviews.php?products_id=361&language=no/ HTTP/1.1" 200 7388 "-" "Mozilla/5.0 (compatible; MJ12bot/v1.4.8; http://mj12bot.com/)"
192.99.5.48 - - [26/Feb/2020:11:09:19 +0100] "GET /products_new.php?page=14&action=buy_now&products_id=52/ HTTP/1.1" 302 562 "-" "Mozilla/5.0 (compatible; MJ12bot/v1.4.8; http://mj12bot.com/)"
192.99.5.48 - - [26/Feb/2020:11:09:37 +0100] "GET /shopping_cart.php?page=14&osCsid=nsrj2ok1pfil1nap4660a2n6a2 HTTP/1.1" 200 8572 "-" "Mozilla/5.0 (compatible; MJ12bot/v1.4.8; http://mj12bot.com/)"
46.229.168.144 - - [26/Feb/2020:11:09:38 +0100] "GET /product_info.php?action=notify&language=en&products_id=372 HTTP/1.1" 302 546 "-" "Mozilla/5.0 (compatible; SemrushBot/6~bl; +http://www.semrush.com/bot.html)"
46.229.168.142 - - [26/Feb/2020:11:09:40 +0100] "GET /login.php HTTP/1.1" 200 7467 "-" "Mozilla/5.0 (compatible; SemrushBot/6~bl; +http://www.semrush.com/bot.html)"
192.99.5.48 - - [26/Feb/2020:11:09:57 +0100] "GET /products_new.php?page=15&action=buy_now&products_id=42/ HTTP/1.1" 302 562 "-" "Mozilla/5.0 (compatible; MJ12bot/v1.4.8; http://mj12bot.com/)"
46.229.168.142 - - [26/Feb/2020:11:10:05 +0100] "GET /product_info.php?action=add_product&language=ar&products_id=363 HTTP/1.1" 302 566 "-" "Mozilla/5.0 (compatible; SemrushBot/6~bl; +http://www.semrush.com/bot.html)"
46.229.168.137 - - [26/Feb/2020:11:10:07 +0100] "GET /shopping_cart.php?language=ar HTTP/1.1" 200 8857 "-" "Mozilla/5.0 (compatible; SemrushBot/6~bl; +http://www.semrush.com/bot.html)"
192.99.5.48 - - [26/Feb/2020:11:10:07 +0100] "GET /shopping_cart.php?page=15&osCsid=h32r80fsptauk31k43ro4ssu73 HTTP/1.1" 200 8569 "-" "Mozilla/5.0 (compatible; MJ12bot/v1.4.8; http://mj12bot.com/)"
192.99.5.48 - - [26/Feb/2020:11:10:21 +0100] "GET /products_new.php?page=15&action=buy_now&products_id=49/ HTTP/1.1" 302 562 "-" "Mozilla/5.0 (compatible; MJ12bot/v1.4.8; http://mj12bot.com/)"
46.229.168.161 - - [26/Feb/2020:11:10:26 +0100] "GET /product_reviews.php?cPath=47_66&language=lv&products_id=335 HTTP/1.1" 200 7219 "-" "Mozilla/5.0 (compatible; SemrushBot/6~bl; +http://www.semrush.com/bot.html)"
192.99.5.48 - - [26/Feb/2020:11:10:29 +0100] "GET /shopping_cart.php?page=15&osCsid=jpaddppjjas8hdkb206954s631 HTTP/1.1" 200 8574 "-" "Mozilla/5.0 (compatible; MJ12bot/v1.4.8; http://mj12bot.com/)"
192.99.5.48 - - [26/Feb/2020:11:10:37 +0100] "GET /products_new.php?page=15&action=buy_now&products_id=50/ HTTP/1.1" 302 562 "-" "Mozilla/5.0 (compatible; MJ12bot/v1.4.8; http://mj12bot.com/)"
83.114.83.83 - - [26/Feb/2020:11:10:41 +0100] "GET /lechef/customers.php?selected_box=customers HTTP/1.1" 200 202675 "http://www.e-medicalonline.com/lechef/orders.php?cID=689&page=1&oID=12251" "Mozilla/5.0 (Windows NT 10.0; Win64; x64) AppleWebKit/537.36 (KHTML, like Gecko) Chrome/79.0.3945.130 Safari/537.36"
83.114.83.83 - - [26/Feb/2020:11:10:47 +0100] "GET /lechef/orders.php HTTP/1.1" 200 126945 "http://www.e-medicalonline.com/lechef/customers.php?selected_box=customers" "Mozilla/5.0 (Windows NT 10.0; Win64; x64) AppleWebKit/537.36 (KHTML, like Gecko) Chrome/79.0.3945.130 Safari/537.36"
192.99.5.48 - - [26/Feb/2020:11:10:50 +0100] "GET /shopping_cart.php?page=15&osCsid=54pintdn2fbsoeqruuea0l87e4 HTTP/1.1" 200 8554 "-" "Mozilla/5.0 (compatible; MJ12bot/v1.4.8; http://mj12bot.com/)"
192.99.5.48 - - [26/Feb/2020:11:11:11 +0100] "GET /products_new.php?page=15&action=buy_now&products_id=51/ HTTP/1.1" 302 562 "-" "Mozilla/5.0 (compatible; MJ12bot/v1.4.8; http://mj12bot.com/)"
192.99.5.48 - - [26/Feb/2020:11:11:23 +0100] "GET /shopping_cart.php?page=15&osCsid=37iq31dm1l133utf5i15r880f0 HTTP/1.1" 200 8573 "-" "Mozilla/5.0 (compatible; MJ12bot/v1.4.8; http://mj12bot.com/)"
192.99.5.48 - - [26/Feb/2020:11:11:39 +0100] "GET /products_new.php?page=15&action=buy_now&products_id=52/ HTTP/1.1" 302 562 "-" "Mozilla/5.0 (compatible; MJ12bot/v1.4.8; http://mj12bot.com/)"
192.99.5.48 - - [26/Feb/2020:11:11:46 +0100] "GET /shopping_cart.php?page=15&osCsid=33bvhd7vqe8256gdkrie8ovju6 HTTP/1.1" 200 8576 "-" "Mozilla/5.0 (compatible; MJ12bot/v1.4.8; http://mj12bot.com/)"
192.99.5.48 - - [26/Feb/2020:11:11:59 +0100] "GET /products_new.php?page=15&action=buy_now&products_id=57/ HTTP/1.1" 302 562 "-" "Mozilla/5.0 (compatible; MJ12bot/v1.4.8; http://mj12bot.com/)"
192.99.5.48 - - [26/Feb/2020:11:12:14 +0100] "GET /shopping_cart.php?page=15&osCsid=gi5gad0pjkkci8ku5tqjof26l1 HTTP/1.1" 200 8575 "-" "Mozilla/5.0 (compatible; MJ12bot/v1.4.8; http://mj12bot.com/)"
192.99.5.48 - - [26/Feb/2020:11:12:30 +0100] "GET /products_new.php?page=7&language=iw&action=buy_now&products_id=279/ HTTP/1.1" 302 570 "-" "Mozilla/5.0 (compatible; MJ12bot/v1.4.8; http://mj12bot.com/)"
192.99.5.48 - - [26/Feb/2020:11:12:37 +0100] "GET /product_info.php?products_id=279/&osCsid=6gdc2ndrm99muoupppdjo7mcc0 HTTP/1.1" 200 9241 "-" "Mozilla/5.0 (compatible; MJ12bot/v1.4.8; http://mj12bot.com/)"
192.99.5.48 - - [26/Feb/2020:11:12:49 +0100] "GET /products_new.php?page=7&language=lv&action=buy_now&products_id=279/ HTTP/1.1" 302 570 "-" "Mozilla/5.0 (compatible; MJ12bot/v1.4.8; http://mj12bot.com/)"
192.99.5.48 - - [26/Feb/2020:11:13:01 +0100] "GET /product_info.php?products_id=279/&osCsid=sju59jn8s581gjs67qrd452u27 HTTP/1.1" 200 9240 "-" "Mozilla/5.0 (compatible; MJ12bot/v1.4.8; http://mj12bot.com/)"
192.99.5.48 - - [26/Feb/2020:11:13:14 +0100] "GET /products_new.php?page=7&language=pl&action=buy_now&products_id=279/ HTTP/1.1" 302 570 "-" "Mozilla/5.0 (compatible; MJ12bot/v1.4.8; http://mj12bot.com/)"
192.99.5.48 - - [26/Feb/2020:11:13:21 +0100] "GET /product_info.php?products_id=279/&osCsid=ve87op26fdnee9mh9m3t0252e4 HTTP/1.1" 200 9163 "-" "Mozilla/5.0 (compatible; MJ12bot/v1.4.8; http://mj12bot.com/)"
216.244.66.234 - - [26/Feb/2020:11:13:31 +0100] "GET /product_reviews.php?products_id=156&language=fr&action=buy_now HTTP/1.1" 302 495 "-" "Mozilla/5.0 (compatible; DotBot/1.1; http://www.opensiteexplorer.org/dotbot, help@moz.com)"
46.229.168.145 - - [26/Feb/2020:11:13:39 +0100] "GET /index.php?action=buy_now&cPath=41&language=lv&products_id=269 HTTP/1.1" 302 569 "-" "Mozilla/5.0 (compatible; SemrushBot/6~bl; +http://www.semrush.com/bot.html)"
46.229.168.141 - - [26/Feb/2020:11:13:40 +0100] "GET /product_info.php?products_id=269 HTTP/1.1" 200 7152 "-" "Mozilla/5.0 (compatible; SemrushBot/6~bl; +http://www.semrush.com/bot.html)"
46.229.168.140 - - [26/Feb/2020:11:14:39 +0100] "GET /product_reviews.php?action=buy_now&language=pl&products_id=293 HTTP/1.1" 302 569 "-" "Mozilla/5.0 (compatible; SemrushBot/6~bl; +http://www.semrush.com/bot.html)"
46.229.168.161 - - [26/Feb/2020:11:14:41 +0100] "GET /product_info.php?products_id=293 HTTP/1.1" 200 9235 "-" "Mozilla/5.0 (compatible; SemrushBot/6~bl; +http://www.semrush.com/bot.html)"
5.196.87.159 - - [26/Feb/2020:11:15:04 +0100] "GET /faq.php HTTP/1.1" 200 7160 "-" "Mozilla/5.0 (compatible; AhrefsBot/6.1; +http://ahrefs.com/robot/)"
46.229.168.143 - - [26/Feb/2020:11:15:47 +0100] "GET /product_reviews_write.php?cPath=47_64&language=fr&products_id=327 HTTP/1.1" 302 546 "-" "Mozilla/5.0 (compatible; SemrushBot/6~bl; +http://www.semrush.com/bot.html)"
46.229.168.134 - - [26/Feb/2020:11:15:49 +0100] "GET /login.php HTTP/1.1" 200 7457 "-" "Mozilla/5.0 (compatible; SemrushBot/6~bl; +http://www.semrush.com/bot.html)"
46.229.168.162 - - [26/Feb/2020:11:16:15 +0100] "GET /product_info.php?action=notify&language=ar&products_id=325 HTTP/1.1" 302 546 "-" "Mozilla/5.0 (compatible; SemrushBot/6~bl; +http://www.semrush.com/bot.html)"
46.229.168.152 - - [26/Feb/2020:11:16:16 +0100] "GET /login.php HTTP/1.1" 200 7465 "-" "Mozilla/5.0 (compatible; SemrushBot/6~bl; +http://www.semrush.com/bot.html)"
46.229.168.138 - - [26/Feb/2020:11:16:22 +0100] "GET /products_new.php?action=buy_now&language=pl&page=6&products_id=282 HTTP/1.1" 302 569 "-" "Mozilla/5.0 (compatible; SemrushBot/6~bl; +http://www.semrush.com/bot.html)"
46.229.168.129 - - [26/Feb/2020:11:16:23 +0100] "GET /product_info.php?products_id=282 HTTP/1.1" 200 9239 "-" "Mozilla/5.0 (compatible; SemrushBot/6~bl; +http://www.semrush.com/bot.html)"
46.229.168.152 - - [26/Feb/2020:11:16:33 +0100] "GET /product_reviews_write.php?cPath=42_24&language=ar&products_id=113 HTTP/1.1" 302 546 "-" "Mozilla/5.0 (compatible; SemrushBot/6~bl; +http://www.semrush.com/bot.html)"
46.229.168.138 - - [26/Feb/2020:11:16:34 +0100] "GET /login.php HTTP/1.1" 200 7468 "-" "Mozilla/5.0 (compatible; SemrushBot/6~bl; +http://www.semrush.com/bot.html)"
54.36.148.236 - - [26/Feb/2020:11:17:28 +0100] "GET /index.php?cPath=42_52&language=cs&page=1&sort=4d HTTP/1.1" 200 7466 "-" "Mozilla/5.0 (compatible; AhrefsBot/6.1; +http://ahrefs.com/robot/)"
54.36.148.237 - - [26/Feb/2020:11:17:36 +0100] "GET /index.php?cPath=47_65&language=en HTTP/1.1" 200 7576 "-" "Mozilla/5.0 (compatible; AhrefsBot/6.1; +http://ahrefs.com/robot/)"
46.229.168.130 - - [26/Feb/2020:11:18:11 +0100] "GET /robots.txt HTTP/1.1" 404 445 "-" "Mozilla/5.0 (compatible; SemrushBot/6~bl; +http://www.semrush.com/bot.html)"
46.229.168.134 - - [26/Feb/2020:11:18:12 +0100] "GET /index.php?cPath=42_39&language=pl&page=1&sort=5a HTTP/1.1" 200 7618 "-" "Mozilla/5.0 (compatible; SemrushBot/6~bl; +http://www.semrush.com/bot.html)"
46.229.168.131 - - [26/Feb/2020:11:19:06 +0100] "GET /product_reviews.php?cPath=47_65&products_id=321 HTTP/1.1" 200 7311 "-" "Mozilla/5.0 (compatible; SemrushBot/6~bl; +http://www.semrush.com/bot.html)"
66.249.64.108 - - [26/Feb/2020:11:19:27 +0100] "GET /product_info.php?cPath=24_23&products_id=97&language=ru&osCsid=ihk1qh6m0lhpil82g640939482 HTTP/1.1" 200 10007 "-" "Mozilla/5.0 (Linux; Android 6.0.1; Nexus 5X Build/MMB29P) AppleWebKit/537.36 (KHTML, like Gecko) Chrome/80.0.3987.92 Mobile Safari/537.36 (compatible; Googlebot/2.1; +http://www.google.com/bot.html)"
46.229.168.131 - - [26/Feb/2020:11:20:01 +0100] "GET /index.php?action=buy_now&cPath=29&language=ar&products_id=222 HTTP/1.1" 302 566 "-" "Mozilla/5.0 (compatible; SemrushBot/6~bl; +http://www.semrush.com/bot.html)"
46.229.168.142 - - [26/Feb/2020:11:20:02 +0100] "GET /shopping_cart.php?language=ar HTTP/1.1" 200 8856 "-" "Mozilla/5.0 (compatible; SemrushBot/6~bl; +http://www.semrush.com/bot.html)"
46.229.168.134 - - [26/Feb/2020:11:20:08 +0100] "GET /index.php?cPath=42_52&language=ru&page=1&sort=1d HTTP/1.1" 200 7917 "-" "Mozilla/5.0 (compatible; SemrushBot/6~bl; +http://www.semrush.com/bot.html)"
46.229.168.132 - - [26/Feb/2020:11:20:37 +0100] "GET /product_info.php?action=notify&language=pl&products_id=221 HTTP/1.1" 302 546 "-" "Mozilla/5.0 (compatible; SemrushBot/6~bl; +http://www.semrush.com/bot.html)"
46.229.168.143 - - [26/Feb/2020:11:20:39 +0100] "GET /login.php HTTP/1.1" 200 7468 "-" "Mozilla/5.0 (compatible; SemrushBot/6~bl; +http://www.semrush.com/bot.html)"
216.244.66.234 - - [26/Feb/2020:11:21:01 +0100] "GET /index.php?cPath=47_65&page=1&sort=3a&language=ru HTTP/1.1" 200 46962 "-" "Mozilla/5.0 (compatible; DotBot/1.1; http://www.opensiteexplorer.org/dotbot, help@moz.com)"
114.119.140.25 - - [26/Feb/2020:11:21:08 +0100] "GET /account.php?osCsid=1j6oottjme4usqjbderk924vg6 HTTP/1.1" 302 546 "-" "Mozilla/5.0(Linux;Android 5.1.1;OPPO A33 Build/LMY47V;wv) AppleWebKit/537.36(KHTML,link Gecko) Version/4.0 Chrome/43.0.2357.121 Mobile Safari/537.36"
114.119.140.25 - - [26/Feb/2020:11:21:08 +0100] "GET /login.php?osCsid=vem01qb05dikp0luv5tki7ltc1 HTTP/1.1" 200 7328 "-" "Mozilla/5.0(Linux;Android 5.1.1;OPPO A33 Build/LMY47V;wv) AppleWebKit/537.36(KHTML,link Gecko) Version/4.0 Chrome/43.0.2357.121 Mobile Safari/537.36"
46.229.168.136 - - [26/Feb/2020:11:21:51 +0100] "GET /product_info.php?action=notify&cPath=47_66&products_id=373 HTTP/1.1" 302 546 "-" "Mozilla/5.0 (compatible; SemrushBot/6~bl; +http://www.semrush.com/bot.html)"
46.229.168.139 - - [26/Feb/2020:11:21:53 +0100] "GET /login.php HTTP/1.1" 200 7467 "-" "Mozilla/5.0 (compatible; SemrushBot/6~bl; +http://www.semrush.com/bot.html)"
46.229.168.151 - - [26/Feb/2020:11:21:54 +0100] "GET /products_new.php?action=buy_now&language=iw&page=13&products_id=112 HTTP/1.1" 302 569 "-" "Mozilla/5.0 (compatible; SemrushBot/6~bl; +http://www.semrush.com/bot.html)"
46.229.168.153 - - [26/Feb/2020:11:21:56 +0100] "GET /product_info.php?products_id=112 HTTP/1.1" 200 9666 "-" "Mozilla/5.0 (compatible; SemrushBot/6~bl; +http://www.semrush.com/bot.html)"
46.229.168.162 - - [26/Feb/2020:11:22:34 +0100] "GET /products_new.php?action=buy_now&language=iw&page=14&products_id=115 HTTP/1.1" 302 569 "-" "Mozilla/5.0 (compatible; SemrushBot/6~bl; +http://www.semrush.com/bot.html)"
46.229.168.163 - - [26/Feb/2020:11:22:35 +0100] "GET /product_info.php?products_id=115 HTTP/1.1" 200 9802 "-" "Mozilla/5.0 (compatible; SemrushBot/6~bl; +http://www.semrush.com/bot.html)"
114.119.144.26 - - [26/Feb/2020:11:24:12 +0100] "GET /product_info.php?products_id=114&osCsid=8l8ua398ues939qpmpoetot214 HTTP/1.1" 200 9837 "-" "Mozilla/5.0(Linux;Android 5.1.1;OPPO A33 Build/LMY47V;wv) AppleWebKit/537.36(KHTML,link Gecko) Version/4.0 Chrome/42.0.2311.138 Mobile Safari/537.36"
114.119.163.15 - - [26/Feb/2020:11:24:17 +0100] "GET /account.php?osCsid=0eb5ivuepenss4cao1jcbk5305 HTTP/1.1" 302 546 "-" "Mozilla/5.0 (iPad; CPU OS 7_0 like Mac OS X) AppleWebKit/537.51.1 (KHTML, like Gecko) Version/7.0 Mobile/11A465 Safari/9537.53"
114.119.163.15 - - [26/Feb/2020:11:24:17 +0100] "GET /login.php?osCsid=5ll03fp1nmm4tnk4563p8er6o5 HTTP/1.1" 200 7323 "-" "Mozilla/5.0 (iPad; CPU OS 7_0 like Mac OS X) AppleWebKit/537.51.1 (KHTML, like Gecko) Version/7.0 Mobile/11A465 Safari/9537.53"
46.229.168.144 - - [26/Feb/2020:11:25:01 +0100] "GET /product_reviews.php?action=notify&language=et&products_id=232 HTTP/1.1" 302 546 "-" "Mozilla/5.0 (compatible; SemrushBot/6~bl; +http://www.semrush.com/bot.html)"
46.229.168.146 - - [26/Feb/2020:11:25:03 +0100] "GET /login.php HTTP/1.1" 200 7464 "-" "Mozilla/5.0 (compatible; SemrushBot/6~bl; +http://www.semrush.com/bot.html)"
46.229.168.140 - - [26/Feb/2020:11:25:13 +0100] "GET /product_reviews.php?language=fr&products_id=335 HTTP/1.1" 200 7328 "-" "Mozilla/5.0 (compatible; SemrushBot/6~bl; +http://www.semrush.com/bot.html)"
114.119.158.61 - - [26/Feb/2020:11:25:44 +0100] "GET /account.php?osCsid=16105hf9o93kacb61p7dkangr1 HTTP/1.1" 302 546 "-" "Mozilla/5.0 (iPad; CPU OS 7_0 like Mac OS X) AppleWebKit/537.51.1 (KHTML, like Gecko) Version/7.0 Mobile/11A465 Safari/9537.53"
114.119.158.61 - - [26/Feb/2020:11:25:44 +0100] "GET /login.php?osCsid=13rl2e9doe9qtcvk5ifls972m4 HTTP/1.1" 200 7326 "-" "Mozilla/5.0 (iPad; CPU OS 7_0 like Mac OS X) AppleWebKit/537.51.1 (KHTML, like Gecko) Version/7.0 Mobile/11A465 Safari/9537.53"
46.229.168.140 - - [26/Feb/2020:11:26:20 +0100] "GET /product_info.php?action=notify&language=lv&products_id=361 HTTP/1.1" 302 546 "-" "Mozilla/5.0 (compatible; SemrushBot/6~bl; +http://www.semrush.com/bot.html)"
46.229.168.138 - - [26/Feb/2020:11:26:21 +0100] "GET /login.php HTTP/1.1" 200 7464 "-" "Mozilla/5.0 (compatible; SemrushBot/6~bl; +http://www.semrush.com/bot.html)"
46.229.168.142 - - [26/Feb/2020:11:26:23 +0100] "GET /product_reviews_write.php?language=lv&products_id=229 HTTP/1.1" 302 546 "-" "Mozilla/5.0 (compatible; SemrushBot/6~bl; +http://www.semrush.com/bot.html)"
46.229.168.131 - - [26/Feb/2020:11:26:25 +0100] "GET /login.php HTTP/1.1" 200 7446 "-" "Mozilla/5.0 (compatible; SemrushBot/6~bl; +http://www.semrush.com/bot.html)"
46.229.168.153 - - [26/Feb/2020:11:26:30 +0100] "GET /product_reviews.php?action=buy_now&language=lv&products_id=248 HTTP/1.1" 302 569 "-" "Mozilla/5.0 (compatible; SemrushBot/6~bl; +http://www.semrush.com/bot.html)"
46.229.168.149 - - [26/Feb/2020:11:26:32 +0100] "GET /product_info.php?products_id=248 HTTP/1.1" 200 7166 "-" "Mozilla/5.0 (compatible; SemrushBot/6~bl; +http://www.semrush.com/bot.html)"
46.229.168.129 - - [26/Feb/2020:11:28:43 +0100] "GET /product_reviews.php?language=tr&products_id=386 HTTP/1.1" 200 7451 "-" "Mozilla/5.0 (compatible; SemrushBot/6~bl; +http://www.semrush.com/bot.html)"
46.229.168.148 - - [26/Feb/2020:11:28:47 +0100] "GET /index.php?cPath=42_23&language=pl&page=1&sort=5a HTTP/1.1" 200 7959 "-" "Mozilla/5.0 (compatible; SemrushBot/6~bl; +http://www.semrush.com/bot.html)"
46.229.168.131 - - [26/Feb/2020:11:30:06 +0100] "GET /index.php?cPath=42_70&language=ru&page=1&sort=1a HTTP/1.1" 200 8003 "-" "Mozilla/5.0 (compatible; SemrushBot/6~bl; +http://www.semrush.com/bot.html)"
46.229.168.163 - - [26/Feb/2020:11:30:35 +0100] "GET /product_reviews_write.php?cPath=41_22&language=en&products_id=192 HTTP/1.1" 302 546 "-" "Mozilla/5.0 (compatible; SemrushBot/6~bl; +http://www.semrush.com/bot.html)"
46.229.168.133 - - [26/Feb/2020:11:30:36 +0100] "GET /login.php HTTP/1.1" 200 7468 "-" "Mozilla/5.0 (compatible; SemrushBot/6~bl; +http://www.semrush.com/bot.html)"
114.119.147.69 - - [26/Feb/2020:11:30:51 +0100] "GET /product_info.php?products_id=237&osCsid=7lnal93mo3lvsq7n1hk58oamn4 HTTP/1.1" 200 9295 "-" "Mozilla/5.0 (iPad; CPU OS 7_0 like Mac OS X) AppleWebKit/537.51.1 (KHTML, like Gecko) Version/7.0 Mobile/11A465 Safari/9537.53"
114.119.129.200 - - [26/Feb/2020:11:30:57 +0100] "GET /redirect.php?action=url&goto=www.vetsuture.com&osCsid=6egjb6p7ai8fo240r4b9i3hqn3 HTTP/1.1" 302 496 "-" "Mozilla/5.0(Linux;Android 5.1.1;OPPO A33 Build/LMY47V;wv) AppleWebKit/537.36(KHTML,link Gecko) Version/4.0 Chrome/42.0.2311.138 Mobile Safari/537.36"
114.119.142.98 - - [26/Feb/2020:11:31:02 +0100] "GET /product_info.php?products_id=97&osCsid=519v05te5tfr96bclg5tu3oa80 HTTP/1.1" 200 9358 "-" "Mozilla/5.0(Linux;U;Android 5.1.1;zh-CN;OPPO A33 Build/LMY47V) AppleWebKit/537.36(KHTML,like Gecko) Version/4.0 Chrome/40.0.2214.89 Mobile Safari/537.36"
114.119.147.255 - - [26/Feb/2020:11:31:07 +0100] "GET /account.php?osCsid=0s3qsqp0lg0r9fnb24s2i5gk10 HTTP/1.1" 302 546 "-" "Mozilla/5.0 (iPad; CPU OS 7_0 like Mac OS X) AppleWebKit/537.51.1 (KHTML, like Gecko) Version/7.0 Mobile/11A465 Safari/9537.53"
114.119.147.255 - - [26/Feb/2020:11:31:07 +0100] "GET /login.php?osCsid=59ga33i7me9net85e1lnpoj307 HTTP/1.1" 200 7324 "-" "Mozilla/5.0 (iPad; CPU OS 7_0 like Mac OS X) AppleWebKit/537.51.1 (KHTML, like Gecko) Version/7.0 Mobile/11A465 Safari/9537.53"
46.229.168.140 - - [26/Feb/2020:11:31:54 +0100] "GET /product_reviews_write.php?language=en&products_id=333 HTTP/1.1" 302 546 "-" "Mozilla/5.0 (compatible; SemrushBot/6~bl; +http://www.semrush.com/bot.html)"
46.229.168.137 - - [26/Feb/2020:11:31:56 +0100] "GET /login.php HTTP/1.1" 200 7466 "-" "Mozilla/5.0 (compatible; SemrushBot/6~bl; +http://www.semrush.com/bot.html)"
46.229.168.134 - - [26/Feb/2020:11:32:21 +0100] "GET /product_reviews_write.php?language=en&products_id=260 HTTP/1.1" 302 546 "-" "Mozilla/5.0 (compatible; SemrushBot/6~bl; +http://www.semrush.com/bot.html)"
46.229.168.134 - - [26/Feb/2020:11:32:23 +0100] "GET /login.php HTTP/1.1" 200 7443 "-" "Mozilla/5.0 (compatible; SemrushBot/6~bl; +http://www.semrush.com/bot.html)"
114.119.137.196 - - [26/Feb/2020:11:32:55 +0100] "GET /account.php?osCsid=0e0rrgapjien3hg6g343dhl6u0 HTTP/1.1" 302 546 "-" "Mozilla/5.0(Linux;U;Android 5.1.1;zh-CN;OPPO A33 Build/LMY47V) AppleWebKit/537.36(KHTML,like Gecko) Version/4.0 Chrome/40.0.2214.89 Mobile Safari/537.36"
114.119.137.196 - - [26/Feb/2020:11:32:55 +0100] "GET /login.php?osCsid=e4ofsn1je31trtfjgpc6m6s8u0 HTTP/1.1" 200 7319 "-" "Mozilla/5.0(Linux;U;Android 5.1.1;zh-CN;OPPO A33 Build/LMY47V) AppleWebKit/537.36(KHTML,like Gecko) Version/4.0 Chrome/40.0.2214.89 Mobile Safari/537.36"
46.229.168.151 - - [26/Feb/2020:11:32:56 +0100] "GET /product_info.php?action=add_product&cPath=41_38&language=ar&products_id=266 HTTP/1.1" 302 566 "-" "Mozilla/5.0 (compatible; SemrushBot/6~bl; +http://www.semrush.com/bot.html)"
46.229.168.145 - - [26/Feb/2020:11:32:57 +0100] "GET /shopping_cart.php?language=ar HTTP/1.1" 200 8859 "-" "Mozilla/5.0 (compatible; SemrushBot/6~bl; +http://www.semrush.com/bot.html)"
46.229.168.145 - - [26/Feb/2020:11:33:04 +0100] "GET /products_new.php?language=iw&page=8 HTTP/1.1" 200 8262 "-" "Mozilla/5.0 (compatible; SemrushBot/6~bl; +http://www.semrush.com/bot.html)"
46.229.168.143 - - [26/Feb/2020:11:33:06 +0100] "GET /index.php?cPath=47_66&language=sr&page=1&sort=4d HTTP/1.1" 200 7740 "-" "Mozilla/5.0 (compatible; SemrushBot/6~bl; +http://www.semrush.com/bot.html)"
54.36.150.58 - - [26/Feb/2020:11:33:31 +0100] "GET /product_info.php?products_id=107&language=tr HTTP/1.1" 200 9528 "-" "Mozilla/5.0 (compatible; AhrefsBot/6.1; +http://ahrefs.com/robot/)"
46.229.168.135 - - [26/Feb/2020:11:33:36 +0100] "GET /robots.txt HTTP/1.1" 404 445 "-" "Mozilla/5.0 (compatible; SemrushBot/6~bl; +http://www.semrush.com/bot.html)"
46.229.168.145 - - [26/Feb/2020:11:33:36 +0100] "GET /product_reviews_write.php?language=lv&products_id=342 HTTP/1.1" 302 546 "-" "Mozilla/5.0 (compatible; SemrushBot/6~bl; +http://www.semrush.com/bot.html)"
46.229.168.130 - - [26/Feb/2020:11:33:38 +0100] "GET /login.php HTTP/1.1" 200 7497 "-" "Mozilla/5.0 (compatible; SemrushBot/6~bl; +http://www.semrush.com/bot.html)"
54.36.148.178 - - [26/Feb/2020:11:34:24 +0100] "GET /product_reviews_write.php?cPath=47_66&products_id=336 HTTP/1.1" 302 546 "-" "Mozilla/5.0 (compatible; AhrefsBot/6.1; +http://ahrefs.com/robot/)"
46.229.168.138 - - [26/Feb/2020:11:34:32 +0100] "GET /product_reviews_write.php?cPath=42_23&language=lv&products_id=239 HTTP/1.1" 302 546 "-" "Mozilla/5.0 (compatible; SemrushBot/6~bl; +http://www.semrush.com/bot.html)"
46.229.168.138 - - [26/Feb/2020:11:34:34 +0100] "GET /login.php HTTP/1.1" 200 7463 "-" "Mozilla/5.0 (compatible; SemrushBot/6~bl; +http://www.semrush.com/bot.html)"
54.36.150.185 - - [26/Feb/2020:11:35:29 +0100] "GET /product_reviews.php?products_id=318&language=sr HTTP/1.1" 200 7449 "-" "Mozilla/5.0 (compatible; AhrefsBot/6.1; +http://ahrefs.com/robot/)"
54.36.150.0 - - [26/Feb/2020:11:35:44 +0100] "GET /product_info.php?products_id=102 HTTP/1.1" 200 9334 "-" "Mozilla/5.0 (compatible; AhrefsBot/6.1; +http://ahrefs.com/robot/)"
46.229.168.142 - - [26/Feb/2020:11:35:53 +0100] "GET /product_info.php?cPath=29_54&language=ar&products_id=219 HTTP/1.1" 200 9294 "-" "Mozilla/5.0 (compatible; SemrushBot/6~bl; +http://www.semrush.com/bot.html)"
46.229.168.131 - - [26/Feb/2020:11:37:46 +0100] "GET /product_info.php?language=en&products_id=251 HTTP/1.1" 200 7184 "-" "Mozilla/5.0 (compatible; SemrushBot/6~bl; +http://www.semrush.com/bot.html)"
46.229.168.149 - - [26/Feb/2020:11:38:02 +0100] "GET /product_info.php?action=notify&cPath=42_40&language=iw&products_id=156 HTTP/1.1" 302 546 "-" "Mozilla/5.0 (compatible; SemrushBot/6~bl; +http://www.semrush.com/bot.html)"
46.229.168.129 - - [26/Feb/2020:11:38:04 +0100] "GET /login.php HTTP/1.1" 200 7467 "-" "Mozilla/5.0 (compatible; SemrushBot/6~bl; +http://www.semrush.com/bot.html)"
46.229.168.153 - - [26/Feb/2020:11:38:48 +0100] "GET /product_info.php?action=add_product&language=ru&products_id=324 HTTP/1.1" 302 566 "-" "Mozilla/5.0 (compatible; SemrushBot/6~bl; +http://www.semrush.com/bot.html)"
46.229.168.162 - - [26/Feb/2020:11:38:50 +0100] "GET /shopping_cart.php?language=ru HTTP/1.1" 200 8945 "-" "Mozilla/5.0 (compatible; SemrushBot/6~bl; +http://www.semrush.com/bot.html)"
46.229.168.137 - - [26/Feb/2020:11:38:51 +0100] "GET /index.php?cPath=47_67&language=ru&page=1&sort=5d HTTP/1.1" 200 7774 "-" "Mozilla/5.0 (compatible; SemrushBot/6~bl; +http://www.semrush.com/bot.html)"
54.36.149.13 - - [26/Feb/2020:11:39:06 +0100] "GET /product_info.php?products_id=97 HTTP/1.1" 200 9352 "-" "Mozilla/5.0 (compatible; AhrefsBot/6.1; +http://ahrefs.com/robot/)"
46.229.168.145 - - [26/Feb/2020:11:39:26 +0100] "GET /product_reviews.php?language=fr&products_id=220 HTTP/1.1" 200 7459 "-" "Mozilla/5.0 (compatible; SemrushBot/6~bl; +http://www.semrush.com/bot.html)"
83.114.83.83 - - [26/Feb/2020:11:39:29 +0100] "GET /lechef/orders.php HTTP/1.1" 302 358 "http://www.e-medicalonline.com/lechef/customers.php?selected_box=customers" "Mozilla/5.0 (Windows NT 10.0; Win64; x64) AppleWebKit/537.36 (KHTML, like Gecko) Chrome/79.0.3945.130 Safari/537.36"
83.114.83.83 - - [26/Feb/2020:11:39:29 +0100] "GET /lechef/login.php HTTP/1.1" 200 3880 "http://www.e-medicalonline.com/lechef/customers.php?selected_box=customers" "Mozilla/5.0 (Windows NT 10.0; Win64; x64) AppleWebKit/537.36 (KHTML, like Gecko) Chrome/79.0.3945.130 Safari/537.36"
46.229.168.161 - - [26/Feb/2020:11:39:30 +0100] "GET /product_info.php?action=notify&language=lv&products_id=246 HTTP/1.1" 302 546 "-" "Mozilla/5.0 (compatible; SemrushBot/6~bl; +http://www.semrush.com/bot.html)"
46.229.168.131 - - [26/Feb/2020:11:39:31 +0100] "GET /login.php HTTP/1.1" 200 7458 "-" "Mozilla/5.0 (compatible; SemrushBot/6~bl; +http://www.semrush.com/bot.html)"
46.229.168.154 - - [26/Feb/2020:11:39:37 +0100] "GET /product_info.php?action=add_product&language=ar&products_id=247 HTTP/1.1" 302 566 "-" "Mozilla/5.0 (compatible; SemrushBot/6~bl; +http://www.semrush.com/bot.html)"
83.114.83.83 - - [26/Feb/2020:11:39:38 +0100] "POST /lechef/login.php?action=process HTTP/1.1" 302 359 "http://www.e-medicalonline.com/lechef/login.php" "Mozilla/5.0 (Windows NT 10.0; Win64; x64) AppleWebKit/537.36 (KHTML, like Gecko) Chrome/79.0.3945.130 Safari/537.36"
83.114.83.83 - - [26/Feb/2020:11:39:38 +0100] "GET /lechef/orders.php HTTP/1.1" 200 130041 "http://www.e-medicalonline.com/lechef/login.php" "Mozilla/5.0 (Windows NT 10.0; Win64; x64) AppleWebKit/537.36 (KHTML, like Gecko) Chrome/79.0.3945.130 Safari/537.36"
46.229.168.154 - - [26/Feb/2020:11:39:39 +0100] "GET /shopping_cart.php?language=ar HTTP/1.1" 200 8846 "-" "Mozilla/5.0 (compatible; SemrushBot/6~bl; +http://www.semrush.com/bot.html)"
46.229.168.153 - - [26/Feb/2020:11:39:59 +0100] "GET /product_reviews_write.php?cPath=47_71&language=iw&products_id=354 HTTP/1.1" 302 546 "-" "Mozilla/5.0 (compatible; SemrushBot/6~bl; +http://www.semrush.com/bot.html)"
46.229.168.153 - - [26/Feb/2020:11:40:00 +0100] "GET /login.php HTTP/1.1" 200 7445 "-" "Mozilla/5.0 (compatible; SemrushBot/6~bl; +http://www.semrush.com/bot.html)"
46.229.168.130 - - [26/Feb/2020:11:40:02 +0100] "GET /product_reviews.php?action=buy_now&language=tr&products_id=373 HTTP/1.1" 302 569 "-" "Mozilla/5.0 (compatible; SemrushBot/6~bl; +http://www.semrush.com/bot.html)"
46.229.168.162 - - [26/Feb/2020:11:40:03 +0100] "GET /product_info.php?products_id=373 HTTP/1.1" 200 8947 "-" "Mozilla/5.0 (compatible; SemrushBot/6~bl; +http://www.semrush.com/bot.html)"
46.229.168.154 - - [26/Feb/2020:11:41:37 +0100] "GET /product_reviews.php?action=notify&cPath=47_65&language=ru&products_id=321 HTTP/1.1" 302 546 "-" "Mozilla/5.0 (compatible; SemrushBot/6~bl; +http://www.semrush.com/bot.html)"
46.229.168.134 - - [26/Feb/2020:11:41:38 +0100] "GET /login.php HTTP/1.1" 200 7459 "-" "Mozilla/5.0 (compatible; SemrushBot/6~bl; +http://www.semrush.com/bot.html)"
54.36.150.108 - - [26/Feb/2020:11:41:46 +0100] "GET /index.php?cPath=41_38&language=ru&page=1&sort=3a HTTP/1.1" 200 7809 "-" "Mozilla/5.0 (compatible; AhrefsBot/6.1; +http://ahrefs.com/robot/)"
83.114.83.83 - - [26/Feb/2020:11:41:58 +0100] "GET /lechef/orders.php?page=1&oID=12280 HTTP/1.1" 200 130089 "http://www.e-medicalonline.com/lechef/orders.php" "Mozilla/5.0 (Windows NT 10.0; Win64; x64) AppleWebKit/537.36 (KHTML, like Gecko) Chrome/79.0.3945.130 Safari/537.36"
83.114.83.83 - - [26/Feb/2020:11:42:06 +0100] "GET /lechef/orders.php?page=1&oID=12280&action=edit HTTP/1.1" 200 25653 "http://www.e-medicalonline.com/lechef/orders.php?page=1&oID=12280" "Mozilla/5.0 (Windows NT 10.0; Win64; x64) AppleWebKit/537.36 (KHTML, like Gecko) Chrome/79.0.3945.130 Safari/537.36"
83.114.83.83 - - [26/Feb/2020:11:42:12 +0100] "GET /lechef/edit_orders.php?oID=12280 HTTP/1.1" 200 159210 "http://www.e-medicalonline.com/lechef/orders.php?page=1&oID=12280&action=edit" "Mozilla/5.0 (Windows NT 10.0; Win64; x64) AppleWebKit/537.36 (KHTML, like Gecko) Chrome/79.0.3945.130 Safari/537.36"
54.36.150.12 - - [26/Feb/2020:11:42:27 +0100] "GET /index.php?cPath=29_48&language=sr&page=1&sort=3d HTTP/1.1" 200 7221 "-" "Mozilla/5.0 (compatible; AhrefsBot/6.1; +http://ahrefs.com/robot/)"
83.114.83.83 - - [26/Feb/2020:11:43:10 +0100] "GET /lechef/edit_orders_ajax.php?action=update_product_field&oID=12280&pid=78180&field=products_quantity&new_value=432 HTTP/1.1" 200 334 "http://www.e-medicalonline.com/lechef/edit_orders.php?oID=12280" "Mozilla/5.0 (Windows NT 10.0; Win64; x64) AppleWebKit/537.36 (KHTML, like Gecko) Chrome/79.0.3945.130 Safari/537.36"
83.114.83.83 - - [26/Feb/2020:11:43:10 +0100] "POST /lechef/edit_orders_ajax.php HTTP/1.1" 200 13128 "http://www.e-medicalonline.com/lechef/edit_orders.php?oID=12280" "Mozilla/5.0 (Windows NT 10.0; Win64; x64) AppleWebKit/537.36 (KHTML, like Gecko) Chrome/79.0.3945.130 Safari/537.36"
46.229.168.137 - - [26/Feb/2020:11:43:50 +0100] "GET /product_reviews_write.php?products_id=316 HTTP/1.1" 302 546 "-" "Mozilla/5.0 (compatible; SemrushBot/6~bl; +http://www.semrush.com/bot.html)"
46.229.168.153 - - [26/Feb/2020:11:43:51 +0100] "GET /login.php HTTP/1.1" 200 7494 "-" "Mozilla/5.0 (compatible; SemrushBot/6~bl; +http://www.semrush.com/bot.html)"
46.229.168.151 - - [26/Feb/2020:11:44:29 +0100] "GET /product_reviews_write.php?cPath=47&language=en&products_id=379 HTTP/1.1" 302 546 "-" "Mozilla/5.0 (compatible; SemrushBot/6~bl; +http://www.semrush.com/bot.html)"
46.229.168.162 - - [26/Feb/2020:11:44:30 +0100] "GET /login.php HTTP/1.1" 200 7464 "-" "Mozilla/5.0 (compatible; SemrushBot/6~bl; +http://www.semrush.com/bot.html)"
83.114.83.83 - - [26/Feb/2020:11:45:06 +0100] "GET /lechef/edit_orders_ajax.php?action=update_order_field&oID=12280&field=billing_name&new_value=UNIVERSITE%20Bordeaux%20-%20Service%20facturier HTTP/1.1" 200 329 "http://www.e-medicalonline.com/lechef/edit_orders.php?oID=12280" "Mozilla/5.0 (Windows NT 10.0; Win64; x64) AppleWebKit/537.36 (KHTML, like Gecko) Chrome/79.0.3945.130 Safari/537.36"
216.244.66.234 - - [26/Feb/2020:11:45:06 +0100] "GET /index.php?cPath=47_28 HTTP/1.1" 200 33453 "-" "Mozilla/5.0 (compatible; DotBot/1.1; http://www.opensiteexplorer.org/dotbot, help@moz.com)"
83.114.83.83 - - [26/Feb/2020:11:45:06 +0100] "GET /lechef/edit_orders_ajax.php?action=update_order_field&oID=12280&field=billing_company&new_value= HTTP/1.1" 200 332 "http://www.e-medicalonline.com/lechef/edit_orders.php?oID=12280" "Mozilla/5.0 (Windows NT 10.0; Win64; x64) AppleWebKit/537.36 (KHTML, like Gecko) Chrome/79.0.3945.130 Safari/537.36"
216.244.66.234 - - [26/Feb/2020:11:45:06 +0100] "GET /index.php?language=et HTTP/1.1" 200 37126 "-" "Mozilla/5.0 (compatible; DotBot/1.1; http://www.opensiteexplorer.org/dotbot, help@moz.com)"
114.119.128.81 - - [26/Feb/2020:11:45:44 +0100] "GET /account.php?osCsid=05blae55078ddqdp2k7h0sek96 HTTP/1.1" 302 546 "-" "Mozilla/5.0(Linux;Android 5.1.1;OPPO A33 Build/LMY47V;wv) AppleWebKit/537.36(KHTML,link Gecko) Version/4.0 Chrome/43.0.2357.121 Mobile Safari/537.36"
46.229.168.144 - - [26/Feb/2020:11:45:44 +0100] "GET /product_info.php?language=fr&products_id=298 HTTP/1.1" 200 10226 "-" "Mozilla/5.0 (compatible; SemrushBot/6~bl; +http://www.semrush.com/bot.html)"
114.119.128.81 - - [26/Feb/2020:11:45:44 +0100] "GET /login.php?osCsid=lpil169bcc7j6i7fflihhftj04 HTTP/1.1" 200 7323 "-" "Mozilla/5.0(Linux;Android 5.1.1;OPPO A33 Build/LMY47V;wv) AppleWebKit/537.36(KHTML,link Gecko) Version/4.0 Chrome/43.0.2357.121 Mobile Safari/537.36"
83.114.83.83 - - [26/Feb/2020:11:45:49 +0100] "GET /lechef/edit_orders_ajax.php?action=update_order_field&oID=12280&field=billing_street_address&new_value=B%C3%A2timent%20ED%20-%20CS%2061292 HTTP/1.1" 200 339 "http://www.e-medicalonline.com/lechef/edit_orders.php?oID=12280" "Mozilla/5.0 (Windows NT 10.0; Win64; x64) AppleWebKit/537.36 (KHTML, like Gecko) Chrome/79.0.3945.130 Safari/537.36"
46.229.168.138 - - [26/Feb/2020:11:46:19 +0100] "GET /index.php?action=buy_now&cPath=29&language=ar&products_id=52 HTTP/1.1" 302 566 "-" "Mozilla/5.0 (compatible; SemrushBot/6~bl; +http://www.semrush.com/bot.html)"
114.119.156.1 - - [26/Feb/2020:11:46:19 +0100] "GET /account.php?osCsid=0kj8b4k44jt519johe2d963rk0 HTTP/1.1" 302 546 "-" "Mozilla/5.0(Linux;Android 5.1.1;OPPO A33 Build/LMY47V;wv) AppleWebKit/537.36(KHTML,link Gecko) Version/4.0 Chrome/42.0.2311.138 Mobile Safari/537.36"
114.119.156.1 - - [26/Feb/2020:11:46:20 +0100] "GET /login.php?osCsid=ano4aja9j471enmo8m116101q7 HTTP/1.1" 200 7312 "-" "Mozilla/5.0(Linux;Android 5.1.1;OPPO A33 Build/LMY47V;wv) AppleWebKit/537.36(KHTML,link Gecko) Version/4.0 Chrome/42.0.2311.138 Mobile Safari/537.36"
46.229.168.137 - - [26/Feb/2020:11:46:21 +0100] "GET /shopping_cart.php?language=ar HTTP/1.1" 200 8846 "-" "Mozilla/5.0 (compatible; SemrushBot/6~bl; +http://www.semrush.com/bot.html)"
216.244.66.234 - - [26/Feb/2020:11:46:23 +0100] "GET /product_info.php?products_id=304&language=fr HTTP/1.1" 200 37827 "-" "Mozilla/5.0 (compatible; DotBot/1.1; http://www.opensiteexplorer.org/dotbot, help@moz.com)"
46.229.168.163 - - [26/Feb/2020:11:46:23 +0100] "GET /products_new.php?action=buy_now&language=en&products_id=378 HTTP/1.1" 302 566 "-" "Mozilla/5.0 (compatible; SemrushBot/6~bl; +http://www.semrush.com/bot.html)"
46.229.168.133 - - [26/Feb/2020:11:46:24 +0100] "GET /shopping_cart.php?language=en HTTP/1.1" 200 8566 "-" "Mozilla/5.0 (compatible; SemrushBot/6~bl; +http://www.semrush.com/bot.html)"
54.36.150.128 - - [26/Feb/2020:11:47:36 +0100] "GET /index.php?cPath=41_62&language=lv&page=1&sort=5a HTTP/1.1" 200 7618 "-" "Mozilla/5.0 (compatible; AhrefsBot/6.1; +http://ahrefs.com/robot/)"
46.229.168.148 - - [26/Feb/2020:11:47:36 +0100] "GET /product_reviews.php?action=notify&cPath=42_24&language=ru&products_id=257 HTTP/1.1" 302 546 "-" "Mozilla/5.0 (compatible; SemrushBot/6~bl; +http://www.semrush.com/bot.html)"
46.229.168.152 - - [26/Feb/2020:11:47:38 +0100] "GET /product_reviews.php?action=buy_now&language=tr&products_id=215 HTTP/1.1" 302 569 "-" "Mozilla/5.0 (compatible; SemrushBot/6~bl; +http://www.semrush.com/bot.html)"
46.229.168.153 - - [26/Feb/2020:11:47:39 +0100] "GET /product_info.php?products_id=374 HTTP/1.1" 200 9000 "-" "Mozilla/5.0 (compatible; SemrushBot/6~bl; +http://www.semrush.com/bot.html)"
46.229.168.137 - - [26/Feb/2020:11:47:41 +0100] "GET /login.php HTTP/1.1" 200 7456 "-" "Mozilla/5.0 (compatible; SemrushBot/6~bl; +http://www.semrush.com/bot.html)"
46.229.168.146 - - [26/Feb/2020:11:47:42 +0100] "GET /product_info.php?products_id=215 HTTP/1.1" 200 9305 "-" "Mozilla/5.0 (compatible; SemrushBot/6~bl; +http://www.semrush.com/bot.html)"
114.119.138.156 - - [26/Feb/2020:11:47:45 +0100] "GET /account.php?osCsid=0qfindpgjcir61qv75shkbjqv2 HTTP/1.1" 302 546 "-" "Mozilla/5.0(Linux;U;Android 5.1.1;zh-CN;OPPO A33 Build/LMY47V) AppleWebKit/537.36(KHTML,like Gecko) Version/4.0 Chrome/40.0.2214.89 Mobile Safari/537.36"
114.119.138.156 - - [26/Feb/2020:11:47:45 +0100] "GET /login.php?osCsid=08237vd8brrhrisd8qig4p1494 HTTP/1.1" 200 7302 "-" "Mozilla/5.0(Linux;U;Android 5.1.1;zh-CN;OPPO A33 Build/LMY47V) AppleWebKit/537.36(KHTML,like Gecko) Version/4.0 Chrome/40.0.2214.89 Mobile Safari/537.36"
83.114.83.83 - - [26/Feb/2020:11:47:51 +0100] "GET /lechef/edit_orders_ajax.php?action=update_order_field&oID=12280&field=billing_suburb&new_value=146%20rue%20L%C3%A9o%20Saignat HTTP/1.1" 200 331 "http://www.e-medicalonline.com/lechef/edit_orders.php?oID=12280" "Mozilla/5.0 (Windows NT 10.0; Win64; x64) AppleWebKit/537.36 (KHTML, like Gecko) Chrome/79.0.3945.130 Safari/537.36"
46.229.168.143 - - [26/Feb/2020:11:47:51 +0100] "GET /product_reviews.php?action=notify&language=en&products_id=279 HTTP/1.1" 302 546 "-" "Mozilla/5.0 (compatible; SemrushBot/6~bl; +http://www.semrush.com/bot.html)"
46.229.168.129 - - [26/Feb/2020:11:47:52 +0100] "GET /login.php HTTP/1.1" 200 7446 "-" "Mozilla/5.0 (compatible; SemrushBot/6~bl; +http://www.semrush.com/bot.html)"
54.36.148.139 - - [26/Feb/2020:11:48:04 +0100] "GET /product_info.php?products_id=302&language=lv HTTP/1.1" 200 9484 "-" "Mozilla/5.0 (compatible; AhrefsBot/6.1; +http://ahrefs.com/robot/)"
46.229.168.135 - - [26/Feb/2020:11:48:38 +0100] "GET /product_reviews_write.php?language=en&products_id=223 HTTP/1.1" 302 546 "-" "Mozilla/5.0 (compatible; SemrushBot/6~bl; +http://www.semrush.com/bot.html)"
46.229.168.148 - - [26/Feb/2020:11:48:40 +0100] "GET /login.php HTTP/1.1" 200 7460 "-" "Mozilla/5.0 (compatible; SemrushBot/6~bl; +http://www.semrush.com/bot.html)"
46.229.168.133 - - [26/Feb/2020:11:48:52 +0100] "GET /products_new.php?action=buy_now&language=iw&page=8&products_id=238 HTTP/1.1" 302 569 "-" "Mozilla/5.0 (compatible; SemrushBot/6~bl; +http://www.semrush.com/bot.html)"
46.229.168.141 - - [26/Feb/2020:11:48:53 +0100] "GET /product_info.php?products_id=238 HTTP/1.1" 200 9397 "-" "Mozilla/5.0 (compatible; SemrushBot/6~bl; +http://www.semrush.com/bot.html)"
46.229.168.153 - - [26/Feb/2020:11:49:13 +0100] "GET /robots.txt HTTP/1.1" 404 445 "-" "Mozilla/5.0 (compatible; SemrushBot/6~bl; +http://www.semrush.com/bot.html)"
46.229.168.133 - - [26/Feb/2020:11:49:14 +0100] "GET /products_new.php?action=buy_now&page=7&products_id=260 HTTP/1.1" 302 569 "-" "Mozilla/5.0 (compatible; SemrushBot/6~bl; +http://www.semrush.com/bot.html)"
83.114.83.83 - - [26/Feb/2020:11:49:15 +0100] "GET /lechef/edit_orders_ajax.php?action=update_order_field&oID=12280&field=billing_suburb&new_value= HTTP/1.1" 200 331 "http://www.e-medicalonline.com/lechef/edit_orders.php?oID=12280" "Mozilla/5.0 (Windows NT 10.0; Win64; x64) AppleWebKit/537.36 (KHTML, like Gecko) Chrome/79.0.3945.130 Safari/537.36"
46.229.168.141 - - [26/Feb/2020:11:49:15 +0100] "GET /product_info.php?products_id=260 HTTP/1.1" 200 9191 "-" "Mozilla/5.0 (compatible; SemrushBot/6~bl; +http://www.semrush.com/bot.html)"
83.114.83.83 - - [26/Feb/2020:11:49:24 +0100] "GET /lechef/edit_orders_ajax.php?action=update_order_field&oID=12280&field=billing_street_address&new_value=146%20rue%20L%C3%A9o%20Saignat HTTP/1.1" 200 339 "http://www.e-medicalonline.com/lechef/edit_orders.php?oID=12280" "Mozilla/5.0 (Windows NT 10.0; Win64; x64) AppleWebKit/537.36 (KHTML, like Gecko) Chrome/79.0.3945.130 Safari/537.36"
83.114.83.83 - - [26/Feb/2020:11:49:27 +0100] "GET /lechef/edit_orders_ajax.php?action=update_order_field&oID=12280&field=billing_suburb&new_value=B%C3%A2timent%20ED%20-%20CS%2061292%20 HTTP/1.1" 200 331 "http://www.e-medicalonline.com/lechef/edit_orders.php?oID=12280" "Mozilla/5.0 (Windows NT 10.0; Win64; x64) AppleWebKit/537.36 (KHTML, like Gecko) Chrome/79.0.3945.130 Safari/537.36"
54.36.150.57 - - [26/Feb/2020:11:50:03 +0100] "GET /index.php?cPath=42_23&page=1&sort=1d&language=ru HTTP/1.1" 200 8208 "-" "Mozilla/5.0 (compatible; AhrefsBot/6.1; +http://ahrefs.com/robot/)"
46.229.168.154 - - [26/Feb/2020:11:50:37 +0100] "GET /products_new.php?action=buy_now&language=ar&page=5&products_id=316 HTTP/1.1" 302 569 "-" "Mozilla/5.0 (compatible; SemrushBot/6~bl; +http://www.semrush.com/bot.html)"
46.229.168.138 - - [26/Feb/2020:11:50:39 +0100] "GET /product_info.php?products_id=316 HTTP/1.1" 200 9454 "-" "Mozilla/5.0 (compatible; SemrushBot/6~bl; +http://www.semrush.com/bot.html)"
83.114.83.83 - - [26/Feb/2020:11:50:55 +0100] "GET /lechef/edit_orders_ajax.php?action=update_order_field&oID=12280&field=billing_company&new_value=UFS%20DE%20SCIENCES%20MEDICALES HTTP/1.1" 200 332 "http://www.e-medicalonline.com/lechef/edit_orders.php?oID=12280" "Mozilla/5.0 (Windows NT 10.0; Win64; x64) AppleWebKit/537.36 (KHTML, like Gecko) Chrome/79.0.3945.130 Safari/537.36"
54.36.149.90 - - [26/Feb/2020:11:51:04 +0100] "GET /products_new.php?language=sr&page=8&action=buy_now&products_id=247 HTTP/1.1" 302 569 "-" "Mozilla/5.0 (compatible; AhrefsBot/6.1; +http://ahrefs.com/robot/)"
83.114.83.83 - - [26/Feb/2020:11:51:16 +0100] "GET /lechef/edit_orders_ajax.php?action=update_order_field&oID=12280&field=delivery_name&new_value=UNIVERSITE%20Bordeaux%20 HTTP/1.1" 200 330 "http://www.e-medicalonline.com/lechef/edit_orders.php?oID=12280" "Mozilla/5.0 (Windows NT 10.0; Win64; x64) AppleWebKit/537.36 (KHTML, like Gecko) Chrome/79.0.3945.130 Safari/537.36"
83.114.83.83 - - [26/Feb/2020:11:51:20 +0100] "GET /lechef/edit_orders_ajax.php?action=update_order_field&oID=12280&field=billing_name&new_value=UNIVERSITE%20de%20Bordeaux%20-%20Service%20facturier HTTP/1.1" 200 329 "http://www.e-medicalonline.com/lechef/edit_orders.php?oID=12280" "Mozilla/5.0 (Windows NT 10.0; Win64; x64) AppleWebKit/537.36 (KHTML, like Gecko) Chrome/79.0.3945.130 Safari/537.36"
83.114.83.83 - - [26/Feb/2020:11:51:27 +0100] "GET /lechef/edit_orders_ajax.php?action=update_order_field&oID=12280&field=delivery_name&new_value=UNIVERSITE%20de%20Bordeaux%20 HTTP/1.1" 200 330 "http://www.e-medicalonline.com/lechef/edit_orders.php?oID=12280" "Mozilla/5.0 (Windows NT 10.0; Win64; x64) AppleWebKit/537.36 (KHTML, like Gecko) Chrome/79.0.3945.130 Safari/537.36"
46.229.168.162 - - [26/Feb/2020:11:51:49 +0100] "GET /product_info.php?action=notify&cPath=42_55&language=en&products_id=361 HTTP/1.1" 302 546 "-" "Mozilla/5.0 (compatible; SemrushBot/6~bl; +http://www.semrush.com/bot.html)"
46.229.168.147 - - [26/Feb/2020:11:51:50 +0100] "GET /login.php HTTP/1.1" 200 7464 "-" "Mozilla/5.0 (compatible; SemrushBot/6~bl; +http://www.semrush.com/bot.html)"
83.114.83.83 - - [26/Feb/2020:11:52:04 +0100] "GET /lechef/edit_orders_ajax.php?action=update_order_field&oID=12280&field=delivery_name&new_value=UNIVERSITE%20de%20Bordeaux%20-%20Unit%C3%A9%20d%E2%80%99enseignement%20de%20s%C3%A9m%C3%A9iologie%20pratique HTTP/1.1" 200 779 "http://www.e-medicalonline.com/lechef/edit_orders.php?oID=12280" "Mozilla/5.0 (Windows NT 10.0; Win64; x64) AppleWebKit/537.36 (KHTML, like Gecko) Chrome/79.0.3945.130 Safari/537.36"
46.229.168.137 - - [26/Feb/2020:11:52:17 +0100] "GET /product_reviews.php?cPath=42_39&language=pl&products_id=243 HTTP/1.1" 200 7572 "-" "Mozilla/5.0 (compatible; SemrushBot/6~bl; +http://www.semrush.com/bot.html)"
83.114.83.83 - - [26/Feb/2020:11:52:28 +0100] "GET /lechef/edit_orders_ajax.php?action=update_order_field&oID=12280&field=delivery_street_address&new_value=Rue%20Hoffmann%20Martinot HTTP/1.1" 200 340 "http://www.e-medicalonline.com/lechef/edit_orders.php?oID=12280" "Mozilla/5.0 (Windows NT 10.0; Win64; x64) AppleWebKit/537.36 (KHTML, like Gecko) Chrome/79.0.3945.130 Safari/537.36"
83.114.83.83 - - [26/Feb/2020:11:52:49 +0100] "GET /lechef/edit_orders_ajax.php?action=update_order_field&oID=12280&field=delivery_suburb&new_value=B%C3%A2timent%20TP%20-%202%C3%A8me%20%C3%A9tage HTTP/1.1" 200 332 "http://www.e-medicalonline.com/lechef/edit_orders.php?oID=12280" "Mozilla/5.0 (Windows NT 10.0; Win64; x64) AppleWebKit/537.36 (KHTML, like Gecko) Chrome/79.0.3945.130 Safari/537.36"
46.229.168.146 - - [26/Feb/2020:11:53:03 +0100] "GET /product_info.php?action=notify&cPath=42_55&language=tr&products_id=229 HTTP/1.1" 302 546 "-" "Mozilla/5.0 (compatible; SemrushBot/6~bl; +http://www.semrush.com/bot.html)"
46.229.168.137 - - [26/Feb/2020:11:53:05 +0100] "GET /login.php HTTP/1.1" 200 7458 "-" "Mozilla/5.0 (compatible; SemrushBot/6~bl; +http://www.semrush.com/bot.html)"
46.229.168.146 - - [26/Feb/2020:11:53:08 +0100] "GET /product_info.php?language=fr&products_id=188 HTTP/1.1" 200 9280 "-" "Mozilla/5.0 (compatible; SemrushBot/6~bl; +http://www.semrush.com/bot.html)"
83.114.83.83 - - [26/Feb/2020:11:53:19 +0100] "GET /lechef/orders.php?oID=12280 HTTP/1.1" 200 130075 "http://www.e-medicalonline.com/lechef/edit_orders.php?oID=12280" "Mozilla/5.0 (Windows NT 10.0; Win64; x64) AppleWebKit/537.36 (KHTML, like Gecko) Chrome/79.0.3945.130 Safari/537.36"
83.114.83.83 - - [26/Feb/2020:11:53:23 +0100] "GET /lechef/orders.php?page=1&oID=12280&action=edit HTTP/1.1" 200 25641 "http://www.e-medicalonline.com/lechef/orders.php?oID=12280" "Mozilla/5.0 (Windows NT 10.0; Win64; x64) AppleWebKit/537.36 (KHTML, like Gecko) Chrome/79.0.3945.130 Safari/537.36"
114.119.133.223 - - [26/Feb/2020:11:53:23 +0100] "GET /product_info.php?products_id=275&osCsid=ldl1tj5ihsbrpepbco84gdse03 HTTP/1.1" 200 9203 "-" "Mozilla/5.0(Linux;Android 5.1.1;OPPO A33 Build/LMY47V;wv) AppleWebKit/537.36(KHTML,link Gecko) Version/4.0 Chrome/42.0.2311.138 Mobile Safari/537.36"
46.229.168.147 - - [26/Feb/2020:11:53:24 +0100] "GET /index.php?cPath=41_61&language=sr&page=1&sort=3a HTTP/1.1" 200 6870 "-" "Mozilla/5.0 (compatible; SemrushBot/6~bl; +http://www.semrush.com/bot.html)"
