83.114.83.83 - - [26/Feb/2020:10:20:00 +0100] "POST /lechef/login.php?action=process HTTP/1.1" 302 358 "http://www.e-medicalonline.com/lechef/login.php?action=process" "Mozilla/5.0 (Macintosh; Intel Mac OS X 10_14_5) AppleWebKit/537.36 (KHTML, like Gecko) Chrome/80.0.3987.116 Safari/537.36"
83.114.83.83 - - [26/Feb/2020:10:20:00 +0100] "GET /lechef/index.php HTTP/1.1" 200 20255 "http://www.e-medicalonline.com/lechef/login.php?action=process" "Mozilla/5.0 (Macintosh; Intel Mac OS X 10_14_5) AppleWebKit/537.36 (KHTML, like Gecko) Chrome/80.0.3987.116 Safari/537.36"
83.114.83.83 - - [26/Feb/2020:10:20:01 +0100] "GET /lechef/images/oscommerce.gif HTTP/1.1" 404 463 "http://www.e-medicalonline.com/lechef/index.php" "Mozilla/5.0 (Macintosh; Intel Mac OS X 10_14_5) AppleWebKit/537.36 (KHTML, like Gecko) Chrome/80.0.3987.116 Safari/537.36"
83.114.83.83 - - [26/Feb/2020:10:20:01 +0100] "GET /lechef/images/icons/unlocked.gif HTTP/1.1" 304 135 "http://www.e-medicalonline.com/lechef/index.php" "Mozilla/5.0 (Macintosh; Intel Mac OS X 10_14_5) AppleWebKit/537.36 (KHTML, like Gecko) Chrome/80.0.3987.116 Safari/537.36"
83.114.83.83 - - [26/Feb/2020:10:20:01 +0100] "GET /lechef/images/categories/modules.gif HTTP/1.1" 304 136 "http://www.e-medicalonline.com/lechef/index.php" "Mozilla/5.0 (Macintosh; Intel Mac OS X 10_14_5) AppleWebKit/537.36 (KHTML, like Gecko) Chrome/80.0.3987.116 Safari/537.36"
83.114.83.83 - - [26/Feb/2020:10:20:01 +0100] "GET /lechef/images/categories/location.gif HTTP/1.1" 304 136 "http://www.e-medicalonline.com/lechef/index.php" "Mozilla/5.0 (Macintosh; Intel Mac OS X 10_14_5) AppleWebKit/537.36 (KHTML, like Gecko) Chrome/80.0.3987.116 Safari/537.36"
83.114.83.83 - - [26/Feb/2020:10:20:01 +0100] "GET /lechef/images/categories/configuration.gif HTTP/1.1" 304 136 "http://www.e-medicalonline.com/lechef/index.php" "Mozilla/5.0 (Macintosh; Intel Mac OS X 10_14_5) AppleWebKit/537.36 (KHTML, like Gecko) Chrome/80.0.3987.116 Safari/537.36"
83.114.83.83 - - [26/Feb/2020:10:20:01 +0100] "GET /lechef/images/categories/catalog.gif HTTP/1.1" 304 136 "http://www.e-medicalonline.com/lechef/index.php" "Mozilla/5.0 (Macintosh; Intel Mac OS X 10_14_5) AppleWebKit/537.36 (KHTML, like Gecko) Chrome/80.0.3987.116 Safari/537.36"
83.114.83.83 - - [26/Feb/2020:10:20:01 +0100] "GET /lechef/images/categories/customers.gif HTTP/1.1" 304 136 "http://www.e-medicalonline.com/lechef/index.php" "Mozilla/5.0 (Macintosh; Intel Mac OS X 10_14_5) AppleWebKit/537.36 (KHTML, like Gecko) Chrome/80.0.3987.116 Safari/537.36"
83.114.83.83 - - [26/Feb/2020:10:20:01 +0100] "GET /lechef/images/categories/localization.gif HTTP/1.1" 304 136 "http://www.e-medicalonline.com/lechef/index.php" "Mozilla/5.0 (Macintosh; Intel Mac OS X 10_14_5) AppleWebKit/537.36 (KHTML, like Gecko) Chrome/80.0.3987.116 Safari/537.36"
83.114.83.83 - - [26/Feb/2020:10:20:01 +0100] "GET /lechef/images/categories/avsearch.gif HTTP/1.1" 304 136 "http://www.e-medicalonline.com/lechef/index.php" "Mozilla/5.0 (Macintosh; Intel Mac OS X 10_14_5) AppleWebKit/537.36 (KHTML, like Gecko) Chrome/80.0.3987.116 Safari/537.36"
83.114.83.83 - - [26/Feb/2020:10:20:01 +0100] "GET /lechef/images/categories/tools.gif HTTP/1.1" 304 136 "http://www.e-medicalonline.com/lechef/index.php" "Mozilla/5.0 (Macintosh; Intel Mac OS X 10_14_5) AppleWebKit/537.36 (KHTML, like Gecko) Chrome/80.0.3987.116 Safari/537.36"
83.114.83.83 - - [26/Feb/2020:10:20:01 +0100] "GET /lechef/images/categories/reports.gif HTTP/1.1" 304 136 "http://www.e-medicalonline.com/lechef/index.php" "Mozilla/5.0 (Macintosh; Intel Mac OS X 10_14_5) AppleWebKit/537.36 (KHTML, like Gecko) Chrome/80.0.3987.116 Safari/537.36"
83.114.83.83 - - [26/Feb/2020:10:20:02 +0100] "GET /lechef/edit_orders_ajax.php?action=update_order_field&oID=12282&field=payment_method&new_value=Bank%20Transfer%20Payment HTTP/1.1" 200 331 "http://www.e-medicalonline.com/lechef/edit_orders.php?oID=12282" "Mozilla/5.0 (Windows NT 10.0; Win64; x64) AppleWebKit/537.36 (KHTML, like Gecko) Chrome/79.0.3945.130 Safari/537.36"
83.114.83.83 - - [26/Feb/2020:10:20:03 +0100] "GET /lechef/qtprodoctor.php HTTP/1.1" 200 15244 "http://www.e-medicalonline.com/lechef/index.php" "Mozilla/5.0 (Macintosh; Intel Mac OS X 10_14_5) AppleWebKit/537.36 (KHTML, like Gecko) Chrome/80.0.3987.116 Safari/537.36"
46.229.168.134 - - [26/Feb/2020:10:20:42 +0100] "GET /index.php?action=buy_now&cPath=29&language=fr&products_id=222 HTTP/1.1" 302 566 "-" "Mozilla/5.0 (compatible; SemrushBot/6~bl; +http://www.semrush.com/bot.html)"
46.229.168.163 - - [26/Feb/2020:10:20:43 +0100] "GET /shopping_cart.php?language=fr HTTP/1.1" 200 8709 "-" "Mozilla/5.0 (compatible; SemrushBot/6~bl; +http://www.semrush.com/bot.html)"
46.229.168.154 - - [26/Feb/2020:10:20:44 +0100] "GET /index.php?cPath=41_59&language=lv&page=1&sort=3d HTTP/1.1" 200 7489 "-" "Mozilla/5.0 (compatible; SemrushBot/6~bl; +http://www.semrush.com/bot.html)"
46.229.168.150 - - [26/Feb/2020:10:21:00 +0100] "GET /product_reviews.php?cPath=41_37&language=tr&products_id=338 HTTP/1.1" 200 7565 "-" "Mozilla/5.0 (compatible; SemrushBot/6~bl; +http://www.semrush.com/bot.html)"
114.119.156.230 - - [26/Feb/2020:10:21:33 +0100] "GET /product_info.php?products_id=356&osCsid=kmo6e126e7mkk0i36cr60s18q2 HTTP/1.1" 200 9486 "-" "Mozilla/5.0(Linux;Android 5.1.1;OPPO A33 Build/LMY47V;wv) AppleWebKit/537.36(KHTML,link Gecko) Version/4.0 Chrome/42.0.2311.138 Mobile Safari/537.36"
114.119.153.0 - - [26/Feb/2020:10:21:38 +0100] "GET /product_info.php?products_id=210&osCsid=ktei83mp03cp4jn87aaqs71oa6 HTTP/1.1" 200 9396 "-" "Mozilla/5.0(Linux;Android 5.1.1;OPPO A33 Build/LMY47V;wv) AppleWebKit/537.36(KHTML,link Gecko) Version/4.0 Chrome/43.0.2357.121 Mobile Safari/537.36"
114.119.148.169 - - [26/Feb/2020:10:21:43 +0100] "GET /redirect.php?action=url&goto=www.vetsuture.com&osCsid=mvthhcqjq4qg10tsgc365gio55 HTTP/1.1" 302 496 "-" "Mozilla/5.0(Linux;U;Android 5.1.1;zh-CN;OPPO A33 Build/LMY47V) AppleWebKit/537.36(KHTML,like Gecko) Version/4.0 Chrome/40.0.2214.89 Mobile Safari/537.36"
114.119.167.85 - - [26/Feb/2020:10:21:48 +0100] "GET /account.php?osCsid=0mot2d4thlv5isf8o9j2uscgh7 HTTP/1.1" 302 546 "-" "Mozilla/5.0 (iPad; CPU OS 7_0 like Mac OS X) AppleWebKit/537.51.1 (KHTML, like Gecko) Version/7.0 Mobile/11A465 Safari/9537.53"
114.119.167.85 - - [26/Feb/2020:10:21:48 +0100] "GET /login.php?osCsid=h54iu7dpe8hliljnq9nugmar36 HTTP/1.1" 200 7357 "-" "Mozilla/5.0 (iPad; CPU OS 7_0 like Mac OS X) AppleWebKit/537.51.1 (KHTML, like Gecko) Version/7.0 Mobile/11A465 Safari/9537.53"
46.229.168.146 - - [26/Feb/2020:10:23:50 +0100] "GET /product_reviews_write.php?language=fr&products_id=376 HTTP/1.1" 302 546 "-" "Mozilla/5.0 (compatible; SemrushBot/6~bl; +http://www.semrush.com/bot.html)"
46.229.168.145 - - [26/Feb/2020:10:23:52 +0100] "GET /login.php HTTP/1.1" 200 7467 "-" "Mozilla/5.0 (compatible; SemrushBot/6~bl; +http://www.semrush.com/bot.html)"
216.244.66.234 - - [26/Feb/2020:10:23:58 +0100] "GET /product_info.php?products_id=336&language=ar HTTP/1.1" 200 55543 "-" "Mozilla/5.0 (compatible; DotBot/1.1; http://www.opensiteexplorer.org/dotbot, help@moz.com)"
216.244.66.234 - - [26/Feb/2020:10:24:01 +0100] "GET /product_info.php?products_id=336&language=sr HTTP/1.1" 200 52859 "-" "Mozilla/5.0 (compatible; DotBot/1.1; http://www.opensiteexplorer.org/dotbot, help@moz.com)"
83.114.83.83 - - [26/Feb/2020:10:24:18 +0100] "GET /lechef/edit_orders_add_product.php?oID=12282&step=1 HTTP/1.1" 200 6615 "http://www.e-medicalonline.com/lechef/edit_orders.php?oID=12282" "Mozilla/5.0 (Windows NT 10.0; Win64; x64) AppleWebKit/537.36 (KHTML, like Gecko) Chrome/79.0.3945.130 Safari/537.36"
83.114.83.83 - - [26/Feb/2020:10:24:29 +0100] "POST /lechef/edit_orders_add_product.php?oID=12282 HTTP/1.1" 200 8219 "http://www.e-medicalonline.com/lechef/edit_orders_add_product.php?oID=12282&step=1" "Mozilla/5.0 (Windows NT 10.0; Win64; x64) AppleWebKit/537.36 (KHTML, like Gecko) Chrome/79.0.3945.130 Safari/537.36"
83.114.83.83 - - [26/Feb/2020:10:24:31 +0100] "POST /lechef/edit_orders_add_product.php?oID=12282 HTTP/1.1" 200 9425 "http://www.e-medicalonline.com/lechef/edit_orders_add_product.php?oID=12282" "Mozilla/5.0 (Windows NT 10.0; Win64; x64) AppleWebKit/537.36 (KHTML, like Gecko) Chrome/79.0.3945.130 Safari/537.36"
83.114.83.83 - - [26/Feb/2020:10:24:33 +0100] "POST /lechef/edit_orders_add_product.php?oID=12282 HTTP/1.1" 200 10973 "http://www.e-medicalonline.com/lechef/edit_orders_add_product.php?oID=12282" "Mozilla/5.0 (Windows NT 10.0; Win64; x64) AppleWebKit/537.36 (KHTML, like Gecko) Chrome/79.0.3945.130 Safari/537.36"
83.114.83.83 - - [26/Feb/2020:10:24:36 +0100] "POST /lechef/edit_orders_add_product.php?oID=12282&action=add_product HTTP/1.1" 302 408 "http://www.e-medicalonline.com/lechef/edit_orders_add_product.php?oID=12282" "Mozilla/5.0 (Windows NT 10.0; Win64; x64) AppleWebKit/537.36 (KHTML, like Gecko) Chrome/79.0.3945.130 Safari/537.36"
83.114.83.83 - - [26/Feb/2020:10:24:36 +0100] "GET /lechef/edit_orders_add_product.php?oID=12282&step=1&submitForm=yes HTTP/1.1" 200 6802 "http://www.e-medicalonline.com/lechef/edit_orders_add_product.php?oID=12282" "Mozilla/5.0 (Windows NT 10.0; Win64; x64) AppleWebKit/537.36 (KHTML, like Gecko) Chrome/79.0.3945.130 Safari/537.36"
83.114.83.83 - - [26/Feb/2020:10:24:36 +0100] "POST /lechef/edit_orders.php?oID=12282&action=update_order HTTP/1.1" 302 395 "http://www.e-medicalonline.com/lechef/edit_orders.php?oID=12282" "Mozilla/5.0 (Windows NT 10.0; Win64; x64) AppleWebKit/537.36 (KHTML, like Gecko) Chrome/79.0.3945.130 Safari/537.36"
83.114.83.83 - - [26/Feb/2020:10:24:36 +0100] "GET /lechef/edit_orders.php?oID=12282&action=edit HTTP/1.1" 200 143571 "http://www.e-medicalonline.com/lechef/edit_orders.php?oID=12282" "Mozilla/5.0 (Windows NT 10.0; Win64; x64) AppleWebKit/537.36 (KHTML, like Gecko) Chrome/79.0.3945.130 Safari/537.36"
83.114.83.83 - - [26/Feb/2020:10:24:55 +0100] "GET /lechef/edit_orders_ajax.php?action=update_product_value_field&oID=12282&pid=78187&price=2.2400&final_price=2.2400 HTTP/1.1" 200 332 "http://www.e-medicalonline.com/lechef/edit_orders.php?oID=12282&action=edit" "Mozilla/5.0 (Windows NT 10.0; Win64; x64) AppleWebKit/537.36 (KHTML, like Gecko) Chrome/79.0.3945.130 Safari/537.36"
83.114.83.83 - - [26/Feb/2020:10:24:55 +0100] "POST /lechef/edit_orders_ajax.php HTTP/1.1" 200 14949 "http://www.e-medicalonline.com/lechef/edit_orders.php?oID=12282&action=edit" "Mozilla/5.0 (Windows NT 10.0; Win64; x64) AppleWebKit/537.36 (KHTML, like Gecko) Chrome/79.0.3945.130 Safari/537.36"
83.114.83.83 - - [26/Feb/2020:10:24:57 +0100] "GET /lechef/edit_orders_add_product.php?oID=12282&step=1 HTTP/1.1" 200 6615 "http://www.e-medicalonline.com/lechef/edit_orders.php?oID=12282&action=edit" "Mozilla/5.0 (Windows NT 10.0; Win64; x64) AppleWebKit/537.36 (KHTML, like Gecko) Chrome/79.0.3945.130 Safari/537.36"
83.114.83.83 - - [26/Feb/2020:10:25:01 +0100] "POST /lechef/edit_orders_add_product.php?oID=12282 HTTP/1.1" 200 8457 "http://www.e-medicalonline.com/lechef/edit_orders_add_product.php?oID=12282&step=1" "Mozilla/5.0 (Windows NT 10.0; Win64; x64) AppleWebKit/537.36 (KHTML, like Gecko) Chrome/79.0.3945.130 Safari/537.36"
83.114.83.83 - - [26/Feb/2020:10:25:01 +0100] "POST /lechef/edit_orders_add_product.php?oID=12282 HTTP/1.1" 200 8457 "http://www.e-medicalonline.com/lechef/edit_orders_add_product.php?oID=12282&step=1" "Mozilla/5.0 (Windows NT 10.0; Win64; x64) AppleWebKit/537.36 (KHTML, like Gecko) Chrome/79.0.3945.130 Safari/537.36"
83.114.83.83 - - [26/Feb/2020:10:25:07 +0100] "POST /lechef/edit_orders_add_product.php?oID=12282 HTTP/1.1" 200 9615 "http://www.e-medicalonline.com/lechef/edit_orders_add_product.php?oID=12282" "Mozilla/5.0 (Windows NT 10.0; Win64; x64) AppleWebKit/537.36 (KHTML, like Gecko) Chrome/79.0.3945.130 Safari/537.36"
83.114.83.83 - - [26/Feb/2020:10:25:08 +0100] "POST /lechef/edit_orders_add_product.php?oID=12282 HTTP/1.1" 200 11154 "http://www.e-medicalonline.com/lechef/edit_orders_add_product.php?oID=12282" "Mozilla/5.0 (Windows NT 10.0; Win64; x64) AppleWebKit/537.36 (KHTML, like Gecko) Chrome/79.0.3945.130 Safari/537.36"
83.114.83.83 - - [26/Feb/2020:10:25:11 +0100] "POST /lechef/edit_orders_add_product.php?oID=12282&action=add_product HTTP/1.1" 302 408 "http://www.e-medicalonline.com/lechef/edit_orders_add_product.php?oID=12282" "Mozilla/5.0 (Windows NT 10.0; Win64; x64) AppleWebKit/537.36 (KHTML, like Gecko) Chrome/79.0.3945.130 Safari/537.36"
83.114.83.83 - - [26/Feb/2020:10:25:11 +0100] "GET /lechef/edit_orders_add_product.php?oID=12282&step=1&submitForm=yes HTTP/1.1" 200 6802 "http://www.e-medicalonline.com/lechef/edit_orders_add_product.php?oID=12282" "Mozilla/5.0 (Windows NT 10.0; Win64; x64) AppleWebKit/537.36 (KHTML, like Gecko) Chrome/79.0.3945.130 Safari/537.36"
83.114.83.83 - - [26/Feb/2020:10:25:12 +0100] "POST /lechef/edit_orders.php?oID=12282&action=update_order HTTP/1.1" 302 395 "http://www.e-medicalonline.com/lechef/edit_orders.php?oID=12282&action=edit" "Mozilla/5.0 (Windows NT 10.0; Win64; x64) AppleWebKit/537.36 (KHTML, like Gecko) Chrome/79.0.3945.130 Safari/537.36"
83.114.83.83 - - [26/Feb/2020:10:25:12 +0100] "GET /lechef/edit_orders.php?oID=12282&action=edit HTTP/1.1" 200 147425 "http://www.e-medicalonline.com/lechef/edit_orders.php?oID=12282&action=edit" "Mozilla/5.0 (Windows NT 10.0; Win64; x64) AppleWebKit/537.36 (KHTML, like Gecko) Chrome/79.0.3945.130 Safari/537.36"
83.114.83.83 - - [26/Feb/2020:10:25:27 +0100] "GET /lechef/edit_orders_ajax.php?action=update_product_value_field&oID=12282&pid=78188&price=2.5500&final_price=2.5500 HTTP/1.1" 200 332 "http://www.e-medicalonline.com/lechef/edit_orders.php?oID=12282&action=edit" "Mozilla/5.0 (Windows NT 10.0; Win64; x64) AppleWebKit/537.36 (KHTML, like Gecko) Chrome/79.0.3945.130 Safari/537.36"
83.114.83.83 - - [26/Feb/2020:10:25:28 +0100] "POST /lechef/edit_orders_ajax.php HTTP/1.1" 200 14951 "http://www.e-medicalonline.com/lechef/edit_orders.php?oID=12282&action=edit" "Mozilla/5.0 (Windows NT 10.0; Win64; x64) AppleWebKit/537.36 (KHTML, like Gecko) Chrome/79.0.3945.130 Safari/537.36"
83.114.83.83 - - [26/Feb/2020:10:25:29 +0100] "GET /lechef/edit_orders_add_product.php?oID=12282&step=1 HTTP/1.1" 200 6615 "http://www.e-medicalonline.com/lechef/edit_orders.php?oID=12282&action=edit" "Mozilla/5.0 (Windows NT 10.0; Win64; x64) AppleWebKit/537.36 (KHTML, like Gecko) Chrome/79.0.3945.130 Safari/537.36"
83.114.83.83 - - [26/Feb/2020:10:25:35 +0100] "POST /lechef/edit_orders_add_product.php?oID=12282 HTTP/1.1" 200 8448 "http://www.e-medicalonline.com/lechef/edit_orders_add_product.php?oID=12282&step=1" "Mozilla/5.0 (Windows NT 10.0; Win64; x64) AppleWebKit/537.36 (KHTML, like Gecko) Chrome/79.0.3945.130 Safari/537.36"
83.114.83.83 - - [26/Feb/2020:10:25:35 +0100] "POST /lechef/edit_orders_add_product.php?oID=12282 HTTP/1.1" 200 8448 "http://www.e-medicalonline.com/lechef/edit_orders_add_product.php?oID=12282&step=1" "Mozilla/5.0 (Windows NT 10.0; Win64; x64) AppleWebKit/537.36 (KHTML, like Gecko) Chrome/79.0.3945.130 Safari/537.36"
83.114.83.83 - - [26/Feb/2020:10:25:39 +0100] "POST /lechef/edit_orders_add_product.php?oID=12282 HTTP/1.1" 200 9607 "http://www.e-medicalonline.com/lechef/edit_orders_add_product.php?oID=12282" "Mozilla/5.0 (Windows NT 10.0; Win64; x64) AppleWebKit/537.36 (KHTML, like Gecko) Chrome/79.0.3945.130 Safari/537.36"
83.114.83.83 - - [26/Feb/2020:10:25:39 +0100] "POST /lechef/edit_orders_add_product.php?oID=12282 HTTP/1.1" 200 11146 "http://www.e-medicalonline.com/lechef/edit_orders_add_product.php?oID=12282" "Mozilla/5.0 (Windows NT 10.0; Win64; x64) AppleWebKit/537.36 (KHTML, like Gecko) Chrome/79.0.3945.130 Safari/537.36"
83.114.83.83 - - [26/Feb/2020:10:25:45 +0100] "POST /lechef/edit_orders_add_product.php?oID=12282&action=add_product HTTP/1.1" 302 408 "http://www.e-medicalonline.com/lechef/edit_orders_add_product.php?oID=12282" "Mozilla/5.0 (Windows NT 10.0; Win64; x64) AppleWebKit/537.36 (KHTML, like Gecko) Chrome/79.0.3945.130 Safari/537.36"
83.114.83.83 - - [26/Feb/2020:10:25:45 +0100] "GET /lechef/edit_orders_add_product.php?oID=12282&step=1&submitForm=yes HTTP/1.1" 200 6802 "http://www.e-medicalonline.com/lechef/edit_orders_add_product.php?oID=12282" "Mozilla/5.0 (Windows NT 10.0; Win64; x64) AppleWebKit/537.36 (KHTML, like Gecko) Chrome/79.0.3945.130 Safari/537.36"
83.114.83.83 - - [26/Feb/2020:10:25:46 +0100] "POST /lechef/edit_orders.php?oID=12282&action=update_order HTTP/1.1" 302 395 "http://www.e-medicalonline.com/lechef/edit_orders.php?oID=12282&action=edit" "Mozilla/5.0 (Windows NT 10.0; Win64; x64) AppleWebKit/537.36 (KHTML, like Gecko) Chrome/79.0.3945.130 Safari/537.36"
83.114.83.83 - - [26/Feb/2020:10:25:46 +0100] "GET /lechef/edit_orders.php?oID=12282&action=edit HTTP/1.1" 200 149266 "http://www.e-medicalonline.com/lechef/edit_orders.php?oID=12282&action=edit" "Mozilla/5.0 (Windows NT 10.0; Win64; x64) AppleWebKit/537.36 (KHTML, like Gecko) Chrome/79.0.3945.130 Safari/537.36"
46.229.168.129 - - [26/Feb/2020:10:25:50 +0100] "GET /product_info.php?cPath=42_23&language=fr&products_id=103 HTTP/1.1" 200 9411 "-" "Mozilla/5.0 (compatible; SemrushBot/6~bl; +http://www.semrush.com/bot.html)"
46.229.168.161 - - [26/Feb/2020:10:25:55 +0100] "GET /product_reviews_write.php?language=lv&products_id=333 HTTP/1.1" 302 546 "-" "Mozilla/5.0 (compatible; SemrushBot/6~bl; +http://www.semrush.com/bot.html)"
46.229.168.154 - - [26/Feb/2020:10:25:56 +0100] "GET /login.php HTTP/1.1" 200 7458 "-" "Mozilla/5.0 (compatible; SemrushBot/6~bl; +http://www.semrush.com/bot.html)"
114.119.140.200 - - [26/Feb/2020:10:25:59 +0100] "GET /redirect.php?action=url&goto=www.vetsuture.com&osCsid=ubcocoj855q01ba3m0t75p6f73 HTTP/1.1" 302 496 "-" "Mozilla/5.0(Linux;Android 5.1.1;OPPO A33 Build/LMY47V;wv) AppleWebKit/537.36(KHTML,link Gecko) Version/4.0 Chrome/42.0.2311.138 Mobile Safari/537.36"
46.229.168.152 - - [26/Feb/2020:10:26:01 +0100] "GET /product_reviews.php?products_id=383 HTTP/1.1" 200 7329 "-" "Mozilla/5.0 (compatible; SemrushBot/6~bl; +http://www.semrush.com/bot.html)"
83.114.83.83 - - [26/Feb/2020:10:26:04 +0100] "GET /lechef/edit_orders_ajax.php?action=update_product_value_field&oID=12282&pid=78189&price=1.9400&final_price=1.9400 HTTP/1.1" 200 332 "http://www.e-medicalonline.com/lechef/edit_orders.php?oID=12282&action=edit" "Mozilla/5.0 (Windows NT 10.0; Win64; x64) AppleWebKit/537.36 (KHTML, like Gecko) Chrome/79.0.3945.130 Safari/537.36"
83.114.83.83 - - [26/Feb/2020:10:26:04 +0100] "POST /lechef/edit_orders_ajax.php HTTP/1.1" 200 13128 "http://www.e-medicalonline.com/lechef/edit_orders.php?oID=12282&action=edit" "Mozilla/5.0 (Windows NT 10.0; Win64; x64) AppleWebKit/537.36 (KHTML, like Gecko) Chrome/79.0.3945.130 Safari/537.36"
114.119.163.17 - - [26/Feb/2020:10:26:05 +0100] "GET /account.php?osCsid=0jjmbuvftfte423he6bjot9kr3 HTTP/1.1" 302 546 "-" "Mozilla/5.0(Linux;Android 5.1.1;OPPO A33 Build/LMY47V;wv) AppleWebKit/537.36(KHTML,link Gecko) Version/4.0 Chrome/43.0.2357.121 Mobile Safari/537.36"
114.119.163.17 - - [26/Feb/2020:10:26:05 +0100] "GET /login.php?osCsid=iqhtgu31qg052n29mcgqvonus1 HTTP/1.1" 200 7323 "-" "Mozilla/5.0(Linux;Android 5.1.1;OPPO A33 Build/LMY47V;wv) AppleWebKit/537.36(KHTML,link Gecko) Version/4.0 Chrome/43.0.2357.121 Mobile Safari/537.36"
83.114.83.83 - - [26/Feb/2020:10:26:06 +0100] "GET /lechef/edit_orders_add_product.php?oID=12282&step=1 HTTP/1.1" 200 6615 "http://www.e-medicalonline.com/lechef/edit_orders.php?oID=12282&action=edit" "Mozilla/5.0 (Windows NT 10.0; Win64; x64) AppleWebKit/537.36 (KHTML, like Gecko) Chrome/79.0.3945.130 Safari/537.36"
83.114.83.83 - - [26/Feb/2020:10:26:19 +0100] "POST /lechef/edit_orders_add_product.php?oID=12282 HTTP/1.1" 200 8287 "http://www.e-medicalonline.com/lechef/edit_orders_add_product.php?oID=12282&step=1" "Mozilla/5.0 (Windows NT 10.0; Win64; x64) AppleWebKit/537.36 (KHTML, like Gecko) Chrome/79.0.3945.130 Safari/537.36"
83.114.83.83 - - [26/Feb/2020:10:26:22 +0100] "POST /lechef/edit_orders_add_product.php?oID=12282 HTTP/1.1" 200 9467 "http://www.e-medicalonline.com/lechef/edit_orders_add_product.php?oID=12282" "Mozilla/5.0 (Windows NT 10.0; Win64; x64) AppleWebKit/537.36 (KHTML, like Gecko) Chrome/79.0.3945.130 Safari/537.36"
83.114.83.83 - - [26/Feb/2020:10:26:23 +0100] "POST /lechef/edit_orders_add_product.php?oID=12282 HTTP/1.1" 200 11007 "http://www.e-medicalonline.com/lechef/edit_orders_add_product.php?oID=12282" "Mozilla/5.0 (Windows NT 10.0; Win64; x64) AppleWebKit/537.36 (KHTML, like Gecko) Chrome/79.0.3945.130 Safari/537.36"
83.114.83.83 - - [26/Feb/2020:10:26:27 +0100] "POST /lechef/edit_orders_add_product.php?oID=12282&action=add_product HTTP/1.1" 302 408 "http://www.e-medicalonline.com/lechef/edit_orders_add_product.php?oID=12282" "Mozilla/5.0 (Windows NT 10.0; Win64; x64) AppleWebKit/537.36 (KHTML, like Gecko) Chrome/79.0.3945.130 Safari/537.36"
83.114.83.83 - - [26/Feb/2020:10:26:27 +0100] "GET /lechef/edit_orders_add_product.php?oID=12282&step=1&submitForm=yes HTTP/1.1" 200 6802 "http://www.e-medicalonline.com/lechef/edit_orders_add_product.php?oID=12282" "Mozilla/5.0 (Windows NT 10.0; Win64; x64) AppleWebKit/537.36 (KHTML, like Gecko) Chrome/79.0.3945.130 Safari/537.36"
83.114.83.83 - - [26/Feb/2020:10:26:28 +0100] "POST /lechef/edit_orders.php?oID=12282&action=update_order HTTP/1.1" 302 395 "http://www.e-medicalonline.com/lechef/edit_orders.php?oID=12282&action=edit" "Mozilla/5.0 (Windows NT 10.0; Win64; x64) AppleWebKit/537.36 (KHTML, like Gecko) Chrome/79.0.3945.130 Safari/537.36"
83.114.83.83 - - [26/Feb/2020:10:26:28 +0100] "GET /lechef/edit_orders.php?oID=12282&action=edit HTTP/1.1" 200 153133 "http://www.e-medicalonline.com/lechef/edit_orders.php?oID=12282&action=edit" "Mozilla/5.0 (Windows NT 10.0; Win64; x64) AppleWebKit/537.36 (KHTML, like Gecko) Chrome/79.0.3945.130 Safari/537.36"
46.229.168.131 - - [26/Feb/2020:10:26:28 +0100] "GET /index.php?cPath=63_46&language=pl HTTP/1.1" 200 6870 "-" "Mozilla/5.0 (compatible; SemrushBot/6~bl; +http://www.semrush.com/bot.html)"
46.229.168.152 - - [26/Feb/2020:10:26:32 +0100] "GET /product_reviews.php?cPath=42_24&language=ar&products_id=257 HTTP/1.1" 200 7698 "-" "Mozilla/5.0 (compatible; SemrushBot/6~bl; +http://www.semrush.com/bot.html)"
216.244.66.234 - - [26/Feb/2020:10:26:33 +0100] "GET /index.php?cPath=47_67&page=1&sort=4d&language=lv HTTP/1.1" 200 40731 "-" "Mozilla/5.0 (compatible; DotBot/1.1; http://www.opensiteexplorer.org/dotbot, help@moz.com)"
83.114.83.83 - - [26/Feb/2020:10:26:43 +0100] "GET /lechef/edit_orders_ajax.php?action=update_product_value_field&oID=12282&pid=78190&price=2.5500&final_price=2.5500 HTTP/1.1" 200 332 "http://www.e-medicalonline.com/lechef/edit_orders.php?oID=12282&action=edit" "Mozilla/5.0 (Windows NT 10.0; Win64; x64) AppleWebKit/537.36 (KHTML, like Gecko) Chrome/79.0.3945.130 Safari/537.36"
83.114.83.83 - - [26/Feb/2020:10:26:43 +0100] "POST /lechef/edit_orders_ajax.php HTTP/1.1" 200 13128 "http://www.e-medicalonline.com/lechef/edit_orders.php?oID=12282&action=edit" "Mozilla/5.0 (Windows NT 10.0; Win64; x64) AppleWebKit/537.36 (KHTML, like Gecko) Chrome/79.0.3945.130 Safari/537.36"
83.114.83.83 - - [26/Feb/2020:10:26:49 +0100] "GET /lechef/edit_orders_add_product.php?oID=12282&step=1 HTTP/1.1" 200 6615 "http://www.e-medicalonline.com/lechef/edit_orders.php?oID=12282&action=edit" "Mozilla/5.0 (Windows NT 10.0; Win64; x64) AppleWebKit/537.36 (KHTML, like Gecko) Chrome/79.0.3945.130 Safari/537.36"
83.114.83.83 - - [26/Feb/2020:10:26:54 +0100] "POST /lechef/edit_orders_add_product.php?oID=12282 HTTP/1.1" 200 8274 "http://www.e-medicalonline.com/lechef/edit_orders_add_product.php?oID=12282&step=1" "Mozilla/5.0 (Windows NT 10.0; Win64; x64) AppleWebKit/537.36 (KHTML, like Gecko) Chrome/79.0.3945.130 Safari/537.36"
83.114.83.83 - - [26/Feb/2020:10:26:54 +0100] "POST /lechef/edit_orders_add_product.php?oID=12282 HTTP/1.1" 200 8274 "http://www.e-medicalonline.com/lechef/edit_orders_add_product.php?oID=12282&step=1" "Mozilla/5.0 (Windows NT 10.0; Win64; x64) AppleWebKit/537.36 (KHTML, like Gecko) Chrome/79.0.3945.130 Safari/537.36"
83.114.83.83 - - [26/Feb/2020:10:26:56 +0100] "POST /lechef/edit_orders_add_product.php?oID=12282 HTTP/1.1" 200 9453 "http://www.e-medicalonline.com/lechef/edit_orders_add_product.php?oID=12282" "Mozilla/5.0 (Windows NT 10.0; Win64; x64) AppleWebKit/537.36 (KHTML, like Gecko) Chrome/79.0.3945.130 Safari/537.36"
83.114.83.83 - - [26/Feb/2020:10:26:57 +0100] "POST /lechef/edit_orders_add_product.php?oID=12282 HTTP/1.1" 200 10992 "http://www.e-medicalonline.com/lechef/edit_orders_add_product.php?oID=12282" "Mozilla/5.0 (Windows NT 10.0; Win64; x64) AppleWebKit/537.36 (KHTML, like Gecko) Chrome/79.0.3945.130 Safari/537.36"
83.114.83.83 - - [26/Feb/2020:10:27:00 +0100] "POST /lechef/edit_orders_add_product.php?oID=12282&action=add_product HTTP/1.1" 302 408 "http://www.e-medicalonline.com/lechef/edit_orders_add_product.php?oID=12282" "Mozilla/5.0 (Windows NT 10.0; Win64; x64) AppleWebKit/537.36 (KHTML, like Gecko) Chrome/79.0.3945.130 Safari/537.36"
83.114.83.83 - - [26/Feb/2020:10:27:00 +0100] "GET /lechef/edit_orders_add_product.php?oID=12282&step=1&submitForm=yes HTTP/1.1" 200 6802 "http://www.e-medicalonline.com/lechef/edit_orders_add_product.php?oID=12282" "Mozilla/5.0 (Windows NT 10.0; Win64; x64) AppleWebKit/537.36 (KHTML, like Gecko) Chrome/79.0.3945.130 Safari/537.36"
83.114.83.83 - - [26/Feb/2020:10:27:00 +0100] "POST /lechef/edit_orders.php?oID=12282&action=update_order HTTP/1.1" 302 395 "http://www.e-medicalonline.com/lechef/edit_orders.php?oID=12282&action=edit" "Mozilla/5.0 (Windows NT 10.0; Win64; x64) AppleWebKit/537.36 (KHTML, like Gecko) Chrome/79.0.3945.130 Safari/537.36"
83.114.83.83 - - [26/Feb/2020:10:27:00 +0100] "GET /lechef/edit_orders.php?oID=12282&action=edit HTTP/1.1" 200 156981 "http://www.e-medicalonline.com/lechef/edit_orders.php?oID=12282&action=edit" "Mozilla/5.0 (Windows NT 10.0; Win64; x64) AppleWebKit/537.36 (KHTML, like Gecko) Chrome/79.0.3945.130 Safari/537.36"
83.114.83.83 - - [26/Feb/2020:10:27:16 +0100] "GET /lechef/edit_orders_ajax.php?action=update_product_value_field&oID=12282&pid=78191&price=1.9400&final_price=1.9400 HTTP/1.1" 200 332 "http://www.e-medicalonline.com/lechef/edit_orders.php?oID=12282&action=edit" "Mozilla/5.0 (Windows NT 10.0; Win64; x64) AppleWebKit/537.36 (KHTML, like Gecko) Chrome/79.0.3945.130 Safari/537.36"
83.114.83.83 - - [26/Feb/2020:10:27:16 +0100] "POST /lechef/edit_orders_ajax.php HTTP/1.1" 200 13128 "http://www.e-medicalonline.com/lechef/edit_orders.php?oID=12282&action=edit" "Mozilla/5.0 (Windows NT 10.0; Win64; x64) AppleWebKit/537.36 (KHTML, like Gecko) Chrome/79.0.3945.130 Safari/537.36"
216.244.66.234 - - [26/Feb/2020:10:27:23 +0100] "GET /product_info.php?cPath=41_38&products_id=196&language=en HTTP/1.1" 200 57283 "-" "Mozilla/5.0 (compatible; DotBot/1.1; http://www.opensiteexplorer.org/dotbot, help@moz.com)"
46.229.168.153 - - [26/Feb/2020:10:27:39 +0100] "GET /product_info.php?action=notify&language=lv&products_id=373 HTTP/1.1" 302 546 "-" "Mozilla/5.0 (compatible; SemrushBot/6~bl; +http://www.semrush.com/bot.html)"
46.229.168.163 - - [26/Feb/2020:10:27:40 +0100] "GET /login.php HTTP/1.1" 200 7468 "-" "Mozilla/5.0 (compatible; SemrushBot/6~bl; +http://www.semrush.com/bot.html)"
83.114.83.83 - - [26/Feb/2020:10:27:43 +0100] "GET /lechef/edit_orders_ajax.php?action=update_comment&cID=37663&comment=Commande%20N%20170383049%0Aen%20date%20du%2025%2F02%2F2020&oID=12282 HTTP/1.1" 200 338 "http://www.e-medicalonline.com/lechef/edit_orders.php?oID=12282&action=edit" "Mozilla/5.0 (Windows NT 10.0; Win64; x64) AppleWebKit/537.36 (KHTML, like Gecko) Chrome/79.0.3945.130 Safari/537.36"
83.114.83.83 - - [26/Feb/2020:10:28:29 +0100] "GET /lechef/edit_orders_ajax.php?action=update_attributes_field&oID=12282&aid=58120&pid=78187&field=products_options_values&new_value=02037601926001561724030010FV903403712 HTTP/1.1" 200 340 "http://www.e-medicalonline.com/lechef/edit_orders.php?oID=12282&action=edit" "Mozilla/5.0 (Windows NT 10.0; Win64; x64) AppleWebKit/537.36 (KHTML, like Gecko) Chrome/79.0.3945.130 Safari/537.36"
83.114.83.83 - - [26/Feb/2020:10:28:43 +0100] "GET /lechef/edit_orders_ajax.php?action=update_attributes_field&oID=12282&aid=58121&pid=78188&field=products_options_values&new_value=02037601926002791722050010FV910153712 HTTP/1.1" 200 340 "http://www.e-medicalonline.com/lechef/edit_orders.php?oID=12282&action=edit" "Mozilla/5.0 (Windows NT 10.0; Win64; x64) AppleWebKit/537.36 (KHTML, like Gecko) Chrome/79.0.3945.130 Safari/537.36"
46.229.168.148 - - [26/Feb/2020:10:29:16 +0100] "GET /robots.txt HTTP/1.1" 404 445 "-" "Mozilla/5.0 (compatible; SemrushBot/6~bl; +http://www.semrush.com/bot.html)"
46.229.168.145 - - [26/Feb/2020:10:29:16 +0100] "GET /product_info.php?language=ru&products_id=119 HTTP/1.1" 200 9980 "-" "Mozilla/5.0 (compatible; SemrushBot/6~bl; +http://www.semrush.com/bot.html)"
83.114.83.83 - - [26/Feb/2020:10:29:22 +0100] "GET /lechef/edit_orders_ajax.php?action=update_attributes_field&oID=12282&aid=58122&pid=78189&field=products_options_values&new_value=1*02037601926003541724030010FV903633712 HTTP/1.1" 200 340 "http://www.e-medicalonline.com/lechef/edit_orders.php?oID=12282&action=edit" "Mozilla/5.0 (Windows NT 10.0; Win64; x64) AppleWebKit/537.36 (KHTML, like Gecko) Chrome/79.0.3945.130 Safari/537.36"
83.114.83.83 - - [26/Feb/2020:10:29:31 +0100] "GET /lechef/edit_orders_ajax.php?action=update_attributes_field&oID=12282&aid=58122&pid=78189&field=products_options_values&new_value=1*02037601926003541724030010FV903633712%2B5*02037601926003541724090010FV918043712 HTTP/1.1" 200 340 "http://www.e-medicalonline.com/lechef/edit_orders.php?oID=12282&action=edit" "Mozilla/5.0 (Windows NT 10.0; Win64; x64) AppleWebKit/537.36 (KHTML, like Gecko) Chrome/79.0.3945.130 Safari/537.36"
46.229.168.129 - - [26/Feb/2020:10:30:05 +0100] "GET /index.php?cPath=29_26&language=no&page=1&sort=1d HTTP/1.1" 200 7124 "-" "Mozilla/5.0 (compatible; SemrushBot/6~bl; +http://www.semrush.com/bot.html)"
83.114.83.83 - - [26/Feb/2020:10:30:06 +0100] "GET /lechef/edit_orders_ajax.php?action=update_attributes_field&oID=12282&aid=58123&pid=78190&field=products_options_values&new_value=02037601926010541724020010FV903603712 HTTP/1.1" 200 340 "http://www.e-medicalonline.com/lechef/edit_orders.php?oID=12282&action=edit" "Mozilla/5.0 (Windows NT 10.0; Win64; x64) AppleWebKit/537.36 (KHTML, like Gecko) Chrome/79.0.3945.130 Safari/537.36"
83.114.83.83 - - [26/Feb/2020:10:30:23 +0100] "GET /lechef/edit_orders_ajax.php?action=update_attributes_field&oID=12282&aid=58124&pid=78191&field=products_options_values&new_value=02037601926003921724030010FV903653712 HTTP/1.1" 200 340 "http://www.e-medicalonline.com/lechef/edit_orders.php?oID=12282&action=edit" "Mozilla/5.0 (Windows NT 10.0; Win64; x64) AppleWebKit/537.36 (KHTML, like Gecko) Chrome/79.0.3945.130 Safari/537.36"
83.114.83.83 - - [26/Feb/2020:10:30:31 +0100] "GET /lechef/orders.php?oID=12282 HTTP/1.1" 200 126985 "http://www.e-medicalonline.com/lechef/edit_orders.php?oID=12282&action=edit" "Mozilla/5.0 (Windows NT 10.0; Win64; x64) AppleWebKit/537.36 (KHTML, like Gecko) Chrome/79.0.3945.130 Safari/537.36"
83.114.83.83 - - [26/Feb/2020:10:30:34 +0100] "GET /lechef/orders.php?page=1&oID=12282&action=edit HTTP/1.1" 200 25117 "http://www.e-medicalonline.com/lechef/orders.php?oID=12282" "Mozilla/5.0 (Windows NT 10.0; Win64; x64) AppleWebKit/537.36 (KHTML, like Gecko) Chrome/79.0.3945.130 Safari/537.36"
46.229.168.135 - - [26/Feb/2020:10:30:36 +0100] "GET /product_reviews.php?action=notify&products_id=325 HTTP/1.1" 302 546 "-" "Mozilla/5.0 (compatible; SemrushBot/6~bl; +http://www.semrush.com/bot.html)"
46.229.168.135 - - [26/Feb/2020:10:30:38 +0100] "GET /login.php HTTP/1.1" 200 7465 "-" "Mozilla/5.0 (compatible; SemrushBot/6~bl; +http://www.semrush.com/bot.html)"
83.114.83.83 - - [26/Feb/2020:10:30:42 +0100] "POST /lechef/orders.php?page=1&oID=12282&action=update_order HTTP/1.1" 302 388 "http://www.e-medicalonline.com/lechef/orders.php?page=1&oID=12282&action=edit" "Mozilla/5.0 (Windows NT 10.0; Win64; x64) AppleWebKit/537.36 (KHTML, like Gecko) Chrome/79.0.3945.130 Safari/537.36"
83.114.83.83 - - [26/Feb/2020:10:30:43 +0100] "GET /lechef/orders.php?page=1&oID=12282&action=edit HTTP/1.1" 200 25880 "http://www.e-medicalonline.com/lechef/orders.php?page=1&oID=12282&action=edit" "Mozilla/5.0 (Windows NT 10.0; Win64; x64) AppleWebKit/537.36 (KHTML, like Gecko) Chrome/79.0.3945.130 Safari/537.36"
83.114.83.83 - - [26/Feb/2020:10:30:56 +0100] "GET /lechef/invoice.php?oID=12282 HTTP/1.1" 200 29258 "http://www.e-medicalonline.com/lechef/orders.php?page=1&oID=12282&action=edit" "Mozilla/5.0 (Windows NT 10.0; Win64; x64) AppleWebKit/537.36 (KHTML, like Gecko) Chrome/79.0.3945.130 Safari/537.36"
46.229.168.141 - - [26/Feb/2020:10:31:54 +0100] "GET /product_reviews.php?language=en&products_id=275 HTTP/1.1" 200 7374 "-" "Mozilla/5.0 (compatible; SemrushBot/6~bl; +http://www.semrush.com/bot.html)"
46.229.168.152 - - [26/Feb/2020:10:32:08 +0100] "GET /product_reviews.php?action=notify&language=iw&products_id=230 HTTP/1.1" 302 546 "-" "Mozilla/5.0 (compatible; SemrushBot/6~bl; +http://www.semrush.com/bot.html)"
46.229.168.139 - - [26/Feb/2020:10:32:10 +0100] "GET /login.php HTTP/1.1" 200 7456 "-" "Mozilla/5.0 (compatible; SemrushBot/6~bl; +http://www.semrush.com/bot.html)"
46.229.168.134 - - [26/Feb/2020:10:32:48 +0100] "GET /product_info.php?language=lv&products_id=210 HTTP/1.1" 200 9422 "-" "Mozilla/5.0 (compatible; SemrushBot/6~bl; +http://www.semrush.com/bot.html)"
46.229.168.148 - - [26/Feb/2020:10:33:31 +0100] "GET /product_reviews.php?action=notify&cPath=47_66&products_id=329 HTTP/1.1" 302 546 "-" "Mozilla/5.0 (compatible; SemrushBot/6~bl; +http://www.semrush.com/bot.html)"
46.229.168.143 - - [26/Feb/2020:10:33:32 +0100] "GET /login.php HTTP/1.1" 200 7454 "-" "Mozilla/5.0 (compatible; SemrushBot/6~bl; +http://www.semrush.com/bot.html)"
83.114.83.83 - - [26/Feb/2020:10:34:33 +0100] "POST /lechef/orders.php?page=1&oID=12282&action=update_order HTTP/1.1" 302 388 "http://www.e-medicalonline.com/lechef/orders.php?page=1&oID=12282&action=edit" "Mozilla/5.0 (Windows NT 10.0; Win64; x64) AppleWebKit/537.36 (KHTML, like Gecko) Chrome/79.0.3945.130 Safari/537.36"
83.114.83.83 - - [26/Feb/2020:10:34:34 +0100] "GET /lechef/orders.php?page=1&oID=12282&action=edit HTTP/1.1" 200 26439 "http://www.e-medicalonline.com/lechef/orders.php?page=1&oID=12282&action=edit" "Mozilla/5.0 (Windows NT 10.0; Win64; x64) AppleWebKit/537.36 (KHTML, like Gecko) Chrome/79.0.3945.130 Safari/537.36"
46.229.168.144 - - [26/Feb/2020:10:34:40 +0100] "GET /product_reviews.php?action=notify&products_id=114 HTTP/1.1" 302 546 "-" "Mozilla/5.0 (compatible; SemrushBot/6~bl; +http://www.semrush.com/bot.html)"
114.119.161.25 - - [26/Feb/2020:10:34:41 +0100] "GET /redirect.php?action=url&goto=www.vetsuture.com&osCsid=tk9g0k2afqp0vp307oqk3tid13 HTTP/1.1" 302 496 "-" "Mozilla/5.0(Linux;Android 5.1.1;OPPO A33 Build/LMY47V;wv) AppleWebKit/537.36(KHTML,link Gecko) Version/4.0 Chrome/43.0.2357.121 Mobile Safari/537.36"
46.229.168.145 - - [26/Feb/2020:10:34:41 +0100] "GET /login.php HTTP/1.1" 200 7455 "-" "Mozilla/5.0 (compatible; SemrushBot/6~bl; +http://www.semrush.com/bot.html)"
83.114.83.83 - - [26/Feb/2020:10:34:45 +0100] "GET /lechef/orders.php?page=1&oID=12282 HTTP/1.1" 200 126993 "http://www.e-medicalonline.com/lechef/orders.php?page=1&oID=12282&action=edit" "Mozilla/5.0 (Windows NT 10.0; Win64; x64) AppleWebKit/537.36 (KHTML, like Gecko) Chrome/79.0.3945.130 Safari/537.36"
114.119.129.228 - - [26/Feb/2020:10:34:47 +0100] "GET /product_info.php?products_id=238&osCsid=lpbu2gps3ae4j3ig0p8ane0943 HTTP/1.1" 200 9409 "-" "Mozilla/5.0(Linux;U;Android 5.1.1;zh-CN;OPPO A33 Build/LMY47V) AppleWebKit/537.36(KHTML,like Gecko) Version/4.0 Chrome/40.0.2214.89 Mobile Safari/537.36"
83.114.83.83 - - [26/Feb/2020:10:34:48 +0100] "GET /lechef/orders.php?page=1&oID=12281 HTTP/1.1" 200 126989 "http://www.e-medicalonline.com/lechef/orders.php?page=1&oID=12282" "Mozilla/5.0 (Windows NT 10.0; Win64; x64) AppleWebKit/537.36 (KHTML, like Gecko) Chrome/79.0.3945.130 Safari/537.36"
83.114.83.83 - - [26/Feb/2020:10:34:51 +0100] "GET /lechef/orders.php?page=1&oID=12281&action=edit HTTP/1.1" 200 22561 "http://www.e-medicalonline.com/lechef/orders.php?page=1&oID=12281" "Mozilla/5.0 (Windows NT 10.0; Win64; x64) AppleWebKit/537.36 (KHTML, like Gecko) Chrome/79.0.3945.130 Safari/537.36"
114.119.153.254 - - [26/Feb/2020:10:34:54 +0100] "GET /account.php?osCsid=1d7p5q9sdrar6p15n5jodt2782 HTTP/1.1" 302 546 "-" "Mozilla/5.0(Linux;U;Android 5.1.1;zh-CN;OPPO A33 Build/LMY47V) AppleWebKit/537.36(KHTML,like Gecko) Version/4.0 Chrome/40.0.2214.89 Mobile Safari/537.36"
114.119.153.254 - - [26/Feb/2020:10:34:56 +0100] "GET /login.php?osCsid=guqeid9bp56t80pileqe78oik1 HTTP/1.1" 200 7326 "-" "Mozilla/5.0(Linux;U;Android 5.1.1;zh-CN;OPPO A33 Build/LMY47V) AppleWebKit/537.36(KHTML,like Gecko) Version/4.0 Chrome/40.0.2214.89 Mobile Safari/537.36"
114.119.166.212 - - [26/Feb/2020:10:34:57 +0100] "GET /account.php?osCsid=1dj6hb2c6rk3q5pg4s3db67a67 HTTP/1.1" 302 546 "-" "Mozilla/5.0 (iPad; CPU OS 7_0 like Mac OS X) AppleWebKit/537.51.1 (KHTML, like Gecko) Version/7.0 Mobile/11A465 Safari/9537.53"
114.119.166.212 - - [26/Feb/2020:10:34:57 +0100] "GET /login.php?osCsid=s4ojhq8m7n2qrt9vrurntbs893 HTTP/1.1" 200 7303 "-" "Mozilla/5.0 (iPad; CPU OS 7_0 like Mac OS X) AppleWebKit/537.51.1 (KHTML, like Gecko) Version/7.0 Mobile/11A465 Safari/9537.53"
83.114.83.83 - - [26/Feb/2020:10:35:02 +0100] "GET /lechef/orders.php?page=1&oID=12281 HTTP/1.1" 200 126989 "http://www.e-medicalonline.com/lechef/orders.php?page=1&oID=12281&action=edit" "Mozilla/5.0 (Windows NT 10.0; Win64; x64) AppleWebKit/537.36 (KHTML, like Gecko) Chrome/79.0.3945.130 Safari/537.36"
46.229.168.153 - - [26/Feb/2020:10:35:48 +0100] "GET /product_info.php?action=add_product&cPath=41_37&products_id=378 HTTP/1.1" 302 554 "-" "Mozilla/5.0 (compatible; SemrushBot/6~bl; +http://www.semrush.com/bot.html)"
46.229.168.148 - - [26/Feb/2020:10:35:49 +0100] "GET /shopping_cart.php HTTP/1.1" 200 8558 "-" "Mozilla/5.0 (compatible; SemrushBot/6~bl; +http://www.semrush.com/bot.html)"
46.229.168.151 - - [26/Feb/2020:10:36:04 +0100] "GET /product_reviews.php?action=buy_now&cPath=42_24&products_id=114 HTTP/1.1" 302 569 "-" "Mozilla/5.0 (compatible; SemrushBot/6~bl; +http://www.semrush.com/bot.html)"
46.229.168.163 - - [26/Feb/2020:10:36:06 +0100] "GET /product_info.php?products_id=114 HTTP/1.1" 200 9837 "-" "Mozilla/5.0 (compatible; SemrushBot/6~bl; +http://www.semrush.com/bot.html)"
46.229.168.131 - - [26/Feb/2020:10:37:00 +0100] "GET /product_reviews.php?action=notify&language=lv&products_id=203 HTTP/1.1" 302 546 "-" "Mozilla/5.0 (compatible; SemrushBot/6~bl; +http://www.semrush.com/bot.html)"
46.229.168.138 - - [26/Feb/2020:10:37:02 +0100] "GET /login.php HTTP/1.1" 200 7468 "-" "Mozilla/5.0 (compatible; SemrushBot/6~bl; +http://www.semrush.com/bot.html)"
114.119.129.78 - - [26/Feb/2020:10:37:14 +0100] "GET /product_info.php?products_id=338&osCsid=kibavdo58npdaf16a61ra946k7 HTTP/1.1" 200 9579 "-" "Mozilla/5.0(Linux;Android 5.1.1;OPPO A33 Build/LMY47V;wv) AppleWebKit/537.36(KHTML,link Gecko) Version/4.0 Chrome/43.0.2357.121 Mobile Safari/537.36"
114.119.142.112 - - [26/Feb/2020:10:37:19 +0100] "GET /account.php?osCsid=005md8beotle7t7j8dvctku851 HTTP/1.1" 302 546 "-" "Mozilla/5.0 (iPad; CPU OS 7_0 like Mac OS X) AppleWebKit/537.51.1 (KHTML, like Gecko) Version/7.0 Mobile/11A465 Safari/9537.53"
114.119.142.112 - - [26/Feb/2020:10:37:19 +0100] "GET /login.php?osCsid=otei4bttnv0llaookoalr1m1e3 HTTP/1.1" 200 7320 "-" "Mozilla/5.0 (iPad; CPU OS 7_0 like Mac OS X) AppleWebKit/537.51.1 (KHTML, like Gecko) Version/7.0 Mobile/11A465 Safari/9537.53"
46.229.168.145 - - [26/Feb/2020:10:37:47 +0100] "GET /products_new.php?action=buy_now&language=tr&page=3&products_id=338 HTTP/1.1" 302 569 "-" "Mozilla/5.0 (compatible; SemrushBot/6~bl; +http://www.semrush.com/bot.html)"
46.229.168.134 - - [26/Feb/2020:10:37:49 +0100] "GET /product_info.php?products_id=338 HTTP/1.1" 200 9590 "-" "Mozilla/5.0 (compatible; SemrushBot/6~bl; +http://www.semrush.com/bot.html)"
46.229.168.139 - - [26/Feb/2020:10:37:50 +0100] "GET /product_info.php?language=en&products_id=281 HTTP/1.1" 200 9169 "-" "Mozilla/5.0 (compatible; SemrushBot/6~bl; +http://www.semrush.com/bot.html)"
46.229.168.132 - - [26/Feb/2020:10:38:04 +0100] "GET /products_new.php?action=buy_now&language=lv&page=11&products_id=142 HTTP/1.1" 302 569 "-" "Mozilla/5.0 (compatible; SemrushBot/6~bl; +http://www.semrush.com/bot.html)"
46.229.168.152 - - [26/Feb/2020:10:38:06 +0100] "GET /product_info.php?products_id=142 HTTP/1.1" 200 9484 "-" "Mozilla/5.0 (compatible; SemrushBot/6~bl; +http://www.semrush.com/bot.html)"
83.114.83.83 - - [26/Feb/2020:10:38:43 +0100] "GET /lechef/customers.php HTTP/1.1" 200 197992 "http://www.e-medicalonline.com/lechef/orders.php?cID=1163&page=1&oID=12274&action=edit" "Mozilla/5.0 (Macintosh; Intel Mac OS X 10_14_5) AppleWebKit/537.36 (KHTML, like Gecko) Chrome/80.0.3987.116 Safari/537.36"
83.114.83.83 - - [26/Feb/2020:10:38:46 +0100] "GET /lechef/customers.php HTTP/1.1" 200 197992 "http://www.e-medicalonline.com/lechef/customers.php" "Mozilla/5.0 (Macintosh; Intel Mac OS X 10_14_5) AppleWebKit/537.36 (KHTML, like Gecko) Chrome/80.0.3987.116 Safari/537.36"
83.114.83.83 - - [26/Feb/2020:10:38:49 +0100] "GET /lechef/customers.php?search=roe HTTP/1.1" 200 18559 "http://www.e-medicalonline.com/lechef/customers.php" "Mozilla/5.0 (Macintosh; Intel Mac OS X 10_14_5) AppleWebKit/537.36 (KHTML, like Gecko) Chrome/80.0.3987.116 Safari/537.36"
83.114.83.83 - - [26/Feb/2020:10:38:51 +0100] "GET /lechef/orders.php?cID=689 HTTP/1.1" 200 124942 "http://www.e-medicalonline.com/lechef/customers.php?search=roe" "Mozilla/5.0 (Macintosh; Intel Mac OS X 10_14_5) AppleWebKit/537.36 (KHTML, like Gecko) Chrome/80.0.3987.116 Safari/537.36"
83.114.83.83 - - [26/Feb/2020:10:39:06 +0100] "GET /lechef/invoice.php?oID=12266 HTTP/1.1" 200 25957 "http://www.e-medicalonline.com/lechef/orders.php?cID=689" "Mozilla/5.0 (Macintosh; Intel Mac OS X 10_14_5) AppleWebKit/537.36 (KHTML, like Gecko) Chrome/80.0.3987.116 Safari/537.36"
83.114.83.83 - - [26/Feb/2020:10:39:10 +0100] "GET /lechef/orders.php?cID=689&page=1&oID=12251 HTTP/1.1" 200 124990 "http://www.e-medicalonline.com/lechef/orders.php?cID=689" "Mozilla/5.0 (Macintosh; Intel Mac OS X 10_14_5) AppleWebKit/537.36 (KHTML, like Gecko) Chrome/80.0.3987.116 Safari/537.36"
83.114.83.83 - - [26/Feb/2020:10:39:11 +0100] "GET /lechef/invoice.php?oID=12251 HTTP/1.1" 200 36294 "http://www.e-medicalonline.com/lechef/orders.php?cID=689&page=1&oID=12251" "Mozilla/5.0 (Macintosh; Intel Mac OS X 10_14_5) AppleWebKit/537.36 (KHTML, like Gecko) Chrome/80.0.3987.116 Safari/537.36"
83.114.83.83 - - [26/Feb/2020:10:39:16 +0100] "GET /lechef/orders.php?cID=689&page=1&oID=12251&action=edit HTTP/1.1" 200 33272 "http://www.e-medicalonline.com/lechef/orders.php?cID=689&page=1&oID=12251" "Mozilla/5.0 (Macintosh; Intel Mac OS X 10_14_5) AppleWebKit/537.36 (KHTML, like Gecko) Chrome/80.0.3987.116 Safari/537.36"
83.114.83.83 - - [26/Feb/2020:10:39:19 +0100] "GET /lechef/orders.php?page=1&oID=12267 HTTP/1.1" 200 126993 "http://www.e-medicalonline.com/lechef/orders.php?page=1&oID=12281" "Mozilla/5.0 (Windows NT 10.0; Win64; x64) AppleWebKit/537.36 (KHTML, like Gecko) Chrome/79.0.3945.130 Safari/537.36"
83.114.83.83 - - [26/Feb/2020:10:39:22 +0100] "GET /lechef/orders.php?page=1&oID=12267&action=edit HTTP/1.1" 200 29332 "http://www.e-medicalonline.com/lechef/orders.php?page=1&oID=12267" "Mozilla/5.0 (Windows NT 10.0; Win64; x64) AppleWebKit/537.36 (KHTML, like Gecko) Chrome/79.0.3945.130 Safari/537.36"
83.114.83.83 - - [26/Feb/2020:10:39:25 +0100] "GET /lechef/edit_orders.php?oID=12267 HTTP/1.1" 200 178670 "http://www.e-medicalonline.com/lechef/orders.php?page=1&oID=12267&action=edit" "Mozilla/5.0 (Windows NT 10.0; Win64; x64) AppleWebKit/537.36 (KHTML, like Gecko) Chrome/79.0.3945.130 Safari/537.36"
46.229.168.143 - - [26/Feb/2020:10:39:28 +0100] "GET /index.php?cPath=41_62&language=ar HTTP/1.1" 200 7917 "-" "Mozilla/5.0 (compatible; SemrushBot/6~bl; +http://www.semrush.com/bot.html)"
83.114.83.83 - - [26/Feb/2020:10:39:29 +0100] "GET /lechef/edit_orders_add_product.php?oID=12267&step=1 HTTP/1.1" 200 6615 "http://www.e-medicalonline.com/lechef/edit_orders.php?oID=12267" "Mozilla/5.0 (Windows NT 10.0; Win64; x64) AppleWebKit/537.36 (KHTML, like Gecko) Chrome/79.0.3945.130 Safari/537.36"
83.114.83.83 - - [26/Feb/2020:10:39:32 +0100] "GET /lechef/edit_orders_add_product.php?oID=12267&step=1 HTTP/1.1" 200 6615 "http://www.e-medicalonline.com/lechef/edit_orders.php?oID=12267" "Mozilla/5.0 (Windows NT 10.0; Win64; x64) AppleWebKit/537.36 (KHTML, like Gecko) Chrome/79.0.3945.130 Safari/537.36"
83.114.83.83 - - [26/Feb/2020:10:39:43 +0100] "POST /lechef/edit_orders_add_product.php?oID=12267 HTTP/1.1" 200 8276 "http://www.e-medicalonline.com/lechef/edit_orders_add_product.php?oID=12267&step=1" "Mozilla/5.0 (Windows NT 10.0; Win64; x64) AppleWebKit/537.36 (KHTML, like Gecko) Chrome/79.0.3945.130 Safari/537.36"
83.114.83.83 - - [26/Feb/2020:10:39:46 +0100] "POST /lechef/edit_orders_add_product.php?oID=12267 HTTP/1.1" 200 9454 "http://www.e-medicalonline.com/lechef/edit_orders_add_product.php?oID=12267" "Mozilla/5.0 (Windows NT 10.0; Win64; x64) AppleWebKit/537.36 (KHTML, like Gecko) Chrome/79.0.3945.130 Safari/537.36"
83.114.83.83 - - [26/Feb/2020:10:39:47 +0100] "POST /lechef/edit_orders_add_product.php?oID=12267 HTTP/1.1" 200 10993 "http://www.e-medicalonline.com/lechef/edit_orders_add_product.php?oID=12267" "Mozilla/5.0 (Windows NT 10.0; Win64; x64) AppleWebKit/537.36 (KHTML, like Gecko) Chrome/79.0.3945.130 Safari/537.36"
83.114.83.83 - - [26/Feb/2020:10:39:50 +0100] "POST /lechef/edit_orders_add_product.php?oID=12267&action=add_product HTTP/1.1" 302 408 "http://www.e-medicalonline.com/lechef/edit_orders_add_product.php?oID=12267" "Mozilla/5.0 (Windows NT 10.0; Win64; x64) AppleWebKit/537.36 (KHTML, like Gecko) Chrome/79.0.3945.130 Safari/537.36"
83.114.83.83 - - [26/Feb/2020:10:39:50 +0100] "GET /lechef/edit_orders_add_product.php?oID=12267&step=1&submitForm=yes HTTP/1.1" 200 6802 "http://www.e-medicalonline.com/lechef/edit_orders_add_product.php?oID=12267" "Mozilla/5.0 (Windows NT 10.0; Win64; x64) AppleWebKit/537.36 (KHTML, like Gecko) Chrome/79.0.3945.130 Safari/537.36"
83.114.83.83 - - [26/Feb/2020:10:39:50 +0100] "POST /lechef/edit_orders.php?oID=12267&action=update_order HTTP/1.1" 302 395 "http://www.e-medicalonline.com/lechef/edit_orders.php?oID=12267" "Mozilla/5.0 (Windows NT 10.0; Win64; x64) AppleWebKit/537.36 (KHTML, like Gecko) Chrome/79.0.3945.130 Safari/537.36"
83.114.83.83 - - [26/Feb/2020:10:39:50 +0100] "GET /lechef/edit_orders.php?oID=12267&action=edit HTTP/1.1" 200 182547 "http://www.e-medicalonline.com/lechef/edit_orders.php?oID=12267" "Mozilla/5.0 (Windows NT 10.0; Win64; x64) AppleWebKit/537.36 (KHTML, like Gecko) Chrome/79.0.3945.130 Safari/537.36"
46.229.168.137 - - [26/Feb/2020:10:40:19 +0100] "GET /product_reviews_write.php?cPath=47_66&language=iw&products_id=322 HTTP/1.1" 302 546 "-" "Mozilla/5.0 (compatible; SemrushBot/6~bl; +http://www.semrush.com/bot.html)"
46.229.168.162 - - [26/Feb/2020:10:40:20 +0100] "GET /login.php HTTP/1.1" 200 7470 "-" "Mozilla/5.0 (compatible; SemrushBot/6~bl; +http://www.semrush.com/bot.html)"
46.229.168.132 - - [26/Feb/2020:10:40:29 +0100] "GET /product_reviews.php?action=buy_now&language=ru&products_id=382 HTTP/1.1" 302 569 "-" "Mozilla/5.0 (compatible; SemrushBot/6~bl; +http://www.semrush.com/bot.html)"
46.229.168.136 - - [26/Feb/2020:10:40:31 +0100] "GET /product_info.php?products_id=382 HTTP/1.1" 200 9237 "-" "Mozilla/5.0 (compatible; SemrushBot/6~bl; +http://www.semrush.com/bot.html)"
216.244.66.234 - - [26/Feb/2020:10:40:49 +0100] "GET /index.php?cPath=42_60&page=1&sort=1d&language=ru HTTP/1.1" 200 51129 "-" "Mozilla/5.0 (compatible; DotBot/1.1; http://www.opensiteexplorer.org/dotbot, help@moz.com)"
216.244.66.234 - - [26/Feb/2020:10:40:51 +0100] "GET /products_new.php?language=en&page=14&action=buy_now&products_id=119 HTTP/1.1" 302 495 "-" "Mozilla/5.0 (compatible; DotBot/1.1; http://www.opensiteexplorer.org/dotbot, help@moz.com)"
216.244.66.234 - - [26/Feb/2020:10:40:52 +0100] "GET /products_new.php?language=et&page=10&action=buy_now&products_id=235 HTTP/1.1" 302 495 "-" "Mozilla/5.0 (compatible; DotBot/1.1; http://www.opensiteexplorer.org/dotbot, help@moz.com)"
216.244.66.234 - - [26/Feb/2020:10:40:54 +0100] "GET /products_new.php?language=lv&page=8&action=buy_now&products_id=263 HTTP/1.1" 302 495 "-" "Mozilla/5.0 (compatible; DotBot/1.1; http://www.opensiteexplorer.org/dotbot, help@moz.com)"
83.114.83.83 - - [26/Feb/2020:10:40:54 +0100] "GET /lechef/edit_orders_ajax.php?action=update_product_value_field&oID=12267&pid=78192&price=1.9300&final_price=1.9300 HTTP/1.1" 200 332 "http://www.e-medicalonline.com/lechef/edit_orders.php?oID=12267&action=edit" "Mozilla/5.0 (Windows NT 10.0; Win64; x64) AppleWebKit/537.36 (KHTML, like Gecko) Chrome/79.0.3945.130 Safari/537.36"
83.114.83.83 - - [26/Feb/2020:10:40:54 +0100] "POST /lechef/edit_orders_ajax.php HTTP/1.1" 200 15108 "http://www.e-medicalonline.com/lechef/edit_orders.php?oID=12267&action=edit" "Mozilla/5.0 (Windows NT 10.0; Win64; x64) AppleWebKit/537.36 (KHTML, like Gecko) Chrome/79.0.3945.130 Safari/537.36"
216.244.66.234 - - [26/Feb/2020:10:40:55 +0100] "GET /products_new.php?language=no&page=3&action=buy_now&products_id=332 HTTP/1.1" 302 495 "-" "Mozilla/5.0 (compatible; DotBot/1.1; http://www.opensiteexplorer.org/dotbot, help@moz.com)"
