83.114.83.83 - - [26/Feb/2020:16:22:26 +0100] "GET /lechef/edit_orders_add_product.php?oID=12283&step=1 HTTP/1.1" 200 6615 "http://www.e-medicalonline.com/lechef/edit_orders.php?oID=12283&action=edit" "Mozilla/5.0 (Windows NT 10.0; Win64; x64) AppleWebKit/537.36 (KHTML, like Gecko) Chrome/79.0.3945.130 Safari/537.36"
114.119.128.96 - - [26/Feb/2020:16:22:31 +0100] "GET /product_reviews.php?products_id=336&osCsid=q0bst35fb5gk2rtalf1e9q1ta4 HTTP/1.1" 200 7199 "-" "Mozilla/5.0(Linux;Android 5.1.1;OPPO A33 Build/LMY47V;wv) AppleWebKit/537.36(KHTML,link Gecko) Version/4.0 Chrome/43.0.2357.121 Mobile Safari/537.36"
83.114.83.83 - - [26/Feb/2020:16:22:36 +0100] "POST /lechef/edit_orders_add_product.php?oID=12283 HTTP/1.1" 200 8258 "http://www.e-medicalonline.com/lechef/edit_orders_add_product.php?oID=12283&step=1" "Mozilla/5.0 (Windows NT 10.0; Win64; x64) AppleWebKit/537.36 (KHTML, like Gecko) Chrome/79.0.3945.130 Safari/537.36"
83.114.83.83 - - [26/Feb/2020:16:22:36 +0100] "POST /lechef/edit_orders_add_product.php?oID=12283 HTTP/1.1" 200 8258 "http://www.e-medicalonline.com/lechef/edit_orders_add_product.php?oID=12283&step=1" "Mozilla/5.0 (Windows NT 10.0; Win64; x64) AppleWebKit/537.36 (KHTML, like Gecko) Chrome/79.0.3945.130 Safari/537.36"
114.119.135.231 - - [26/Feb/2020:16:22:42 +0100] "GET /shipping.php?osCsid=8fqp1gh5cd1vs1ltdj0ej86514 HTTP/1.1" 200 7418 "-" "Mozilla/5.0(Linux;U;Android 5.1.1;zh-CN;OPPO A33 Build/LMY47V) AppleWebKit/537.36(KHTML,like Gecko) Version/4.0 Chrome/40.0.2214.89 Mobile Safari/537.36"
83.114.83.83 - - [26/Feb/2020:16:22:42 +0100] "POST /lechef/edit_orders_add_product.php?oID=12283 HTTP/1.1" 200 9436 "http://www.e-medicalonline.com/lechef/edit_orders_add_product.php?oID=12283" "Mozilla/5.0 (Windows NT 10.0; Win64; x64) AppleWebKit/537.36 (KHTML, like Gecko) Chrome/79.0.3945.130 Safari/537.36"
83.114.83.83 - - [26/Feb/2020:16:22:43 +0100] "POST /lechef/edit_orders_add_product.php?oID=12283 HTTP/1.1" 200 10975 "http://www.e-medicalonline.com/lechef/edit_orders_add_product.php?oID=12283" "Mozilla/5.0 (Windows NT 10.0; Win64; x64) AppleWebKit/537.36 (KHTML, like Gecko) Chrome/79.0.3945.130 Safari/537.36"
83.114.83.83 - - [26/Feb/2020:16:22:50 +0100] "POST /lechef/edit_orders_add_product.php?oID=12283&action=add_product HTTP/1.1" 302 408 "http://www.e-medicalonline.com/lechef/edit_orders_add_product.php?oID=12283" "Mozilla/5.0 (Windows NT 10.0; Win64; x64) AppleWebKit/537.36 (KHTML, like Gecko) Chrome/79.0.3945.130 Safari/537.36"
83.114.83.83 - - [26/Feb/2020:16:22:50 +0100] "GET /lechef/edit_orders_add_product.php?oID=12283&step=1&submitForm=yes HTTP/1.1" 200 6802 "http://www.e-medicalonline.com/lechef/edit_orders_add_product.php?oID=12283" "Mozilla/5.0 (Windows NT 10.0; Win64; x64) AppleWebKit/537.36 (KHTML, like Gecko) Chrome/79.0.3945.130 Safari/537.36"
83.114.83.83 - - [26/Feb/2020:16:22:51 +0100] "POST /lechef/edit_orders.php?oID=12283&action=update_order HTTP/1.1" 302 395 "http://www.e-medicalonline.com/lechef/edit_orders.php?oID=12283&action=edit" "Mozilla/5.0 (Windows NT 10.0; Win64; x64) AppleWebKit/537.36 (KHTML, like Gecko) Chrome/79.0.3945.130 Safari/537.36"
83.114.83.83 - - [26/Feb/2020:16:22:51 +0100] "GET /lechef/edit_orders.php?oID=12283&action=edit HTTP/1.1" 200 164858 "http://www.e-medicalonline.com/lechef/edit_orders.php?oID=12283&action=edit" "Mozilla/5.0 (Windows NT 10.0; Win64; x64) AppleWebKit/537.36 (KHTML, like Gecko) Chrome/79.0.3945.130 Safari/537.36"
114.119.145.103 - - [26/Feb/2020:16:22:57 +0100] "GET /index.php?cPath=42&osCsid=sv7sdvfthq10tvo9aohdkb1ba3%20 HTTP/1.1" 302 288 "-" "Mozilla/5.0(Linux;Android 5.1.1;OPPO A33 Build/LMY47V;wv) AppleWebKit/537.36(KHTML,link Gecko) Version/4.0 Chrome/42.0.2311.138 Mobile Safari/537.36"
114.119.145.103 - - [26/Feb/2020:16:22:58 +0100] "GET /index.php HTTP/1.1" 200 7323 "-" "Mozilla/5.0(Linux;Android 5.1.1;OPPO A33 Build/LMY47V;wv) AppleWebKit/537.36(KHTML,link Gecko) Version/4.0 Chrome/42.0.2311.138 Mobile Safari/537.36"
83.114.83.83 - - [26/Feb/2020:16:23:00 +0100] "GET /lechef/edit_orders_ajax.php?action=update_product_value_field&oID=12283&pid=78199&price=6.1600&final_price=6.1600 HTTP/1.1" 200 332 "http://www.e-medicalonline.com/lechef/edit_orders.php?oID=12283&action=edit" "Mozilla/5.0 (Windows NT 10.0; Win64; x64) AppleWebKit/537.36 (KHTML, like Gecko) Chrome/79.0.3945.130 Safari/537.36"
83.114.83.83 - - [26/Feb/2020:16:23:00 +0100] "POST /lechef/edit_orders_ajax.php HTTP/1.1" 200 13130 "http://www.e-medicalonline.com/lechef/edit_orders.php?oID=12283&action=edit" "Mozilla/5.0 (Windows NT 10.0; Win64; x64) AppleWebKit/537.36 (KHTML, like Gecko) Chrome/79.0.3945.130 Safari/537.36"
46.229.168.139 - - [26/Feb/2020:16:23:08 +0100] "GET /product_reviews.php?language=ar&products_id=270 HTTP/1.1" 302 548 "-" "Mozilla/5.0 (compatible; SemrushBot/6~bl; +http://www.semrush.com/bot.html)"
114.119.129.85 - - [26/Feb/2020:16:23:10 +0100] "GET /shipping.php?osCsid=e92t8le590936br89pvh30vj17 HTTP/1.1" 200 7391 "-" "Mozilla/5.0(Linux;Android 5.1.1;OPPO A33 Build/LMY47V;wv) AppleWebKit/537.36(KHTML,link Gecko) Version/4.0 Chrome/43.0.2357.121 Mobile Safari/537.36"
46.229.168.138 - - [26/Feb/2020:16:23:10 +0100] "GET /reviews.php HTTP/1.1" 200 6775 "-" "Mozilla/5.0 (compatible; SemrushBot/6~bl; +http://www.semrush.com/bot.html)"
83.114.83.83 - - [26/Feb/2020:16:23:14 +0100] "GET /lechef/edit_orders_add_product.php?oID=12283&step=1 HTTP/1.1" 200 6615 "http://www.e-medicalonline.com/lechef/edit_orders.php?oID=12283&action=edit" "Mozilla/5.0 (Windows NT 10.0; Win64; x64) AppleWebKit/537.36 (KHTML, like Gecko) Chrome/79.0.3945.130 Safari/537.36"
114.119.166.144 - - [26/Feb/2020:16:23:18 +0100] "GET /advanced_search.php?osCsid=4e5e4artbr87jj0eftuqiv9jb6 HTTP/1.1" 200 8298 "-" "Mozilla/5.0(Linux;Android 5.1.1;OPPO A33 Build/LMY47V;wv) AppleWebKit/537.36(KHTML,link Gecko) Version/4.0 Chrome/43.0.2357.121 Mobile Safari/537.36"
83.114.83.83 - - [26/Feb/2020:16:23:20 +0100] "POST /lechef/edit_orders_add_product.php?oID=12283 HTTP/1.1" 200 8224 "http://www.e-medicalonline.com/lechef/edit_orders_add_product.php?oID=12283&step=1" "Mozilla/5.0 (Windows NT 10.0; Win64; x64) AppleWebKit/537.36 (KHTML, like Gecko) Chrome/79.0.3945.130 Safari/537.36"
83.114.83.83 - - [26/Feb/2020:16:23:20 +0100] "POST /lechef/edit_orders_add_product.php?oID=12283 HTTP/1.1" 200 8224 "http://www.e-medicalonline.com/lechef/edit_orders_add_product.php?oID=12283&step=1" "Mozilla/5.0 (Windows NT 10.0; Win64; x64) AppleWebKit/537.36 (KHTML, like Gecko) Chrome/79.0.3945.130 Safari/537.36"
83.114.83.83 - - [26/Feb/2020:16:23:24 +0100] "POST /lechef/edit_orders_add_product.php?oID=12283 HTTP/1.1" 200 9402 "http://www.e-medicalonline.com/lechef/edit_orders_add_product.php?oID=12283" "Mozilla/5.0 (Windows NT 10.0; Win64; x64) AppleWebKit/537.36 (KHTML, like Gecko) Chrome/79.0.3945.130 Safari/537.36"
83.114.83.83 - - [26/Feb/2020:16:23:26 +0100] "POST /lechef/edit_orders_add_product.php?oID=12283 HTTP/1.1" 200 10941 "http://www.e-medicalonline.com/lechef/edit_orders_add_product.php?oID=12283" "Mozilla/5.0 (Windows NT 10.0; Win64; x64) AppleWebKit/537.36 (KHTML, like Gecko) Chrome/79.0.3945.130 Safari/537.36"
83.114.83.83 - - [26/Feb/2020:16:23:30 +0100] "POST /lechef/edit_orders_add_product.php?oID=12283&action=add_product HTTP/1.1" 302 408 "http://www.e-medicalonline.com/lechef/edit_orders_add_product.php?oID=12283" "Mozilla/5.0 (Windows NT 10.0; Win64; x64) AppleWebKit/537.36 (KHTML, like Gecko) Chrome/79.0.3945.130 Safari/537.36"
83.114.83.83 - - [26/Feb/2020:16:23:30 +0100] "GET /lechef/edit_orders_add_product.php?oID=12283&step=1&submitForm=yes HTTP/1.1" 200 6802 "http://www.e-medicalonline.com/lechef/edit_orders_add_product.php?oID=12283" "Mozilla/5.0 (Windows NT 10.0; Win64; x64) AppleWebKit/537.36 (KHTML, like Gecko) Chrome/79.0.3945.130 Safari/537.36"
83.114.83.83 - - [26/Feb/2020:16:23:30 +0100] "POST /lechef/edit_orders.php?oID=12283&action=update_order HTTP/1.1" 302 395 "http://www.e-medicalonline.com/lechef/edit_orders.php?oID=12283&action=edit" "Mozilla/5.0 (Windows NT 10.0; Win64; x64) AppleWebKit/537.36 (KHTML, like Gecko) Chrome/79.0.3945.130 Safari/537.36"
83.114.83.83 - - [26/Feb/2020:16:23:30 +0100] "GET /lechef/edit_orders.php?oID=12283&action=edit HTTP/1.1" 200 168669 "http://www.e-medicalonline.com/lechef/edit_orders.php?oID=12283&action=edit" "Mozilla/5.0 (Windows NT 10.0; Win64; x64) AppleWebKit/537.36 (KHTML, like Gecko) Chrome/79.0.3945.130 Safari/537.36"
114.119.130.25 - - [26/Feb/2020:16:23:35 +0100] "GET /shipping.php?osCsid=rh1fd9hdr7rvbrggtlad7gu900 HTTP/1.1" 200 7418 "-" "Mozilla/5.0(Linux;Android 5.1.1;OPPO A33 Build/LMY47V;wv) AppleWebKit/537.36(KHTML,link Gecko) Version/4.0 Chrome/43.0.2357.121 Mobile Safari/537.36"
83.114.83.83 - - [26/Feb/2020:16:23:37 +0100] "GET /lechef/edit_orders_ajax.php?action=update_product_value_field&oID=12283&pid=78200&price=2.0800&final_price=2.0800 HTTP/1.1" 200 332 "http://www.e-medicalonline.com/lechef/edit_orders.php?oID=12283&action=edit" "Mozilla/5.0 (Windows NT 10.0; Win64; x64) AppleWebKit/537.36 (KHTML, like Gecko) Chrome/79.0.3945.130 Safari/537.36"
83.114.83.83 - - [26/Feb/2020:16:23:37 +0100] "POST /lechef/edit_orders_ajax.php HTTP/1.1" 200 13130 "http://www.e-medicalonline.com/lechef/edit_orders.php?oID=12283&action=edit" "Mozilla/5.0 (Windows NT 10.0; Win64; x64) AppleWebKit/537.36 (KHTML, like Gecko) Chrome/79.0.3945.130 Safari/537.36"
216.244.66.234 - - [26/Feb/2020:16:23:38 +0100] "GET /product_reviews.php?products_id=220&language=en HTTP/1.1" 200 39480 "-" "Mozilla/5.0 (compatible; DotBot/1.1; http://www.opensiteexplorer.org/dotbot, help@moz.com)"
83.114.83.83 - - [26/Feb/2020:16:23:39 +0100] "GET /lechef/edit_orders_add_product.php?oID=12283&step=1 HTTP/1.1" 200 6615 "http://www.e-medicalonline.com/lechef/edit_orders.php?oID=12283&action=edit" "Mozilla/5.0 (Windows NT 10.0; Win64; x64) AppleWebKit/537.36 (KHTML, like Gecko) Chrome/79.0.3945.130 Safari/537.36"
216.244.66.234 - - [26/Feb/2020:16:23:42 +0100] "GET /product_reviews.php?products_id=223&language=ru HTTP/1.1" 200 42209 "-" "Mozilla/5.0 (compatible; DotBot/1.1; http://www.opensiteexplorer.org/dotbot, help@moz.com)"
83.114.83.83 - - [26/Feb/2020:16:23:45 +0100] "POST /lechef/edit_orders_add_product.php?oID=12283 HTTP/1.1" 200 8219 "http://www.e-medicalonline.com/lechef/edit_orders_add_product.php?oID=12283&step=1" "Mozilla/5.0 (Windows NT 10.0; Win64; x64) AppleWebKit/537.36 (KHTML, like Gecko) Chrome/79.0.3945.130 Safari/537.36"
83.114.83.83 - - [26/Feb/2020:16:23:45 +0100] "POST /lechef/edit_orders_add_product.php?oID=12283 HTTP/1.1" 200 8219 "http://www.e-medicalonline.com/lechef/edit_orders_add_product.php?oID=12283&step=1" "Mozilla/5.0 (Windows NT 10.0; Win64; x64) AppleWebKit/537.36 (KHTML, like Gecko) Chrome/79.0.3945.130 Safari/537.36"
114.119.162.202 - - [26/Feb/2020:16:23:45 +0100] "GET /product_info.php?products_id=377&osCsid=cn4iov3693kah7429i8bigm9h0 HTTP/1.1" 200 9160 "-" "Mozilla/5.0 (iPad; CPU OS 7_0 like Mac OS X) AppleWebKit/537.51.1 (KHTML, like Gecko) Version/7.0 Mobile/11A465 Safari/9537.53"
83.114.83.83 - - [26/Feb/2020:16:23:49 +0100] "POST /lechef/edit_orders_add_product.php?oID=12283 HTTP/1.1" 200 9425 "http://www.e-medicalonline.com/lechef/edit_orders_add_product.php?oID=12283" "Mozilla/5.0 (Windows NT 10.0; Win64; x64) AppleWebKit/537.36 (KHTML, like Gecko) Chrome/79.0.3945.130 Safari/537.36"
83.114.83.83 - - [26/Feb/2020:16:23:49 +0100] "POST /lechef/edit_orders_add_product.php?oID=12283 HTTP/1.1" 200 10973 "http://www.e-medicalonline.com/lechef/edit_orders_add_product.php?oID=12283" "Mozilla/5.0 (Windows NT 10.0; Win64; x64) AppleWebKit/537.36 (KHTML, like Gecko) Chrome/79.0.3945.130 Safari/537.36"
114.119.133.73 - - [26/Feb/2020:16:23:54 +0100] "GET /product_reviews.php?products_id=386&action=buy_now&osCsid=04acnt01e0qcdkgd2hm8vbcu30 HTTP/1.1" 302 569 "-" "Mozilla/5.0 (iPad; CPU OS 7_0 like Mac OS X) AppleWebKit/537.51.1 (KHTML, like Gecko) Version/7.0 Mobile/11A465 Safari/9537.53"
114.119.133.73 - - [26/Feb/2020:16:23:54 +0100] "GET /product_info.php?products_id=386&osCsid=se7ahlv9bqrph19t6lvcqfb8b1 HTTP/1.1" 200 9043 "-" "Mozilla/5.0 (iPad; CPU OS 7_0 like Mac OS X) AppleWebKit/537.51.1 (KHTML, like Gecko) Version/7.0 Mobile/11A465 Safari/9537.53"
83.114.83.83 - - [26/Feb/2020:16:23:54 +0100] "POST /lechef/edit_orders_add_product.php?oID=12283&action=add_product HTTP/1.1" 302 408 "http://www.e-medicalonline.com/lechef/edit_orders_add_product.php?oID=12283" "Mozilla/5.0 (Windows NT 10.0; Win64; x64) AppleWebKit/537.36 (KHTML, like Gecko) Chrome/79.0.3945.130 Safari/537.36"
83.114.83.83 - - [26/Feb/2020:16:23:54 +0100] "GET /lechef/edit_orders_add_product.php?oID=12283&step=1&submitForm=yes HTTP/1.1" 200 6802 "http://www.e-medicalonline.com/lechef/edit_orders_add_product.php?oID=12283" "Mozilla/5.0 (Windows NT 10.0; Win64; x64) AppleWebKit/537.36 (KHTML, like Gecko) Chrome/79.0.3945.130 Safari/537.36"
83.114.83.83 - - [26/Feb/2020:16:23:55 +0100] "POST /lechef/edit_orders.php?oID=12283&action=update_order HTTP/1.1" 302 395 "http://www.e-medicalonline.com/lechef/edit_orders.php?oID=12283&action=edit" "Mozilla/5.0 (Windows NT 10.0; Win64; x64) AppleWebKit/537.36 (KHTML, like Gecko) Chrome/79.0.3945.130 Safari/537.36"
83.114.83.83 - - [26/Feb/2020:16:23:55 +0100] "GET /lechef/edit_orders.php?oID=12283&action=edit HTTP/1.1" 200 172474 "http://www.e-medicalonline.com/lechef/edit_orders.php?oID=12283&action=edit" "Mozilla/5.0 (Windows NT 10.0; Win64; x64) AppleWebKit/537.36 (KHTML, like Gecko) Chrome/79.0.3945.130 Safari/537.36"
83.114.83.83 - - [26/Feb/2020:16:24:03 +0100] "GET /lechef/edit_orders_ajax.php?action=update_product_value_field&oID=12283&pid=78201&price=2.0800&final_price=2.0800 HTTP/1.1" 200 332 "http://www.e-medicalonline.com/lechef/edit_orders.php?oID=12283&action=edit" "Mozilla/5.0 (Windows NT 10.0; Win64; x64) AppleWebKit/537.36 (KHTML, like Gecko) Chrome/79.0.3945.130 Safari/537.36"
83.114.83.83 - - [26/Feb/2020:16:24:03 +0100] "POST /lechef/edit_orders_ajax.php HTTP/1.1" 200 13130 "http://www.e-medicalonline.com/lechef/edit_orders.php?oID=12283&action=edit" "Mozilla/5.0 (Windows NT 10.0; Win64; x64) AppleWebKit/537.36 (KHTML, like Gecko) Chrome/79.0.3945.130 Safari/537.36"
83.114.83.83 - - [26/Feb/2020:16:24:04 +0100] "GET /lechef/edit_orders_add_product.php?oID=12283&step=1 HTTP/1.1" 200 6615 "http://www.e-medicalonline.com/lechef/edit_orders.php?oID=12283&action=edit" "Mozilla/5.0 (Windows NT 10.0; Win64; x64) AppleWebKit/537.36 (KHTML, like Gecko) Chrome/79.0.3945.130 Safari/537.36"
114.119.140.36 - - [26/Feb/2020:16:24:09 +0100] "GET /index.php?osCsid=pm9ffriupncch8eri7kti43813 HTTP/1.1" 200 7324 "-" "Mozilla/5.0 (iPad; CPU OS 7_0 like Mac OS X) AppleWebKit/537.51.1 (KHTML, like Gecko) Version/7.0 Mobile/11A465 Safari/9537.53"
83.114.83.83 - - [26/Feb/2020:16:24:10 +0100] "POST /lechef/edit_orders_add_product.php?oID=12283 HTTP/1.1" 200 8219 "http://www.e-medicalonline.com/lechef/edit_orders_add_product.php?oID=12283&step=1" "Mozilla/5.0 (Windows NT 10.0; Win64; x64) AppleWebKit/537.36 (KHTML, like Gecko) Chrome/79.0.3945.130 Safari/537.36"
83.114.83.83 - - [26/Feb/2020:16:24:10 +0100] "POST /lechef/edit_orders_add_product.php?oID=12283 HTTP/1.1" 200 8219 "http://www.e-medicalonline.com/lechef/edit_orders_add_product.php?oID=12283&step=1" "Mozilla/5.0 (Windows NT 10.0; Win64; x64) AppleWebKit/537.36 (KHTML, like Gecko) Chrome/79.0.3945.130 Safari/537.36"
83.114.83.83 - - [26/Feb/2020:16:24:13 +0100] "POST /lechef/edit_orders_add_product.php?oID=12283 HTTP/1.1" 200 9396 "http://www.e-medicalonline.com/lechef/edit_orders_add_product.php?oID=12283" "Mozilla/5.0 (Windows NT 10.0; Win64; x64) AppleWebKit/537.36 (KHTML, like Gecko) Chrome/79.0.3945.130 Safari/537.36"
83.114.83.83 - - [26/Feb/2020:16:24:14 +0100] "POST /lechef/edit_orders_add_product.php?oID=12283 HTTP/1.1" 200 10935 "http://www.e-medicalonline.com/lechef/edit_orders_add_product.php?oID=12283" "Mozilla/5.0 (Windows NT 10.0; Win64; x64) AppleWebKit/537.36 (KHTML, like Gecko) Chrome/79.0.3945.130 Safari/537.36"
83.114.83.83 - - [26/Feb/2020:16:24:17 +0100] "POST /lechef/edit_orders_add_product.php?oID=12283&action=add_product HTTP/1.1" 302 408 "http://www.e-medicalonline.com/lechef/edit_orders_add_product.php?oID=12283" "Mozilla/5.0 (Windows NT 10.0; Win64; x64) AppleWebKit/537.36 (KHTML, like Gecko) Chrome/79.0.3945.130 Safari/537.36"
83.114.83.83 - - [26/Feb/2020:16:24:17 +0100] "GET /lechef/edit_orders_add_product.php?oID=12283&step=1&submitForm=yes HTTP/1.1" 200 6802 "http://www.e-medicalonline.com/lechef/edit_orders_add_product.php?oID=12283" "Mozilla/5.0 (Windows NT 10.0; Win64; x64) AppleWebKit/537.36 (KHTML, like Gecko) Chrome/79.0.3945.130 Safari/537.36"
83.114.83.83 - - [26/Feb/2020:16:24:17 +0100] "POST /lechef/edit_orders.php?oID=12283&action=update_order HTTP/1.1" 302 395 "http://www.e-medicalonline.com/lechef/edit_orders.php?oID=12283&action=edit" "Mozilla/5.0 (Windows NT 10.0; Win64; x64) AppleWebKit/537.36 (KHTML, like Gecko) Chrome/79.0.3945.130 Safari/537.36"
83.114.83.83 - - [26/Feb/2020:16:24:17 +0100] "GET /lechef/edit_orders.php?oID=12283&action=edit HTTP/1.1" 200 176291 "http://www.e-medicalonline.com/lechef/edit_orders.php?oID=12283&action=edit" "Mozilla/5.0 (Windows NT 10.0; Win64; x64) AppleWebKit/537.36 (KHTML, like Gecko) Chrome/79.0.3945.130 Safari/537.36"
54.36.148.90 - - [26/Feb/2020:16:24:20 +0100] "GET /product_info.php?products_id=321&language=tr HTTP/1.1" 200 9248 "-" "Mozilla/5.0 (compatible; AhrefsBot/6.1; +http://ahrefs.com/robot/)"
114.119.153.0 - - [26/Feb/2020:16:24:21 +0100] "GET /images/PDX35DRC.jpg?osCsid=lako4rm34fg9n8thl8h8fmhi10 HTTP/1.1" 200 54345 "-" "Mozilla/5.0 (iPad; CPU OS 7_0 like Mac OS X) AppleWebKit/537.51.1 (KHTML, like Gecko) Version/7.0 Mobile/11A465 Safari/9537.53"
83.114.83.83 - - [26/Feb/2020:16:24:24 +0100] "GET /lechef/edit_orders_ajax.php?action=update_product_value_field&oID=12283&pid=78202&price=2.0800&final_price=2.0800 HTTP/1.1" 200 332 "http://www.e-medicalonline.com/lechef/edit_orders.php?oID=12283&action=edit" "Mozilla/5.0 (Windows NT 10.0; Win64; x64) AppleWebKit/537.36 (KHTML, like Gecko) Chrome/79.0.3945.130 Safari/537.36"
83.114.83.83 - - [26/Feb/2020:16:24:24 +0100] "POST /lechef/edit_orders_ajax.php HTTP/1.1" 200 13136 "http://www.e-medicalonline.com/lechef/edit_orders.php?oID=12283&action=edit" "Mozilla/5.0 (Windows NT 10.0; Win64; x64) AppleWebKit/537.36 (KHTML, like Gecko) Chrome/79.0.3945.130 Safari/537.36"
46.229.168.146 - - [26/Feb/2020:16:24:25 +0100] "GET /product_reviews_write.php?language=tr&products_id=340 HTTP/1.1" 302 546 "-" "Mozilla/5.0 (compatible; SemrushBot/6~bl; +http://www.semrush.com/bot.html)"
54.36.150.141 - - [26/Feb/2020:16:24:26 +0100] "GET /index.php?cPath=41_22&language=sr HTTP/1.1" 200 7804 "-" "Mozilla/5.0 (compatible; AhrefsBot/6.1; +http://ahrefs.com/robot/)"
46.229.168.154 - - [26/Feb/2020:16:24:27 +0100] "GET /login.php HTTP/1.1" 200 7459 "-" "Mozilla/5.0 (compatible; SemrushBot/6~bl; +http://www.semrush.com/bot.html)"
114.119.137.58 - - [26/Feb/2020:16:24:36 +0100] "GET /contact_us.php?osCsid=hte82rbn76lqe6t53ms6mpv577 HTTP/1.1" 200 6964 "-" "Mozilla/5.0 (iPad; CPU OS 7_0 like Mac OS X) AppleWebKit/537.51.1 (KHTML, like Gecko) Version/7.0 Mobile/11A465 Safari/9537.53"
114.119.129.70 - - [26/Feb/2020:16:24:47 +0100] "GET /product_info.php?products_id=378&osCsid=t69aakkr44u4j9o5amqagc80i3 HTTP/1.1" 200 8779 "-" "Mozilla/5.0(Linux;Android 5.1.1;OPPO A33 Build/LMY47V;wv) AppleWebKit/537.36(KHTML,link Gecko) Version/4.0 Chrome/43.0.2357.121 Mobile Safari/537.36"
114.119.134.90 - - [26/Feb/2020:16:24:56 +0100] "GET /images/PGLA5CN.jpg?osCsid=nfgl07dcj14nddt45j37erijt3 HTTP/1.1" 200 62952 "-" "Mozilla/5.0 (iPad; CPU OS 7_0 like Mac OS X) AppleWebKit/537.51.1 (KHTML, like Gecko) Version/7.0 Mobile/11A465 Safari/9537.53"
114.119.158.62 - - [26/Feb/2020:16:25:12 +0100] "GET /images/visuel-indisponible-650%20%281%29.png?osCsid=anh7uh4l0d2vi760nr3jp7oti7 HTTP/1.1" 200 3497 "-" "Mozilla/5.0 (iPad; CPU OS 7_0 like Mac OS X) AppleWebKit/537.51.1 (KHTML, like Gecko) Version/7.0 Mobile/11A465 Safari/9537.53"
114.119.157.251 - - [26/Feb/2020:16:25:22 +0100] "GET /advanced_search.php?osCsid=90u1eds26pr83i1dotl91kgut2 HTTP/1.1" 200 8287 "-" "Mozilla/5.0 (iPad; CPU OS 7_0 like Mac OS X) AppleWebKit/537.51.1 (KHTML, like Gecko) Version/7.0 Mobile/11A465 Safari/9537.53"
46.229.168.151 - - [26/Feb/2020:16:25:28 +0100] "GET /product_info.php?cPath=42_52&language=tr&products_id=260 HTTP/1.1" 200 9435 "-" "Mozilla/5.0 (compatible; SemrushBot/6~bl; +http://www.semrush.com/bot.html)"
83.114.83.83 - - [26/Feb/2020:16:25:32 +0100] "GET /lechef/edit_orders_add_product.php?oID=12283&step=1 HTTP/1.1" 200 6615 "http://www.e-medicalonline.com/lechef/edit_orders.php?oID=12283&action=edit" "Mozilla/5.0 (Windows NT 10.0; Win64; x64) AppleWebKit/537.36 (KHTML, like Gecko) Chrome/79.0.3945.130 Safari/537.36"
54.36.150.69 - - [26/Feb/2020:16:25:38 +0100] "GET /product_info.php?products_id=363&language=no HTTP/1.1" 200 9158 "-" "Mozilla/5.0 (compatible; AhrefsBot/6.1; +http://ahrefs.com/robot/)"
114.119.167.94 - - [26/Feb/2020:16:25:39 +0100] "GET /product_info.php?products_id=101&osCsid=kmrsndkdifpjjlt3ldku7cc1b1 HTTP/1.1" 200 9166 "-" "Mozilla/5.0 (iPad; CPU OS 7_0 like Mac OS X) AppleWebKit/537.51.1 (KHTML, like Gecko) Version/7.0 Mobile/11A465 Safari/9537.53"
114.119.132.60 - - [26/Feb/2020:16:25:51 +0100] "GET /faq.php?osCsid=c7tigf5k3le0krg00gn1h31113 HTTP/1.1" 200 7169 "-" "Mozilla/5.0(Linux;U;Android 5.1.1;zh-CN;OPPO A33 Build/LMY47V) AppleWebKit/537.36(KHTML,like Gecko) Version/4.0 Chrome/40.0.2214.89 Mobile Safari/537.36"
83.114.83.83 - - [26/Feb/2020:16:26:01 +0100] "POST /lechef/edit_orders_add_product.php?oID=12283 HTTP/1.1" 200 8223 "http://www.e-medicalonline.com/lechef/edit_orders_add_product.php?oID=12283&step=1" "Mozilla/5.0 (Windows NT 10.0; Win64; x64) AppleWebKit/537.36 (KHTML, like Gecko) Chrome/79.0.3945.130 Safari/537.36"
83.114.83.83 - - [26/Feb/2020:16:26:01 +0100] "POST /lechef/edit_orders_add_product.php?oID=12283 HTTP/1.1" 200 8223 "http://www.e-medicalonline.com/lechef/edit_orders_add_product.php?oID=12283&step=1" "Mozilla/5.0 (Windows NT 10.0; Win64; x64) AppleWebKit/537.36 (KHTML, like Gecko) Chrome/79.0.3945.130 Safari/537.36"
114.119.144.231 - - [26/Feb/2020:16:26:01 +0100] "GET /product_info.php?products_id=102&osCsid=tpb6jim12918kegr47u4t78915 HTTP/1.1" 200 9320 "-" "Mozilla/5.0(Linux;U;Android 5.1.1;zh-CN;OPPO A33 Build/LMY47V) AppleWebKit/537.36(KHTML,like Gecko) Version/4.0 Chrome/40.0.2214.89 Mobile Safari/537.36"
83.114.83.83 - - [26/Feb/2020:16:26:04 +0100] "POST /lechef/edit_orders_add_product.php?oID=12283 HTTP/1.1" 200 9401 "http://www.e-medicalonline.com/lechef/edit_orders_add_product.php?oID=12283" "Mozilla/5.0 (Windows NT 10.0; Win64; x64) AppleWebKit/537.36 (KHTML, like Gecko) Chrome/79.0.3945.130 Safari/537.36"
83.114.83.83 - - [26/Feb/2020:16:26:05 +0100] "POST /lechef/edit_orders_add_product.php?oID=12283 HTTP/1.1" 200 10940 "http://www.e-medicalonline.com/lechef/edit_orders_add_product.php?oID=12283" "Mozilla/5.0 (Windows NT 10.0; Win64; x64) AppleWebKit/537.36 (KHTML, like Gecko) Chrome/79.0.3945.130 Safari/537.36"
46.229.168.153 - - [26/Feb/2020:16:26:13 +0100] "GET /products_new.php HTTP/1.1" 200 7861 "-" "Mozilla/5.0 (compatible; SemrushBot/6~bl; +http://www.semrush.com/bot.html)"
83.114.83.83 - - [26/Feb/2020:16:26:15 +0100] "POST /lechef/edit_orders_add_product.php?oID=12283&action=add_product HTTP/1.1" 302 408 "http://www.e-medicalonline.com/lechef/edit_orders_add_product.php?oID=12283" "Mozilla/5.0 (Windows NT 10.0; Win64; x64) AppleWebKit/537.36 (KHTML, like Gecko) Chrome/79.0.3945.130 Safari/537.36"
83.114.83.83 - - [26/Feb/2020:16:26:15 +0100] "GET /lechef/edit_orders_add_product.php?oID=12283&step=1&submitForm=yes HTTP/1.1" 200 6802 "http://www.e-medicalonline.com/lechef/edit_orders_add_product.php?oID=12283" "Mozilla/5.0 (Windows NT 10.0; Win64; x64) AppleWebKit/537.36 (KHTML, like Gecko) Chrome/79.0.3945.130 Safari/537.36"
83.114.83.83 - - [26/Feb/2020:16:26:16 +0100] "POST /lechef/edit_orders.php?oID=12283&action=update_order HTTP/1.1" 302 395 "http://www.e-medicalonline.com/lechef/edit_orders.php?oID=12283&action=edit" "Mozilla/5.0 (Windows NT 10.0; Win64; x64) AppleWebKit/537.36 (KHTML, like Gecko) Chrome/79.0.3945.130 Safari/537.36"
83.114.83.83 - - [26/Feb/2020:16:26:16 +0100] "GET /lechef/edit_orders.php?oID=12283&action=edit HTTP/1.1" 200 180096 "http://www.e-medicalonline.com/lechef/edit_orders.php?oID=12283&action=edit" "Mozilla/5.0 (Windows NT 10.0; Win64; x64) AppleWebKit/537.36 (KHTML, like Gecko) Chrome/79.0.3945.130 Safari/537.36"
114.119.132.104 - - [26/Feb/2020:16:26:18 +0100] "GET /product_info.php?products_id=102&osCsid=9loaf8dq0n7vilbenm8dap1bj1 HTTP/1.1" 200 9364 "-" "Mozilla/5.0(Linux;U;Android 5.1.1;zh-CN;OPPO A33 Build/LMY47V) AppleWebKit/537.36(KHTML,like Gecko) Version/4.0 Chrome/40.0.2214.89 Mobile Safari/537.36"
83.114.83.83 - - [26/Feb/2020:16:26:22 +0100] "GET /lechef/edit_orders_ajax.php?action=update_product_value_field&oID=12283&pid=78203&price=2.0800&final_price=2.0800 HTTP/1.1" 200 332 "http://www.e-medicalonline.com/lechef/edit_orders.php?oID=12283&action=edit" "Mozilla/5.0 (Windows NT 10.0; Win64; x64) AppleWebKit/537.36 (KHTML, like Gecko) Chrome/79.0.3945.130 Safari/537.36"
83.114.83.83 - - [26/Feb/2020:16:26:22 +0100] "POST /lechef/edit_orders_ajax.php HTTP/1.1" 200 13136 "http://www.e-medicalonline.com/lechef/edit_orders.php?oID=12283&action=edit" "Mozilla/5.0 (Windows NT 10.0; Win64; x64) AppleWebKit/537.36 (KHTML, like Gecko) Chrome/79.0.3945.130 Safari/537.36"
83.114.83.83 - - [26/Feb/2020:16:26:28 +0100] "GET /lechef/edit_orders_add_product.php?oID=12283&step=1 HTTP/1.1" 200 6615 "http://www.e-medicalonline.com/lechef/edit_orders.php?oID=12283&action=edit" "Mozilla/5.0 (Windows NT 10.0; Win64; x64) AppleWebKit/537.36 (KHTML, like Gecko) Chrome/79.0.3945.130 Safari/537.36"
114.119.147.206 - - [26/Feb/2020:16:26:31 +0100] "GET /faq.php?osCsid=l2kdodjs4a8nkkot2rf0hi02j6 HTTP/1.1" 200 7158 "-" "Mozilla/5.0(Linux;U;Android 5.1.1;zh-CN;OPPO A33 Build/LMY47V) AppleWebKit/537.36(KHTML,like Gecko) Version/4.0 Chrome/40.0.2214.89 Mobile Safari/537.36"
46.229.168.136 - - [26/Feb/2020:16:26:34 +0100] "GET /product_info.php?language=pl&products_id=335 HTTP/1.1" 200 8890 "-" "Mozilla/5.0 (compatible; SemrushBot/6~bl; +http://www.semrush.com/bot.html)"
114.119.149.70 - - [26/Feb/2020:16:26:46 +0100] "GET /index.php?cPath=47&osCsid=2vfp7g7tdj17fe5nartu6s1k50%20 HTTP/1.1" 302 288 "-" "Mozilla/5.0(Linux;U;Android 5.1.1;zh-CN;OPPO A33 Build/LMY47V) AppleWebKit/537.36(KHTML,like Gecko) Version/4.0 Chrome/40.0.2214.89 Mobile Safari/537.36"
114.119.149.70 - - [26/Feb/2020:16:26:46 +0100] "GET /index.php HTTP/1.1" 200 7314 "-" "Mozilla/5.0(Linux;U;Android 5.1.1;zh-CN;OPPO A33 Build/LMY47V) AppleWebKit/537.36(KHTML,like Gecko) Version/4.0 Chrome/40.0.2214.89 Mobile Safari/537.36"
83.114.83.83 - - [26/Feb/2020:16:26:51 +0100] "POST /lechef/edit_orders_add_product.php?oID=12283 HTTP/1.1" 200 8218 "http://www.e-medicalonline.com/lechef/edit_orders_add_product.php?oID=12283&step=1" "Mozilla/5.0 (Windows NT 10.0; Win64; x64) AppleWebKit/537.36 (KHTML, like Gecko) Chrome/79.0.3945.130 Safari/537.36"
83.114.83.83 - - [26/Feb/2020:16:26:53 +0100] "POST /lechef/edit_orders_add_product.php?oID=12283 HTTP/1.1" 200 9395 "http://www.e-medicalonline.com/lechef/edit_orders_add_product.php?oID=12283" "Mozilla/5.0 (Windows NT 10.0; Win64; x64) AppleWebKit/537.36 (KHTML, like Gecko) Chrome/79.0.3945.130 Safari/537.36"
83.114.83.83 - - [26/Feb/2020:16:26:55 +0100] "POST /lechef/edit_orders_add_product.php?oID=12283 HTTP/1.1" 200 10934 "http://www.e-medicalonline.com/lechef/edit_orders_add_product.php?oID=12283" "Mozilla/5.0 (Windows NT 10.0; Win64; x64) AppleWebKit/537.36 (KHTML, like Gecko) Chrome/79.0.3945.130 Safari/537.36"
114.119.132.139 - - [26/Feb/2020:16:26:58 +0100] "GET /images/PGLA35CN.png?osCsid=doc3urcg93tb0se86edcs50ui2 HTTP/1.1" 404 454 "-" "Mozilla/5.0(Linux;Android 5.1.1;OPPO A33 Build/LMY47V;wv) AppleWebKit/537.36(KHTML,link Gecko) Version/4.0 Chrome/43.0.2357.121 Mobile Safari/537.36"
83.114.83.83 - - [26/Feb/2020:16:27:03 +0100] "POST /lechef/edit_orders_add_product.php?oID=12283&action=add_product HTTP/1.1" 302 408 "http://www.e-medicalonline.com/lechef/edit_orders_add_product.php?oID=12283" "Mozilla/5.0 (Windows NT 10.0; Win64; x64) AppleWebKit/537.36 (KHTML, like Gecko) Chrome/79.0.3945.130 Safari/537.36"
83.114.83.83 - - [26/Feb/2020:16:27:03 +0100] "GET /lechef/edit_orders_add_product.php?oID=12283&step=1&submitForm=yes HTTP/1.1" 200 6802 "http://www.e-medicalonline.com/lechef/edit_orders_add_product.php?oID=12283" "Mozilla/5.0 (Windows NT 10.0; Win64; x64) AppleWebKit/537.36 (KHTML, like Gecko) Chrome/79.0.3945.130 Safari/537.36"
83.114.83.83 - - [26/Feb/2020:16:27:04 +0100] "POST /lechef/edit_orders.php?oID=12283&action=update_order HTTP/1.1" 302 395 "http://www.e-medicalonline.com/lechef/edit_orders.php?oID=12283&action=edit" "Mozilla/5.0 (Windows NT 10.0; Win64; x64) AppleWebKit/537.36 (KHTML, like Gecko) Chrome/79.0.3945.130 Safari/537.36"
83.114.83.83 - - [26/Feb/2020:16:27:04 +0100] "GET /lechef/edit_orders.php?oID=12283&action=edit HTTP/1.1" 200 183897 "http://www.e-medicalonline.com/lechef/edit_orders.php?oID=12283&action=edit" "Mozilla/5.0 (Windows NT 10.0; Win64; x64) AppleWebKit/537.36 (KHTML, like Gecko) Chrome/79.0.3945.130 Safari/537.36"
114.119.146.144 - - [26/Feb/2020:16:27:13 +0100] "GET /conditions.php?osCsid=mgp8o2h7bjf18vvk806v9uai20 HTTP/1.1" 200 12524 "-" "Mozilla/5.0(Linux;Android 5.1.1;OPPO A33 Build/LMY47V;wv) AppleWebKit/537.36(KHTML,link Gecko) Version/4.0 Chrome/42.0.2311.138 Mobile Safari/537.36"
83.114.83.83 - - [26/Feb/2020:16:27:14 +0100] "GET /lechef/edit_orders_ajax.php?action=update_product_value_field&oID=12283&pid=78204&price=2.0800&final_price=2.0800 HTTP/1.1" 200 332 "http://www.e-medicalonline.com/lechef/edit_orders.php?oID=12283&action=edit" "Mozilla/5.0 (Windows NT 10.0; Win64; x64) AppleWebKit/537.36 (KHTML, like Gecko) Chrome/79.0.3945.130 Safari/537.36"
83.114.83.83 - - [26/Feb/2020:16:27:14 +0100] "POST /lechef/edit_orders_ajax.php HTTP/1.1" 200 13136 "http://www.e-medicalonline.com/lechef/edit_orders.php?oID=12283&action=edit" "Mozilla/5.0 (Windows NT 10.0; Win64; x64) AppleWebKit/537.36 (KHTML, like Gecko) Chrome/79.0.3945.130 Safari/537.36"
83.114.83.83 - - [26/Feb/2020:16:27:16 +0100] "GET /lechef/edit_orders_add_product.php?oID=12283&step=1 HTTP/1.1" 200 6615 "http://www.e-medicalonline.com/lechef/edit_orders.php?oID=12283&action=edit" "Mozilla/5.0 (Windows NT 10.0; Win64; x64) AppleWebKit/537.36 (KHTML, like Gecko) Chrome/79.0.3945.130 Safari/537.36"
114.119.132.25 - - [26/Feb/2020:16:27:25 +0100] "GET /product_info.php?products_id=385&osCsid=p75foq9usghc9j7g4kbjg5bkp5 HTTP/1.1" 200 9083 "-" "Mozilla/5.0(Linux;U;Android 5.1.1;zh-CN;OPPO A33 Build/LMY47V) AppleWebKit/537.36(KHTML,like Gecko) Version/4.0 Chrome/40.0.2214.89 Mobile Safari/537.36"
83.114.83.83 - - [26/Feb/2020:16:27:29 +0100] "POST /lechef/edit_orders_add_product.php?oID=12283 HTTP/1.1" 200 8222 "http://www.e-medicalonline.com/lechef/edit_orders_add_product.php?oID=12283&step=1" "Mozilla/5.0 (Windows NT 10.0; Win64; x64) AppleWebKit/537.36 (KHTML, like Gecko) Chrome/79.0.3945.130 Safari/537.36"
46.229.168.138 - - [26/Feb/2020:16:27:30 +0100] "GET /product_reviews.php?language=en&products_id=280 HTTP/1.1" 200 7400 "-" "Mozilla/5.0 (compatible; SemrushBot/6~bl; +http://www.semrush.com/bot.html)"
83.114.83.83 - - [26/Feb/2020:16:27:31 +0100] "POST /lechef/edit_orders_add_product.php?oID=12283 HTTP/1.1" 200 9400 "http://www.e-medicalonline.com/lechef/edit_orders_add_product.php?oID=12283" "Mozilla/5.0 (Windows NT 10.0; Win64; x64) AppleWebKit/537.36 (KHTML, like Gecko) Chrome/79.0.3945.130 Safari/537.36"
83.114.83.83 - - [26/Feb/2020:16:27:33 +0100] "POST /lechef/edit_orders_add_product.php?oID=12283 HTTP/1.1" 200 10939 "http://www.e-medicalonline.com/lechef/edit_orders_add_product.php?oID=12283" "Mozilla/5.0 (Windows NT 10.0; Win64; x64) AppleWebKit/537.36 (KHTML, like Gecko) Chrome/79.0.3945.130 Safari/537.36"
114.119.149.201 - - [26/Feb/2020:16:27:35 +0100] "GET /contact_us.php?osCsid=2jaeppfge03a9tv81rdvse3535 HTTP/1.1" 200 6959 "-" "Mozilla/5.0(Linux;Android 5.1.1;OPPO A33 Build/LMY47V;wv) AppleWebKit/537.36(KHTML,link Gecko) Version/4.0 Chrome/43.0.2357.121 Mobile Safari/537.36"
46.229.168.133 - - [26/Feb/2020:16:27:35 +0100] "GET /product_info.php?action=add_product&language=fr&products_id=322 HTTP/1.1" 302 566 "-" "Mozilla/5.0 (compatible; SemrushBot/6~bl; +http://www.semrush.com/bot.html)"
83.114.83.83 - - [26/Feb/2020:16:27:36 +0100] "POST /lechef/edit_orders_add_product.php?oID=12283&action=add_product HTTP/1.1" 302 408 "http://www.e-medicalonline.com/lechef/edit_orders_add_product.php?oID=12283" "Mozilla/5.0 (Windows NT 10.0; Win64; x64) AppleWebKit/537.36 (KHTML, like Gecko) Chrome/79.0.3945.130 Safari/537.36"
83.114.83.83 - - [26/Feb/2020:16:27:36 +0100] "GET /lechef/edit_orders_add_product.php?oID=12283&step=1&submitForm=yes HTTP/1.1" 200 6802 "http://www.e-medicalonline.com/lechef/edit_orders_add_product.php?oID=12283" "Mozilla/5.0 (Windows NT 10.0; Win64; x64) AppleWebKit/537.36 (KHTML, like Gecko) Chrome/79.0.3945.130 Safari/537.36"
83.114.83.83 - - [26/Feb/2020:16:27:36 +0100] "POST /lechef/edit_orders.php?oID=12283&action=update_order HTTP/1.1" 302 395 "http://www.e-medicalonline.com/lechef/edit_orders.php?oID=12283&action=edit" "Mozilla/5.0 (Windows NT 10.0; Win64; x64) AppleWebKit/537.36 (KHTML, like Gecko) Chrome/79.0.3945.130 Safari/537.36"
83.114.83.83 - - [26/Feb/2020:16:27:37 +0100] "GET /lechef/edit_orders.php?oID=12283&action=edit HTTP/1.1" 200 187707 "http://www.e-medicalonline.com/lechef/edit_orders.php?oID=12283&action=edit" "Mozilla/5.0 (Windows NT 10.0; Win64; x64) AppleWebKit/537.36 (KHTML, like Gecko) Chrome/79.0.3945.130 Safari/537.36"
46.229.168.138 - - [26/Feb/2020:16:27:37 +0100] "GET /shopping_cart.php?language=fr HTTP/1.1" 200 8697 "-" "Mozilla/5.0 (compatible; SemrushBot/6~bl; +http://www.semrush.com/bot.html)"
83.114.83.83 - - [26/Feb/2020:16:27:44 +0100] "GET /lechef/edit_orders_ajax.php?action=update_product_value_field&oID=12283&pid=78205&price=2.0800&final_price=2.0800 HTTP/1.1" 200 332 "http://www.e-medicalonline.com/lechef/edit_orders.php?oID=12283&action=edit" "Mozilla/5.0 (Windows NT 10.0; Win64; x64) AppleWebKit/537.36 (KHTML, like Gecko) Chrome/79.0.3945.130 Safari/537.36"
83.114.83.83 - - [26/Feb/2020:16:27:44 +0100] "POST /lechef/edit_orders_ajax.php HTTP/1.1" 200 13136 "http://www.e-medicalonline.com/lechef/edit_orders.php?oID=12283&action=edit" "Mozilla/5.0 (Windows NT 10.0; Win64; x64) AppleWebKit/537.36 (KHTML, like Gecko) Chrome/79.0.3945.130 Safari/537.36"
83.114.83.83 - - [26/Feb/2020:16:27:45 +0100] "GET /lechef/edit_orders_add_product.php?oID=12283&step=1 HTTP/1.1" 200 6615 "http://www.e-medicalonline.com/lechef/edit_orders.php?oID=12283&action=edit" "Mozilla/5.0 (Windows NT 10.0; Win64; x64) AppleWebKit/537.36 (KHTML, like Gecko) Chrome/79.0.3945.130 Safari/537.36"
114.119.137.134 - - [26/Feb/2020:16:27:49 +0100] "GET /product_info.php?products_id=378&osCsid=gds8ih8gqemj25psi76n2rnc32 HTTP/1.1" 200 8814 "-" "Mozilla/5.0(Linux;Android 5.1.1;OPPO A33 Build/LMY47V;wv) AppleWebKit/537.36(KHTML,link Gecko) Version/4.0 Chrome/42.0.2311.138 Mobile Safari/537.36"
83.114.83.83 - - [26/Feb/2020:16:27:53 +0100] "POST /lechef/edit_orders_add_product.php?oID=12283 HTTP/1.1" 200 8228 "http://www.e-medicalonline.com/lechef/edit_orders_add_product.php?oID=12283&step=1" "Mozilla/5.0 (Windows NT 10.0; Win64; x64) AppleWebKit/537.36 (KHTML, like Gecko) Chrome/79.0.3945.130 Safari/537.36"
83.114.83.83 - - [26/Feb/2020:16:27:53 +0100] "POST /lechef/edit_orders_add_product.php?oID=12283 HTTP/1.1" 200 8228 "http://www.e-medicalonline.com/lechef/edit_orders_add_product.php?oID=12283&step=1" "Mozilla/5.0 (Windows NT 10.0; Win64; x64) AppleWebKit/537.36 (KHTML, like Gecko) Chrome/79.0.3945.130 Safari/537.36"
83.114.83.83 - - [26/Feb/2020:16:27:55 +0100] "POST /lechef/edit_orders_add_product.php?oID=12283 HTTP/1.1" 200 9407 "http://www.e-medicalonline.com/lechef/edit_orders_add_product.php?oID=12283" "Mozilla/5.0 (Windows NT 10.0; Win64; x64) AppleWebKit/537.36 (KHTML, like Gecko) Chrome/79.0.3945.130 Safari/537.36"
83.114.83.83 - - [26/Feb/2020:16:27:56 +0100] "POST /lechef/edit_orders_add_product.php?oID=12283 HTTP/1.1" 200 10946 "http://www.e-medicalonline.com/lechef/edit_orders_add_product.php?oID=12283" "Mozilla/5.0 (Windows NT 10.0; Win64; x64) AppleWebKit/537.36 (KHTML, like Gecko) Chrome/79.0.3945.130 Safari/537.36"
114.119.144.12 - - [26/Feb/2020:16:28:01 +0100] "GET /shopping_cart.php?osCsid=3o4tjaiic2cn5okjb9730cl474 HTTP/1.1" 200 8558 "-" "Mozilla/5.0(Linux;Android 5.1.1;OPPO A33 Build/LMY47V;wv) AppleWebKit/537.36(KHTML,link Gecko) Version/4.0 Chrome/42.0.2311.138 Mobile Safari/537.36"
83.114.83.83 - - [26/Feb/2020:16:28:02 +0100] "POST /lechef/edit_orders_add_product.php?oID=12283&action=add_product HTTP/1.1" 302 408 "http://www.e-medicalonline.com/lechef/edit_orders_add_product.php?oID=12283" "Mozilla/5.0 (Windows NT 10.0; Win64; x64) AppleWebKit/537.36 (KHTML, like Gecko) Chrome/79.0.3945.130 Safari/537.36"
83.114.83.83 - - [26/Feb/2020:16:28:02 +0100] "GET /lechef/edit_orders_add_product.php?oID=12283&step=1&submitForm=yes HTTP/1.1" 200 6802 "http://www.e-medicalonline.com/lechef/edit_orders_add_product.php?oID=12283" "Mozilla/5.0 (Windows NT 10.0; Win64; x64) AppleWebKit/537.36 (KHTML, like Gecko) Chrome/79.0.3945.130 Safari/537.36"
83.114.83.83 - - [26/Feb/2020:16:28:02 +0100] "POST /lechef/edit_orders.php?oID=12283&action=update_order HTTP/1.1" 302 395 "http://www.e-medicalonline.com/lechef/edit_orders.php?oID=12283&action=edit" "Mozilla/5.0 (Windows NT 10.0; Win64; x64) AppleWebKit/537.36 (KHTML, like Gecko) Chrome/79.0.3945.130 Safari/537.36"
83.114.83.83 - - [26/Feb/2020:16:28:02 +0100] "GET /lechef/edit_orders.php?oID=12283&action=edit HTTP/1.1" 200 191515 "http://www.e-medicalonline.com/lechef/edit_orders.php?oID=12283&action=edit" "Mozilla/5.0 (Windows NT 10.0; Win64; x64) AppleWebKit/537.36 (KHTML, like Gecko) Chrome/79.0.3945.130 Safari/537.36"
83.114.83.83 - - [26/Feb/2020:16:28:10 +0100] "GET /lechef/edit_orders_ajax.php?action=update_product_value_field&oID=12283&pid=78206&price=2.0800&final_price=2.0800 HTTP/1.1" 200 332 "http://www.e-medicalonline.com/lechef/edit_orders.php?oID=12283&action=edit" "Mozilla/5.0 (Windows NT 10.0; Win64; x64) AppleWebKit/537.36 (KHTML, like Gecko) Chrome/79.0.3945.130 Safari/537.36"
83.114.83.83 - - [26/Feb/2020:16:28:10 +0100] "POST /lechef/edit_orders_ajax.php HTTP/1.1" 200 13136 "http://www.e-medicalonline.com/lechef/edit_orders.php?oID=12283&action=edit" "Mozilla/5.0 (Windows NT 10.0; Win64; x64) AppleWebKit/537.36 (KHTML, like Gecko) Chrome/79.0.3945.130 Safari/537.36"
83.114.83.83 - - [26/Feb/2020:16:28:12 +0100] "GET /lechef/edit_orders_add_product.php?oID=12283&step=1 HTTP/1.1" 200 6615 "http://www.e-medicalonline.com/lechef/edit_orders.php?oID=12283&action=edit" "Mozilla/5.0 (Windows NT 10.0; Win64; x64) AppleWebKit/537.36 (KHTML, like Gecko) Chrome/79.0.3945.130 Safari/537.36"
114.119.137.100 - - [26/Feb/2020:16:28:17 +0100] "GET /conditions.php?osCsid=5169nud4eqmh5tb3dur83kr1f0 HTTP/1.1" 200 12536 "-" "Mozilla/5.0(Linux;Android 5.1.1;OPPO A33 Build/LMY47V;wv) AppleWebKit/537.36(KHTML,link Gecko) Version/4.0 Chrome/42.0.2311.138 Mobile Safari/537.36"
83.114.83.83 - - [26/Feb/2020:16:28:20 +0100] "POST /lechef/edit_orders_add_product.php?oID=12283 HTTP/1.1" 200 8220 "http://www.e-medicalonline.com/lechef/edit_orders_add_product.php?oID=12283&step=1" "Mozilla/5.0 (Windows NT 10.0; Win64; x64) AppleWebKit/537.36 (KHTML, like Gecko) Chrome/79.0.3945.130 Safari/537.36"
83.114.83.83 - - [26/Feb/2020:16:28:20 +0100] "POST /lechef/edit_orders_add_product.php?oID=12283 HTTP/1.1" 200 8220 "http://www.e-medicalonline.com/lechef/edit_orders_add_product.php?oID=12283&step=1" "Mozilla/5.0 (Windows NT 10.0; Win64; x64) AppleWebKit/537.36 (KHTML, like Gecko) Chrome/79.0.3945.130 Safari/537.36"
83.114.83.83 - - [26/Feb/2020:16:28:22 +0100] "POST /lechef/edit_orders_add_product.php?oID=12283 HTTP/1.1" 200 9397 "http://www.e-medicalonline.com/lechef/edit_orders_add_product.php?oID=12283" "Mozilla/5.0 (Windows NT 10.0; Win64; x64) AppleWebKit/537.36 (KHTML, like Gecko) Chrome/79.0.3945.130 Safari/537.36"
83.114.83.83 - - [26/Feb/2020:16:28:23 +0100] "POST /lechef/edit_orders_add_product.php?oID=12283 HTTP/1.1" 200 10936 "http://www.e-medicalonline.com/lechef/edit_orders_add_product.php?oID=12283" "Mozilla/5.0 (Windows NT 10.0; Win64; x64) AppleWebKit/537.36 (KHTML, like Gecko) Chrome/79.0.3945.130 Safari/537.36"
83.114.83.83 - - [26/Feb/2020:16:28:29 +0100] "POST /lechef/edit_orders_add_product.php?oID=12283&action=add_product HTTP/1.1" 302 408 "http://www.e-medicalonline.com/lechef/edit_orders_add_product.php?oID=12283" "Mozilla/5.0 (Windows NT 10.0; Win64; x64) AppleWebKit/537.36 (KHTML, like Gecko) Chrome/79.0.3945.130 Safari/537.36"
83.114.83.83 - - [26/Feb/2020:16:28:29 +0100] "GET /lechef/edit_orders_add_product.php?oID=12283&step=1&submitForm=yes HTTP/1.1" 200 6802 "http://www.e-medicalonline.com/lechef/edit_orders_add_product.php?oID=12283" "Mozilla/5.0 (Windows NT 10.0; Win64; x64) AppleWebKit/537.36 (KHTML, like Gecko) Chrome/79.0.3945.130 Safari/537.36"
83.114.83.83 - - [26/Feb/2020:16:28:29 +0100] "POST /lechef/edit_orders.php?oID=12283&action=update_order HTTP/1.1" 302 395 "http://www.e-medicalonline.com/lechef/edit_orders.php?oID=12283&action=edit" "Mozilla/5.0 (Windows NT 10.0; Win64; x64) AppleWebKit/537.36 (KHTML, like Gecko) Chrome/79.0.3945.130 Safari/537.36"
114.119.149.101 - - [26/Feb/2020:16:28:30 +0100] "GET /index.php?cPath=41&osCsid=95v0gdqflb4epejdqmpok6dr93%20 HTTP/1.1" 302 288 "-" "Mozilla/5.0(Linux;Android 5.1.1;OPPO A33 Build/LMY47V;wv) AppleWebKit/537.36(KHTML,link Gecko) Version/4.0 Chrome/42.0.2311.138 Mobile Safari/537.36"
83.114.83.83 - - [26/Feb/2020:16:28:30 +0100] "GET /lechef/edit_orders.php?oID=12283&action=edit HTTP/1.1" 200 195327 "http://www.e-medicalonline.com/lechef/edit_orders.php?oID=12283&action=edit" "Mozilla/5.0 (Windows NT 10.0; Win64; x64) AppleWebKit/537.36 (KHTML, like Gecko) Chrome/79.0.3945.130 Safari/537.36"
114.119.149.101 - - [26/Feb/2020:16:28:30 +0100] "GET /index.php HTTP/1.1" 200 7315 "-" "Mozilla/5.0(Linux;Android 5.1.1;OPPO A33 Build/LMY47V;wv) AppleWebKit/537.36(KHTML,link Gecko) Version/4.0 Chrome/42.0.2311.138 Mobile Safari/537.36"
83.114.83.83 - - [26/Feb/2020:16:28:38 +0100] "GET /lechef/edit_orders_ajax.php?action=update_product_value_field&oID=12283&pid=78207&price=2.0800&final_price=2.0800 HTTP/1.1" 200 332 "http://www.e-medicalonline.com/lechef/edit_orders.php?oID=12283&action=edit" "Mozilla/5.0 (Windows NT 10.0; Win64; x64) AppleWebKit/537.36 (KHTML, like Gecko) Chrome/79.0.3945.130 Safari/537.36"
83.114.83.83 - - [26/Feb/2020:16:28:38 +0100] "POST /lechef/edit_orders_ajax.php HTTP/1.1" 200 13136 "http://www.e-medicalonline.com/lechef/edit_orders.php?oID=12283&action=edit" "Mozilla/5.0 (Windows NT 10.0; Win64; x64) AppleWebKit/537.36 (KHTML, like Gecko) Chrome/79.0.3945.130 Safari/537.36"
114.119.166.149 - - [26/Feb/2020:16:28:41 +0100] "GET /conditions.php?osCsid=f4uchnbg8pfluatgha0pb0cn32 HTTP/1.1" 200 12503 "-" "Mozilla/5.0(Linux;U;Android 5.1.1;zh-CN;OPPO A33 Build/LMY47V) AppleWebKit/537.36(KHTML,like Gecko) Version/4.0 Chrome/40.0.2214.89 Mobile Safari/537.36"
83.114.83.83 - - [26/Feb/2020:16:28:47 +0100] "GET /lechef/edit_orders_add_product.php?oID=12283&step=1 HTTP/1.1" 200 6615 "http://www.e-medicalonline.com/lechef/edit_orders.php?oID=12283&action=edit" "Mozilla/5.0 (Windows NT 10.0; Win64; x64) AppleWebKit/537.36 (KHTML, like Gecko) Chrome/79.0.3945.130 Safari/537.36"
114.119.139.72 - - [26/Feb/2020:16:28:56 +0100] "GET /shipping.php?osCsid=b42pp78pk6r52aqstl002pmfh3 HTTP/1.1" 200 7436 "-" "Mozilla/5.0 (iPad; CPU OS 7_0 like Mac OS X) AppleWebKit/537.51.1 (KHTML, like Gecko) Version/7.0 Mobile/11A465 Safari/9537.53"
46.229.168.140 - - [26/Feb/2020:16:28:57 +0100] "GET /product_reviews_write.php?cPath=42_24&language=ar&products_id=112 HTTP/1.1" 302 546 "-" "Mozilla/5.0 (compatible; SemrushBot/6~bl; +http://www.semrush.com/bot.html)"
46.229.168.146 - - [26/Feb/2020:16:28:58 +0100] "GET /login.php HTTP/1.1" 200 7457 "-" "Mozilla/5.0 (compatible; SemrushBot/6~bl; +http://www.semrush.com/bot.html)"
83.114.83.83 - - [26/Feb/2020:16:29:02 +0100] "POST /lechef/edit_orders_add_product.php?oID=12283 HTTP/1.1" 200 8457 "http://www.e-medicalonline.com/lechef/edit_orders_add_product.php?oID=12283&step=1" "Mozilla/5.0 (Windows NT 10.0; Win64; x64) AppleWebKit/537.36 (KHTML, like Gecko) Chrome/79.0.3945.130 Safari/537.36"
83.114.83.83 - - [26/Feb/2020:16:29:07 +0100] "POST /lechef/edit_orders_add_product.php?oID=12283 HTTP/1.1" 200 9617 "http://www.e-medicalonline.com/lechef/edit_orders_add_product.php?oID=12283" "Mozilla/5.0 (Windows NT 10.0; Win64; x64) AppleWebKit/537.36 (KHTML, like Gecko) Chrome/79.0.3945.130 Safari/537.36"
114.119.129.81 - - [26/Feb/2020:16:29:08 +0100] "GET /contact_us.php?osCsid=qa5cfnkmrb6otvofqm2tf4nt22 HTTP/1.1" 200 6952 "-" "Mozilla/5.0 (iPad; CPU OS 7_0 like Mac OS X) AppleWebKit/537.51.1 (KHTML, like Gecko) Version/7.0 Mobile/11A465 Safari/9537.53"
83.114.83.83 - - [26/Feb/2020:16:29:08 +0100] "POST /lechef/edit_orders_add_product.php?oID=12283 HTTP/1.1" 200 11156 "http://www.e-medicalonline.com/lechef/edit_orders_add_product.php?oID=12283" "Mozilla/5.0 (Windows NT 10.0; Win64; x64) AppleWebKit/537.36 (KHTML, like Gecko) Chrome/79.0.3945.130 Safari/537.36"
83.114.83.83 - - [26/Feb/2020:16:29:13 +0100] "POST /lechef/edit_orders_add_product.php?oID=12283&action=add_product HTTP/1.1" 302 408 "http://www.e-medicalonline.com/lechef/edit_orders_add_product.php?oID=12283" "Mozilla/5.0 (Windows NT 10.0; Win64; x64) AppleWebKit/537.36 (KHTML, like Gecko) Chrome/79.0.3945.130 Safari/537.36"
83.114.83.83 - - [26/Feb/2020:16:29:13 +0100] "GET /lechef/edit_orders_add_product.php?oID=12283&step=1&submitForm=yes HTTP/1.1" 200 6802 "http://www.e-medicalonline.com/lechef/edit_orders_add_product.php?oID=12283" "Mozilla/5.0 (Windows NT 10.0; Win64; x64) AppleWebKit/537.36 (KHTML, like Gecko) Chrome/79.0.3945.130 Safari/537.36"
83.114.83.83 - - [26/Feb/2020:16:29:13 +0100] "POST /lechef/edit_orders.php?oID=12283&action=update_order HTTP/1.1" 302 395 "http://www.e-medicalonline.com/lechef/edit_orders.php?oID=12283&action=edit" "Mozilla/5.0 (Windows NT 10.0; Win64; x64) AppleWebKit/537.36 (KHTML, like Gecko) Chrome/79.0.3945.130 Safari/537.36"
83.114.83.83 - - [26/Feb/2020:16:29:14 +0100] "GET /lechef/edit_orders.php?oID=12283&action=edit HTTP/1.1" 200 199179 "http://www.e-medicalonline.com/lechef/edit_orders.php?oID=12283&action=edit" "Mozilla/5.0 (Windows NT 10.0; Win64; x64) AppleWebKit/537.36 (KHTML, like Gecko) Chrome/79.0.3945.130 Safari/537.36"
114.119.148.26 - - [26/Feb/2020:16:29:23 +0100] "GET /advanced_search.php?osCsid=crgort8vat1fvjh6ad631cadi5 HTTP/1.1" 200 8304 "-" "Mozilla/5.0(Linux;Android 5.1.1;OPPO A33 Build/LMY47V;wv) AppleWebKit/537.36(KHTML,link Gecko) Version/4.0 Chrome/42.0.2311.138 Mobile Safari/537.36"
83.114.83.83 - - [26/Feb/2020:16:29:23 +0100] "GET /lechef/edit_orders_ajax.php?action=update_product_value_field&oID=12283&pid=78208&price=1.8400&final_price=1.8400 HTTP/1.1" 200 332 "http://www.e-medicalonline.com/lechef/edit_orders.php?oID=12283&action=edit" "Mozilla/5.0 (Windows NT 10.0; Win64; x64) AppleWebKit/537.36 (KHTML, like Gecko) Chrome/79.0.3945.130 Safari/537.36"
83.114.83.83 - - [26/Feb/2020:16:29:23 +0100] "POST /lechef/edit_orders_ajax.php HTTP/1.1" 200 13136 "http://www.e-medicalonline.com/lechef/edit_orders.php?oID=12283&action=edit" "Mozilla/5.0 (Windows NT 10.0; Win64; x64) AppleWebKit/537.36 (KHTML, like Gecko) Chrome/79.0.3945.130 Safari/537.36"
83.114.83.83 - - [26/Feb/2020:16:29:33 +0100] "GET /lechef/edit_orders_add_product.php?oID=12283&step=1 HTTP/1.1" 200 6615 "http://www.e-medicalonline.com/lechef/edit_orders.php?oID=12283&action=edit" "Mozilla/5.0 (Windows NT 10.0; Win64; x64) AppleWebKit/537.36 (KHTML, like Gecko) Chrome/79.0.3945.130 Safari/537.36"
114.119.152.81 - - [26/Feb/2020:16:29:34 +0100] "GET /advanced_search.php?osCsid=2g017glnl6or8k9ttjqj4gr8b7 HTTP/1.1" 200 8299 "-" "Mozilla/5.0(Linux;U;Android 5.1.1;zh-CN;OPPO A33 Build/LMY47V) AppleWebKit/537.36(KHTML,like Gecko) Version/4.0 Chrome/40.0.2214.89 Mobile Safari/537.36"
83.114.83.83 - - [26/Feb/2020:16:29:37 +0100] "POST /lechef/edit_orders_add_product.php?oID=12283 HTTP/1.1" 200 8448 "http://www.e-medicalonline.com/lechef/edit_orders_add_product.php?oID=12283&step=1" "Mozilla/5.0 (Windows NT 10.0; Win64; x64) AppleWebKit/537.36 (KHTML, like Gecko) Chrome/79.0.3945.130 Safari/537.36"
83.114.83.83 - - [26/Feb/2020:16:29:37 +0100] "POST /lechef/edit_orders_add_product.php?oID=12283 HTTP/1.1" 200 8448 "http://www.e-medicalonline.com/lechef/edit_orders_add_product.php?oID=12283&step=1" "Mozilla/5.0 (Windows NT 10.0; Win64; x64) AppleWebKit/537.36 (KHTML, like Gecko) Chrome/79.0.3945.130 Safari/537.36"
83.114.83.83 - - [26/Feb/2020:16:29:39 +0100] "POST /lechef/edit_orders_add_product.php?oID=12283 HTTP/1.1" 200 9607 "http://www.e-medicalonline.com/lechef/edit_orders_add_product.php?oID=12283" "Mozilla/5.0 (Windows NT 10.0; Win64; x64) AppleWebKit/537.36 (KHTML, like Gecko) Chrome/79.0.3945.130 Safari/537.36"
