83.114.83.83 - - [26/Feb/2020:16:29:40 +0100] "POST /lechef/edit_orders_add_product.php?oID=12283 HTTP/1.1" 200 11146 "http://www.e-medicalonline.com/lechef/edit_orders_add_product.php?oID=12283" "Mozilla/5.0 (Windows NT 10.0; Win64; x64) AppleWebKit/537.36 (KHTML, like Gecko) Chrome/79.0.3945.130 Safari/537.36"
114.119.158.222 - - [26/Feb/2020:16:29:44 +0100] "GET /conditions.php?osCsid=2j3us30gasp4rlpqb5a7obrqa3 HTTP/1.1" 200 12524 "-" "Mozilla/5.0 (iPad; CPU OS 7_0 like Mac OS X) AppleWebKit/537.51.1 (KHTML, like Gecko) Version/7.0 Mobile/11A465 Safari/9537.53"
83.114.83.83 - - [26/Feb/2020:16:29:47 +0100] "POST /lechef/edit_orders_add_product.php?oID=12283&action=add_product HTTP/1.1" 302 408 "http://www.e-medicalonline.com/lechef/edit_orders_add_product.php?oID=12283" "Mozilla/5.0 (Windows NT 10.0; Win64; x64) AppleWebKit/537.36 (KHTML, like Gecko) Chrome/79.0.3945.130 Safari/537.36"
83.114.83.83 - - [26/Feb/2020:16:29:47 +0100] "GET /lechef/edit_orders_add_product.php?oID=12283&step=1&submitForm=yes HTTP/1.1" 200 6802 "http://www.e-medicalonline.com/lechef/edit_orders_add_product.php?oID=12283" "Mozilla/5.0 (Windows NT 10.0; Win64; x64) AppleWebKit/537.36 (KHTML, like Gecko) Chrome/79.0.3945.130 Safari/537.36"
83.114.83.83 - - [26/Feb/2020:16:29:47 +0100] "POST /lechef/edit_orders.php?oID=12283&action=update_order HTTP/1.1" 302 395 "http://www.e-medicalonline.com/lechef/edit_orders.php?oID=12283&action=edit" "Mozilla/5.0 (Windows NT 10.0; Win64; x64) AppleWebKit/537.36 (KHTML, like Gecko) Chrome/79.0.3945.130 Safari/537.36"
83.114.83.83 - - [26/Feb/2020:16:29:48 +0100] "GET /lechef/edit_orders.php?oID=12283&action=edit HTTP/1.1" 200 203037 "http://www.e-medicalonline.com/lechef/edit_orders.php?oID=12283&action=edit" "Mozilla/5.0 (Windows NT 10.0; Win64; x64) AppleWebKit/537.36 (KHTML, like Gecko) Chrome/79.0.3945.130 Safari/537.36"
54.36.150.15 - - [26/Feb/2020:16:29:50 +0100] "GET /product_info.php?products_id=190 HTTP/1.1" 200 9264 "-" "Mozilla/5.0 (compatible; AhrefsBot/6.1; +http://ahrefs.com/robot/)"
114.119.130.72 - - [26/Feb/2020:16:30:00 +0100] "GET /privacy.php?osCsid=4vea9cj4qfbc1ioen7ngp9tep3 HTTP/1.1" 200 12107 "-" "Mozilla/5.0(Linux;Android 5.1.1;OPPO A33 Build/LMY47V;wv) AppleWebKit/537.36(KHTML,link Gecko) Version/4.0 Chrome/43.0.2357.121 Mobile Safari/537.36"
83.114.83.83 - - [26/Feb/2020:16:30:03 +0100] "GET /lechef/edit_orders_ajax.php?action=update_product_value_field&oID=12283&pid=78209&price=1.8400&final_price=1.8400 HTTP/1.1" 200 332 "http://www.e-medicalonline.com/lechef/edit_orders.php?oID=12283&action=edit" "Mozilla/5.0 (Windows NT 10.0; Win64; x64) AppleWebKit/537.36 (KHTML, like Gecko) Chrome/79.0.3945.130 Safari/537.36"
83.114.83.83 - - [26/Feb/2020:16:30:03 +0100] "POST /lechef/edit_orders_ajax.php HTTP/1.1" 200 13136 "http://www.e-medicalonline.com/lechef/edit_orders.php?oID=12283&action=edit" "Mozilla/5.0 (Windows NT 10.0; Win64; x64) AppleWebKit/537.36 (KHTML, like Gecko) Chrome/79.0.3945.130 Safari/537.36"
83.114.83.83 - - [26/Feb/2020:16:30:06 +0100] "GET /lechef/edit_orders_add_product.php?oID=12283&step=1 HTTP/1.1" 200 6615 "http://www.e-medicalonline.com/lechef/edit_orders.php?oID=12283&action=edit" "Mozilla/5.0 (Windows NT 10.0; Win64; x64) AppleWebKit/537.36 (KHTML, like Gecko) Chrome/79.0.3945.130 Safari/537.36"
114.119.161.112 - - [26/Feb/2020:16:30:12 +0100] "GET /product_info.php?products_id=101&osCsid=tf5r2ilpg47ibqhhevlra1mrk6 HTTP/1.1" 200 9218 "-" "Mozilla/5.0(Linux;U;Android 5.1.1;zh-CN;OPPO A33 Build/LMY47V) AppleWebKit/537.36(KHTML,like Gecko) Version/4.0 Chrome/40.0.2214.89 Mobile Safari/537.36"
83.114.83.83 - - [26/Feb/2020:16:30:15 +0100] "POST /lechef/edit_orders_add_product.php?oID=12283 HTTP/1.1" 200 8449 "http://www.e-medicalonline.com/lechef/edit_orders_add_product.php?oID=12283&step=1" "Mozilla/5.0 (Windows NT 10.0; Win64; x64) AppleWebKit/537.36 (KHTML, like Gecko) Chrome/79.0.3945.130 Safari/537.36"
83.114.83.83 - - [26/Feb/2020:16:30:15 +0100] "POST /lechef/edit_orders_add_product.php?oID=12283 HTTP/1.1" 200 8449 "http://www.e-medicalonline.com/lechef/edit_orders_add_product.php?oID=12283&step=1" "Mozilla/5.0 (Windows NT 10.0; Win64; x64) AppleWebKit/537.36 (KHTML, like Gecko) Chrome/79.0.3945.130 Safari/537.36"
83.114.83.83 - - [26/Feb/2020:16:30:18 +0100] "POST /lechef/edit_orders_add_product.php?oID=12283 HTTP/1.1" 200 9608 "http://www.e-medicalonline.com/lechef/edit_orders_add_product.php?oID=12283" "Mozilla/5.0 (Windows NT 10.0; Win64; x64) AppleWebKit/537.36 (KHTML, like Gecko) Chrome/79.0.3945.130 Safari/537.36"
83.114.83.83 - - [26/Feb/2020:16:30:19 +0100] "POST /lechef/edit_orders_add_product.php?oID=12283 HTTP/1.1" 200 11147 "http://www.e-medicalonline.com/lechef/edit_orders_add_product.php?oID=12283" "Mozilla/5.0 (Windows NT 10.0; Win64; x64) AppleWebKit/537.36 (KHTML, like Gecko) Chrome/79.0.3945.130 Safari/537.36"
46.229.168.132 - - [26/Feb/2020:16:30:22 +0100] "GET /product_info.php?action=add_product&cPath=47_68&language=fr&products_id=332 HTTP/1.1" 302 566 "-" "Mozilla/5.0 (compatible; SemrushBot/6~bl; +http://www.semrush.com/bot.html)"
83.114.83.83 - - [26/Feb/2020:16:30:23 +0100] "POST /lechef/edit_orders_add_product.php?oID=12283&action=add_product HTTP/1.1" 302 408 "http://www.e-medicalonline.com/lechef/edit_orders_add_product.php?oID=12283" "Mozilla/5.0 (Windows NT 10.0; Win64; x64) AppleWebKit/537.36 (KHTML, like Gecko) Chrome/79.0.3945.130 Safari/537.36"
83.114.83.83 - - [26/Feb/2020:16:30:23 +0100] "GET /lechef/edit_orders_add_product.php?oID=12283&step=1&submitForm=yes HTTP/1.1" 200 6802 "http://www.e-medicalonline.com/lechef/edit_orders_add_product.php?oID=12283" "Mozilla/5.0 (Windows NT 10.0; Win64; x64) AppleWebKit/537.36 (KHTML, like Gecko) Chrome/79.0.3945.130 Safari/537.36"
83.114.83.83 - - [26/Feb/2020:16:30:23 +0100] "POST /lechef/edit_orders.php?oID=12283&action=update_order HTTP/1.1" 302 395 "http://www.e-medicalonline.com/lechef/edit_orders.php?oID=12283&action=edit" "Mozilla/5.0 (Windows NT 10.0; Win64; x64) AppleWebKit/537.36 (KHTML, like Gecko) Chrome/79.0.3945.130 Safari/537.36"
46.229.168.147 - - [26/Feb/2020:16:30:23 +0100] "GET /shopping_cart.php?language=fr HTTP/1.1" 200 8686 "-" "Mozilla/5.0 (compatible; SemrushBot/6~bl; +http://www.semrush.com/bot.html)"
83.114.83.83 - - [26/Feb/2020:16:30:23 +0100] "GET /lechef/edit_orders.php?oID=12283&action=edit HTTP/1.1" 200 206887 "http://www.e-medicalonline.com/lechef/edit_orders.php?oID=12283&action=edit" "Mozilla/5.0 (Windows NT 10.0; Win64; x64) AppleWebKit/537.36 (KHTML, like Gecko) Chrome/79.0.3945.130 Safari/537.36"
114.119.140.84 - - [26/Feb/2020:16:30:29 +0100] "GET /shopping_cart.php?osCsid=6vnkkcuovp3fd4n3m3p367kve4 HTTP/1.1" 200 8550 "-" "Mozilla/5.0(Linux;U;Android 5.1.1;zh-CN;OPPO A33 Build/LMY47V) AppleWebKit/537.36(KHTML,like Gecko) Version/4.0 Chrome/40.0.2214.89 Mobile Safari/537.36"
83.114.83.83 - - [26/Feb/2020:16:30:30 +0100] "GET /lechef/edit_orders_ajax.php?action=update_product_value_field&oID=12283&pid=78210&price=1.8400&final_price=1.8400 HTTP/1.1" 200 332 "http://www.e-medicalonline.com/lechef/edit_orders.php?oID=12283&action=edit" "Mozilla/5.0 (Windows NT 10.0; Win64; x64) AppleWebKit/537.36 (KHTML, like Gecko) Chrome/79.0.3945.130 Safari/537.36"
83.114.83.83 - - [26/Feb/2020:16:30:30 +0100] "POST /lechef/edit_orders_ajax.php HTTP/1.1" 200 13136 "http://www.e-medicalonline.com/lechef/edit_orders.php?oID=12283&action=edit" "Mozilla/5.0 (Windows NT 10.0; Win64; x64) AppleWebKit/537.36 (KHTML, like Gecko) Chrome/79.0.3945.130 Safari/537.36"
114.119.135.246 - - [26/Feb/2020:16:30:42 +0100] "GET /account.php?osCsid=nh1tvnu66ndvcfgb9vbp0rj014 HTTP/1.1" 302 546 "-" "Mozilla/5.0(Linux;Android 5.1.1;OPPO A33 Build/LMY47V;wv) AppleWebKit/537.36(KHTML,link Gecko) Version/4.0 Chrome/43.0.2357.121 Mobile Safari/537.36"
114.119.135.246 - - [26/Feb/2020:16:30:42 +0100] "GET /login.php?osCsid=o75iqt811tc9v3adp3s8o0ja94 HTTP/1.1" 200 7312 "-" "Mozilla/5.0(Linux;Android 5.1.1;OPPO A33 Build/LMY47V;wv) AppleWebKit/537.36(KHTML,link Gecko) Version/4.0 Chrome/43.0.2357.121 Mobile Safari/537.36"
83.114.83.83 - - [26/Feb/2020:16:30:51 +0100] "GET /lechef/edit_orders_add_product.php?oID=12283&step=1 HTTP/1.1" 200 6615 "http://www.e-medicalonline.com/lechef/edit_orders.php?oID=12283&action=edit" "Mozilla/5.0 (Windows NT 10.0; Win64; x64) AppleWebKit/537.36 (KHTML, like Gecko) Chrome/79.0.3945.130 Safari/537.36"
114.119.167.117 - - [26/Feb/2020:16:30:58 +0100] "GET /shopping_cart.php?osCsid=s1ppdrbs953th7aai7ipfngi93 HTTP/1.1" 200 8539 "-" "Mozilla/5.0(Linux;Android 5.1.1;OPPO A33 Build/LMY47V;wv) AppleWebKit/537.36(KHTML,link Gecko) Version/4.0 Chrome/42.0.2311.138 Mobile Safari/537.36"
83.114.83.83 - - [26/Feb/2020:16:30:59 +0100] "POST /lechef/edit_orders_add_product.php?oID=12283 HTTP/1.1" 200 8267 "http://www.e-medicalonline.com/lechef/edit_orders_add_product.php?oID=12283&step=1" "Mozilla/5.0 (Windows NT 10.0; Win64; x64) AppleWebKit/537.36 (KHTML, like Gecko) Chrome/79.0.3945.130 Safari/537.36"
83.114.83.83 - - [26/Feb/2020:16:30:59 +0100] "POST /lechef/edit_orders_add_product.php?oID=12283 HTTP/1.1" 200 8267 "http://www.e-medicalonline.com/lechef/edit_orders_add_product.php?oID=12283&step=1" "Mozilla/5.0 (Windows NT 10.0; Win64; x64) AppleWebKit/537.36 (KHTML, like Gecko) Chrome/79.0.3945.130 Safari/537.36"
83.114.83.83 - - [26/Feb/2020:16:31:01 +0100] "POST /lechef/edit_orders_add_product.php?oID=12283 HTTP/1.1" 200 9445 "http://www.e-medicalonline.com/lechef/edit_orders_add_product.php?oID=12283" "Mozilla/5.0 (Windows NT 10.0; Win64; x64) AppleWebKit/537.36 (KHTML, like Gecko) Chrome/79.0.3945.130 Safari/537.36"
83.114.83.83 - - [26/Feb/2020:16:31:02 +0100] "POST /lechef/edit_orders_add_product.php?oID=12283 HTTP/1.1" 200 10984 "http://www.e-medicalonline.com/lechef/edit_orders_add_product.php?oID=12283" "Mozilla/5.0 (Windows NT 10.0; Win64; x64) AppleWebKit/537.36 (KHTML, like Gecko) Chrome/79.0.3945.130 Safari/537.36"
83.114.83.83 - - [26/Feb/2020:16:31:06 +0100] "POST /lechef/edit_orders_add_product.php?oID=12283&action=add_product HTTP/1.1" 302 408 "http://www.e-medicalonline.com/lechef/edit_orders_add_product.php?oID=12283" "Mozilla/5.0 (Windows NT 10.0; Win64; x64) AppleWebKit/537.36 (KHTML, like Gecko) Chrome/79.0.3945.130 Safari/537.36"
83.114.83.83 - - [26/Feb/2020:16:31:06 +0100] "GET /lechef/edit_orders_add_product.php?oID=12283&step=1&submitForm=yes HTTP/1.1" 200 6802 "http://www.e-medicalonline.com/lechef/edit_orders_add_product.php?oID=12283" "Mozilla/5.0 (Windows NT 10.0; Win64; x64) AppleWebKit/537.36 (KHTML, like Gecko) Chrome/79.0.3945.130 Safari/537.36"
83.114.83.83 - - [26/Feb/2020:16:31:07 +0100] "POST /lechef/edit_orders.php?oID=12283&action=update_order HTTP/1.1" 302 395 "http://www.e-medicalonline.com/lechef/edit_orders.php?oID=12283&action=edit" "Mozilla/5.0 (Windows NT 10.0; Win64; x64) AppleWebKit/537.36 (KHTML, like Gecko) Chrome/79.0.3945.130 Safari/537.36"
83.114.83.83 - - [26/Feb/2020:16:31:07 +0100] "GET /lechef/edit_orders.php?oID=12283&action=edit HTTP/1.1" 200 210739 "http://www.e-medicalonline.com/lechef/edit_orders.php?oID=12283&action=edit" "Mozilla/5.0 (Windows NT 10.0; Win64; x64) AppleWebKit/537.36 (KHTML, like Gecko) Chrome/79.0.3945.130 Safari/537.36"
114.119.161.44 - - [26/Feb/2020:16:31:10 +0100] "GET /product_info.php?products_id=101&osCsid=7kh07qjn3kt0novvfgjdpraj52 HTTP/1.1" 200 9170 "-" "Mozilla/5.0(Linux;Android 5.1.1;OPPO A33 Build/LMY47V;wv) AppleWebKit/537.36(KHTML,link Gecko) Version/4.0 Chrome/42.0.2311.138 Mobile Safari/537.36"
83.114.83.83 - - [26/Feb/2020:16:31:16 +0100] "GET /lechef/edit_orders_ajax.php?action=update_product_value_field&oID=12283&pid=78211&price=1.8400&final_price=1.8400 HTTP/1.1" 200 332 "http://www.e-medicalonline.com/lechef/edit_orders.php?oID=12283&action=edit" "Mozilla/5.0 (Windows NT 10.0; Win64; x64) AppleWebKit/537.36 (KHTML, like Gecko) Chrome/79.0.3945.130 Safari/537.36"
83.114.83.83 - - [26/Feb/2020:16:31:16 +0100] "POST /lechef/edit_orders_ajax.php HTTP/1.1" 200 13136 "http://www.e-medicalonline.com/lechef/edit_orders.php?oID=12283&action=edit" "Mozilla/5.0 (Windows NT 10.0; Win64; x64) AppleWebKit/537.36 (KHTML, like Gecko) Chrome/79.0.3945.130 Safari/537.36"
114.119.129.239 - - [26/Feb/2020:16:31:20 +0100] "GET /index.php?osCsid=a7gou20862ed5960q9irjg3nr3 HTTP/1.1" 200 7325 "-" "Mozilla/5.0 (iPad; CPU OS 7_0 like Mac OS X) AppleWebKit/537.51.1 (KHTML, like Gecko) Version/7.0 Mobile/11A465 Safari/9537.53"
46.229.168.136 - - [26/Feb/2020:16:31:25 +0100] "GET /product_reviews_write.php?cPath=47_66&language=tr&products_id=333 HTTP/1.1" 302 546 "-" "Mozilla/5.0 (compatible; SemrushBot/6~bl; +http://www.semrush.com/bot.html)"
46.229.168.130 - - [26/Feb/2020:16:31:26 +0100] "GET /login.php HTTP/1.1" 200 7461 "-" "Mozilla/5.0 (compatible; SemrushBot/6~bl; +http://www.semrush.com/bot.html)"
46.229.168.153 - - [26/Feb/2020:16:31:32 +0100] "GET /product_info.php?action=add_product&cPath=29_54&language=lv&products_id=223 HTTP/1.1" 302 566 "-" "Mozilla/5.0 (compatible; SemrushBot/6~bl; +http://www.semrush.com/bot.html)"
46.229.168.142 - - [26/Feb/2020:16:31:33 +0100] "GET /shopping_cart.php?language=lv HTTP/1.1" 200 8561 "-" "Mozilla/5.0 (compatible; SemrushBot/6~bl; +http://www.semrush.com/bot.html)"
114.119.155.230 - - [26/Feb/2020:16:31:35 +0100] "GET /index.php?cPath=47&osCsid=bpcranstvbo8801h7vjq29js93%20 HTTP/1.1" 302 288 "-" "Mozilla/5.0(Linux;Android 5.1.1;OPPO A33 Build/LMY47V;wv) AppleWebKit/537.36(KHTML,link Gecko) Version/4.0 Chrome/43.0.2357.121 Mobile Safari/537.36"
114.119.155.230 - - [26/Feb/2020:16:31:35 +0100] "GET /index.php HTTP/1.1" 200 7325 "-" "Mozilla/5.0(Linux;Android 5.1.1;OPPO A33 Build/LMY47V;wv) AppleWebKit/537.36(KHTML,link Gecko) Version/4.0 Chrome/43.0.2357.121 Mobile Safari/537.36"
46.229.168.161 - - [26/Feb/2020:16:31:35 +0100] "GET /product_info.php?language=iw&products_id=125 HTTP/1.1" 200 9752 "-" "Mozilla/5.0 (compatible; SemrushBot/6~bl; +http://www.semrush.com/bot.html)"
114.119.158.103 - - [26/Feb/2020:16:31:47 +0100] "GET /index.php?cPath=41&osCsid=495sdddmq96a855tbfdrruroq4%20 HTTP/1.1" 302 288 "-" "Mozilla/5.0(Linux;U;Android 5.1.1;zh-CN;OPPO A33 Build/LMY47V) AppleWebKit/537.36(KHTML,like Gecko) Version/4.0 Chrome/40.0.2214.89 Mobile Safari/537.36"
114.119.158.103 - - [26/Feb/2020:16:31:47 +0100] "GET /index.php HTTP/1.1" 200 7317 "-" "Mozilla/5.0(Linux;U;Android 5.1.1;zh-CN;OPPO A33 Build/LMY47V) AppleWebKit/537.36(KHTML,like Gecko) Version/4.0 Chrome/40.0.2214.89 Mobile Safari/537.36"
54.36.148.119 - - [26/Feb/2020:16:31:48 +0100] "GET /index.php?cPath=42_55&language=pl&page=1&sort=3d HTTP/1.1" 200 7632 "-" "Mozilla/5.0 (compatible; AhrefsBot/6.1; +http://ahrefs.com/robot/)"
83.114.83.83 - - [26/Feb/2020:16:31:58 +0100] "GET /lechef/edit_orders_add_product.php?oID=12283&step=1 HTTP/1.1" 200 6615 "http://www.e-medicalonline.com/lechef/edit_orders.php?oID=12283&action=edit" "Mozilla/5.0 (Windows NT 10.0; Win64; x64) AppleWebKit/537.36 (KHTML, like Gecko) Chrome/79.0.3945.130 Safari/537.36"
114.119.135.87 - - [26/Feb/2020:16:32:03 +0100] "GET /shipping.php?osCsid=t2nisl4vdls930i1st7pqm6fg3 HTTP/1.1" 200 7438 "-" "Mozilla/5.0(Linux;U;Android 5.1.1;zh-CN;OPPO A33 Build/LMY47V) AppleWebKit/537.36(KHTML,like Gecko) Version/4.0 Chrome/40.0.2214.89 Mobile Safari/537.36"
83.114.83.83 - - [26/Feb/2020:16:32:03 +0100] "POST /lechef/edit_orders_add_product.php?oID=12283 HTTP/1.1" 200 8274 "http://www.e-medicalonline.com/lechef/edit_orders_add_product.php?oID=12283&step=1" "Mozilla/5.0 (Windows NT 10.0; Win64; x64) AppleWebKit/537.36 (KHTML, like Gecko) Chrome/79.0.3945.130 Safari/537.36"
83.114.83.83 - - [26/Feb/2020:16:32:03 +0100] "POST /lechef/edit_orders_add_product.php?oID=12283 HTTP/1.1" 200 8274 "http://www.e-medicalonline.com/lechef/edit_orders_add_product.php?oID=12283&step=1" "Mozilla/5.0 (Windows NT 10.0; Win64; x64) AppleWebKit/537.36 (KHTML, like Gecko) Chrome/79.0.3945.130 Safari/537.36"
83.114.83.83 - - [26/Feb/2020:16:32:05 +0100] "POST /lechef/edit_orders_add_product.php?oID=12283 HTTP/1.1" 200 9453 "http://www.e-medicalonline.com/lechef/edit_orders_add_product.php?oID=12283" "Mozilla/5.0 (Windows NT 10.0; Win64; x64) AppleWebKit/537.36 (KHTML, like Gecko) Chrome/79.0.3945.130 Safari/537.36"
83.114.83.83 - - [26/Feb/2020:16:32:06 +0100] "POST /lechef/edit_orders_add_product.php?oID=12283 HTTP/1.1" 200 10992 "http://www.e-medicalonline.com/lechef/edit_orders_add_product.php?oID=12283" "Mozilla/5.0 (Windows NT 10.0; Win64; x64) AppleWebKit/537.36 (KHTML, like Gecko) Chrome/79.0.3945.130 Safari/537.36"
151.80.39.194 - - [26/Feb/2020:16:32:08 +0100] "GET /product_info.php?products_id=101 HTTP/1.1" 200 9216 "-" "Mozilla/5.0 (compatible; AhrefsBot/6.1; +http://ahrefs.com/robot/)"
83.114.83.83 - - [26/Feb/2020:16:32:12 +0100] "POST /lechef/edit_orders_add_product.php?oID=12283&action=add_product HTTP/1.1" 302 408 "http://www.e-medicalonline.com/lechef/edit_orders_add_product.php?oID=12283" "Mozilla/5.0 (Windows NT 10.0; Win64; x64) AppleWebKit/537.36 (KHTML, like Gecko) Chrome/79.0.3945.130 Safari/537.36"
83.114.83.83 - - [26/Feb/2020:16:32:12 +0100] "GET /lechef/edit_orders_add_product.php?oID=12283&step=1&submitForm=yes HTTP/1.1" 200 6802 "http://www.e-medicalonline.com/lechef/edit_orders_add_product.php?oID=12283" "Mozilla/5.0 (Windows NT 10.0; Win64; x64) AppleWebKit/537.36 (KHTML, like Gecko) Chrome/79.0.3945.130 Safari/537.36"
83.114.83.83 - - [26/Feb/2020:16:32:12 +0100] "POST /lechef/edit_orders.php?oID=12283&action=update_order HTTP/1.1" 302 395 "http://www.e-medicalonline.com/lechef/edit_orders.php?oID=12283&action=edit" "Mozilla/5.0 (Windows NT 10.0; Win64; x64) AppleWebKit/537.36 (KHTML, like Gecko) Chrome/79.0.3945.130 Safari/537.36"
83.114.83.83 - - [26/Feb/2020:16:32:12 +0100] "GET /lechef/edit_orders.php?oID=12283&action=edit HTTP/1.1" 200 214595 "http://www.e-medicalonline.com/lechef/edit_orders.php?oID=12283&action=edit" "Mozilla/5.0 (Windows NT 10.0; Win64; x64) AppleWebKit/537.36 (KHTML, like Gecko) Chrome/79.0.3945.130 Safari/537.36"
114.119.148.8 - - [26/Feb/2020:16:32:16 +0100] "GET /account.php?osCsid=01pv3577ukq0tuijlc1lb5un40 HTTP/1.1" 302 546 "-" "Mozilla/5.0(Linux;U;Android 5.1.1;zh-CN;OPPO A33 Build/LMY47V) AppleWebKit/537.36(KHTML,like Gecko) Version/4.0 Chrome/40.0.2214.89 Mobile Safari/537.36"
114.119.148.8 - - [26/Feb/2020:16:32:16 +0100] "GET /login.php?osCsid=3bcfndegequsqq0c5jbp8553e1 HTTP/1.1" 200 7317 "-" "Mozilla/5.0(Linux;U;Android 5.1.1;zh-CN;OPPO A33 Build/LMY47V) AppleWebKit/537.36(KHTML,like Gecko) Version/4.0 Chrome/40.0.2214.89 Mobile Safari/537.36"
83.114.83.83 - - [26/Feb/2020:16:32:20 +0100] "GET /lechef/edit_orders_ajax.php?action=update_product_value_field&oID=12283&pid=78212&price=1.8400&final_price=1.8400 HTTP/1.1" 200 332 "http://www.e-medicalonline.com/lechef/edit_orders.php?oID=12283&action=edit" "Mozilla/5.0 (Windows NT 10.0; Win64; x64) AppleWebKit/537.36 (KHTML, like Gecko) Chrome/79.0.3945.130 Safari/537.36"
83.114.83.83 - - [26/Feb/2020:16:32:20 +0100] "POST /lechef/edit_orders_ajax.php HTTP/1.1" 200 13136 "http://www.e-medicalonline.com/lechef/edit_orders.php?oID=12283&action=edit" "Mozilla/5.0 (Windows NT 10.0; Win64; x64) AppleWebKit/537.36 (KHTML, like Gecko) Chrome/79.0.3945.130 Safari/537.36"
83.114.83.83 - - [26/Feb/2020:16:32:23 +0100] "GET /lechef/edit_orders_add_product.php?oID=12283&step=1 HTTP/1.1" 200 6615 "http://www.e-medicalonline.com/lechef/edit_orders.php?oID=12283&action=edit" "Mozilla/5.0 (Windows NT 10.0; Win64; x64) AppleWebKit/537.36 (KHTML, like Gecko) Chrome/79.0.3945.130 Safari/537.36"
83.114.83.83 - - [26/Feb/2020:16:32:29 +0100] "POST /lechef/edit_orders_add_product.php?oID=12283 HTTP/1.1" 200 8270 "http://www.e-medicalonline.com/lechef/edit_orders_add_product.php?oID=12283&step=1" "Mozilla/5.0 (Windows NT 10.0; Win64; x64) AppleWebKit/537.36 (KHTML, like Gecko) Chrome/79.0.3945.130 Safari/537.36"
83.114.83.83 - - [26/Feb/2020:16:32:29 +0100] "POST /lechef/edit_orders_add_product.php?oID=12283 HTTP/1.1" 200 8270 "http://www.e-medicalonline.com/lechef/edit_orders_add_product.php?oID=12283&step=1" "Mozilla/5.0 (Windows NT 10.0; Win64; x64) AppleWebKit/537.36 (KHTML, like Gecko) Chrome/79.0.3945.130 Safari/537.36"
114.119.161.10 - - [26/Feb/2020:16:32:30 +0100] "GET /faq.php?osCsid=hfb4ppo585t8krstaa2f3ds073 HTTP/1.1" 200 7156 "-" "Mozilla/5.0(Linux;U;Android 5.1.1;zh-CN;OPPO A33 Build/LMY47V) AppleWebKit/537.36(KHTML,like Gecko) Version/4.0 Chrome/40.0.2214.89 Mobile Safari/537.36"
83.114.83.83 - - [26/Feb/2020:16:32:32 +0100] "POST /lechef/edit_orders_add_product.php?oID=12283 HTTP/1.1" 200 9449 "http://www.e-medicalonline.com/lechef/edit_orders_add_product.php?oID=12283" "Mozilla/5.0 (Windows NT 10.0; Win64; x64) AppleWebKit/537.36 (KHTML, like Gecko) Chrome/79.0.3945.130 Safari/537.36"
83.114.83.83 - - [26/Feb/2020:16:32:34 +0100] "POST /lechef/edit_orders_add_product.php?oID=12283 HTTP/1.1" 200 10988 "http://www.e-medicalonline.com/lechef/edit_orders_add_product.php?oID=12283" "Mozilla/5.0 (Windows NT 10.0; Win64; x64) AppleWebKit/537.36 (KHTML, like Gecko) Chrome/79.0.3945.130 Safari/537.36"
114.119.165.64 - - [26/Feb/2020:16:32:42 +0100] "GET /advanced_search.php?osCsid=1jpmo1ims4mo01rqja4tb19q15 HTTP/1.1" 200 8286 "-" "Mozilla/5.0(Linux;Android 5.1.1;OPPO A33 Build/LMY47V;wv) AppleWebKit/537.36(KHTML,link Gecko) Version/4.0 Chrome/42.0.2311.138 Mobile Safari/537.36"
83.114.83.83 - - [26/Feb/2020:16:32:42 +0100] "POST /lechef/edit_orders_add_product.php?oID=12283&action=add_product HTTP/1.1" 302 408 "http://www.e-medicalonline.com/lechef/edit_orders_add_product.php?oID=12283" "Mozilla/5.0 (Windows NT 10.0; Win64; x64) AppleWebKit/537.36 (KHTML, like Gecko) Chrome/79.0.3945.130 Safari/537.36"
83.114.83.83 - - [26/Feb/2020:16:32:42 +0100] "GET /lechef/edit_orders_add_product.php?oID=12283&step=1&submitForm=yes HTTP/1.1" 200 6802 "http://www.e-medicalonline.com/lechef/edit_orders_add_product.php?oID=12283" "Mozilla/5.0 (Windows NT 10.0; Win64; x64) AppleWebKit/537.36 (KHTML, like Gecko) Chrome/79.0.3945.130 Safari/537.36"
83.114.83.83 - - [26/Feb/2020:16:32:42 +0100] "POST /lechef/edit_orders.php?oID=12283&action=update_order HTTP/1.1" 302 395 "http://www.e-medicalonline.com/lechef/edit_orders.php?oID=12283&action=edit" "Mozilla/5.0 (Windows NT 10.0; Win64; x64) AppleWebKit/537.36 (KHTML, like Gecko) Chrome/79.0.3945.130 Safari/537.36"
83.114.83.83 - - [26/Feb/2020:16:32:43 +0100] "GET /lechef/edit_orders.php?oID=12283&action=edit HTTP/1.1" 200 218441 "http://www.e-medicalonline.com/lechef/edit_orders.php?oID=12283&action=edit" "Mozilla/5.0 (Windows NT 10.0; Win64; x64) AppleWebKit/537.36 (KHTML, like Gecko) Chrome/79.0.3945.130 Safari/537.36"
114.119.133.180 - - [26/Feb/2020:16:32:52 +0100] "GET /product_info.php?products_id=134&osCsid=jf6a1ient3k969ivharms923g0 HTTP/1.1" 200 9109 "-" "Mozilla/5.0(Linux;U;Android 5.1.1;zh-CN;OPPO A33 Build/LMY47V) AppleWebKit/537.36(KHTML,like Gecko) Version/4.0 Chrome/40.0.2214.89 Mobile Safari/537.36"
83.114.83.83 - - [26/Feb/2020:16:32:55 +0100] "GET /lechef/edit_orders_ajax.php?action=update_product_value_field&oID=12283&pid=78213&price=1.8400&final_price=1.8400 HTTP/1.1" 200 332 "http://www.e-medicalonline.com/lechef/edit_orders.php?oID=12283&action=edit" "Mozilla/5.0 (Windows NT 10.0; Win64; x64) AppleWebKit/537.36 (KHTML, like Gecko) Chrome/79.0.3945.130 Safari/537.36"
83.114.83.83 - - [26/Feb/2020:16:32:55 +0100] "POST /lechef/edit_orders_ajax.php HTTP/1.1" 200 13136 "http://www.e-medicalonline.com/lechef/edit_orders.php?oID=12283&action=edit" "Mozilla/5.0 (Windows NT 10.0; Win64; x64) AppleWebKit/537.36 (KHTML, like Gecko) Chrome/79.0.3945.130 Safari/537.36"
83.114.83.83 - - [26/Feb/2020:16:32:57 +0100] "GET /lechef/edit_orders_add_product.php?oID=12283&step=1 HTTP/1.1" 200 6615 "http://www.e-medicalonline.com/lechef/edit_orders.php?oID=12283&action=edit" "Mozilla/5.0 (Windows NT 10.0; Win64; x64) AppleWebKit/537.36 (KHTML, like Gecko) Chrome/79.0.3945.130 Safari/537.36"
46.229.168.146 - - [26/Feb/2020:16:33:03 +0100] "GET /product_info.php?action=add_product&cPath=41_59&language=ru&products_id=261 HTTP/1.1" 302 566 "-" "Mozilla/5.0 (compatible; SemrushBot/6~bl; +http://www.semrush.com/bot.html)"
46.229.168.153 - - [26/Feb/2020:16:33:04 +0100] "GET /shopping_cart.php?language=ru HTTP/1.1" 200 8943 "-" "Mozilla/5.0 (compatible; SemrushBot/6~bl; +http://www.semrush.com/bot.html)"
83.114.83.83 - - [26/Feb/2020:16:33:06 +0100] "POST /lechef/edit_orders_add_product.php?oID=12283 HTTP/1.1" 200 8269 "http://www.e-medicalonline.com/lechef/edit_orders_add_product.php?oID=12283&step=1" "Mozilla/5.0 (Windows NT 10.0; Win64; x64) AppleWebKit/537.36 (KHTML, like Gecko) Chrome/79.0.3945.130 Safari/537.36"
83.114.83.83 - - [26/Feb/2020:16:33:06 +0100] "POST /lechef/edit_orders_add_product.php?oID=12283 HTTP/1.1" 200 8269 "http://www.e-medicalonline.com/lechef/edit_orders_add_product.php?oID=12283&step=1" "Mozilla/5.0 (Windows NT 10.0; Win64; x64) AppleWebKit/537.36 (KHTML, like Gecko) Chrome/79.0.3945.130 Safari/537.36"
114.119.165.255 - - [26/Feb/2020:16:33:07 +0100] "GET /faq.php?osCsid=9kgkbl6710gsime4vq76eh4fk7 HTTP/1.1" 200 7169 "-" "Mozilla/5.0 (iPad; CPU OS 7_0 like Mac OS X) AppleWebKit/537.51.1 (KHTML, like Gecko) Version/7.0 Mobile/11A465 Safari/9537.53"
83.114.83.83 - - [26/Feb/2020:16:33:08 +0100] "POST /lechef/edit_orders_add_product.php?oID=12283 HTTP/1.1" 200 9447 "http://www.e-medicalonline.com/lechef/edit_orders_add_product.php?oID=12283" "Mozilla/5.0 (Windows NT 10.0; Win64; x64) AppleWebKit/537.36 (KHTML, like Gecko) Chrome/79.0.3945.130 Safari/537.36"
83.114.83.83 - - [26/Feb/2020:16:33:10 +0100] "POST /lechef/edit_orders_add_product.php?oID=12283 HTTP/1.1" 200 10986 "http://www.e-medicalonline.com/lechef/edit_orders_add_product.php?oID=12283" "Mozilla/5.0 (Windows NT 10.0; Win64; x64) AppleWebKit/537.36 (KHTML, like Gecko) Chrome/79.0.3945.130 Safari/537.36"
83.114.83.83 - - [26/Feb/2020:16:33:14 +0100] "POST /lechef/edit_orders_add_product.php?oID=12283&action=add_product HTTP/1.1" 302 408 "http://www.e-medicalonline.com/lechef/edit_orders_add_product.php?oID=12283" "Mozilla/5.0 (Windows NT 10.0; Win64; x64) AppleWebKit/537.36 (KHTML, like Gecko) Chrome/79.0.3945.130 Safari/537.36"
83.114.83.83 - - [26/Feb/2020:16:33:15 +0100] "GET /lechef/edit_orders_add_product.php?oID=12283&step=1&submitForm=yes HTTP/1.1" 200 6802 "http://www.e-medicalonline.com/lechef/edit_orders_add_product.php?oID=12283" "Mozilla/5.0 (Windows NT 10.0; Win64; x64) AppleWebKit/537.36 (KHTML, like Gecko) Chrome/79.0.3945.130 Safari/537.36"
83.114.83.83 - - [26/Feb/2020:16:33:15 +0100] "POST /lechef/edit_orders.php?oID=12283&action=update_order HTTP/1.1" 302 395 "http://www.e-medicalonline.com/lechef/edit_orders.php?oID=12283&action=edit" "Mozilla/5.0 (Windows NT 10.0; Win64; x64) AppleWebKit/537.36 (KHTML, like Gecko) Chrome/79.0.3945.130 Safari/537.36"
83.114.83.83 - - [26/Feb/2020:16:33:15 +0100] "GET /lechef/edit_orders.php?oID=12283&action=edit HTTP/1.1" 200 222291 "http://www.e-medicalonline.com/lechef/edit_orders.php?oID=12283&action=edit" "Mozilla/5.0 (Windows NT 10.0; Win64; x64) AppleWebKit/537.36 (KHTML, like Gecko) Chrome/79.0.3945.130 Safari/537.36"
114.119.131.206 - - [26/Feb/2020:16:33:18 +0100] "GET /index.php?osCsid=k6cv72a00au2rda6i0sk8dps70 HTTP/1.1" 200 7325 "-" "Mozilla/5.0(Linux;Android 5.1.1;OPPO A33 Build/LMY47V;wv) AppleWebKit/537.36(KHTML,link Gecko) Version/4.0 Chrome/43.0.2357.121 Mobile Safari/537.36"
54.36.148.51 - - [26/Feb/2020:16:33:19 +0100] "GET /index.php?cPath=47_67&language=no HTTP/1.1" 200 7340 "-" "Mozilla/5.0 (compatible; AhrefsBot/6.1; +http://ahrefs.com/robot/)"
83.114.83.83 - - [26/Feb/2020:16:33:29 +0100] "GET /lechef/edit_orders_ajax.php?action=update_product_value_field&oID=12283&pid=78214&price=1.8400&final_price=1.8400 HTTP/1.1" 200 332 "http://www.e-medicalonline.com/lechef/edit_orders.php?oID=12283&action=edit" "Mozilla/5.0 (Windows NT 10.0; Win64; x64) AppleWebKit/537.36 (KHTML, like Gecko) Chrome/79.0.3945.130 Safari/537.36"
83.114.83.83 - - [26/Feb/2020:16:33:29 +0100] "POST /lechef/edit_orders_ajax.php HTTP/1.1" 200 13139 "http://www.e-medicalonline.com/lechef/edit_orders.php?oID=12283&action=edit" "Mozilla/5.0 (Windows NT 10.0; Win64; x64) AppleWebKit/537.36 (KHTML, like Gecko) Chrome/79.0.3945.130 Safari/537.36"
83.114.83.83 - - [26/Feb/2020:16:33:31 +0100] "GET /lechef/edit_orders_add_product.php?oID=12283&step=1 HTTP/1.1" 200 6615 "http://www.e-medicalonline.com/lechef/edit_orders.php?oID=12283&action=edit" "Mozilla/5.0 (Windows NT 10.0; Win64; x64) AppleWebKit/537.36 (KHTML, like Gecko) Chrome/79.0.3945.130 Safari/537.36"
114.119.135.82 - - [26/Feb/2020:16:33:33 +0100] "GET /product_info.php?products_id=210&osCsid=4j2g5e9pb7993tqt100mpg9334 HTTP/1.1" 200 9390 "-" "Mozilla/5.0(Linux;U;Android 5.1.1;zh-CN;OPPO A33 Build/LMY47V) AppleWebKit/537.36(KHTML,like Gecko) Version/4.0 Chrome/40.0.2214.89 Mobile Safari/537.36"
114.119.129.133 - - [26/Feb/2020:16:33:45 +0100] "GET /redirect.php?action=url&goto=www.vetsuture.com&osCsid=q0059jqatigvucjp8vt6684535 HTTP/1.1" 302 496 "-" "Mozilla/5.0(Linux;Android 5.1.1;OPPO A33 Build/LMY47V;wv) AppleWebKit/537.36(KHTML,link Gecko) Version/4.0 Chrome/42.0.2311.138 Mobile Safari/537.36"
83.114.83.83 - - [26/Feb/2020:16:33:54 +0100] "POST /lechef/edit_orders_add_product.php?oID=12283 HTTP/1.1" 200 8268 "http://www.e-medicalonline.com/lechef/edit_orders_add_product.php?oID=12283&step=1" "Mozilla/5.0 (Windows NT 10.0; Win64; x64) AppleWebKit/537.36 (KHTML, like Gecko) Chrome/79.0.3945.130 Safari/537.36"
114.119.150.231 - - [26/Feb/2020:16:33:56 +0100] "GET /product_info.php?products_id=49&osCsid=165528esvipn9eq10irrm9ile5 HTTP/1.1" 200 10729 "-" "Mozilla/5.0(Linux;U;Android 5.1.1;zh-CN;OPPO A33 Build/LMY47V) AppleWebKit/537.36(KHTML,like Gecko) Version/4.0 Chrome/40.0.2214.89 Mobile Safari/537.36"
83.114.83.83 - - [26/Feb/2020:16:33:57 +0100] "POST /lechef/edit_orders_add_product.php?oID=12283 HTTP/1.1" 200 9445 "http://www.e-medicalonline.com/lechef/edit_orders_add_product.php?oID=12283" "Mozilla/5.0 (Windows NT 10.0; Win64; x64) AppleWebKit/537.36 (KHTML, like Gecko) Chrome/79.0.3945.130 Safari/537.36"
83.114.83.83 - - [26/Feb/2020:16:33:58 +0100] "POST /lechef/edit_orders_add_product.php?oID=12283 HTTP/1.1" 200 10983 "http://www.e-medicalonline.com/lechef/edit_orders_add_product.php?oID=12283" "Mozilla/5.0 (Windows NT 10.0; Win64; x64) AppleWebKit/537.36 (KHTML, like Gecko) Chrome/79.0.3945.130 Safari/537.36"
83.114.83.83 - - [26/Feb/2020:16:34:01 +0100] "POST /lechef/edit_orders_add_product.php?oID=12283&action=add_product HTTP/1.1" 302 408 "http://www.e-medicalonline.com/lechef/edit_orders_add_product.php?oID=12283" "Mozilla/5.0 (Windows NT 10.0; Win64; x64) AppleWebKit/537.36 (KHTML, like Gecko) Chrome/79.0.3945.130 Safari/537.36"
83.114.83.83 - - [26/Feb/2020:16:34:01 +0100] "GET /lechef/edit_orders_add_product.php?oID=12283&step=1&submitForm=yes HTTP/1.1" 200 6802 "http://www.e-medicalonline.com/lechef/edit_orders_add_product.php?oID=12283" "Mozilla/5.0 (Windows NT 10.0; Win64; x64) AppleWebKit/537.36 (KHTML, like Gecko) Chrome/79.0.3945.130 Safari/537.36"
83.114.83.83 - - [26/Feb/2020:16:34:02 +0100] "POST /lechef/edit_orders.php?oID=12283&action=update_order HTTP/1.1" 302 395 "http://www.e-medicalonline.com/lechef/edit_orders.php?oID=12283&action=edit" "Mozilla/5.0 (Windows NT 10.0; Win64; x64) AppleWebKit/537.36 (KHTML, like Gecko) Chrome/79.0.3945.130 Safari/537.36"
83.114.83.83 - - [26/Feb/2020:16:34:02 +0100] "GET /lechef/edit_orders.php?oID=12283&action=edit HTTP/1.1" 200 226136 "http://www.e-medicalonline.com/lechef/edit_orders.php?oID=12283&action=edit" "Mozilla/5.0 (Windows NT 10.0; Win64; x64) AppleWebKit/537.36 (KHTML, like Gecko) Chrome/79.0.3945.130 Safari/537.36"
114.119.152.215 - - [26/Feb/2020:16:34:12 +0100] "GET /index.php?cPath=29&osCsid=7l5vvpbcbodsg5qok3k69s1p33%20 HTTP/1.1" 302 288 "-" "Mozilla/5.0(Linux;Android 5.1.1;OPPO A33 Build/LMY47V;wv) AppleWebKit/537.36(KHTML,link Gecko) Version/4.0 Chrome/42.0.2311.138 Mobile Safari/537.36"
114.119.152.215 - - [26/Feb/2020:16:34:12 +0100] "GET /index.php HTTP/1.1" 200 7326 "-" "Mozilla/5.0(Linux;Android 5.1.1;OPPO A33 Build/LMY47V;wv) AppleWebKit/537.36(KHTML,link Gecko) Version/4.0 Chrome/42.0.2311.138 Mobile Safari/537.36"
83.114.83.83 - - [26/Feb/2020:16:34:16 +0100] "GET /lechef/edit_orders_ajax.php?action=update_product_value_field&oID=12283&pid=78215&price=1.8400&final_price=1.8400 HTTP/1.1" 200 332 "http://www.e-medicalonline.com/lechef/edit_orders.php?oID=12283&action=edit" "Mozilla/5.0 (Windows NT 10.0; Win64; x64) AppleWebKit/537.36 (KHTML, like Gecko) Chrome/79.0.3945.130 Safari/537.36"
83.114.83.83 - - [26/Feb/2020:16:34:16 +0100] "POST /lechef/edit_orders_ajax.php HTTP/1.1" 200 13139 "http://www.e-medicalonline.com/lechef/edit_orders.php?oID=12283&action=edit" "Mozilla/5.0 (Windows NT 10.0; Win64; x64) AppleWebKit/537.36 (KHTML, like Gecko) Chrome/79.0.3945.130 Safari/537.36"
83.114.83.83 - - [26/Feb/2020:16:34:22 +0100] "GET /lechef/edit_orders_add_product.php?oID=12283&step=1 HTTP/1.1" 200 6615 "http://www.e-medicalonline.com/lechef/edit_orders.php?oID=12283&action=edit" "Mozilla/5.0 (Windows NT 10.0; Win64; x64) AppleWebKit/537.36 (KHTML, like Gecko) Chrome/79.0.3945.130 Safari/537.36"
114.119.158.236 - - [26/Feb/2020:16:34:23 +0100] "GET /faq.php?osCsid=43naq26u7brgjg01i30s403ab1 HTTP/1.1" 200 7160 "-" "Mozilla/5.0(Linux;Android 5.1.1;OPPO A33 Build/LMY47V;wv) AppleWebKit/537.36(KHTML,link Gecko) Version/4.0 Chrome/43.0.2357.121 Mobile Safari/537.36"
83.114.83.83 - - [26/Feb/2020:16:34:29 +0100] "POST /lechef/edit_orders_add_product.php?oID=12283 HTTP/1.1" 200 8238 "http://www.e-medicalonline.com/lechef/edit_orders_add_product.php?oID=12283&step=1" "Mozilla/5.0 (Windows NT 10.0; Win64; x64) AppleWebKit/537.36 (KHTML, like Gecko) Chrome/79.0.3945.130 Safari/537.36"
83.114.83.83 - - [26/Feb/2020:16:34:29 +0100] "POST /lechef/edit_orders_add_product.php?oID=12283 HTTP/1.1" 200 8238 "http://www.e-medicalonline.com/lechef/edit_orders_add_product.php?oID=12283&step=1" "Mozilla/5.0 (Windows NT 10.0; Win64; x64) AppleWebKit/537.36 (KHTML, like Gecko) Chrome/79.0.3945.130 Safari/537.36"
83.114.83.83 - - [26/Feb/2020:16:34:32 +0100] "POST /lechef/edit_orders_add_product.php?oID=12283 HTTP/1.1" 200 9416 "http://www.e-medicalonline.com/lechef/edit_orders_add_product.php?oID=12283" "Mozilla/5.0 (Windows NT 10.0; Win64; x64) AppleWebKit/537.36 (KHTML, like Gecko) Chrome/79.0.3945.130 Safari/537.36"
83.114.83.83 - - [26/Feb/2020:16:34:33 +0100] "POST /lechef/edit_orders_add_product.php?oID=12283 HTTP/1.1" 200 10955 "http://www.e-medicalonline.com/lechef/edit_orders_add_product.php?oID=12283" "Mozilla/5.0 (Windows NT 10.0; Win64; x64) AppleWebKit/537.36 (KHTML, like Gecko) Chrome/79.0.3945.130 Safari/537.36"
114.119.158.132 - - [26/Feb/2020:16:34:38 +0100] "GET /privacy.php?osCsid=9aerpkdbe7o8hj7pbf24nut7b2 HTTP/1.1" 200 12076 "-" "Mozilla/5.0 (iPad; CPU OS 7_0 like Mac OS X) AppleWebKit/537.51.1 (KHTML, like Gecko) Version/7.0 Mobile/11A465 Safari/9537.53"
46.229.168.130 - - [26/Feb/2020:16:34:42 +0100] "GET /product_info.php?action=notify&cPath=42_23&language=fr&products_id=119 HTTP/1.1" 302 546 "-" "Mozilla/5.0 (compatible; SemrushBot/6~bl; +http://www.semrush.com/bot.html)"
46.229.168.133 - - [26/Feb/2020:16:34:43 +0100] "GET /login.php HTTP/1.1" 200 7459 "-" "Mozilla/5.0 (compatible; SemrushBot/6~bl; +http://www.semrush.com/bot.html)"
83.114.83.83 - - [26/Feb/2020:16:34:49 +0100] "POST /lechef/edit_orders_add_product.php?oID=12283&action=add_product HTTP/1.1" 302 408 "http://www.e-medicalonline.com/lechef/edit_orders_add_product.php?oID=12283" "Mozilla/5.0 (Windows NT 10.0; Win64; x64) AppleWebKit/537.36 (KHTML, like Gecko) Chrome/79.0.3945.130 Safari/537.36"
114.119.154.205 - - [26/Feb/2020:16:34:49 +0100] "GET /product_info.php?products_id=102&osCsid=jsghf5pnplubs3tl1apt0l42b6 HTTP/1.1" 200 9317 "-" "Mozilla/5.0(Linux;Android 5.1.1;OPPO A33 Build/LMY47V;wv) AppleWebKit/537.36(KHTML,link Gecko) Version/4.0 Chrome/43.0.2357.121 Mobile Safari/537.36"
114.119.163.52 - - [26/Feb/2020:16:34:59 +0100] "GET /product_info.php?products_id=385&osCsid=vov1psm060ol87mdchl54io7p7 HTTP/1.1" 200 9095 "-" "Mozilla/5.0(Linux;U;Android 5.1.1;zh-CN;OPPO A33 Build/LMY47V) AppleWebKit/537.36(KHTML,like Gecko) Version/4.0 Chrome/40.0.2214.89 Mobile Safari/537.36"
83.114.83.83 - - [26/Feb/2020:16:35:11 +0100] "GET /lechef/edit_orders_add_product.php?oID=12283&step=1&submitForm=yes HTTP/1.1" 200 6802 "http://www.e-medicalonline.com/lechef/edit_orders_add_product.php?oID=12283" "Mozilla/5.0 (Windows NT 10.0; Win64; x64) AppleWebKit/537.36 (KHTML, like Gecko) Chrome/79.0.3945.130 Safari/537.36"
83.114.83.83 - - [26/Feb/2020:16:35:11 +0100] "POST /lechef/edit_orders.php?oID=12283&action=update_order HTTP/1.1" 302 395 "http://www.e-medicalonline.com/lechef/edit_orders.php?oID=12283&action=edit" "Mozilla/5.0 (Windows NT 10.0; Win64; x64) AppleWebKit/537.36 (KHTML, like Gecko) Chrome/79.0.3945.130 Safari/537.36"
83.114.83.83 - - [26/Feb/2020:16:35:12 +0100] "GET /lechef/edit_orders.php?oID=12283&action=edit HTTP/1.1" 200 229962 "http://www.e-medicalonline.com/lechef/edit_orders.php?oID=12283&action=edit" "Mozilla/5.0 (Windows NT 10.0; Win64; x64) AppleWebKit/537.36 (KHTML, like Gecko) Chrome/79.0.3945.130 Safari/537.36"
114.119.139.17 - - [26/Feb/2020:16:35:14 +0100] "GET /shipping.php?osCsid=stkqkdkcl5eg4ikvap8qjta0e0 HTTP/1.1" 200 7390 "-" "Mozilla/5.0(Linux;U;Android 5.1.1;zh-CN;OPPO A33 Build/LMY47V) AppleWebKit/537.36(KHTML,like Gecko) Version/4.0 Chrome/40.0.2214.89 Mobile Safari/537.36"
114.119.151.181 - - [26/Feb/2020:16:35:26 +0100] "GET /product_info.php?products_id=382&osCsid=7gvaur1f0qomi08d0tfldq24t7 HTTP/1.1" 200 9219 "-" "Mozilla/5.0(Linux;Android 5.1.1;OPPO A33 Build/LMY47V;wv) AppleWebKit/537.36(KHTML,link Gecko) Version/4.0 Chrome/43.0.2357.121 Mobile Safari/537.36"
83.114.83.83 - - [26/Feb/2020:16:35:26 +0100] "GET /lechef/edit_orders_ajax.php?action=update_product_value_field&oID=12283&pid=78216&price=2.4800&final_price=2.4800 HTTP/1.1" 200 332 "http://www.e-medicalonline.com/lechef/edit_orders.php?oID=12283&action=edit" "Mozilla/5.0 (Windows NT 10.0; Win64; x64) AppleWebKit/537.36 (KHTML, like Gecko) Chrome/79.0.3945.130 Safari/537.36"
83.114.83.83 - - [26/Feb/2020:16:35:26 +0100] "POST /lechef/edit_orders_ajax.php HTTP/1.1" 200 13139 "http://www.e-medicalonline.com/lechef/edit_orders.php?oID=12283&action=edit" "Mozilla/5.0 (Windows NT 10.0; Win64; x64) AppleWebKit/537.36 (KHTML, like Gecko) Chrome/79.0.3945.130 Safari/537.36"
114.119.136.90 - - [26/Feb/2020:16:35:44 +0100] "GET /account.php?osCsid=038c6tde3aia42nlu0ccpg9vu0 HTTP/1.1" 302 546 "-" "Mozilla/5.0 (iPad; CPU OS 7_0 like Mac OS X) AppleWebKit/537.51.1 (KHTML, like Gecko) Version/7.0 Mobile/11A465 Safari/9537.53"
114.119.136.90 - - [26/Feb/2020:16:35:44 +0100] "GET /login.php?osCsid=cea3ehh5mphd5f4inqtatgpca3 HTTP/1.1" 200 7326 "-" "Mozilla/5.0 (iPad; CPU OS 7_0 like Mac OS X) AppleWebKit/537.51.1 (KHTML, like Gecko) Version/7.0 Mobile/11A465 Safari/9537.53"
83.114.83.83 - - [26/Feb/2020:16:35:48 +0100] "GET /lechef/edit_orders_add_product.php?oID=12283&step=1 HTTP/1.1" 200 6615 "http://www.e-medicalonline.com/lechef/edit_orders.php?oID=12283&action=edit" "Mozilla/5.0 (Windows NT 10.0; Win64; x64) AppleWebKit/537.36 (KHTML, like Gecko) Chrome/79.0.3945.130 Safari/537.36"
114.119.145.82 - - [26/Feb/2020:16:35:58 +0100] "GET /shopping_cart.php?osCsid=kobeebd9eveuj58hh3aargo0g4 HTTP/1.1" 200 8560 "-" "Mozilla/5.0(Linux;Android 5.1.1;OPPO A33 Build/LMY47V;wv) AppleWebKit/537.36(KHTML,link Gecko) Version/4.0 Chrome/43.0.2357.121 Mobile Safari/537.36"
83.114.83.83 - - [26/Feb/2020:16:36:04 +0100] "POST /lechef/edit_orders_add_product.php?oID=12283 HTTP/1.1" 200 8276 "http://www.e-medicalonline.com/lechef/edit_orders_add_product.php?oID=12283&step=1" "Mozilla/5.0 (Windows NT 10.0; Win64; x64) AppleWebKit/537.36 (KHTML, like Gecko) Chrome/79.0.3945.130 Safari/537.36"
83.114.83.83 - - [26/Feb/2020:16:36:04 +0100] "POST /lechef/edit_orders_add_product.php?oID=12283 HTTP/1.1" 200 8276 "http://www.e-medicalonline.com/lechef/edit_orders_add_product.php?oID=12283&step=1" "Mozilla/5.0 (Windows NT 10.0; Win64; x64) AppleWebKit/537.36 (KHTML, like Gecko) Chrome/79.0.3945.130 Safari/537.36"
83.114.83.83 - - [26/Feb/2020:16:36:07 +0100] "POST /lechef/edit_orders_add_product.php?oID=12283 HTTP/1.1" 200 9454 "http://www.e-medicalonline.com/lechef/edit_orders_add_product.php?oID=12283" "Mozilla/5.0 (Windows NT 10.0; Win64; x64) AppleWebKit/537.36 (KHTML, like Gecko) Chrome/79.0.3945.130 Safari/537.36"
83.114.83.83 - - [26/Feb/2020:16:36:08 +0100] "POST /lechef/edit_orders_add_product.php?oID=12283 HTTP/1.1" 200 10993 "http://www.e-medicalonline.com/lechef/edit_orders_add_product.php?oID=12283" "Mozilla/5.0 (Windows NT 10.0; Win64; x64) AppleWebKit/537.36 (KHTML, like Gecko) Chrome/79.0.3945.130 Safari/537.36"
114.119.152.44 - - [26/Feb/2020:16:36:10 +0100] "GET /faq.php?osCsid=8kis9tbpae9ccaej8n85omcsp7 HTTP/1.1" 200 7139 "-" "Mozilla/5.0(Linux;Android 5.1.1;OPPO A33 Build/LMY47V;wv) AppleWebKit/537.36(KHTML,link Gecko) Version/4.0 Chrome/43.0.2357.121 Mobile Safari/537.36"
46.229.168.134 - - [26/Feb/2020:16:36:10 +0100] "GET /product_info.php?action=notify&language=tr&products_id=386 HTTP/1.1" 302 546 "-" "Mozilla/5.0 (compatible; SemrushBot/6~bl; +http://www.semrush.com/bot.html)"
46.229.168.135 - - [26/Feb/2020:16:36:12 +0100] "GET /login.php HTTP/1.1" 200 7463 "-" "Mozilla/5.0 (compatible; SemrushBot/6~bl; +http://www.semrush.com/bot.html)"
83.114.83.83 - - [26/Feb/2020:16:36:21 +0100] "POST /lechef/edit_orders_add_product.php?oID=12283&action=add_product HTTP/1.1" 302 408 "http://www.e-medicalonline.com/lechef/edit_orders_add_product.php?oID=12283" "Mozilla/5.0 (Windows NT 10.0; Win64; x64) AppleWebKit/537.36 (KHTML, like Gecko) Chrome/79.0.3945.130 Safari/537.36"
83.114.83.83 - - [26/Feb/2020:16:36:21 +0100] "GET /lechef/edit_orders_add_product.php?oID=12283&step=1&submitForm=yes HTTP/1.1" 200 6802 "http://www.e-medicalonline.com/lechef/edit_orders_add_product.php?oID=12283" "Mozilla/5.0 (Windows NT 10.0; Win64; x64) AppleWebKit/537.36 (KHTML, like Gecko) Chrome/79.0.3945.130 Safari/537.36"
83.114.83.83 - - [26/Feb/2020:16:36:21 +0100] "POST /lechef/edit_orders.php?oID=12283&action=update_order HTTP/1.1" 302 395 "http://www.e-medicalonline.com/lechef/edit_orders.php?oID=12283&action=edit" "Mozilla/5.0 (Windows NT 10.0; Win64; x64) AppleWebKit/537.36 (KHTML, like Gecko) Chrome/79.0.3945.130 Safari/537.36"
83.114.83.83 - - [26/Feb/2020:16:36:22 +0100] "GET /lechef/edit_orders.php?oID=12283&action=edit HTTP/1.1" 200 233813 "http://www.e-medicalonline.com/lechef/edit_orders.php?oID=12283&action=edit" "Mozilla/5.0 (Windows NT 10.0; Win64; x64) AppleWebKit/537.36 (KHTML, like Gecko) Chrome/79.0.3945.130 Safari/537.36"
114.119.153.105 - - [26/Feb/2020:16:36:27 +0100] "GET /index.php?cPath=47&osCsid=4qkhc4vf4ml893dscf8qlbk2g6%20 HTTP/1.1" 302 288 "-" "Mozilla/5.0(Linux;U;Android 5.1.1;zh-CN;OPPO A33 Build/LMY47V) AppleWebKit/537.36(KHTML,like Gecko) Version/4.0 Chrome/40.0.2214.89 Mobile Safari/537.36"
114.119.153.105 - - [26/Feb/2020:16:36:27 +0100] "GET /index.php HTTP/1.1" 200 7322 "-" "Mozilla/5.0(Linux;U;Android 5.1.1;zh-CN;OPPO A33 Build/LMY47V) AppleWebKit/537.36(KHTML,like Gecko) Version/4.0 Chrome/40.0.2214.89 Mobile Safari/537.36"
83.114.83.83 - - [26/Feb/2020:16:36:38 +0100] "GET /lechef/edit_orders_ajax.php?action=update_product_value_field&oID=12283&pid=78217&price=2.4000&final_price=2.4000 HTTP/1.1" 200 332 "http://www.e-medicalonline.com/lechef/edit_orders.php?oID=12283&action=edit" "Mozilla/5.0 (Windows NT 10.0; Win64; x64) AppleWebKit/537.36 (KHTML, like Gecko) Chrome/79.0.3945.130 Safari/537.36"
83.114.83.83 - - [26/Feb/2020:16:36:38 +0100] "POST /lechef/edit_orders_ajax.php HTTP/1.1" 200 13139 "http://www.e-medicalonline.com/lechef/edit_orders.php?oID=12283&action=edit" "Mozilla/5.0 (Windows NT 10.0; Win64; x64) AppleWebKit/537.36 (KHTML, like Gecko) Chrome/79.0.3945.130 Safari/537.36"
114.119.160.86 - - [26/Feb/2020:16:36:39 +0100] "GET /product_info.php?products_id=382&osCsid=fesf85d4cldmifk7df5uikma14 HTTP/1.1" 200 9227 "-" "Mozilla/5.0(Linux;U;Android 5.1.1;zh-CN;OPPO A33 Build/LMY47V) AppleWebKit/537.36(KHTML,like Gecko) Version/4.0 Chrome/40.0.2214.89 Mobile Safari/537.36"
83.114.83.83 - - [26/Feb/2020:16:36:41 +0100] "GET /lechef/edit_orders_add_product.php?oID=12283&step=1 HTTP/1.1" 200 6615 "http://www.e-medicalonline.com/lechef/edit_orders.php?oID=12283&action=edit" "Mozilla/5.0 (Windows NT 10.0; Win64; x64) AppleWebKit/537.36 (KHTML, like Gecko) Chrome/79.0.3945.130 Safari/537.36"
114.119.155.237 - - [26/Feb/2020:16:36:55 +0100] "GET /index.php?osCsid=9v0ji1c0f6li2tol2rfdh5uom0 HTTP/1.1" 200 7314 "-" "Mozilla/5.0(Linux;U;Android 5.1.1;zh-CN;OPPO A33 Build/LMY47V) AppleWebKit/537.36(KHTML,like Gecko) Version/4.0 Chrome/40.0.2214.89 Mobile Safari/537.36"
46.229.168.137 - - [26/Feb/2020:16:36:59 +0100] "GET /robots.txt HTTP/1.1" 404 445 "-" "Mozilla/5.0 (compatible; SemrushBot/6~bl; +http://www.semrush.com/bot.html)"
46.229.168.151 - - [26/Feb/2020:16:36:59 +0100] "GET /product_info.php?language=pl&products_id=188 HTTP/1.1" 200 9384 "-" "Mozilla/5.0 (compatible; SemrushBot/6~bl; +http://www.semrush.com/bot.html)"
46.229.168.149 - - [26/Feb/2020:16:37:06 +0100] "GET /index.php?cPath=41_53&language=fr&page=1&sort=4d HTTP/1.1" 200 9169 "-" "Mozilla/5.0 (compatible; SemrushBot/6~bl; +http://www.semrush.com/bot.html)"
114.119.150.180 - - [26/Feb/2020:16:37:08 +0100] "GET /product_info.php?products_id=341&osCsid=ub6r39eb3cjqg27bbed74k1fn5 HTTP/1.1" 200 9372 "-" "Mozilla/5.0 (iPad; CPU OS 7_0 like Mac OS X) AppleWebKit/537.51.1 (KHTML, like Gecko) Version/7.0 Mobile/11A465 Safari/9537.53"
83.114.83.83 - - [26/Feb/2020:16:37:14 +0100] "POST /lechef/edit_orders_add_product.php?oID=12283 HTTP/1.1" 200 8465 "http://www.e-medicalonline.com/lechef/edit_orders_add_product.php?oID=12283&step=1" "Mozilla/5.0 (Windows NT 10.0; Win64; x64) AppleWebKit/537.36 (KHTML, like Gecko) Chrome/79.0.3945.130 Safari/537.36"
83.114.83.83 - - [26/Feb/2020:16:37:14 +0100] "POST /lechef/edit_orders_add_product.php?oID=12283 HTTP/1.1" 200 8465 "http://www.e-medicalonline.com/lechef/edit_orders_add_product.php?oID=12283&step=1" "Mozilla/5.0 (Windows NT 10.0; Win64; x64) AppleWebKit/537.36 (KHTML, like Gecko) Chrome/79.0.3945.130 Safari/537.36"
83.114.83.83 - - [26/Feb/2020:16:37:17 +0100] "POST /lechef/edit_orders_add_product.php?oID=12283 HTTP/1.1" 200 9624 "http://www.e-medicalonline.com/lechef/edit_orders_add_product.php?oID=12283" "Mozilla/5.0 (Windows NT 10.0; Win64; x64) AppleWebKit/537.36 (KHTML, like Gecko) Chrome/79.0.3945.130 Safari/537.36"
83.114.83.83 - - [26/Feb/2020:16:37:18 +0100] "POST /lechef/edit_orders_add_product.php?oID=12283 HTTP/1.1" 200 11163 "http://www.e-medicalonline.com/lechef/edit_orders_add_product.php?oID=12283" "Mozilla/5.0 (Windows NT 10.0; Win64; x64) AppleWebKit/537.36 (KHTML, like Gecko) Chrome/79.0.3945.130 Safari/537.36"
114.119.161.247 - - [26/Feb/2020:16:37:24 +0100] "GET /product_info.php?products_id=333&osCsid=tup4c9310r087d8e2lrdj87pf2 HTTP/1.1" 200 8465 "-" "Mozilla/5.0(Linux;Android 5.1.1;OPPO A33 Build/LMY47V;wv) AppleWebKit/537.36(KHTML,link Gecko) Version/4.0 Chrome/42.0.2311.138 Mobile Safari/537.36"
83.114.83.83 - - [26/Feb/2020:16:37:25 +0100] "POST /lechef/edit_orders_add_product.php?oID=12283&action=add_product HTTP/1.1" 302 408 "http://www.e-medicalonline.com/lechef/edit_orders_add_product.php?oID=12283" "Mozilla/5.0 (Windows NT 10.0; Win64; x64) AppleWebKit/537.36 (KHTML, like Gecko) Chrome/79.0.3945.130 Safari/537.36"
83.114.83.83 - - [26/Feb/2020:16:37:25 +0100] "GET /lechef/edit_orders_add_product.php?oID=12283&step=1&submitForm=yes HTTP/1.1" 200 6802 "http://www.e-medicalonline.com/lechef/edit_orders_add_product.php?oID=12283" "Mozilla/5.0 (Windows NT 10.0; Win64; x64) AppleWebKit/537.36 (KHTML, like Gecko) Chrome/79.0.3945.130 Safari/537.36"
83.114.83.83 - - [26/Feb/2020:16:37:25 +0100] "POST /lechef/edit_orders.php?oID=12283&action=update_order HTTP/1.1" 302 395 "http://www.e-medicalonline.com/lechef/edit_orders.php?oID=12283&action=edit" "Mozilla/5.0 (Windows NT 10.0; Win64; x64) AppleWebKit/537.36 (KHTML, like Gecko) Chrome/79.0.3945.130 Safari/537.36"
46.229.168.134 - - [26/Feb/2020:16:37:26 +0100] "GET /product_info.php?language=fr&products_id=306 HTTP/1.1" 200 7299 "-" "Mozilla/5.0 (compatible; SemrushBot/6~bl; +http://www.semrush.com/bot.html)"
83.114.83.83 - - [26/Feb/2020:16:37:26 +0100] "GET /lechef/edit_orders.php?oID=12283&action=edit HTTP/1.1" 200 237672 "http://www.e-medicalonline.com/lechef/edit_orders.php?oID=12283&action=edit" "Mozilla/5.0 (Windows NT 10.0; Win64; x64) AppleWebKit/537.36 (KHTML, like Gecko) Chrome/79.0.3945.130 Safari/537.36"
46.229.168.134 - - [26/Feb/2020:16:37:36 +0100] "GET /product_reviews_write.php?cPath=42_52&language=pl&products_id=144 HTTP/1.1" 302 546 "-" "Mozilla/5.0 (compatible; SemrushBot/6~bl; +http://www.semrush.com/bot.html)"
114.119.163.41 - - [26/Feb/2020:16:37:37 +0100] "GET /product_info.php?products_id=134&osCsid=2g9ejrpqp21d0p3tl4ccj3o7s0 HTTP/1.1" 200 9107 "-" "Mozilla/5.0 (iPad; CPU OS 7_0 like Mac OS X) AppleWebKit/537.51.1 (KHTML, like Gecko) Version/7.0 Mobile/11A465 Safari/9537.53"
46.229.168.151 - - [26/Feb/2020:16:37:38 +0100] "GET /login.php HTTP/1.1" 200 7468 "-" "Mozilla/5.0 (compatible; SemrushBot/6~bl; +http://www.semrush.com/bot.html)"
