216.244.66.234 - - [26/Feb/2020:10:40:58 +0100] "GET /products_new.php?language=sl&page=14&action=buy_now&products_id=104 HTTP/1.1" 302 495 "-" "Mozilla/5.0 (compatible; DotBot/1.1; http://www.opensiteexplorer.org/dotbot, help@moz.com)"
216.244.66.234 - - [26/Feb/2020:10:40:58 +0100] "GET /products_new.php?page=11&language=pl&action=buy_now&products_id=222 HTTP/1.1" 302 500 "-" "Mozilla/5.0 (compatible; DotBot/1.1; http://www.opensiteexplorer.org/dotbot, help@moz.com)"
83.114.83.83 - - [26/Feb/2020:10:41:25 +0100] "GET /lechef/orders.php?oID=12267 HTTP/1.1" 200 126979 "http://www.e-medicalonline.com/lechef/edit_orders.php?oID=12267&action=edit" "Mozilla/5.0 (Windows NT 10.0; Win64; x64) AppleWebKit/537.36 (KHTML, like Gecko) Chrome/79.0.3945.130 Safari/537.36"
83.114.83.83 - - [26/Feb/2020:10:41:29 +0100] "GET /lechef/orders.php?page=1&oID=12267&action=edit HTTP/1.1" 200 30201 "http://www.e-medicalonline.com/lechef/orders.php?oID=12267" "Mozilla/5.0 (Windows NT 10.0; Win64; x64) AppleWebKit/537.36 (KHTML, like Gecko) Chrome/79.0.3945.130 Safari/537.36"
83.114.83.83 - - [26/Feb/2020:10:41:34 +0100] "GET /lechef/invoice.php?oID=12267 HTTP/1.1" 200 33845 "http://www.e-medicalonline.com/lechef/orders.php?page=1&oID=12267&action=edit" "Mozilla/5.0 (Windows NT 10.0; Win64; x64) AppleWebKit/537.36 (KHTML, like Gecko) Chrome/79.0.3945.130 Safari/537.36"
46.229.168.163 - - [26/Feb/2020:10:41:39 +0100] "GET /product_reviews.php?products_id=239 HTTP/1.1" 200 7343 "-" "Mozilla/5.0 (compatible; SemrushBot/6~bl; +http://www.semrush.com/bot.html)"
46.229.168.151 - - [26/Feb/2020:10:41:43 +0100] "GET /product_info.php?cPath=42_24&products_id=114 HTTP/1.1" 200 9822 "-" "Mozilla/5.0 (compatible; SemrushBot/6~bl; +http://www.semrush.com/bot.html)"
83.114.83.83 - - [26/Feb/2020:10:43:23 +0100] "GET /lechef/orders.php?page=1&oID=12267 HTTP/1.1" 200 126993 "http://www.e-medicalonline.com/lechef/orders.php?page=1&oID=12267&action=edit" "Mozilla/5.0 (Windows NT 10.0; Win64; x64) AppleWebKit/537.36 (KHTML, like Gecko) Chrome/79.0.3945.130 Safari/537.36"
83.114.83.83 - - [26/Feb/2020:10:43:27 +0100] "GET /lechef/orders.php?page=1&oID=12267 HTTP/1.1" 200 126993 "http://www.e-medicalonline.com/lechef/orders.php?page=1&oID=12267&action=edit" "Mozilla/5.0 (Windows NT 10.0; Win64; x64) AppleWebKit/537.36 (KHTML, like Gecko) Chrome/79.0.3945.130 Safari/537.36"
46.229.168.147 - - [26/Feb/2020:10:43:39 +0100] "GET /product_info.php?cPath=41_22&language=ar&products_id=192 HTTP/1.1" 200 9835 "-" "Mozilla/5.0 (compatible; SemrushBot/6~bl; +http://www.semrush.com/bot.html)"
46.229.168.140 - - [26/Feb/2020:10:43:41 +0100] "GET /product_reviews_write.php?language=nl&products_id=271 HTTP/1.1" 302 546 "-" "Mozilla/5.0 (compatible; SemrushBot/6~bl; +http://www.semrush.com/bot.html)"
46.229.168.163 - - [26/Feb/2020:10:43:43 +0100] "GET /login.php HTTP/1.1" 200 7493 "-" "Mozilla/5.0 (compatible; SemrushBot/6~bl; +http://www.semrush.com/bot.html)"
46.229.168.142 - - [26/Feb/2020:10:43:51 +0100] "GET /products_new.php?action=buy_now&language=tr&page=7&products_id=274 HTTP/1.1" 302 569 "-" "Mozilla/5.0 (compatible; SemrushBot/6~bl; +http://www.semrush.com/bot.html)"
46.229.168.153 - - [26/Feb/2020:10:43:52 +0100] "GET /product_info.php?products_id=274 HTTP/1.1" 200 9321 "-" "Mozilla/5.0 (compatible; SemrushBot/6~bl; +http://www.semrush.com/bot.html)"
46.229.168.136 - - [26/Feb/2020:10:43:57 +0100] "GET /product_info.php?action=notify&cPath=42_40&products_id=278 HTTP/1.1" 302 546 "-" "Mozilla/5.0 (compatible; SemrushBot/6~bl; +http://www.semrush.com/bot.html)"
46.229.168.139 - - [26/Feb/2020:10:43:58 +0100] "GET /login.php HTTP/1.1" 200 7467 "-" "Mozilla/5.0 (compatible; SemrushBot/6~bl; +http://www.semrush.com/bot.html)"
46.229.168.147 - - [26/Feb/2020:10:44:56 +0100] "GET /product_reviews.php?action=notify&products_id=269 HTTP/1.1" 302 546 "-" "Mozilla/5.0 (compatible; SemrushBot/6~bl; +http://www.semrush.com/bot.html)"
46.229.168.163 - - [26/Feb/2020:10:44:57 +0100] "GET /login.php HTTP/1.1" 200 7460 "-" "Mozilla/5.0 (compatible; SemrushBot/6~bl; +http://www.semrush.com/bot.html)"
83.114.83.83 - - [26/Feb/2020:10:45:12 +0100] "GET /lechef/orders.php?cID=689&page=1&oID=12251 HTTP/1.1" 200 124990 "http://www.e-medicalonline.com/lechef/orders.php?cID=689&page=1&oID=12251&action=edit" "Mozilla/5.0 (Macintosh; Intel Mac OS X 10_14_5) AppleWebKit/537.36 (KHTML, like Gecko) Chrome/80.0.3987.116 Safari/537.36"
83.114.83.83 - - [26/Feb/2020:10:45:19 +0100] "GET /lechef/orders.php?status=1 HTTP/1.1" 200 40580 "http://www.e-medicalonline.com/lechef/orders.php?cID=689&page=1&oID=12251" "Mozilla/5.0 (Macintosh; Intel Mac OS X 10_14_5) AppleWebKit/537.36 (KHTML, like Gecko) Chrome/80.0.3987.116 Safari/537.36"
46.229.168.148 - - [26/Feb/2020:10:45:25 +0100] "GET /robots.txt HTTP/1.1" 404 445 "-" "Mozilla/5.0 (compatible; SemrushBot/6~bl; +http://www.semrush.com/bot.html)"
46.229.168.153 - - [26/Feb/2020:10:45:25 +0100] "GET /products_new.php?action=buy_now&language=ar&page=10&products_id=196 HTTP/1.1" 302 569 "-" "Mozilla/5.0 (compatible; SemrushBot/6~bl; +http://www.semrush.com/bot.html)"
46.229.168.162 - - [26/Feb/2020:10:45:27 +0100] "GET /product_info.php?products_id=196 HTTP/1.1" 200 9217 "-" "Mozilla/5.0 (compatible; SemrushBot/6~bl; +http://www.semrush.com/bot.html)"
114.119.147.189 - - [26/Feb/2020:10:46:24 +0100] "GET /product_info.php?products_id=49&osCsid=2bj8p8qs04fcqqd55bsei1hra5 HTTP/1.1" 200 10728 "-" "Mozilla/5.0(Linux;U;Android 5.1.1;zh-CN;OPPO A33 Build/LMY47V) AppleWebKit/537.36(KHTML,like Gecko) Version/4.0 Chrome/40.0.2214.89 Mobile Safari/537.36"
114.119.130.78 - - [26/Feb/2020:10:46:31 +0100] "GET /account.php?osCsid=0fqj4nb4ka699ibcaej0u73hd1 HTTP/1.1" 302 546 "-" "Mozilla/5.0(Linux;Android 5.1.1;OPPO A33 Build/LMY47V;wv) AppleWebKit/537.36(KHTML,link Gecko) Version/4.0 Chrome/43.0.2357.121 Mobile Safari/537.36"
114.119.130.78 - - [26/Feb/2020:10:46:31 +0100] "GET /login.php?osCsid=dvtknnj5kkfap1o54gmg8obio0 HTTP/1.1" 200 7302 "-" "Mozilla/5.0(Linux;Android 5.1.1;OPPO A33 Build/LMY47V;wv) AppleWebKit/537.36(KHTML,link Gecko) Version/4.0 Chrome/43.0.2357.121 Mobile Safari/537.36"
46.229.168.142 - - [26/Feb/2020:10:46:57 +0100] "GET /product_info.php?action=add_product&language=sr&products_id=268 HTTP/1.1" 302 566 "-" "Mozilla/5.0 (compatible; SemrushBot/6~bl; +http://www.semrush.com/bot.html)"
46.229.168.145 - - [26/Feb/2020:10:46:59 +0100] "GET /shopping_cart.php?language=sr HTTP/1.1" 200 8682 "-" "Mozilla/5.0 (compatible; SemrushBot/6~bl; +http://www.semrush.com/bot.html)"
54.36.149.18 - - [26/Feb/2020:10:47:20 +0100] "GET /products_new.php?page=14&language=fr&action=buy_now&products_id=119 HTTP/1.1" 302 569 "-" "Mozilla/5.0 (compatible; AhrefsBot/6.1; +http://ahrefs.com/robot/)"
83.114.83.83 - - [26/Feb/2020:10:47:27 +0100] "GET /lechef/orders.php?page=1&oID=12266 HTTP/1.1" 200 126993 "http://www.e-medicalonline.com/lechef/orders.php?page=1&oID=12267" "Mozilla/5.0 (Windows NT 10.0; Win64; x64) AppleWebKit/537.36 (KHTML, like Gecko) Chrome/79.0.3945.130 Safari/537.36"
83.114.83.83 - - [26/Feb/2020:10:47:29 +0100] "GET /lechef/orders.php?page=1&oID=12266&action=edit HTTP/1.1" 200 22367 "http://www.e-medicalonline.com/lechef/orders.php?page=1&oID=12266" "Mozilla/5.0 (Windows NT 10.0; Win64; x64) AppleWebKit/537.36 (KHTML, like Gecko) Chrome/79.0.3945.130 Safari/537.36"
46.229.168.153 - - [26/Feb/2020:10:47:30 +0100] "GET /product_reviews_write.php?cPath=29_54&language=iw&products_id=223 HTTP/1.1" 302 546 "-" "Mozilla/5.0 (compatible; SemrushBot/6~bl; +http://www.semrush.com/bot.html)"
46.229.168.129 - - [26/Feb/2020:10:47:32 +0100] "GET /login.php HTTP/1.1" 200 7469 "-" "Mozilla/5.0 (compatible; SemrushBot/6~bl; +http://www.semrush.com/bot.html)"
46.229.168.144 - - [26/Feb/2020:10:47:34 +0100] "GET /product_reviews_write.php?language=ru&products_id=260 HTTP/1.1" 302 546 "-" "Mozilla/5.0 (compatible; SemrushBot/6~bl; +http://www.semrush.com/bot.html)"
46.229.168.130 - - [26/Feb/2020:10:47:35 +0100] "GET /login.php HTTP/1.1" 200 7463 "-" "Mozilla/5.0 (compatible; SemrushBot/6~bl; +http://www.semrush.com/bot.html)"
83.114.83.83 - - [26/Feb/2020:10:47:45 +0100] "GET /lechef/orders.php?page=1&oID=12266 HTTP/1.1" 200 126993 "http://www.e-medicalonline.com/lechef/orders.php?page=1&oID=12266&action=edit" "Mozilla/5.0 (Windows NT 10.0; Win64; x64) AppleWebKit/537.36 (KHTML, like Gecko) Chrome/79.0.3945.130 Safari/537.36"
83.114.83.83 - - [26/Feb/2020:10:47:54 +0100] "GET /lechef/customers.php HTTP/1.1" 200 197992 "http://www.e-medicalonline.com/lechef/orders.php?page=1&oID=12266" "Mozilla/5.0 (Windows NT 10.0; Win64; x64) AppleWebKit/537.36 (KHTML, like Gecko) Chrome/79.0.3945.130 Safari/537.36"
83.114.83.83 - - [26/Feb/2020:10:48:00 +0100] "GET /lechef/customers.php?search=roe HTTP/1.1" 200 18559 "http://www.e-medicalonline.com/lechef/customers.php" "Mozilla/5.0 (Windows NT 10.0; Win64; x64) AppleWebKit/537.36 (KHTML, like Gecko) Chrome/79.0.3945.130 Safari/537.36"
83.114.83.83 - - [26/Feb/2020:10:48:06 +0100] "GET /lechef/orders.php?cID=689 HTTP/1.1" 200 124942 "http://www.e-medicalonline.com/lechef/customers.php?search=roe" "Mozilla/5.0 (Windows NT 10.0; Win64; x64) AppleWebKit/537.36 (KHTML, like Gecko) Chrome/79.0.3945.130 Safari/537.36"
83.114.83.83 - - [26/Feb/2020:10:48:11 +0100] "GET /lechef/orders.php?cID=689&page=1&oID=12251 HTTP/1.1" 200 124990 "http://www.e-medicalonline.com/lechef/orders.php?cID=689" "Mozilla/5.0 (Windows NT 10.0; Win64; x64) AppleWebKit/537.36 (KHTML, like Gecko) Chrome/79.0.3945.130 Safari/537.36"
83.114.83.83 - - [26/Feb/2020:10:48:13 +0100] "GET /lechef/orders.php?cID=689&page=1&oID=12251&action=edit HTTP/1.1" 200 33272 "http://www.e-medicalonline.com/lechef/orders.php?cID=689&page=1&oID=12251" "Mozilla/5.0 (Windows NT 10.0; Win64; x64) AppleWebKit/537.36 (KHTML, like Gecko) Chrome/79.0.3945.130 Safari/537.36"
83.114.83.83 - - [26/Feb/2020:10:48:45 +0100] "GET /lechef/orders.php?cID=689&page=1&oID=12251 HTTP/1.1" 200 124990 "http://www.e-medicalonline.com/lechef/orders.php?cID=689&page=1&oID=12251&action=edit" "Mozilla/5.0 (Windows NT 10.0; Win64; x64) AppleWebKit/537.36 (KHTML, like Gecko) Chrome/79.0.3945.130 Safari/537.36"
46.229.168.133 - - [26/Feb/2020:10:49:29 +0100] "GET /index.php?cPath=41_37&language=pl&page=1&sort=1d HTTP/1.1" 200 7917 "-" "Mozilla/5.0 (compatible; SemrushBot/6~bl; +http://www.semrush.com/bot.html)"
46.229.168.161 - - [26/Feb/2020:10:51:06 +0100] "GET /product_reviews_write.php?products_id=152 HTTP/1.1" 302 546 "-" "Mozilla/5.0 (compatible; SemrushBot/6~bl; +http://www.semrush.com/bot.html)"
46.229.168.133 - - [26/Feb/2020:10:51:07 +0100] "GET /login.php HTTP/1.1" 200 7469 "-" "Mozilla/5.0 (compatible; SemrushBot/6~bl; +http://www.semrush.com/bot.html)"
46.229.168.154 - - [26/Feb/2020:10:53:03 +0100] "GET /product_info.php?language=lv&products_id=279 HTTP/1.1" 200 9184 "-" "Mozilla/5.0 (compatible; SemrushBot/6~bl; +http://www.semrush.com/bot.html)"
46.229.168.132 - - [26/Feb/2020:10:53:13 +0100] "GET /product_info.php?language=tr&products_id=339 HTTP/1.1" 200 9776 "-" "Mozilla/5.0 (compatible; SemrushBot/6~bl; +http://www.semrush.com/bot.html)"
46.229.168.148 - - [26/Feb/2020:10:53:32 +0100] "GET /product_reviews_write.php?cPath=47_67&language=iw&products_id=331 HTTP/1.1" 302 546 "-" "Mozilla/5.0 (compatible; SemrushBot/6~bl; +http://www.semrush.com/bot.html)"
46.229.168.149 - - [26/Feb/2020:10:53:33 +0100] "GET /login.php HTTP/1.1" 200 7457 "-" "Mozilla/5.0 (compatible; SemrushBot/6~bl; +http://www.semrush.com/bot.html)"
114.119.151.81 - - [26/Feb/2020:10:55:35 +0100] "GET /account.php?osCsid=23pbgh32c9jb25rc8fig7751h3 HTTP/1.1" 302 546 "-" "Mozilla/5.0(Linux;Android 5.1.1;OPPO A33 Build/LMY47V;wv) AppleWebKit/537.36(KHTML,link Gecko) Version/4.0 Chrome/43.0.2357.121 Mobile Safari/537.36"
114.119.151.81 - - [26/Feb/2020:10:55:35 +0100] "GET /login.php?osCsid=2rgbvp4ibotrgvid6n39nuv2c0 HTTP/1.1" 200 7302 "-" "Mozilla/5.0(Linux;Android 5.1.1;OPPO A33 Build/LMY47V;wv) AppleWebKit/537.36(KHTML,link Gecko) Version/4.0 Chrome/43.0.2357.121 Mobile Safari/537.36"
46.229.168.154 - - [26/Feb/2020:10:55:47 +0100] "GET /product_reviews.php?action=buy_now&cPath=42_39&language=tr&products_id=243 HTTP/1.1" 302 569 "-" "Mozilla/5.0 (compatible; SemrushBot/6~bl; +http://www.semrush.com/bot.html)"
46.229.168.137 - - [26/Feb/2020:10:55:48 +0100] "GET /product_info.php?products_id=243 HTTP/1.1" 200 9334 "-" "Mozilla/5.0 (compatible; SemrushBot/6~bl; +http://www.semrush.com/bot.html)"
192.99.15.29 - - [26/Feb/2020:10:56:32 +0100] "GET /robots.txt HTTP/1.1" 404 445 "-" "Mozilla/5.0 (compatible; MJ12bot/v1.4.8; http://mj12bot.com/)"
192.99.160.200 - - [26/Feb/2020:10:56:33 +0100] "GET /robots.txt HTTP/1.1" 404 445 "-" "Mozilla/5.0 (compatible; MJ12bot/v1.4.8; http://mj12bot.com/)"
192.99.5.48 - - [26/Feb/2020:10:56:36 +0100] "GET /robots.txt HTTP/1.1" 404 445 "-" "Mozilla/5.0 (compatible; MJ12bot/v1.4.8; http://mj12bot.com/)"
192.99.160.200 - - [26/Feb/2020:10:56:39 +0100] "GET /product_info.php?products_id=228&language=ar/ HTTP/1.1" 200 9186 "-" "Mozilla/5.0 (compatible; MJ12bot/v1.4.8; http://mj12bot.com/)"
192.99.160.200 - - [26/Feb/2020:10:56:44 +0100] "GET /product_info.php?products_id=228&language=en/ HTTP/1.1" 200 9257 "-" "Mozilla/5.0 (compatible; MJ12bot/v1.4.8; http://mj12bot.com/)"
192.99.15.29 - - [26/Feb/2020:10:56:44 +0100] "GET /product_info.php?products_id=228&language=ar/ HTTP/1.1" 200 9236 "-" "Mozilla/5.0 (compatible; MJ12bot/v1.4.8; http://mj12bot.com/)"
192.99.160.200 - - [26/Feb/2020:10:56:49 +0100] "GET /product_info.php?products_id=228&language=fr/ HTTP/1.1" 200 9258 "-" "Mozilla/5.0 (compatible; MJ12bot/v1.4.8; http://mj12bot.com/)"
192.99.15.29 - - [26/Feb/2020:10:56:50 +0100] "GET /product_info.php?products_id=228&language=en/ HTTP/1.1" 200 9254 "-" "Mozilla/5.0 (compatible; MJ12bot/v1.4.8; http://mj12bot.com/)"
192.99.160.200 - - [26/Feb/2020:10:56:57 +0100] "GET /product_info.php?products_id=228&language=pl/ HTTP/1.1" 200 9253 "-" "Mozilla/5.0 (compatible; MJ12bot/v1.4.8; http://mj12bot.com/)"
192.99.15.29 - - [26/Feb/2020:10:56:58 +0100] "GET /product_info.php?products_id=228&language=fr/ HTTP/1.1" 200 9209 "-" "Mozilla/5.0 (compatible; MJ12bot/v1.4.8; http://mj12bot.com/)"
192.99.5.48 - - [26/Feb/2020:10:57:00 +0100] "GET /product_info.php?products_id=228&language=ar/ HTTP/1.1" 200 9255 "-" "Mozilla/5.0 (compatible; MJ12bot/v1.4.8; http://mj12bot.com/)"
192.99.160.200 - - [26/Feb/2020:10:57:05 +0100] "GET /product_info.php?products_id=228&language=ru/ HTTP/1.1" 200 9231 "-" "Mozilla/5.0 (compatible; MJ12bot/v1.4.8; http://mj12bot.com/)"
192.99.160.200 - - [26/Feb/2020:10:57:15 +0100] "GET /product_info.php?products_id=228&language=sr/ HTTP/1.1" 200 9299 "-" "Mozilla/5.0 (compatible; MJ12bot/v1.4.8; http://mj12bot.com/)"
192.99.15.29 - - [26/Feb/2020:10:57:15 +0100] "GET /product_info.php?products_id=228&language=pl/ HTTP/1.1" 200 9318 "-" "Mozilla/5.0 (compatible; MJ12bot/v1.4.8; http://mj12bot.com/)"
192.99.5.48 - - [26/Feb/2020:10:57:17 +0100] "GET /product_info.php?products_id=228&language=en/ HTTP/1.1" 200 9295 "-" "Mozilla/5.0 (compatible; MJ12bot/v1.4.8; http://mj12bot.com/)"
192.99.160.200 - - [26/Feb/2020:10:57:23 +0100] "GET /product_info.php?products_id=230&language=ar/ HTTP/1.1" 200 9299 "-" "Mozilla/5.0 (compatible; MJ12bot/v1.4.8; http://mj12bot.com/)"
192.99.15.29 - - [26/Feb/2020:10:57:27 +0100] "GET /product_info.php?products_id=228&language=ru/ HTTP/1.1" 200 9298 "-" "Mozilla/5.0 (compatible; MJ12bot/v1.4.8; http://mj12bot.com/)"
192.99.5.48 - - [26/Feb/2020:10:57:29 +0100] "GET /product_info.php?products_id=228&language=fr/ HTTP/1.1" 200 9256 "-" "Mozilla/5.0 (compatible; MJ12bot/v1.4.8; http://mj12bot.com/)"
192.99.160.200 - - [26/Feb/2020:10:57:31 +0100] "GET /product_info.php?products_id=230&language=en/ HTTP/1.1" 200 9292 "-" "Mozilla/5.0 (compatible; MJ12bot/v1.4.8; http://mj12bot.com/)"
192.99.5.48 - - [26/Feb/2020:10:57:37 +0100] "GET /product_info.php?products_id=228&language=pl/ HTTP/1.1" 200 9213 "-" "Mozilla/5.0 (compatible; MJ12bot/v1.4.8; http://mj12bot.com/)"
192.99.160.200 - - [26/Feb/2020:10:57:38 +0100] "GET /product_info.php?products_id=230&language=fr/ HTTP/1.1" 200 9309 "-" "Mozilla/5.0 (compatible; MJ12bot/v1.4.8; http://mj12bot.com/)"
192.99.15.29 - - [26/Feb/2020:10:57:42 +0100] "GET /product_info.php?products_id=228&language=sr/ HTTP/1.1" 200 9317 "-" "Mozilla/5.0 (compatible; MJ12bot/v1.4.8; http://mj12bot.com/)"
46.229.168.148 - - [26/Feb/2020:10:57:42 +0100] "GET /product_reviews.php?cPath=41_62&language=sr&products_id=232 HTTP/1.1" 200 7519 "-" "Mozilla/5.0 (compatible; SemrushBot/6~bl; +http://www.semrush.com/bot.html)"
192.99.15.29 - - [26/Feb/2020:10:57:46 +0100] "GET /product_info.php?products_id=230&language=ar/ HTTP/1.1" 200 9298 "-" "Mozilla/5.0 (compatible; MJ12bot/v1.4.8; http://mj12bot.com/)"
192.99.160.200 - - [26/Feb/2020:10:57:47 +0100] "GET /product_info.php?products_id=230&language=iw/ HTTP/1.1" 200 9271 "-" "Mozilla/5.0 (compatible; MJ12bot/v1.4.8; http://mj12bot.com/)"
192.99.160.200 - - [26/Feb/2020:10:57:53 +0100] "GET /product_info.php?products_id=230&language=pl/ HTTP/1.1" 200 9282 "-" "Mozilla/5.0 (compatible; MJ12bot/v1.4.8; http://mj12bot.com/)"
192.99.5.48 - - [26/Feb/2020:10:57:57 +0100] "GET /product_info.php?products_id=228&language=ru/ HTTP/1.1" 200 9244 "-" "Mozilla/5.0 (compatible; MJ12bot/v1.4.8; http://mj12bot.com/)"
192.99.15.29 - - [26/Feb/2020:10:57:59 +0100] "GET /product_info.php?products_id=230&language=en/ HTTP/1.1" 200 9313 "-" "Mozilla/5.0 (compatible; MJ12bot/v1.4.8; http://mj12bot.com/)"
192.99.160.200 - - [26/Feb/2020:10:58:02 +0100] "GET /product_info.php?products_id=230&language=ru/ HTTP/1.1" 200 9280 "-" "Mozilla/5.0 (compatible; MJ12bot/v1.4.8; http://mj12bot.com/)"
192.99.5.48 - - [26/Feb/2020:10:58:08 +0100] "GET /product_info.php?products_id=228&language=sr/ HTTP/1.1" 200 9247 "-" "Mozilla/5.0 (compatible; MJ12bot/v1.4.8; http://mj12bot.com/)"
192.99.160.200 - - [26/Feb/2020:10:58:11 +0100] "GET /product_info.php?products_id=230&language=sr/ HTTP/1.1" 200 9302 "-" "Mozilla/5.0 (compatible; MJ12bot/v1.4.8; http://mj12bot.com/)"
192.99.15.29 - - [26/Feb/2020:10:58:12 +0100] "GET /product_info.php?products_id=230&language=fr/ HTTP/1.1" 200 9320 "-" "Mozilla/5.0 (compatible; MJ12bot/v1.4.8; http://mj12bot.com/)"
192.99.160.200 - - [26/Feb/2020:10:58:16 +0100] "GET /product_info.php?products_id=263&language=en/ HTTP/1.1" 200 9164 "-" "Mozilla/5.0 (compatible; MJ12bot/v1.4.8; http://mj12bot.com/)"
192.99.160.200 - - [26/Feb/2020:10:58:23 +0100] "GET /product_info.php?products_id=263&language=fr/ HTTP/1.1" 200 9234 "-" "Mozilla/5.0 (compatible; MJ12bot/v1.4.8; http://mj12bot.com/)"
192.99.5.48 - - [26/Feb/2020:10:58:26 +0100] "GET /product_info.php?products_id=230&language=ar/ HTTP/1.1" 200 9284 "-" "Mozilla/5.0 (compatible; MJ12bot/v1.4.8; http://mj12bot.com/)"
192.99.160.200 - - [26/Feb/2020:10:58:32 +0100] "GET /product_info.php?products_id=263&language=iw/ HTTP/1.1" 200 9235 "-" "Mozilla/5.0 (compatible; MJ12bot/v1.4.8; http://mj12bot.com/)"
192.99.15.29 - - [26/Feb/2020:10:58:34 +0100] "GET /product_info.php?products_id=230&language=iw/ HTTP/1.1" 200 9286 "-" "Mozilla/5.0 (compatible; MJ12bot/v1.4.8; http://mj12bot.com/)"
192.99.160.200 - - [26/Feb/2020:10:58:39 +0100] "GET /product_info.php?products_id=263&language=pl/ HTTP/1.1" 200 9165 "-" "Mozilla/5.0 (compatible; MJ12bot/v1.4.8; http://mj12bot.com/)"
192.99.15.29 - - [26/Feb/2020:10:58:42 +0100] "GET /product_info.php?products_id=230&language=pl/ HTTP/1.1" 200 9280 "-" "Mozilla/5.0 (compatible; MJ12bot/v1.4.8; http://mj12bot.com/)"
192.99.160.200 - - [26/Feb/2020:10:58:48 +0100] "GET /product_info.php?products_id=263&language=ru/ HTTP/1.1" 200 9237 "-" "Mozilla/5.0 (compatible; MJ12bot/v1.4.8; http://mj12bot.com/)"
46.229.168.154 - - [26/Feb/2020:10:58:50 +0100] "GET /product_info.php?action=add_product&language=sr&products_id=262 HTTP/1.1" 302 566 "-" "Mozilla/5.0 (compatible; SemrushBot/6~bl; +http://www.semrush.com/bot.html)"
46.229.168.151 - - [26/Feb/2020:10:58:51 +0100] "GET /shopping_cart.php?language=sr HTTP/1.1" 200 8679 "-" "Mozilla/5.0 (compatible; SemrushBot/6~bl; +http://www.semrush.com/bot.html)"
192.99.5.48 - - [26/Feb/2020:10:58:51 +0100] "GET /product_info.php?products_id=230&language=en/ HTTP/1.1" 200 9299 "-" "Mozilla/5.0 (compatible; MJ12bot/v1.4.8; http://mj12bot.com/)"
192.99.160.200 - - [26/Feb/2020:10:58:57 +0100] "GET /product_info.php?products_id=263&language=sr/ HTTP/1.1" 200 9164 "-" "Mozilla/5.0 (compatible; MJ12bot/v1.4.8; http://mj12bot.com/)"
192.99.15.29 - - [26/Feb/2020:10:59:01 +0100] "GET /product_info.php?products_id=230&language=ru/ HTTP/1.1" 200 9318 "-" "Mozilla/5.0 (compatible; MJ12bot/v1.4.8; http://mj12bot.com/)"
192.99.160.200 - - [26/Feb/2020:10:59:08 +0100] "GET /product_info.php?products_id=263&language=tr/ HTTP/1.1" 200 9233 "-" "Mozilla/5.0 (compatible; MJ12bot/v1.4.8; http://mj12bot.com/)"
46.229.168.146 - - [26/Feb/2020:10:59:09 +0100] "GET /product_info.php?language=iw&products_id=318 HTTP/1.1" 200 9384 "-" "Mozilla/5.0 (compatible; SemrushBot/6~bl; +http://www.semrush.com/bot.html)"
192.99.5.48 - - [26/Feb/2020:10:59:13 +0100] "GET /product_info.php?products_id=230&language=fr/ HTTP/1.1" 200 9279 "-" "Mozilla/5.0 (compatible; MJ12bot/v1.4.8; http://mj12bot.com/)"
192.99.15.29 - - [26/Feb/2020:10:59:25 +0100] "GET /product_info.php?products_id=230&language=sr/ HTTP/1.1" 200 9280 "-" "Mozilla/5.0 (compatible; MJ12bot/v1.4.8; http://mj12bot.com/)"
192.99.160.200 - - [26/Feb/2020:10:59:26 +0100] "GET /product_info.php?products_id=298&language=ar/ HTTP/1.1" 200 9835 "-" "Mozilla/5.0 (compatible; MJ12bot/v1.4.8; http://mj12bot.com/)"
192.99.15.29 - - [26/Feb/2020:10:59:41 +0100] "GET /product_info.php?products_id=263&language=en/ HTTP/1.1" 200 9235 "-" "Mozilla/5.0 (compatible; MJ12bot/v1.4.8; http://mj12bot.com/)"
192.99.5.48 - - [26/Feb/2020:10:59:42 +0100] "GET /product_info.php?products_id=230&language=iw/ HTTP/1.1" 200 9319 "-" "Mozilla/5.0 (compatible; MJ12bot/v1.4.8; http://mj12bot.com/)"
192.99.160.200 - - [26/Feb/2020:10:59:43 +0100] "GET /product_info.php?products_id=298&language=en/ HTTP/1.1" 200 9873 "-" "Mozilla/5.0 (compatible; MJ12bot/v1.4.8; http://mj12bot.com/)"
192.99.160.200 - - [26/Feb/2020:11:00:00 +0100] "GET /product_info.php?products_id=298&language=fr/ HTTP/1.1" 200 9821 "-" "Mozilla/5.0 (compatible; MJ12bot/v1.4.8; http://mj12bot.com/)"
192.99.5.48 - - [26/Feb/2020:11:00:01 +0100] "GET /product_info.php?products_id=230&language=pl/ HTTP/1.1" 200 9283 "-" "Mozilla/5.0 (compatible; MJ12bot/v1.4.8; http://mj12bot.com/)"
192.99.15.29 - - [26/Feb/2020:11:00:03 +0100] "GET /product_info.php?products_id=263&language=fr/ HTTP/1.1" 200 9233 "-" "Mozilla/5.0 (compatible; MJ12bot/v1.4.8; http://mj12bot.com/)"
46.229.168.129 - - [26/Feb/2020:11:00:09 +0100] "GET /product_reviews.php?cPath=29_54&language=ru&products_id=223 HTTP/1.1" 200 7805 "-" "Mozilla/5.0 (compatible; SemrushBot/6~bl; +http://www.semrush.com/bot.html)"
192.99.160.200 - - [26/Feb/2020:11:00:18 +0100] "GET /product_info.php?products_id=298&language=iw/ HTTP/1.1" 200 9879 "-" "Mozilla/5.0 (compatible; MJ12bot/v1.4.8; http://mj12bot.com/)"
192.99.15.29 - - [26/Feb/2020:11:00:21 +0100] "GET /product_info.php?products_id=263&language=iw/ HTTP/1.1" 200 9163 "-" "Mozilla/5.0 (compatible; MJ12bot/v1.4.8; http://mj12bot.com/)"
46.229.168.139 - - [26/Feb/2020:11:00:31 +0100] "GET /product_info.php?language=lv&products_id=222 HTTP/1.1" 200 8907 "-" "Mozilla/5.0 (compatible; SemrushBot/6~bl; +http://www.semrush.com/bot.html)"
192.99.5.48 - - [26/Feb/2020:11:00:34 +0100] "GET /product_info.php?products_id=230&language=ru/ HTTP/1.1" 200 9296 "-" "Mozilla/5.0 (compatible; MJ12bot/v1.4.8; http://mj12bot.com/)"
192.99.160.200 - - [26/Feb/2020:11:00:35 +0100] "GET /product_info.php?products_id=298&language=pl/ HTTP/1.1" 200 9872 "-" "Mozilla/5.0 (compatible; MJ12bot/v1.4.8; http://mj12bot.com/)"
192.99.15.29 - - [26/Feb/2020:11:00:43 +0100] "GET /product_info.php?products_id=263&language=pl/ HTTP/1.1" 200 9241 "-" "Mozilla/5.0 (compatible; MJ12bot/v1.4.8; http://mj12bot.com/)"
192.99.160.200 - - [26/Feb/2020:11:00:48 +0100] "GET /product_info.php?products_id=298&language=ru/ HTTP/1.1" 200 9877 "-" "Mozilla/5.0 (compatible; MJ12bot/v1.4.8; http://mj12bot.com/)"
192.99.160.200 - - [26/Feb/2020:11:01:00 +0100] "GET /product_info.php?products_id=298&language=sr/ HTTP/1.1" 200 9865 "-" "Mozilla/5.0 (compatible; MJ12bot/v1.4.8; http://mj12bot.com/)"
192.99.5.48 - - [26/Feb/2020:11:01:04 +0100] "GET /product_info.php?products_id=230&language=sr/ HTTP/1.1" 200 9315 "-" "Mozilla/5.0 (compatible; MJ12bot/v1.4.8; http://mj12bot.com/)"
192.99.15.29 - - [26/Feb/2020:11:01:05 +0100] "GET /product_info.php?products_id=263&language=ru/ HTTP/1.1" 200 9162 "-" "Mozilla/5.0 (compatible; MJ12bot/v1.4.8; http://mj12bot.com/)"
192.99.160.200 - - [26/Feb/2020:11:01:09 +0100] "GET /product_info.php?products_id=298&language=tr/ HTTP/1.1" 200 9854 "-" "Mozilla/5.0 (compatible; MJ12bot/v1.4.8; http://mj12bot.com/)"
192.99.160.200 - - [26/Feb/2020:11:01:19 +0100] "GET /product_info.php?products_id=308&language=ar/ HTTP/1.1" 200 7183 "-" "Mozilla/5.0 (compatible; MJ12bot/v1.4.8; http://mj12bot.com/)"
46.229.168.131 - - [26/Feb/2020:11:01:19 +0100] "GET /robots.txt HTTP/1.1" 404 445 "-" "Mozilla/5.0 (compatible; SemrushBot/6~bl; +http://www.semrush.com/bot.html)"
46.229.168.129 - - [26/Feb/2020:11:01:20 +0100] "GET /product_info.php?action=notify&cPath=47_66&language=ar&products_id=334 HTTP/1.1" 302 546 "-" "Mozilla/5.0 (compatible; SemrushBot/6~bl; +http://www.semrush.com/bot.html)"
46.229.168.137 - - [26/Feb/2020:11:01:21 +0100] "GET /login.php HTTP/1.1" 200 7456 "-" "Mozilla/5.0 (compatible; SemrushBot/6~bl; +http://www.semrush.com/bot.html)"
192.99.15.29 - - [26/Feb/2020:11:01:21 +0100] "GET /product_info.php?products_id=263&language=sr/ HTTP/1.1" 200 9233 "-" "Mozilla/5.0 (compatible; MJ12bot/v1.4.8; http://mj12bot.com/)"
192.99.5.48 - - [26/Feb/2020:11:01:27 +0100] "GET /product_info.php?products_id=263&language=en/ HTTP/1.1" 200 9238 "-" "Mozilla/5.0 (compatible; MJ12bot/v1.4.8; http://mj12bot.com/)"
192.99.160.200 - - [26/Feb/2020:11:01:31 +0100] "GET /product_info.php?products_id=308&language=en/ HTTP/1.1" 200 7191 "-" "Mozilla/5.0 (compatible; MJ12bot/v1.4.8; http://mj12bot.com/)"
192.99.15.29 - - [26/Feb/2020:11:01:34 +0100] "GET /product_info.php?products_id=263&language=tr/ HTTP/1.1" 200 9244 "-" "Mozilla/5.0 (compatible; MJ12bot/v1.4.8; http://mj12bot.com/)"
66.249.64.110 - - [26/Feb/2020:11:01:37 +0100] "GET /product_reviews.php?products_id=330&language=pl&osCsid=hikq4rv6ifb6kd4svc944te115 HTTP/1.1" 200 7512 "-" "Mozilla/5.0 (Linux; Android 6.0.1; Nexus 5X Build/MMB29P) AppleWebKit/537.36 (KHTML, like Gecko) Chrome/80.0.3987.92 Mobile Safari/537.36 (compatible; Googlebot/2.1; +http://www.google.com/bot.html)"
192.99.160.200 - - [26/Feb/2020:11:01:40 +0100] "GET /product_info.php?products_id=308&language=fr/ HTTP/1.1" 200 7192 "-" "Mozilla/5.0 (compatible; MJ12bot/v1.4.8; http://mj12bot.com/)"
46.229.168.138 - - [26/Feb/2020:11:01:41 +0100] "GET /product_reviews.php?action=buy_now&cPath=47_65&language=sr&products_id=382 HTTP/1.1" 302 569 "-" "Mozilla/5.0 (compatible; SemrushBot/6~bl; +http://www.semrush.com/bot.html)"
46.229.168.147 - - [26/Feb/2020:11:01:42 +0100] "GET /product_info.php?products_id=382 HTTP/1.1" 200 9219 "-" "Mozilla/5.0 (compatible; SemrushBot/6~bl; +http://www.semrush.com/bot.html)"
114.119.151.29 - - [26/Feb/2020:11:01:44 +0100] "GET /product_info.php?products_id=356&osCsid=f3ggemjlot2n6v5m6kd6a33qj6 HTTP/1.1" 200 9488 "-" "Mozilla/5.0(Linux;Android 5.1.1;OPPO A33 Build/LMY47V;wv) AppleWebKit/537.36(KHTML,link Gecko) Version/4.0 Chrome/43.0.2357.121 Mobile Safari/537.36"
192.99.5.48 - - [26/Feb/2020:11:01:45 +0100] "GET /product_info.php?products_id=263&language=fr/ HTTP/1.1" 200 9234 "-" "Mozilla/5.0 (compatible; MJ12bot/v1.4.8; http://mj12bot.com/)"
192.99.15.29 - - [26/Feb/2020:11:01:47 +0100] "GET /product_info.php?products_id=298&language=ar/ HTTP/1.1" 200 9872 "-" "Mozilla/5.0 (compatible; MJ12bot/v1.4.8; http://mj12bot.com/)"
192.99.160.200 - - [26/Feb/2020:11:01:49 +0100] "GET /product_info.php?products_id=308&language=iw/ HTTP/1.1" 200 7179 "-" "Mozilla/5.0 (compatible; MJ12bot/v1.4.8; http://mj12bot.com/)"
114.119.153.0 - - [26/Feb/2020:11:01:49 +0100] "GET /product_info.php?products_id=49&osCsid=el2ip6i778tumqeeet2kot4c45 HTTP/1.1" 200 10731 "-" "Mozilla/5.0 (iPad; CPU OS 7_0 like Mac OS X) AppleWebKit/537.51.1 (KHTML, like Gecko) Version/7.0 Mobile/11A465 Safari/9537.53"
114.119.160.177 - - [26/Feb/2020:11:01:54 +0100] "GET /redirect.php?action=url&goto=www.vetsuture.com&osCsid=npvdfv5u6mmholbdlo0diqq5m5 HTTP/1.1" 302 496 "-" "Mozilla/5.0(Linux;Android 5.1.1;OPPO A33 Build/LMY47V;wv) AppleWebKit/537.36(KHTML,link Gecko) Version/4.0 Chrome/42.0.2311.138 Mobile Safari/537.36"
192.99.15.29 - - [26/Feb/2020:11:01:57 +0100] "GET /product_info.php?products_id=298&language=en/ HTTP/1.1" 200 9821 "-" "Mozilla/5.0 (compatible; MJ12bot/v1.4.8; http://mj12bot.com/)"
192.99.160.200 - - [26/Feb/2020:11:01:58 +0100] "GET /product_info.php?products_id=308&language=pl/ HTTP/1.1" 200 7192 "-" "Mozilla/5.0 (compatible; MJ12bot/v1.4.8; http://mj12bot.com/)"
114.119.133.147 - - [26/Feb/2020:11:01:59 +0100] "GET /redirect.php?action=url&goto=www.vetsuture.com&osCsid=2mvkqts0mh1kfc6p14105qmh00 HTTP/1.1" 302 496 "-" "Mozilla/5.0(Linux;U;Android 5.1.1;zh-CN;OPPO A33 Build/LMY47V) AppleWebKit/537.36(KHTML,like Gecko) Version/4.0 Chrome/40.0.2214.89 Mobile Safari/537.36"
192.99.5.48 - - [26/Feb/2020:11:02:02 +0100] "GET /product_info.php?products_id=263&language=iw/ HTTP/1.1" 200 9238 "-" "Mozilla/5.0 (compatible; MJ12bot/v1.4.8; http://mj12bot.com/)"
114.119.128.224 - - [26/Feb/2020:11:02:04 +0100] "GET /product_info.php?products_id=223&osCsid=on5vhv18ccfhjshodsjr97k4l0 HTTP/1.1" 200 8952 "-" "Mozilla/5.0(Linux;Android 5.1.1;OPPO A33 Build/LMY47V;wv) AppleWebKit/537.36(KHTML,link Gecko) Version/4.0 Chrome/42.0.2311.138 Mobile Safari/537.36"
192.99.160.200 - - [26/Feb/2020:11:02:07 +0100] "GET /product_info.php?products_id=308&language=ru/ HTTP/1.1" 200 7167 "-" "Mozilla/5.0 (compatible; MJ12bot/v1.4.8; http://mj12bot.com/)"
114.119.142.200 - - [26/Feb/2020:11:02:09 +0100] "GET /product_info.php?products_id=114&osCsid=t2bnnokcue6r760iu652b644c2 HTTP/1.1" 200 9841 "-" "Mozilla/5.0(Linux;Android 5.1.1;OPPO A33 Build/LMY47V;wv) AppleWebKit/537.36(KHTML,link Gecko) Version/4.0 Chrome/43.0.2357.121 Mobile Safari/537.36"
192.99.15.29 - - [26/Feb/2020:11:02:13 +0100] "GET /product_info.php?products_id=298&language=fr/ HTTP/1.1" 200 9821 "-" "Mozilla/5.0 (compatible; MJ12bot/v1.4.8; http://mj12bot.com/)"
114.119.148.96 - - [26/Feb/2020:11:02:16 +0100] "GET /product_info.php?products_id=223&osCsid=5npm4i74pamg3r58vmciagc6g2 HTTP/1.1" 200 8952 "-" "Mozilla/5.0(Linux;U;Android 5.1.1;zh-CN;OPPO A33 Build/LMY47V) AppleWebKit/537.36(KHTML,like Gecko) Version/4.0 Chrome/40.0.2214.89 Mobile Safari/537.36"
192.99.160.200 - - [26/Feb/2020:11:02:17 +0100] "GET /product_info.php?products_id=308&language=sr/ HTTP/1.1" 200 7206 "-" "Mozilla/5.0 (compatible; MJ12bot/v1.4.8; http://mj12bot.com/)"
114.119.165.216 - - [26/Feb/2020:11:02:21 +0100] "GET /account.php?osCsid=00eje9ec5pcvkr5rqn5k5opr90 HTTP/1.1" 302 546 "-" "Mozilla/5.0(Linux;Android 5.1.1;OPPO A33 Build/LMY47V;wv) AppleWebKit/537.36(KHTML,link Gecko) Version/4.0 Chrome/43.0.2357.121 Mobile Safari/537.36"
46.229.168.140 - - [26/Feb/2020:11:02:21 +0100] "GET /product_info.php?language=pl&products_id=321 HTTP/1.1" 200 9219 "-" "Mozilla/5.0 (compatible; SemrushBot/6~bl; +http://www.semrush.com/bot.html)"
114.119.165.216 - - [26/Feb/2020:11:02:21 +0100] "GET /login.php?osCsid=s7990re96n6hjggs31ia4gegd3 HTTP/1.1" 200 7323 "-" "Mozilla/5.0(Linux;Android 5.1.1;OPPO A33 Build/LMY47V;wv) AppleWebKit/537.36(KHTML,link Gecko) Version/4.0 Chrome/43.0.2357.121 Mobile Safari/537.36"
83.114.83.83 - - [26/Feb/2020:11:02:21 +0100] "GET /lechef/orders.php?status=1&page=1&oID=12273&action=edit HTTP/1.1" 200 47450 "http://www.e-medicalonline.com/lechef/orders.php?status=1" "Mozilla/5.0 (Macintosh; Intel Mac OS X 10_14_5) AppleWebKit/537.36 (KHTML, like Gecko) Chrome/80.0.3987.116 Safari/537.36"
192.99.160.200 - - [26/Feb/2020:11:02:24 +0100] "GET /product_info.php?products_id=308&language=tr/ HTTP/1.1" 200 7183 "-" "Mozilla/5.0 (compatible; MJ12bot/v1.4.8; http://mj12bot.com/)"
192.99.5.48 - - [26/Feb/2020:11:02:25 +0100] "GET /product_info.php?products_id=263&language=pl/ HTTP/1.1" 200 9234 "-" "Mozilla/5.0 (compatible; MJ12bot/v1.4.8; http://mj12bot.com/)"
83.114.83.83 - - [26/Feb/2020:11:02:25 +0100] "GET /lechef/packingslip.php?oID=12273 HTTP/1.1" 200 16280 "http://www.e-medicalonline.com/lechef/orders.php?status=1&page=1&oID=12273&action=edit" "Mozilla/5.0 (Macintosh; Intel Mac OS X 10_14_5) AppleWebKit/537.36 (KHTML, like Gecko) Chrome/80.0.3987.116 Safari/537.36"
192.99.15.29 - - [26/Feb/2020:11:02:26 +0100] "GET /product_info.php?products_id=298&language=iw/ HTTP/1.1" 200 9873 "-" "Mozilla/5.0 (compatible; MJ12bot/v1.4.8; http://mj12bot.com/)"
192.99.160.200 - - [26/Feb/2020:11:02:36 +0100] "GET /product_reviews.php?products_id=266/ HTTP/1.1" 200 7349 "-" "Mozilla/5.0 (compatible; MJ12bot/v1.4.8; http://mj12bot.com/)"
192.99.15.29 - - [26/Feb/2020:11:02:39 +0100] "GET /product_info.php?products_id=298&language=pl/ HTTP/1.1" 200 9871 "-" "Mozilla/5.0 (compatible; MJ12bot/v1.4.8; http://mj12bot.com/)"
192.99.160.200 - - [26/Feb/2020:11:02:45 +0100] "GET /product_reviews.php?products_id=330&language=en/ HTTP/1.1" 200 7339 "-" "Mozilla/5.0 (compatible; MJ12bot/v1.4.8; http://mj12bot.com/)"
192.99.5.48 - - [26/Feb/2020:11:02:45 +0100] "GET /product_info.php?products_id=263&language=ru/ HTTP/1.1" 200 9165 "-" "Mozilla/5.0 (compatible; MJ12bot/v1.4.8; http://mj12bot.com/)"
192.99.15.29 - - [26/Feb/2020:11:02:55 +0100] "GET /product_info.php?products_id=298&language=ru/ HTTP/1.1" 200 9834 "-" "Mozilla/5.0 (compatible; MJ12bot/v1.4.8; http://mj12bot.com/)"
192.99.160.200 - - [26/Feb/2020:11:02:56 +0100] "GET /product_reviews.php?products_id=330&language=fr/ HTTP/1.1" 200 7342 "-" "Mozilla/5.0 (compatible; MJ12bot/v1.4.8; http://mj12bot.com/)"
192.99.5.48 - - [26/Feb/2020:11:03:06 +0100] "GET /product_info.php?products_id=263&language=sr/ HTTP/1.1" 200 9233 "-" "Mozilla/5.0 (compatible; MJ12bot/v1.4.8; http://mj12bot.com/)"
192.99.15.29 - - [26/Feb/2020:11:03:08 +0100] "GET /product_info.php?products_id=298&language=sr/ HTTP/1.1" 200 9834 "-" "Mozilla/5.0 (compatible; MJ12bot/v1.4.8; http://mj12bot.com/)"
192.99.160.200 - - [26/Feb/2020:11:03:08 +0100] "GET /product_reviews.php?products_id=330&language=iw/ HTTP/1.1" 200 7339 "-" "Mozilla/5.0 (compatible; MJ12bot/v1.4.8; http://mj12bot.com/)"
192.99.160.200 - - [26/Feb/2020:11:03:19 +0100] "GET /product_reviews.php?products_id=330&language=pl/ HTTP/1.1" 200 7328 "-" "Mozilla/5.0 (compatible; MJ12bot/v1.4.8; http://mj12bot.com/)"
192.99.15.29 - - [26/Feb/2020:11:03:23 +0100] "GET /product_info.php?products_id=298&language=tr/ HTTP/1.1" 200 9834 "-" "Mozilla/5.0 (compatible; MJ12bot/v1.4.8; http://mj12bot.com/)"
192.99.160.200 - - [26/Feb/2020:11:03:27 +0100] "GET /product_reviews.php?products_id=330&language=tr/ HTTP/1.1" 200 7322 "-" "Mozilla/5.0 (compatible; MJ12bot/v1.4.8; http://mj12bot.com/)"
192.99.5.48 - - [26/Feb/2020:11:03:30 +0100] "GET /product_info.php?products_id=263&language=tr/ HTTP/1.1" 200 9234 "-" "Mozilla/5.0 (compatible; MJ12bot/v1.4.8; http://mj12bot.com/)"
192.99.160.200 - - [26/Feb/2020:11:03:39 +0100] "GET /product_reviews.php?products_id=343/ HTTP/1.1" 200 7361 "-" "Mozilla/5.0 (compatible; MJ12bot/v1.4.8; http://mj12bot.com/)"
192.99.5.48 - - [26/Feb/2020:11:03:41 +0100] "GET /product_info.php?products_id=298&language=ar/ HTTP/1.1" 200 9821 "-" "Mozilla/5.0 (compatible; MJ12bot/v1.4.8; http://mj12bot.com/)"
192.99.15.29 - - [26/Feb/2020:11:03:43 +0100] "GET /product_info.php?products_id=308&language=ar/ HTTP/1.1" 200 7176 "-" "Mozilla/5.0 (compatible; MJ12bot/v1.4.8; http://mj12bot.com/)"
192.99.160.200 - - [26/Feb/2020:11:03:47 +0100] "GET /product_reviews.php?products_id=343&language=lv/ HTTP/1.1" 200 7371 "-" "Mozilla/5.0 (compatible; MJ12bot/v1.4.8; http://mj12bot.com/)"
192.99.5.48 - - [26/Feb/2020:11:03:53 +0100] "GET /product_info.php?products_id=298&language=en/ HTTP/1.1" 200 9837 "-" "Mozilla/5.0 (compatible; MJ12bot/v1.4.8; http://mj12bot.com/)"
192.99.15.29 - - [26/Feb/2020:11:03:54 +0100] "GET /product_info.php?products_id=308&language=en/ HTTP/1.1" 200 7192 "-" "Mozilla/5.0 (compatible; MJ12bot/v1.4.8; http://mj12bot.com/)"
192.99.160.200 - - [26/Feb/2020:11:03:59 +0100] "GET /product_reviews.php?products_id=361&language=is/ HTTP/1.1" 200 7385 "-" "Mozilla/5.0 (compatible; MJ12bot/v1.4.8; http://mj12bot.com/)"
192.99.15.29 - - [26/Feb/2020:11:04:03 +0100] "GET /product_info.php?products_id=308&language=fr/ HTTP/1.1" 200 7193 "-" "Mozilla/5.0 (compatible; MJ12bot/v1.4.8; http://mj12bot.com/)"
192.99.5.48 - - [26/Feb/2020:11:04:05 +0100] "GET /product_info.php?products_id=298&language=fr/ HTTP/1.1" 200 9873 "-" "Mozilla/5.0 (compatible; MJ12bot/v1.4.8; http://mj12bot.com/)"
192.99.160.200 - - [26/Feb/2020:11:04:05 +0100] "GET /product_reviews.php?products_id=361&language=no/ HTTP/1.1" 200 7390 "-" "Mozilla/5.0 (compatible; MJ12bot/v1.4.8; http://mj12bot.com/)"
192.99.15.29 - - [26/Feb/2020:11:04:13 +0100] "GET /product_info.php?products_id=308&language=iw/ HTTP/1.1" 200 7183 "-" "Mozilla/5.0 (compatible; MJ12bot/v1.4.8; http://mj12bot.com/)"
192.99.160.200 - - [26/Feb/2020:11:04:15 +0100] "GET /products_new.php?page=14&action=buy_now&products_id=52/ HTTP/1.1" 302 562 "-" "Mozilla/5.0 (compatible; MJ12bot/v1.4.8; http://mj12bot.com/)"
192.99.5.48 - - [26/Feb/2020:11:04:22 +0100] "GET /product_info.php?products_id=298&language=iw/ HTTP/1.1" 200 9877 "-" "Mozilla/5.0 (compatible; MJ12bot/v1.4.8; http://mj12bot.com/)"
192.99.160.200 - - [26/Feb/2020:11:04:23 +0100] "GET /shopping_cart.php?page=14&osCsid=7oqnhkve2nggq7lfl33eve5bb2 HTTP/1.1" 200 8569 "-" "Mozilla/5.0 (compatible; MJ12bot/v1.4.8; http://mj12bot.com/)"
192.99.15.29 - - [26/Feb/2020:11:04:23 +0100] "GET /product_info.php?products_id=308&language=pl/ HTTP/1.1" 200 7181 "-" "Mozilla/5.0 (compatible; MJ12bot/v1.4.8; http://mj12bot.com/)"
192.99.15.29 - - [26/Feb/2020:11:04:29 +0100] "GET /product_info.php?products_id=308&language=ru/ HTTP/1.1" 200 7191 "-" "Mozilla/5.0 (compatible; MJ12bot/v1.4.8; http://mj12bot.com/)"
192.99.160.200 - - [26/Feb/2020:11:04:31 +0100] "GET /products_new.php?page=15&action=buy_now&products_id=42/ HTTP/1.1" 302 562 "-" "Mozilla/5.0 (compatible; MJ12bot/v1.4.8; http://mj12bot.com/)"
216.244.66.234 - - [26/Feb/2020:11:04:30 +0100] "GET /product_info.php?products_id=112&language=tr HTTP/1.1" 200 57469 "-" "Mozilla/5.0 (compatible; DotBot/1.1; http://www.opensiteexplorer.org/dotbot, help@moz.com)"
192.99.15.29 - - [26/Feb/2020:11:04:36 +0100] "GET /product_info.php?products_id=308&language=sr/ HTTP/1.1" 200 7178 "-" "Mozilla/5.0 (compatible; MJ12bot/v1.4.8; http://mj12bot.com/)"
192.99.5.48 - - [26/Feb/2020:11:04:36 +0100] "GET /product_info.php?products_id=298&language=pl/ HTTP/1.1" 200 9874 "-" "Mozilla/5.0 (compatible; MJ12bot/v1.4.8; http://mj12bot.com/)"
192.99.160.200 - - [26/Feb/2020:11:04:37 +0100] "GET /shopping_cart.php?page=15&osCsid=aehnqhrqa9o0edrhcrc1ojtvf2 HTTP/1.1" 200 8574 "-" "Mozilla/5.0 (compatible; MJ12bot/v1.4.8; http://mj12bot.com/)"
192.99.160.200 - - [26/Feb/2020:11:04:44 +0100] "GET /products_new.php?page=15&action=buy_now&products_id=49/ HTTP/1.1" 302 562 "-" "Mozilla/5.0 (compatible; MJ12bot/v1.4.8; http://mj12bot.com/)"
192.99.15.29 - - [26/Feb/2020:11:04:44 +0100] "GET /product_info.php?products_id=308&language=tr/ HTTP/1.1" 200 7182 "-" "Mozilla/5.0 (compatible; MJ12bot/v1.4.8; http://mj12bot.com/)"
192.99.5.48 - - [26/Feb/2020:11:04:49 +0100] "GET /product_info.php?products_id=298&language=ru/ HTTP/1.1" 200 9820 "-" "Mozilla/5.0 (compatible; MJ12bot/v1.4.8; http://mj12bot.com/)"
216.244.66.234 - - [26/Feb/2020:11:04:50 +0100] "GET /product_info.php?products_id=280&language=ar HTTP/1.1" 200 61430 "-" "Mozilla/5.0 (compatible; DotBot/1.1; http://www.opensiteexplorer.org/dotbot, help@moz.com)"
192.99.160.200 - - [26/Feb/2020:11:04:51 +0100] "GET /shopping_cart.php?page=15&osCsid=poseqh8colsj1g4jaom3039ed6 HTTP/1.1" 200 8604 "-" "Mozilla/5.0 (compatible; MJ12bot/v1.4.8; http://mj12bot.com/)"
192.99.15.29 - - [26/Feb/2020:11:04:55 +0100] "GET /product_reviews.php?products_id=266/ HTTP/1.1" 200 7353 "-" "Mozilla/5.0 (compatible; MJ12bot/v1.4.8; http://mj12bot.com/)"
192.99.160.200 - - [26/Feb/2020:11:04:57 +0100] "GET /products_new.php?page=15&action=buy_now&products_id=50/ HTTP/1.1" 302 562 "-" "Mozilla/5.0 (compatible; MJ12bot/v1.4.8; http://mj12bot.com/)"
192.99.5.48 - - [26/Feb/2020:11:04:57 +0100] "GET /product_info.php?products_id=298&language=sr/ HTTP/1.1" 200 9839 "-" "Mozilla/5.0 (compatible; MJ12bot/v1.4.8; http://mj12bot.com/)"
192.99.160.200 - - [26/Feb/2020:11:05:03 +0100] "GET /shopping_cart.php?page=15&osCsid=ih9ht29s538klqrpb0e6d0bj16 HTTP/1.1" 200 8566 "-" "Mozilla/5.0 (compatible; MJ12bot/v1.4.8; http://mj12bot.com/)"
192.99.15.29 - - [26/Feb/2020:11:05:06 +0100] "GET /product_reviews.php?products_id=330&language=en/ HTTP/1.1" 200 7339 "-" "Mozilla/5.0 (compatible; MJ12bot/v1.4.8; http://mj12bot.com/)"
192.99.160.200 - - [26/Feb/2020:11:05:11 +0100] "GET /products_new.php?page=15&action=buy_now&products_id=51/ HTTP/1.1" 302 562 "-" "Mozilla/5.0 (compatible; MJ12bot/v1.4.8; http://mj12bot.com/)"
192.99.15.29 - - [26/Feb/2020:11:05:14 +0100] "GET /product_reviews.php?products_id=330&language=fr/ HTTP/1.1" 200 7322 "-" "Mozilla/5.0 (compatible; MJ12bot/v1.4.8; http://mj12bot.com/)"
192.99.5.48 - - [26/Feb/2020:11:05:17 +0100] "GET /product_info.php?products_id=298&language=tr/ HTTP/1.1" 200 9838 "-" "Mozilla/5.0 (compatible; MJ12bot/v1.4.8; http://mj12bot.com/)"
192.99.160.200 - - [26/Feb/2020:11:05:18 +0100] "GET /shopping_cart.php?page=15&osCsid=8mgpsv4ve4q6srvfstjdr29k37 HTTP/1.1" 200 8565 "-" "Mozilla/5.0 (compatible; MJ12bot/v1.4.8; http://mj12bot.com/)"
192.99.15.29 - - [26/Feb/2020:11:05:23 +0100] "GET /product_reviews.php?products_id=330&language=iw/ HTTP/1.1" 200 7373 "-" "Mozilla/5.0 (compatible; MJ12bot/v1.4.8; http://mj12bot.com/)"
192.99.160.200 - - [26/Feb/2020:11:05:26 +0100] "GET /products_new.php?page=15&action=buy_now&products_id=52/ HTTP/1.1" 302 562 "-" "Mozilla/5.0 (compatible; MJ12bot/v1.4.8; http://mj12bot.com/)"
192.99.5.48 - - [26/Feb/2020:11:05:28 +0100] "GET /product_info.php?products_id=308&language=ar/ HTTP/1.1" 200 7167 "-" "Mozilla/5.0 (compatible; MJ12bot/v1.4.8; http://mj12bot.com/)"
192.99.15.29 - - [26/Feb/2020:11:05:30 +0100] "GET /product_reviews.php?products_id=330&language=pl/ HTTP/1.1" 200 7340 "-" "Mozilla/5.0 (compatible; MJ12bot/v1.4.8; http://mj12bot.com/)"
192.99.160.200 - - [26/Feb/2020:11:05:36 +0100] "GET /shopping_cart.php?page=15&osCsid=cb129u0e5uuhj8h1qfcelsi837 HTTP/1.1" 200 8573 "-" "Mozilla/5.0 (compatible; MJ12bot/v1.4.8; http://mj12bot.com/)"
192.99.5.48 - - [26/Feb/2020:11:05:43 +0100] "GET /product_info.php?products_id=308&language=en/ HTTP/1.1" 200 7180 "-" "Mozilla/5.0 (compatible; MJ12bot/v1.4.8; http://mj12bot.com/)"
192.99.15.29 - - [26/Feb/2020:11:05:44 +0100] "GET /product_reviews.php?products_id=330&language=tr/ HTTP/1.1" 200 7339 "-" "Mozilla/5.0 (compatible; MJ12bot/v1.4.8; http://mj12bot.com/)"
192.99.160.200 - - [26/Feb/2020:11:05:48 +0100] "GET /products_new.php?page=15&action=buy_now&products_id=57/ HTTP/1.1" 302 562 "-" "Mozilla/5.0 (compatible; MJ12bot/v1.4.8; http://mj12bot.com/)"
192.99.5.48 - - [26/Feb/2020:11:05:55 +0100] "GET /product_info.php?products_id=308&language=fr/ HTTP/1.1" 200 7181 "-" "Mozilla/5.0 (compatible; MJ12bot/v1.4.8; http://mj12bot.com/)"
192.99.160.200 - - [26/Feb/2020:11:05:58 +0100] "GET /shopping_cart.php?page=15&osCsid=sg9chbaiaoja2au3k36ev46bu2 HTTP/1.1" 200 8573 "-" "Mozilla/5.0 (compatible; MJ12bot/v1.4.8; http://mj12bot.com/)"
192.99.15.29 - - [26/Feb/2020:11:05:58 +0100] "GET /product_reviews.php?products_id=343/ HTTP/1.1" 200 7360 "-" "Mozilla/5.0 (compatible; MJ12bot/v1.4.8; http://mj12bot.com/)"
66.249.64.108 - - [26/Feb/2020:11:06:02 +0100] "GET /product_reviews.php?products_id=262&language=lv&osCsid=0v59sh0dpnaq52k784um8uknh4 HTTP/1.1" 200 7397 "-" "Mozilla/5.0 (Linux; Android 6.0.1; Nexus 5X Build/MMB29P) AppleWebKit/537.36 (KHTML, like Gecko) Chrome/41.0.2272.96 Mobile Safari/537.36 (compatible; Googlebot/2.1; +http://www.google.com/bot.html)"
192.99.5.48 - - [26/Feb/2020:11:06:06 +0100] "GET /product_info.php?products_id=308&language=iw/ HTTP/1.1" 200 7182 "-" "Mozilla/5.0 (compatible; MJ12bot/v1.4.8; http://mj12bot.com/)"
192.99.15.29 - - [26/Feb/2020:11:06:09 +0100] "GET /product_reviews.php?products_id=343&language=lv/ HTTP/1.1" 200 7411 "-" "Mozilla/5.0 (compatible; MJ12bot/v1.4.8; http://mj12bot.com/)"
192.99.160.200 - - [26/Feb/2020:11:06:11 +0100] "GET /products_new.php?page=7&language=iw&action=buy_now&products_id=279/ HTTP/1.1" 302 570 "-" "Mozilla/5.0 (compatible; MJ12bot/v1.4.8; http://mj12bot.com/)"
46.229.168.131 - - [26/Feb/2020:11:06:16 +0100] "GET /product_reviews.php?action=buy_now&language=ar&products_id=326 HTTP/1.1" 302 569 "-" "Mozilla/5.0 (compatible; SemrushBot/6~bl; +http://www.semrush.com/bot.html)"
192.99.15.29 - - [26/Feb/2020:11:06:16 +0100] "GET /product_reviews.php?products_id=361&language=is/ HTTP/1.1" 200 7374 "-" "Mozilla/5.0 (compatible; MJ12bot/v1.4.8; http://mj12bot.com/)"
46.229.168.147 - - [26/Feb/2020:11:06:18 +0100] "GET /product_info.php?products_id=326 HTTP/1.1" 200 9312 "-" "Mozilla/5.0 (compatible; SemrushBot/6~bl; +http://www.semrush.com/bot.html)"
192.99.160.200 - - [26/Feb/2020:11:06:21 +0100] "GET /product_info.php?products_id=279/&osCsid=1db6k2ri67vc82b6hluvd7vt86 HTTP/1.1" 200 9161 "-" "Mozilla/5.0 (compatible; MJ12bot/v1.4.8; http://mj12bot.com/)"
192.99.5.48 - - [26/Feb/2020:11:06:22 +0100] "GET /product_info.php?products_id=308&language=pl/ HTTP/1.1" 200 7180 "-" "Mozilla/5.0 (compatible; MJ12bot/v1.4.8; http://mj12bot.com/)"
192.99.15.29 - - [26/Feb/2020:11:06:25 +0100] "GET /product_reviews.php?products_id=361&language=no/ HTTP/1.1" 200 7397 "-" "Mozilla/5.0 (compatible; MJ12bot/v1.4.8; http://mj12bot.com/)"
192.99.5.48 - - [26/Feb/2020:11:06:36 +0100] "GET /product_info.php?products_id=308&language=ru/ HTTP/1.1" 200 7179 "-" "Mozilla/5.0 (compatible; MJ12bot/v1.4.8; http://mj12bot.com/)"
192.99.160.200 - - [26/Feb/2020:11:06:38 +0100] "GET /products_new.php?page=7&language=lv&action=buy_now&products_id=279/ HTTP/1.1" 302 570 "-" "Mozilla/5.0 (compatible; MJ12bot/v1.4.8; http://mj12bot.com/)"
192.99.15.29 - - [26/Feb/2020:11:06:39 +0100] "GET /products_new.php?page=14&action=buy_now&products_id=52/ HTTP/1.1" 302 562 "-" "Mozilla/5.0 (compatible; MJ12bot/v1.4.8; http://mj12bot.com/)"
192.99.5.48 - - [26/Feb/2020:11:06:46 +0100] "GET /product_info.php?products_id=308&language=sr/ HTTP/1.1" 200 7180 "-" "Mozilla/5.0 (compatible; MJ12bot/v1.4.8; http://mj12bot.com/)"
192.99.15.29 - - [26/Feb/2020:11:06:48 +0100] "GET /shopping_cart.php?page=14&osCsid=kdua1f53bvfhukddfh5oqu15a7 HTTP/1.1" 200 8605 "-" "Mozilla/5.0 (compatible; MJ12bot/v1.4.8; http://mj12bot.com/)"
192.99.160.200 - - [26/Feb/2020:11:06:52 +0100] "GET /product_info.php?products_id=279/&osCsid=n38d0falpv1gsuh0fja1tblc26 HTTP/1.1" 200 9195 "-" "Mozilla/5.0 (compatible; MJ12bot/v1.4.8; http://mj12bot.com/)"
216.244.66.234 - - [26/Feb/2020:11:06:50 +0100] "GET /login.php?origin=checkout_address&language=nl HTTP/1.1" 200 40051 "-" "Mozilla/5.0 (compatible; DotBot/1.1; http://www.opensiteexplorer.org/dotbot, help@moz.com)"
46.229.168.149 - - [26/Feb/2020:11:06:56 +0100] "GET /product_reviews.php?action=notify&cPath=47_65&language=pl&products_id=383 HTTP/1.1" 302 546 "-" "Mozilla/5.0 (compatible; SemrushBot/6~bl; +http://www.semrush.com/bot.html)"
46.229.168.153 - - [26/Feb/2020:11:06:57 +0100] "GET /login.php HTTP/1.1" 200 7466 "-" "Mozilla/5.0 (compatible; SemrushBot/6~bl; +http://www.semrush.com/bot.html)"
46.229.168.138 - - [26/Feb/2020:11:06:59 +0100] "GET /product_reviews.php?action=notify&cPath=42_24&language=ru&products_id=258 HTTP/1.1" 302 546 "-" "Mozilla/5.0 (compatible; SemrushBot/6~bl; +http://www.semrush.com/bot.html)"
192.99.15.29 - - [26/Feb/2020:11:06:59 +0100] "GET /products_new.php?page=15&action=buy_now&products_id=42/ HTTP/1.1" 302 562 "-" "Mozilla/5.0 (compatible; MJ12bot/v1.4.8; http://mj12bot.com/)"
46.229.168.163 - - [26/Feb/2020:11:07:00 +0100] "GET /login.php HTTP/1.1" 200 7445 "-" "Mozilla/5.0 (compatible; SemrushBot/6~bl; +http://www.semrush.com/bot.html)"
192.99.5.48 - - [26/Feb/2020:11:07:01 +0100] "GET /product_info.php?products_id=308&language=tr/ HTTP/1.1" 200 7192 "-" "Mozilla/5.0 (compatible; MJ12bot/v1.4.8; http://mj12bot.com/)"
192.99.160.200 - - [26/Feb/2020:11:07:04 +0100] "GET /products_new.php?page=7&language=pl&action=buy_now&products_id=279/ HTTP/1.1" 302 570 "-" "Mozilla/5.0 (compatible; MJ12bot/v1.4.8; http://mj12bot.com/)"
192.99.5.48 - - [26/Feb/2020:11:07:08 +0100] "GET /product_reviews.php?products_id=266/ HTTP/1.1" 200 7350 "-" "Mozilla/5.0 (compatible; MJ12bot/v1.4.8; http://mj12bot.com/)"
192.99.15.29 - - [26/Feb/2020:11:07:08 +0100] "GET /shopping_cart.php?page=15&osCsid=fpr3s48ghcr0s6ne9devh8vjj6 HTTP/1.1" 200 8564 "-" "Mozilla/5.0 (compatible; MJ12bot/v1.4.8; http://mj12bot.com/)"
46.229.168.136 - - [26/Feb/2020:11:07:11 +0100] "GET /product_info.php?action=add_product&language=cs&products_id=282 HTTP/1.1" 302 566 "-" "Mozilla/5.0 (compatible; SemrushBot/6~bl; +http://www.semrush.com/bot.html)"
