83.114.83.83 - - [27/Feb/2020:11:25:17 +0100] "GET /lechef/orders.php?oID=12285 HTTP/1.1" 200 126920 "http://www.e-medicalonline.com/lechef/edit_orders.php?oID=12285" "Mozilla/5.0 (Windows NT 10.0; Win64; x64) AppleWebKit/537.36 (KHTML, like Gecko) Chrome/79.0.3945.130 Safari/537.36"
114.119.148.134 - - [27/Feb/2020:11:25:19 +0100] "GET /product_info.php?products_id=334&osCsid=ek0vkj8giba1q28pvm1718s0u3 HTTP/1.1" 200 8558 "-" "Mozilla/5.0(Linux;U;Android 5.1.1;zh-CN;OPPO A33 Build/LMY47V) AppleWebKit/537.36(KHTML,like Gecko) Version/4.0 Chrome/40.0.2214.89 Mobile Safari/537.36"
83.114.83.83 - - [27/Feb/2020:11:25:20 +0100] "GET /lechef/orders.php?page=1&oID=12284 HTTP/1.1" 200 127032 "http://www.e-medicalonline.com/lechef/orders.php?oID=12285" "Mozilla/5.0 (Windows NT 10.0; Win64; x64) AppleWebKit/537.36 (KHTML, like Gecko) Chrome/79.0.3945.130 Safari/537.36"
83.114.83.83 - - [27/Feb/2020:11:25:22 +0100] "GET /lechef/orders.php?page=1&oID=12284&action=edit HTTP/1.1" 200 30637 "http://www.e-medicalonline.com/lechef/orders.php?page=1&oID=12284" "Mozilla/5.0 (Windows NT 10.0; Win64; x64) AppleWebKit/537.36 (KHTML, like Gecko) Chrome/79.0.3945.130 Safari/537.36"
114.119.135.197 - - [27/Feb/2020:11:25:32 +0100] "GET /faq.php?osCsid=1cb6cu1ctl0o3j7jof3su173m1 HTTP/1.1" 200 7151 "-" "Mozilla/5.0(Linux;Android 5.1.1;OPPO A33 Build/LMY47V;wv) AppleWebKit/537.36(KHTML,link Gecko) Version/4.0 Chrome/42.0.2311.138 Mobile Safari/537.36"
83.114.83.83 - - [27/Feb/2020:11:25:37 +0100] "GET /lechef/orders.php?page=1&oID=12284 HTTP/1.1" 200 127032 "http://www.e-medicalonline.com/lechef/orders.php?page=1&oID=12284&action=edit" "Mozilla/5.0 (Windows NT 10.0; Win64; x64) AppleWebKit/537.36 (KHTML, like Gecko) Chrome/79.0.3945.130 Safari/537.36"
83.114.83.83 - - [27/Feb/2020:11:25:41 +0100] "GET /lechef/orders.php?page=1&oID=12283 HTTP/1.1" 200 127032 "http://www.e-medicalonline.com/lechef/orders.php?page=1&oID=12284" "Mozilla/5.0 (Windows NT 10.0; Win64; x64) AppleWebKit/537.36 (KHTML, like Gecko) Chrome/79.0.3945.130 Safari/537.36"
114.119.159.31 - - [27/Feb/2020:11:25:43 +0100] "GET /product_info.php?products_id=102&osCsid=tjnjvudvh57icojpfhv97e3jo5 HTTP/1.1" 200 9334 "-" "Mozilla/5.0 (iPad; CPU OS 7_0 like Mac OS X) AppleWebKit/537.51.1 (KHTML, like Gecko) Version/7.0 Mobile/11A465 Safari/9537.53"
83.114.83.83 - - [27/Feb/2020:11:25:43 +0100] "GET /lechef/orders.php?page=1&oID=12283&action=edit HTTP/1.1" 200 53768 "http://www.e-medicalonline.com/lechef/orders.php?page=1&oID=12283" "Mozilla/5.0 (Windows NT 10.0; Win64; x64) AppleWebKit/537.36 (KHTML, like Gecko) Chrome/79.0.3945.130 Safari/537.36"
83.114.83.83 - - [27/Feb/2020:11:25:50 +0100] "GET /lechef/orders.php?page=1&oID=12283 HTTP/1.1" 200 127032 "http://www.e-medicalonline.com/lechef/orders.php?page=1&oID=12283&action=edit" "Mozilla/5.0 (Windows NT 10.0; Win64; x64) AppleWebKit/537.36 (KHTML, like Gecko) Chrome/79.0.3945.130 Safari/537.36"
83.114.83.83 - - [27/Feb/2020:11:25:53 +0100] "GET /lechef/orders.php?page=1&oID=12285 HTTP/1.1" 200 126934 "http://www.e-medicalonline.com/lechef/orders.php?page=1&oID=12283" "Mozilla/5.0 (Windows NT 10.0; Win64; x64) AppleWebKit/537.36 (KHTML, like Gecko) Chrome/79.0.3945.130 Safari/537.36"
114.119.160.109 - - [27/Feb/2020:11:25:54 +0100] "GET /index.php?osCsid=55s6ie3rcpabus937prl48mp87 HTTP/1.1" 200 7316 "-" "Mozilla/5.0(Linux;U;Android 5.1.1;zh-CN;OPPO A33 Build/LMY47V) AppleWebKit/537.36(KHTML,like Gecko) Version/4.0 Chrome/40.0.2214.89 Mobile Safari/537.36"
83.114.83.83 - - [27/Feb/2020:11:25:55 +0100] "GET /lechef/orders.php?page=1&oID=12285&action=edit HTTP/1.1" 200 20946 "http://www.e-medicalonline.com/lechef/orders.php?page=1&oID=12285" "Mozilla/5.0 (Windows NT 10.0; Win64; x64) AppleWebKit/537.36 (KHTML, like Gecko) Chrome/79.0.3945.130 Safari/537.36"
91.242.162.18 - - [27/Feb/2020:11:25:55 +0100] "GET /login.php?language=fr&osCsid=5lec4ld4uujacl23cam91caiu5 HTTP/1.1" 200 7663 "-" "Mozilla/5.0 (compatible; Qwantify/2.4w; +https://www.qwant.com/)/2.4w"
83.114.83.83 - - [27/Feb/2020:11:25:59 +0100] "GET /lechef/edit_orders.php?oID=12285 HTTP/1.1" 200 144720 "http://www.e-medicalonline.com/lechef/orders.php?page=1&oID=12285&action=edit" "Mozilla/5.0 (Windows NT 10.0; Win64; x64) AppleWebKit/537.36 (KHTML, like Gecko) Chrome/79.0.3945.130 Safari/537.36"
83.114.83.83 - - [27/Feb/2020:11:26:04 +0100] "GET /lechef/edit_orders_add_product.php?oID=12285&step=1 HTTP/1.1" 200 6615 "http://www.e-medicalonline.com/lechef/edit_orders.php?oID=12285" "Mozilla/5.0 (Windows NT 10.0; Win64; x64) AppleWebKit/537.36 (KHTML, like Gecko) Chrome/79.0.3945.130 Safari/537.36"
114.119.135.189 - - [27/Feb/2020:11:26:08 +0100] "GET /advanced_search.php?osCsid=mtpa9itgblhgfhdbj1vk7tjfh0 HTTP/1.1" 200 8323 "-" "Mozilla/5.0(Linux;Android 5.1.1;OPPO A33 Build/LMY47V;wv) AppleWebKit/537.36(KHTML,link Gecko) Version/4.0 Chrome/42.0.2311.138 Mobile Safari/537.36"
83.114.83.83 - - [27/Feb/2020:11:26:12 +0100] "POST /lechef/edit_orders_add_product.php?oID=12285 HTTP/1.1" 200 8277 "http://www.e-medicalonline.com/lechef/edit_orders_add_product.php?oID=12285&step=1" "Mozilla/5.0 (Windows NT 10.0; Win64; x64) AppleWebKit/537.36 (KHTML, like Gecko) Chrome/79.0.3945.130 Safari/537.36"
83.114.83.83 - - [27/Feb/2020:11:26:12 +0100] "POST /lechef/edit_orders_add_product.php?oID=12285 HTTP/1.1" 200 8277 "http://www.e-medicalonline.com/lechef/edit_orders_add_product.php?oID=12285&step=1" "Mozilla/5.0 (Windows NT 10.0; Win64; x64) AppleWebKit/537.36 (KHTML, like Gecko) Chrome/79.0.3945.130 Safari/537.36"
83.114.83.83 - - [27/Feb/2020:11:26:14 +0100] "POST /lechef/edit_orders_add_product.php?oID=12285 HTTP/1.1" 200 9455 "http://www.e-medicalonline.com/lechef/edit_orders_add_product.php?oID=12285" "Mozilla/5.0 (Windows NT 10.0; Win64; x64) AppleWebKit/537.36 (KHTML, like Gecko) Chrome/79.0.3945.130 Safari/537.36"
83.114.83.83 - - [27/Feb/2020:11:26:15 +0100] "POST /lechef/edit_orders_add_product.php?oID=12285 HTTP/1.1" 200 10993 "http://www.e-medicalonline.com/lechef/edit_orders_add_product.php?oID=12285" "Mozilla/5.0 (Windows NT 10.0; Win64; x64) AppleWebKit/537.36 (KHTML, like Gecko) Chrome/79.0.3945.130 Safari/537.36"
114.119.135.168 - - [27/Feb/2020:11:26:20 +0100] "GET /index.php?osCsid=r7phqu2u45ootmjnoqmvamnvl7 HTTP/1.1" 200 7317 "-" "Mozilla/5.0 (iPad; CPU OS 7_0 like Mac OS X) AppleWebKit/537.51.1 (KHTML, like Gecko) Version/7.0 Mobile/11A465 Safari/9537.53"
83.114.83.83 - - [27/Feb/2020:11:26:20 +0100] "POST /lechef/edit_orders_add_product.php?oID=12285&action=add_product HTTP/1.1" 302 408 "http://www.e-medicalonline.com/lechef/edit_orders_add_product.php?oID=12285" "Mozilla/5.0 (Windows NT 10.0; Win64; x64) AppleWebKit/537.36 (KHTML, like Gecko) Chrome/79.0.3945.130 Safari/537.36"
83.114.83.83 - - [27/Feb/2020:11:26:20 +0100] "GET /lechef/edit_orders_add_product.php?oID=12285&step=1&submitForm=yes HTTP/1.1" 200 6802 "http://www.e-medicalonline.com/lechef/edit_orders_add_product.php?oID=12285" "Mozilla/5.0 (Windows NT 10.0; Win64; x64) AppleWebKit/537.36 (KHTML, like Gecko) Chrome/79.0.3945.130 Safari/537.36"
83.114.83.83 - - [27/Feb/2020:11:26:20 +0100] "POST /lechef/edit_orders.php?oID=12285&action=update_order HTTP/1.1" 302 395 "http://www.e-medicalonline.com/lechef/edit_orders.php?oID=12285" "Mozilla/5.0 (Windows NT 10.0; Win64; x64) AppleWebKit/537.36 (KHTML, like Gecko) Chrome/79.0.3945.130 Safari/537.36"
83.114.83.83 - - [27/Feb/2020:11:26:20 +0100] "GET /lechef/edit_orders.php?oID=12285&action=edit HTTP/1.1" 200 141699 "http://www.e-medicalonline.com/lechef/edit_orders.php?oID=12285" "Mozilla/5.0 (Windows NT 10.0; Win64; x64) AppleWebKit/537.36 (KHTML, like Gecko) Chrome/79.0.3945.130 Safari/537.36"
83.114.83.83 - - [27/Feb/2020:11:26:30 +0100] "GET /lechef/edit_orders_ajax.php?action=update_product_value_field&oID=12285&pid=78241&price=3.0400&final_price=3.0400 HTTP/1.1" 200 332 "http://www.e-medicalonline.com/lechef/edit_orders.php?oID=12285&action=edit" "Mozilla/5.0 (Windows NT 10.0; Win64; x64) AppleWebKit/537.36 (KHTML, like Gecko) Chrome/79.0.3945.130 Safari/537.36"
83.114.83.83 - - [27/Feb/2020:11:26:30 +0100] "POST /lechef/edit_orders_ajax.php HTTP/1.1" 200 13128 "http://www.e-medicalonline.com/lechef/edit_orders.php?oID=12285&action=edit" "Mozilla/5.0 (Windows NT 10.0; Win64; x64) AppleWebKit/537.36 (KHTML, like Gecko) Chrome/79.0.3945.130 Safari/537.36"
91.242.162.18 - - [27/Feb/2020:11:26:31 +0100] "GET /privacy.php?osCsid=lueodbl7n4brhrm26gcrmv11a2 HTTP/1.1" 200 12088 "-" "Mozilla/5.0 (compatible; Qwantify/2.4w; +https://www.qwant.com/)/2.4w"
83.114.83.83 - - [27/Feb/2020:11:26:32 +0100] "GET /lechef/edit_orders_add_product.php?oID=12285&step=1 HTTP/1.1" 200 6615 "http://www.e-medicalonline.com/lechef/edit_orders.php?oID=12285&action=edit" "Mozilla/5.0 (Windows NT 10.0; Win64; x64) AppleWebKit/537.36 (KHTML, like Gecko) Chrome/79.0.3945.130 Safari/537.36"
114.119.142.130 - - [27/Feb/2020:11:26:35 +0100] "GET /product_info.php?products_id=260&osCsid=rstomicgdnhfttbnj5j7palif6 HTTP/1.1" 200 9236 "-" "Mozilla/5.0(Linux;U;Android 5.1.1;zh-CN;OPPO A33 Build/LMY47V) AppleWebKit/537.36(KHTML,like Gecko) Version/4.0 Chrome/40.0.2214.89 Mobile Safari/537.36"
83.114.83.83 - - [27/Feb/2020:11:26:39 +0100] "POST /lechef/edit_orders_add_product.php?oID=12285 HTTP/1.1" 200 8274 "http://www.e-medicalonline.com/lechef/edit_orders_add_product.php?oID=12285&step=1" "Mozilla/5.0 (Windows NT 10.0; Win64; x64) AppleWebKit/537.36 (KHTML, like Gecko) Chrome/79.0.3945.130 Safari/537.36"
83.114.83.83 - - [27/Feb/2020:11:26:39 +0100] "POST /lechef/edit_orders_add_product.php?oID=12285 HTTP/1.1" 200 8274 "http://www.e-medicalonline.com/lechef/edit_orders_add_product.php?oID=12285&step=1" "Mozilla/5.0 (Windows NT 10.0; Win64; x64) AppleWebKit/537.36 (KHTML, like Gecko) Chrome/79.0.3945.130 Safari/537.36"
83.114.83.83 - - [27/Feb/2020:11:26:42 +0100] "POST /lechef/edit_orders_add_product.php?oID=12285 HTTP/1.1" 200 9454 "http://www.e-medicalonline.com/lechef/edit_orders_add_product.php?oID=12285" "Mozilla/5.0 (Windows NT 10.0; Win64; x64) AppleWebKit/537.36 (KHTML, like Gecko) Chrome/79.0.3945.130 Safari/537.36"
83.114.83.83 - - [27/Feb/2020:11:26:43 +0100] "POST /lechef/edit_orders_add_product.php?oID=12285 HTTP/1.1" 200 10994 "http://www.e-medicalonline.com/lechef/edit_orders_add_product.php?oID=12285" "Mozilla/5.0 (Windows NT 10.0; Win64; x64) AppleWebKit/537.36 (KHTML, like Gecko) Chrome/79.0.3945.130 Safari/537.36"
114.119.146.22 - - [27/Feb/2020:11:26:48 +0100] "GET /shopping_cart.php?osCsid=p6v6is5ee5dlfmu4gpa8mgteu1 HTTP/1.1" 200 8562 "-" "Mozilla/5.0(Linux;Android 5.1.1;OPPO A33 Build/LMY47V;wv) AppleWebKit/537.36(KHTML,link Gecko) Version/4.0 Chrome/42.0.2311.138 Mobile Safari/537.36"
83.114.83.83 - - [27/Feb/2020:11:26:48 +0100] "POST /lechef/edit_orders_add_product.php?oID=12285&action=add_product HTTP/1.1" 302 408 "http://www.e-medicalonline.com/lechef/edit_orders_add_product.php?oID=12285" "Mozilla/5.0 (Windows NT 10.0; Win64; x64) AppleWebKit/537.36 (KHTML, like Gecko) Chrome/79.0.3945.130 Safari/537.36"
83.114.83.83 - - [27/Feb/2020:11:26:48 +0100] "GET /lechef/edit_orders_add_product.php?oID=12285&step=1&submitForm=yes HTTP/1.1" 200 6802 "http://www.e-medicalonline.com/lechef/edit_orders_add_product.php?oID=12285" "Mozilla/5.0 (Windows NT 10.0; Win64; x64) AppleWebKit/537.36 (KHTML, like Gecko) Chrome/79.0.3945.130 Safari/537.36"
83.114.83.83 - - [27/Feb/2020:11:26:48 +0100] "POST /lechef/edit_orders.php?oID=12285&action=update_order HTTP/1.1" 302 395 "http://www.e-medicalonline.com/lechef/edit_orders.php?oID=12285&action=edit" "Mozilla/5.0 (Windows NT 10.0; Win64; x64) AppleWebKit/537.36 (KHTML, like Gecko) Chrome/79.0.3945.130 Safari/537.36"
83.114.83.83 - - [27/Feb/2020:11:26:48 +0100] "GET /lechef/edit_orders.php?oID=12285&action=edit HTTP/1.1" 200 145547 "http://www.e-medicalonline.com/lechef/edit_orders.php?oID=12285&action=edit" "Mozilla/5.0 (Windows NT 10.0; Win64; x64) AppleWebKit/537.36 (KHTML, like Gecko) Chrome/79.0.3945.130 Safari/537.36"
91.242.162.18 - - [27/Feb/2020:11:26:52 +0100] "GET /login.php?language=pl&osCsid=tkesihfd0onsv5e4sv6amlekp3 HTTP/1.1" 200 7675 "-" "Mozilla/5.0 (compatible; Qwantify/2.4w; +https://www.qwant.com/)/2.4w"
46.229.168.140 - - [27/Feb/2020:11:26:53 +0100] "GET /products_new.php?action=buy_now&page=13&products_id=112 HTTP/1.1" 302 569 "-" "Mozilla/5.0 (compatible; SemrushBot/6~bl; +http://www.semrush.com/bot.html)"
91.242.162.18 - - [27/Feb/2020:11:26:53 +0100] "GET /index.php?cPath=47&osCsid=jsfgcp5ouf0cbp904dg3h3snk3 HTTP/1.1" 200 7293 "-" "Mozilla/5.0 (compatible; Qwantify/2.4w; +https://www.qwant.com/)/2.4w"
46.229.168.147 - - [27/Feb/2020:11:26:54 +0100] "GET /product_info.php?products_id=112 HTTP/1.1" 200 9663 "-" "Mozilla/5.0 (compatible; SemrushBot/6~bl; +http://www.semrush.com/bot.html)"
83.114.83.83 - - [27/Feb/2020:11:26:55 +0100] "GET /lechef/edit_orders_ajax.php?action=update_product_value_field&oID=12285&pid=78242&price=1.5200&final_price=1.5200 HTTP/1.1" 200 332 "http://www.e-medicalonline.com/lechef/edit_orders.php?oID=12285&action=edit" "Mozilla/5.0 (Windows NT 10.0; Win64; x64) AppleWebKit/537.36 (KHTML, like Gecko) Chrome/79.0.3945.130 Safari/537.36"
83.114.83.83 - - [27/Feb/2020:11:26:55 +0100] "POST /lechef/edit_orders_ajax.php HTTP/1.1" 200 13128 "http://www.e-medicalonline.com/lechef/edit_orders.php?oID=12285&action=edit" "Mozilla/5.0 (Windows NT 10.0; Win64; x64) AppleWebKit/537.36 (KHTML, like Gecko) Chrome/79.0.3945.130 Safari/537.36"
46.229.168.142 - - [27/Feb/2020:11:26:57 +0100] "GET /product_reviews.php?action=buy_now&language=fr&products_id=266 HTTP/1.1" 302 569 "-" "Mozilla/5.0 (compatible; SemrushBot/6~bl; +http://www.semrush.com/bot.html)"
83.114.83.83 - - [27/Feb/2020:11:26:57 +0100] "GET /lechef/edit_orders_add_product.php?oID=12285&step=1 HTTP/1.1" 200 6615 "http://www.e-medicalonline.com/lechef/edit_orders.php?oID=12285&action=edit" "Mozilla/5.0 (Windows NT 10.0; Win64; x64) AppleWebKit/537.36 (KHTML, like Gecko) Chrome/79.0.3945.130 Safari/537.36"
46.229.168.154 - - [27/Feb/2020:11:26:58 +0100] "GET /product_info.php?products_id=266 HTTP/1.1" 200 9265 "-" "Mozilla/5.0 (compatible; SemrushBot/6~bl; +http://www.semrush.com/bot.html)"
114.119.145.243 - - [27/Feb/2020:11:27:02 +0100] "GET /shipping.php?osCsid=75029v9l8pcildfkq1d2m5rn42 HTTP/1.1" 200 7415 "-" "Mozilla/5.0(Linux;Android 5.1.1;OPPO A33 Build/LMY47V;wv) AppleWebKit/537.36(KHTML,link Gecko) Version/4.0 Chrome/43.0.2357.121 Mobile Safari/537.36"
83.114.83.83 - - [27/Feb/2020:11:27:05 +0100] "POST /lechef/edit_orders_add_product.php?oID=12285 HTTP/1.1" 200 8269 "http://www.e-medicalonline.com/lechef/edit_orders_add_product.php?oID=12285&step=1" "Mozilla/5.0 (Windows NT 10.0; Win64; x64) AppleWebKit/537.36 (KHTML, like Gecko) Chrome/79.0.3945.130 Safari/537.36"
83.114.83.83 - - [27/Feb/2020:11:27:05 +0100] "POST /lechef/edit_orders_add_product.php?oID=12285 HTTP/1.1" 200 8269 "http://www.e-medicalonline.com/lechef/edit_orders_add_product.php?oID=12285&step=1" "Mozilla/5.0 (Windows NT 10.0; Win64; x64) AppleWebKit/537.36 (KHTML, like Gecko) Chrome/79.0.3945.130 Safari/537.36"
83.114.83.83 - - [27/Feb/2020:11:27:07 +0100] "POST /lechef/edit_orders_add_product.php?oID=12285 HTTP/1.1" 200 9446 "http://www.e-medicalonline.com/lechef/edit_orders_add_product.php?oID=12285" "Mozilla/5.0 (Windows NT 10.0; Win64; x64) AppleWebKit/537.36 (KHTML, like Gecko) Chrome/79.0.3945.130 Safari/537.36"
83.114.83.83 - - [27/Feb/2020:11:27:09 +0100] "POST /lechef/edit_orders_add_product.php?oID=12285 HTTP/1.1" 200 10985 "http://www.e-medicalonline.com/lechef/edit_orders_add_product.php?oID=12285" "Mozilla/5.0 (Windows NT 10.0; Win64; x64) AppleWebKit/537.36 (KHTML, like Gecko) Chrome/79.0.3945.130 Safari/537.36"
114.119.154.50 - - [27/Feb/2020:11:27:16 +0100] "GET /product_info.php?products_id=383&osCsid=a7h6p39sqehs13891hb2j70644 HTTP/1.1" 200 9249 "-" "Mozilla/5.0 (iPad; CPU OS 7_0 like Mac OS X) AppleWebKit/537.51.1 (KHTML, like Gecko) Version/7.0 Mobile/11A465 Safari/9537.53"
83.114.83.83 - - [27/Feb/2020:11:27:16 +0100] "POST /lechef/edit_orders_add_product.php?oID=12285&action=add_product HTTP/1.1" 302 408 "http://www.e-medicalonline.com/lechef/edit_orders_add_product.php?oID=12285" "Mozilla/5.0 (Windows NT 10.0; Win64; x64) AppleWebKit/537.36 (KHTML, like Gecko) Chrome/79.0.3945.130 Safari/537.36"
83.114.83.83 - - [27/Feb/2020:11:27:16 +0100] "GET /lechef/edit_orders_add_product.php?oID=12285&step=1&submitForm=yes HTTP/1.1" 200 6802 "http://www.e-medicalonline.com/lechef/edit_orders_add_product.php?oID=12285" "Mozilla/5.0 (Windows NT 10.0; Win64; x64) AppleWebKit/537.36 (KHTML, like Gecko) Chrome/79.0.3945.130 Safari/537.36"
83.114.83.83 - - [27/Feb/2020:11:27:16 +0100] "POST /lechef/edit_orders.php?oID=12285&action=update_order HTTP/1.1" 302 395 "http://www.e-medicalonline.com/lechef/edit_orders.php?oID=12285&action=edit" "Mozilla/5.0 (Windows NT 10.0; Win64; x64) AppleWebKit/537.36 (KHTML, like Gecko) Chrome/79.0.3945.130 Safari/537.36"
83.114.83.83 - - [27/Feb/2020:11:27:16 +0100] "GET /lechef/edit_orders.php?oID=12285&action=edit HTTP/1.1" 200 149395 "http://www.e-medicalonline.com/lechef/edit_orders.php?oID=12285&action=edit" "Mozilla/5.0 (Windows NT 10.0; Win64; x64) AppleWebKit/537.36 (KHTML, like Gecko) Chrome/79.0.3945.130 Safari/537.36"
46.229.168.136 - - [27/Feb/2020:11:27:24 +0100] "GET /product_info.php?action=add_product&cPath=41_53&language=iw&products_id=215 HTTP/1.1" 302 566 "-" "Mozilla/5.0 (compatible; SemrushBot/6~bl; +http://www.semrush.com/bot.html)"
83.114.83.83 - - [27/Feb/2020:11:27:25 +0100] "GET /lechef/edit_orders_ajax.php?action=update_product_value_field&oID=12285&pid=78243&price=0.9600&final_price=0.9600 HTTP/1.1" 200 332 "http://www.e-medicalonline.com/lechef/edit_orders.php?oID=12285&action=edit" "Mozilla/5.0 (Windows NT 10.0; Win64; x64) AppleWebKit/537.36 (KHTML, like Gecko) Chrome/79.0.3945.130 Safari/537.36"
83.114.83.83 - - [27/Feb/2020:11:27:25 +0100] "POST /lechef/edit_orders_ajax.php HTTP/1.1" 200 13128 "http://www.e-medicalonline.com/lechef/edit_orders.php?oID=12285&action=edit" "Mozilla/5.0 (Windows NT 10.0; Win64; x64) AppleWebKit/537.36 (KHTML, like Gecko) Chrome/79.0.3945.130 Safari/537.36"
46.229.168.146 - - [27/Feb/2020:11:27:25 +0100] "GET /shopping_cart.php?language=iw HTTP/1.1" 200 8847 "-" "Mozilla/5.0 (compatible; SemrushBot/6~bl; +http://www.semrush.com/bot.html)"
83.114.83.83 - - [27/Feb/2020:11:27:27 +0100] "GET /lechef/edit_orders_add_product.php?oID=12285&step=1 HTTP/1.1" 200 6615 "http://www.e-medicalonline.com/lechef/edit_orders.php?oID=12285&action=edit" "Mozilla/5.0 (Windows NT 10.0; Win64; x64) AppleWebKit/537.36 (KHTML, like Gecko) Chrome/79.0.3945.130 Safari/537.36"
114.119.138.148 - - [27/Feb/2020:11:27:27 +0100] "GET /product_info.php?products_id=382&osCsid=pr66v46cb4rn36rnrjak4svif4 HTTP/1.1" 200 9258 "-" "Mozilla/5.0 (iPad; CPU OS 7_0 like Mac OS X) AppleWebKit/537.51.1 (KHTML, like Gecko) Version/7.0 Mobile/11A465 Safari/9537.53"
46.229.168.142 - - [27/Feb/2020:11:27:30 +0100] "GET /product_info.php?action=notify&cPath=42_40&language=pl&products_id=156 HTTP/1.1" 302 546 "-" "Mozilla/5.0 (compatible; SemrushBot/6~bl; +http://www.semrush.com/bot.html)"
46.229.168.132 - - [27/Feb/2020:11:27:31 +0100] "GET /login.php HTTP/1.1" 200 7461 "-" "Mozilla/5.0 (compatible; SemrushBot/6~bl; +http://www.semrush.com/bot.html)"
83.114.83.83 - - [27/Feb/2020:11:27:37 +0100] "POST /lechef/edit_orders_add_product.php?oID=12285 HTTP/1.1" 200 8269 "http://www.e-medicalonline.com/lechef/edit_orders_add_product.php?oID=12285&step=1" "Mozilla/5.0 (Windows NT 10.0; Win64; x64) AppleWebKit/537.36 (KHTML, like Gecko) Chrome/79.0.3945.130 Safari/537.36"
83.114.83.83 - - [27/Feb/2020:11:27:37 +0100] "POST /lechef/edit_orders_add_product.php?oID=12285 HTTP/1.1" 200 8269 "http://www.e-medicalonline.com/lechef/edit_orders_add_product.php?oID=12285&step=1" "Mozilla/5.0 (Windows NT 10.0; Win64; x64) AppleWebKit/537.36 (KHTML, like Gecko) Chrome/79.0.3945.130 Safari/537.36"
83.114.83.83 - - [27/Feb/2020:11:27:39 +0100] "POST /lechef/edit_orders_add_product.php?oID=12285 HTTP/1.1" 200 9446 "http://www.e-medicalonline.com/lechef/edit_orders_add_product.php?oID=12285" "Mozilla/5.0 (Windows NT 10.0; Win64; x64) AppleWebKit/537.36 (KHTML, like Gecko) Chrome/79.0.3945.130 Safari/537.36"
83.114.83.83 - - [27/Feb/2020:11:27:41 +0100] "POST /lechef/edit_orders_add_product.php?oID=12285 HTTP/1.1" 200 10985 "http://www.e-medicalonline.com/lechef/edit_orders_add_product.php?oID=12285" "Mozilla/5.0 (Windows NT 10.0; Win64; x64) AppleWebKit/537.36 (KHTML, like Gecko) Chrome/79.0.3945.130 Safari/537.36"
114.119.141.34 - - [27/Feb/2020:11:27:42 +0100] "GET /product_info.php?products_id=134&osCsid=gu6d88h5srej557hq9ev6h6nr5 HTTP/1.1" 200 9106 "-" "Mozilla/5.0(Linux;Android 5.1.1;OPPO A33 Build/LMY47V;wv) AppleWebKit/537.36(KHTML,link Gecko) Version/4.0 Chrome/42.0.2311.138 Mobile Safari/537.36"
114.119.157.198 - - [27/Feb/2020:11:27:54 +0100] "GET /product_info.php?products_id=102&osCsid=60buo0tct3uo9g5dui3bt1me93 HTTP/1.1" 200 9315 "-" "Mozilla/5.0(Linux;Android 5.1.1;OPPO A33 Build/LMY47V;wv) AppleWebKit/537.36(KHTML,link Gecko) Version/4.0 Chrome/42.0.2311.138 Mobile Safari/537.36"
91.242.162.18 - - [27/Feb/2020:11:27:57 +0100] "GET /product_info.php?osCsid=rc7vl0726m6556pclntj81eq65&products_id=101 HTTP/1.1" 200 9220 "-" "Mozilla/5.0 (compatible; Qwantify/2.4w; +https://www.qwant.com/)/2.4w"
91.242.162.18 - - [27/Feb/2020:11:27:58 +0100] "GET /product_info.php?osCsid=jsfgcp5ouf0cbp904dg3h3snk3&products_id=385 HTTP/1.1" 200 9107 "-" "Mozilla/5.0 (compatible; Qwantify/2.4w; +https://www.qwant.com/)/2.4w"
46.229.168.143 - - [27/Feb/2020:11:28:07 +0100] "GET /product_reviews.php?cPath=42_51&language=ar&products_id=122 HTTP/1.1" 200 7730 "-" "Mozilla/5.0 (compatible; SemrushBot/6~bl; +http://www.semrush.com/bot.html)"
114.119.132.152 - - [27/Feb/2020:11:28:07 +0100] "GET /account.php?osCsid=0ftniin7o2uo9pd5sl6ren5jt7 HTTP/1.1" 302 546 "-" "Mozilla/5.0(Linux;Android 5.1.1;OPPO A33 Build/LMY47V;wv) AppleWebKit/537.36(KHTML,link Gecko) Version/4.0 Chrome/42.0.2311.138 Mobile Safari/537.36"
114.119.132.152 - - [27/Feb/2020:11:28:07 +0100] "GET /login.php?osCsid=un5stnr2ru22kkb3vrhr60onn2 HTTP/1.1" 200 7357 "-" "Mozilla/5.0(Linux;Android 5.1.1;OPPO A33 Build/LMY47V;wv) AppleWebKit/537.36(KHTML,link Gecko) Version/4.0 Chrome/42.0.2311.138 Mobile Safari/537.36"
83.114.83.83 - - [27/Feb/2020:11:28:12 +0100] "GET /lechef/edit_orders_ajax.php?action=update_comment&cID=37678&comment=Commande%20N%20100989%20En%20date%20du%2026%2F02%2F2020%0ARAL%20%3A%20cause%20rupture%20de%20stock%0A72%20NYL3CN&oID=12285 HTTP/1.1" 200 338 "http://www.e-medicalonline.com/lechef/edit_orders.php?oID=12285&action=edit" "Mozilla/5.0 (Windows NT 10.0; Win64; x64) AppleWebKit/537.36 (KHTML, like Gecko) Chrome/79.0.3945.130 Safari/537.36"
83.114.83.83 - - [27/Feb/2020:11:28:12 +0100] "GET /lechef/edit_orders_add_product.php?oID=12285&step=1 HTTP/1.1" 200 6615 "http://www.e-medicalonline.com/lechef/edit_orders.php?oID=12285&action=edit" "Mozilla/5.0 (Windows NT 10.0; Win64; x64) AppleWebKit/537.36 (KHTML, like Gecko) Chrome/79.0.3945.130 Safari/537.36"
114.119.138.219 - - [27/Feb/2020:11:28:21 +0100] "GET /index.php?osCsid=oh3eus8u3aur749t2gmg9spjl4 HTTP/1.1" 200 7323 "-" "Mozilla/5.0(Linux;Android 5.1.1;OPPO A33 Build/LMY47V;wv) AppleWebKit/537.36(KHTML,link Gecko) Version/4.0 Chrome/43.0.2357.121 Mobile Safari/537.36"
46.229.168.148 - - [27/Feb/2020:11:28:23 +0100] "GET /product_info.php?action=notify&language=ar&products_id=354 HTTP/1.1" 302 546 "-" "Mozilla/5.0 (compatible; SemrushBot/6~bl; +http://www.semrush.com/bot.html)"
83.114.83.83 - - [27/Feb/2020:11:28:23 +0100] "POST /lechef/edit_orders_add_product.php?oID=12285 HTTP/1.1" 200 8267 "http://www.e-medicalonline.com/lechef/edit_orders_add_product.php?oID=12285&step=1" "Mozilla/5.0 (Windows NT 10.0; Win64; x64) AppleWebKit/537.36 (KHTML, like Gecko) Chrome/79.0.3945.130 Safari/537.36"
83.114.83.83 - - [27/Feb/2020:11:28:23 +0100] "POST /lechef/edit_orders_add_product.php?oID=12285 HTTP/1.1" 200 8267 "http://www.e-medicalonline.com/lechef/edit_orders_add_product.php?oID=12285&step=1" "Mozilla/5.0 (Windows NT 10.0; Win64; x64) AppleWebKit/537.36 (KHTML, like Gecko) Chrome/79.0.3945.130 Safari/537.36"
46.229.168.136 - - [27/Feb/2020:11:28:24 +0100] "GET /login.php HTTP/1.1" 200 7469 "-" "Mozilla/5.0 (compatible; SemrushBot/6~bl; +http://www.semrush.com/bot.html)"
83.114.83.83 - - [27/Feb/2020:11:28:25 +0100] "POST /lechef/edit_orders_add_product.php?oID=12285 HTTP/1.1" 200 9444 "http://www.e-medicalonline.com/lechef/edit_orders_add_product.php?oID=12285" "Mozilla/5.0 (Windows NT 10.0; Win64; x64) AppleWebKit/537.36 (KHTML, like Gecko) Chrome/79.0.3945.130 Safari/537.36"
83.114.83.83 - - [27/Feb/2020:11:28:27 +0100] "POST /lechef/edit_orders_add_product.php?oID=12285 HTTP/1.1" 200 10983 "http://www.e-medicalonline.com/lechef/edit_orders_add_product.php?oID=12285" "Mozilla/5.0 (Windows NT 10.0; Win64; x64) AppleWebKit/537.36 (KHTML, like Gecko) Chrome/79.0.3945.130 Safari/537.36"
83.114.83.83 - - [27/Feb/2020:11:28:31 +0100] "POST /lechef/edit_orders_add_product.php?oID=12285&action=add_product HTTP/1.1" 302 408 "http://www.e-medicalonline.com/lechef/edit_orders_add_product.php?oID=12285" "Mozilla/5.0 (Windows NT 10.0; Win64; x64) AppleWebKit/537.36 (KHTML, like Gecko) Chrome/79.0.3945.130 Safari/537.36"
83.114.83.83 - - [27/Feb/2020:11:28:31 +0100] "GET /lechef/edit_orders_add_product.php?oID=12285&step=1&submitForm=yes HTTP/1.1" 200 6802 "http://www.e-medicalonline.com/lechef/edit_orders_add_product.php?oID=12285" "Mozilla/5.0 (Windows NT 10.0; Win64; x64) AppleWebKit/537.36 (KHTML, like Gecko) Chrome/79.0.3945.130 Safari/537.36"
83.114.83.83 - - [27/Feb/2020:11:28:32 +0100] "POST /lechef/edit_orders.php?oID=12285&action=update_order HTTP/1.1" 302 395 "http://www.e-medicalonline.com/lechef/edit_orders.php?oID=12285&action=edit" "Mozilla/5.0 (Windows NT 10.0; Win64; x64) AppleWebKit/537.36 (KHTML, like Gecko) Chrome/79.0.3945.130 Safari/537.36"
83.114.83.83 - - [27/Feb/2020:11:28:32 +0100] "GET /lechef/edit_orders.php?oID=12285&action=edit HTTP/1.1" 200 153284 "http://www.e-medicalonline.com/lechef/edit_orders.php?oID=12285&action=edit" "Mozilla/5.0 (Windows NT 10.0; Win64; x64) AppleWebKit/537.36 (KHTML, like Gecko) Chrome/79.0.3945.130 Safari/537.36"
114.119.142.16 - - [27/Feb/2020:11:28:33 +0100] "GET /index.php?cPath=47&osCsid=em058toq9983vrfc62nbc4pg35%20 HTTP/1.1" 302 288 "-" "Mozilla/5.0(Linux;U;Android 5.1.1;zh-CN;OPPO A33 Build/LMY47V) AppleWebKit/537.36(KHTML,like Gecko) Version/4.0 Chrome/40.0.2214.89 Mobile Safari/537.36"
114.119.142.16 - - [27/Feb/2020:11:28:33 +0100] "GET /index.php HTTP/1.1" 200 7325 "-" "Mozilla/5.0(Linux;U;Android 5.1.1;zh-CN;OPPO A33 Build/LMY47V) AppleWebKit/537.36(KHTML,like Gecko) Version/4.0 Chrome/40.0.2214.89 Mobile Safari/537.36"
46.229.168.162 - - [27/Feb/2020:11:28:35 +0100] "GET /product_info.php?action=add_product&language=lv&products_id=358 HTTP/1.1" 302 566 "-" "Mozilla/5.0 (compatible; SemrushBot/6~bl; +http://www.semrush.com/bot.html)"
46.229.168.136 - - [27/Feb/2020:11:28:37 +0100] "GET /shopping_cart.php?language=lv HTTP/1.1" 200 8569 "-" "Mozilla/5.0 (compatible; SemrushBot/6~bl; +http://www.semrush.com/bot.html)"
83.114.83.83 - - [27/Feb/2020:11:28:39 +0100] "GET /lechef/edit_orders_ajax.php?action=update_product_value_field&oID=12285&pid=78244&price=0.9600&final_price=0.9600 HTTP/1.1" 200 332 "http://www.e-medicalonline.com/lechef/edit_orders.php?oID=12285&action=edit" "Mozilla/5.0 (Windows NT 10.0; Win64; x64) AppleWebKit/537.36 (KHTML, like Gecko) Chrome/79.0.3945.130 Safari/537.36"
83.114.83.83 - - [27/Feb/2020:11:28:39 +0100] "POST /lechef/edit_orders_ajax.php HTTP/1.1" 200 13128 "http://www.e-medicalonline.com/lechef/edit_orders.php?oID=12285&action=edit" "Mozilla/5.0 (Windows NT 10.0; Win64; x64) AppleWebKit/537.36 (KHTML, like Gecko) Chrome/79.0.3945.130 Safari/537.36"
114.119.162.86 - - [27/Feb/2020:11:28:47 +0100] "GET /product_info.php?products_id=102&osCsid=ce97aglmj4f8208ntv2nql0uk3 HTTP/1.1" 200 9368 "-" "Mozilla/5.0(Linux;U;Android 5.1.1;zh-CN;OPPO A33 Build/LMY47V) AppleWebKit/537.36(KHTML,like Gecko) Version/4.0 Chrome/40.0.2214.89 Mobile Safari/537.36"
83.114.83.83 - - [27/Feb/2020:11:28:51 +0100] "GET /lechef/edit_orders_add_product.php?oID=12285&step=1 HTTP/1.1" 200 6615 "http://www.e-medicalonline.com/lechef/edit_orders.php?oID=12285&action=edit" "Mozilla/5.0 (Windows NT 10.0; Win64; x64) AppleWebKit/537.36 (KHTML, like Gecko) Chrome/79.0.3945.130 Safari/537.36"
83.114.83.83 - - [27/Feb/2020:11:28:59 +0100] "POST /lechef/edit_orders_add_product.php?oID=12285 HTTP/1.1" 200 8260 "http://www.e-medicalonline.com/lechef/edit_orders_add_product.php?oID=12285&step=1" "Mozilla/5.0 (Windows NT 10.0; Win64; x64) AppleWebKit/537.36 (KHTML, like Gecko) Chrome/79.0.3945.130 Safari/537.36"
83.114.83.83 - - [27/Feb/2020:11:28:59 +0100] "POST /lechef/edit_orders_add_product.php?oID=12285 HTTP/1.1" 200 8260 "http://www.e-medicalonline.com/lechef/edit_orders_add_product.php?oID=12285&step=1" "Mozilla/5.0 (Windows NT 10.0; Win64; x64) AppleWebKit/537.36 (KHTML, like Gecko) Chrome/79.0.3945.130 Safari/537.36"
114.119.165.145 - - [27/Feb/2020:11:29:00 +0100] "GET /product_info.php?products_id=372&osCsid=gl24l1cbr7mjkoq37s6gg37630 HTTP/1.1" 200 8776 "-" "Mozilla/5.0(Linux;Android 5.1.1;OPPO A33 Build/LMY47V;wv) AppleWebKit/537.36(KHTML,link Gecko) Version/4.0 Chrome/42.0.2311.138 Mobile Safari/537.36"
216.244.66.234 - - [27/Feb/2020:11:29:00 +0100] "GET /products_new.php?language=ru&page=10 HTTP/1.1" 200 57495 "-" "Mozilla/5.0 (compatible; DotBot/1.1; http://www.opensiteexplorer.org/dotbot, help@moz.com)"
83.114.83.83 - - [27/Feb/2020:11:29:01 +0100] "POST /lechef/edit_orders_add_product.php?oID=12285 HTTP/1.1" 200 9437 "http://www.e-medicalonline.com/lechef/edit_orders_add_product.php?oID=12285" "Mozilla/5.0 (Windows NT 10.0; Win64; x64) AppleWebKit/537.36 (KHTML, like Gecko) Chrome/79.0.3945.130 Safari/537.36"
83.114.83.83 - - [27/Feb/2020:11:29:03 +0100] "POST /lechef/edit_orders_add_product.php?oID=12285 HTTP/1.1" 200 10976 "http://www.e-medicalonline.com/lechef/edit_orders_add_product.php?oID=12285" "Mozilla/5.0 (Windows NT 10.0; Win64; x64) AppleWebKit/537.36 (KHTML, like Gecko) Chrome/79.0.3945.130 Safari/537.36"
83.114.83.83 - - [27/Feb/2020:11:29:07 +0100] "POST /lechef/edit_orders_add_product.php?oID=12285&action=add_product HTTP/1.1" 302 408 "http://www.e-medicalonline.com/lechef/edit_orders_add_product.php?oID=12285" "Mozilla/5.0 (Windows NT 10.0; Win64; x64) AppleWebKit/537.36 (KHTML, like Gecko) Chrome/79.0.3945.130 Safari/537.36"
83.114.83.83 - - [27/Feb/2020:11:29:07 +0100] "GET /lechef/edit_orders_add_product.php?oID=12285&step=1&submitForm=yes HTTP/1.1" 200 6802 "http://www.e-medicalonline.com/lechef/edit_orders_add_product.php?oID=12285" "Mozilla/5.0 (Windows NT 10.0; Win64; x64) AppleWebKit/537.36 (KHTML, like Gecko) Chrome/79.0.3945.130 Safari/537.36"
83.114.83.83 - - [27/Feb/2020:11:29:08 +0100] "POST /lechef/edit_orders.php?oID=12285&action=update_order HTTP/1.1" 302 395 "http://www.e-medicalonline.com/lechef/edit_orders.php?oID=12285&action=edit" "Mozilla/5.0 (Windows NT 10.0; Win64; x64) AppleWebKit/537.36 (KHTML, like Gecko) Chrome/79.0.3945.130 Safari/537.36"
83.114.83.83 - - [27/Feb/2020:11:29:08 +0100] "GET /lechef/edit_orders.php?oID=12285&action=edit HTTP/1.1" 200 157122 "http://www.e-medicalonline.com/lechef/edit_orders.php?oID=12285&action=edit" "Mozilla/5.0 (Windows NT 10.0; Win64; x64) AppleWebKit/537.36 (KHTML, like Gecko) Chrome/79.0.3945.130 Safari/537.36"
114.119.129.125 - - [27/Feb/2020:11:29:13 +0100] "GET /product_info.php?products_id=134&osCsid=f0q67135k7o2kg888u8r19j2e7 HTTP/1.1" 200 9059 "-" "Mozilla/5.0(Linux;Android 5.1.1;OPPO A33 Build/LMY47V;wv) AppleWebKit/537.36(KHTML,link Gecko) Version/4.0 Chrome/43.0.2357.121 Mobile Safari/537.36"
46.229.168.131 - - [27/Feb/2020:11:29:13 +0100] "GET /product_reviews.php?action=notify&products_id=363 HTTP/1.1" 302 546 "-" "Mozilla/5.0 (compatible; SemrushBot/6~bl; +http://www.semrush.com/bot.html)"
46.229.168.161 - - [27/Feb/2020:11:29:15 +0100] "GET /login.php HTTP/1.1" 200 7468 "-" "Mozilla/5.0 (compatible; SemrushBot/6~bl; +http://www.semrush.com/bot.html)"
83.114.83.83 - - [27/Feb/2020:11:29:16 +0100] "GET /lechef/edit_orders_ajax.php?action=update_product_value_field&oID=12285&pid=78245&price=0.9600&final_price=0.9600 HTTP/1.1" 200 332 "http://www.e-medicalonline.com/lechef/edit_orders.php?oID=12285&action=edit" "Mozilla/5.0 (Windows NT 10.0; Win64; x64) AppleWebKit/537.36 (KHTML, like Gecko) Chrome/79.0.3945.130 Safari/537.36"
83.114.83.83 - - [27/Feb/2020:11:29:16 +0100] "POST /lechef/edit_orders_ajax.php HTTP/1.1" 200 13128 "http://www.e-medicalonline.com/lechef/edit_orders.php?oID=12285&action=edit" "Mozilla/5.0 (Windows NT 10.0; Win64; x64) AppleWebKit/537.36 (KHTML, like Gecko) Chrome/79.0.3945.130 Safari/537.36"
83.114.83.83 - - [27/Feb/2020:11:29:18 +0100] "GET /lechef/edit_orders_add_product.php?oID=12285&step=1 HTTP/1.1" 200 6615 "http://www.e-medicalonline.com/lechef/edit_orders.php?oID=12285&action=edit" "Mozilla/5.0 (Windows NT 10.0; Win64; x64) AppleWebKit/537.36 (KHTML, like Gecko) Chrome/79.0.3945.130 Safari/537.36"
114.119.165.62 - - [27/Feb/2020:11:29:25 +0100] "GET /index.php?osCsid=4spln0tglhr0did04ocamlc6c0 HTTP/1.1" 200 7322 "-" "Mozilla/5.0 (iPad; CPU OS 7_0 like Mac OS X) AppleWebKit/537.51.1 (KHTML, like Gecko) Version/7.0 Mobile/11A465 Safari/9537.53"
83.114.83.83 - - [27/Feb/2020:11:29:26 +0100] "POST /lechef/edit_orders_add_product.php?oID=12285 HTTP/1.1" 200 8269 "http://www.e-medicalonline.com/lechef/edit_orders_add_product.php?oID=12285&step=1" "Mozilla/5.0 (Windows NT 10.0; Win64; x64) AppleWebKit/537.36 (KHTML, like Gecko) Chrome/79.0.3945.130 Safari/537.36"
83.114.83.83 - - [27/Feb/2020:11:29:26 +0100] "POST /lechef/edit_orders_add_product.php?oID=12285 HTTP/1.1" 200 8269 "http://www.e-medicalonline.com/lechef/edit_orders_add_product.php?oID=12285&step=1" "Mozilla/5.0 (Windows NT 10.0; Win64; x64) AppleWebKit/537.36 (KHTML, like Gecko) Chrome/79.0.3945.130 Safari/537.36"
83.114.83.83 - - [27/Feb/2020:11:29:29 +0100] "POST /lechef/edit_orders_add_product.php?oID=12285 HTTP/1.1" 200 9446 "http://www.e-medicalonline.com/lechef/edit_orders_add_product.php?oID=12285" "Mozilla/5.0 (Windows NT 10.0; Win64; x64) AppleWebKit/537.36 (KHTML, like Gecko) Chrome/79.0.3945.130 Safari/537.36"
83.114.83.83 - - [27/Feb/2020:11:29:30 +0100] "POST /lechef/edit_orders_add_product.php?oID=12285 HTTP/1.1" 200 10985 "http://www.e-medicalonline.com/lechef/edit_orders_add_product.php?oID=12285" "Mozilla/5.0 (Windows NT 10.0; Win64; x64) AppleWebKit/537.36 (KHTML, like Gecko) Chrome/79.0.3945.130 Safari/537.36"
83.114.83.83 - - [27/Feb/2020:11:29:34 +0100] "POST /lechef/edit_orders_add_product.php?oID=12285&action=add_product HTTP/1.1" 302 408 "http://www.e-medicalonline.com/lechef/edit_orders_add_product.php?oID=12285" "Mozilla/5.0 (Windows NT 10.0; Win64; x64) AppleWebKit/537.36 (KHTML, like Gecko) Chrome/79.0.3945.130 Safari/537.36"
83.114.83.83 - - [27/Feb/2020:11:29:34 +0100] "GET /lechef/edit_orders_add_product.php?oID=12285&step=1&submitForm=yes HTTP/1.1" 200 6802 "http://www.e-medicalonline.com/lechef/edit_orders_add_product.php?oID=12285" "Mozilla/5.0 (Windows NT 10.0; Win64; x64) AppleWebKit/537.36 (KHTML, like Gecko) Chrome/79.0.3945.130 Safari/537.36"
83.114.83.83 - - [27/Feb/2020:11:29:34 +0100] "POST /lechef/edit_orders.php?oID=12285&action=update_order HTTP/1.1" 302 395 "http://www.e-medicalonline.com/lechef/edit_orders.php?oID=12285&action=edit" "Mozilla/5.0 (Windows NT 10.0; Win64; x64) AppleWebKit/537.36 (KHTML, like Gecko) Chrome/79.0.3945.130 Safari/537.36"
83.114.83.83 - - [27/Feb/2020:11:29:35 +0100] "GET /lechef/edit_orders.php?oID=12285&action=edit HTTP/1.1" 200 160975 "http://www.e-medicalonline.com/lechef/edit_orders.php?oID=12285&action=edit" "Mozilla/5.0 (Windows NT 10.0; Win64; x64) AppleWebKit/537.36 (KHTML, like Gecko) Chrome/79.0.3945.130 Safari/537.36"
91.242.162.18 - - [27/Feb/2020:11:29:36 +0100] "GET /login.php?language=iw&osCsid=0p8l9au83h84hq0ip0e9p02eb3 HTTP/1.1" 200 7800 "-" "Mozilla/5.0 (compatible; Qwantify/2.4w; +https://www.qwant.com/)/2.4w"
114.119.162.226 - - [27/Feb/2020:11:29:36 +0100] "GET /advanced_search.php?osCsid=qjljva758k4jonld8vl8vpt807 HTTP/1.1" 200 8275 "-" "Mozilla/5.0(Linux;Android 5.1.1;OPPO A33 Build/LMY47V;wv) AppleWebKit/537.36(KHTML,link Gecko) Version/4.0 Chrome/43.0.2357.121 Mobile Safari/537.36"
83.114.83.83 - - [27/Feb/2020:11:29:42 +0100] "GET /lechef/edit_orders_ajax.php?action=update_product_value_field&oID=12285&pid=78246&price=0.9600&final_price=0.9600 HTTP/1.1" 200 332 "http://www.e-medicalonline.com/lechef/edit_orders.php?oID=12285&action=edit" "Mozilla/5.0 (Windows NT 10.0; Win64; x64) AppleWebKit/537.36 (KHTML, like Gecko) Chrome/79.0.3945.130 Safari/537.36"
83.114.83.83 - - [27/Feb/2020:11:29:42 +0100] "POST /lechef/edit_orders_ajax.php HTTP/1.1" 200 13128 "http://www.e-medicalonline.com/lechef/edit_orders.php?oID=12285&action=edit" "Mozilla/5.0 (Windows NT 10.0; Win64; x64) AppleWebKit/537.36 (KHTML, like Gecko) Chrome/79.0.3945.130 Safari/537.36"
83.114.83.83 - - [27/Feb/2020:11:29:45 +0100] "GET /lechef/edit_orders_add_product.php?oID=12285&step=1 HTTP/1.1" 200 6615 "http://www.e-medicalonline.com/lechef/edit_orders.php?oID=12285&action=edit" "Mozilla/5.0 (Windows NT 10.0; Win64; x64) AppleWebKit/537.36 (KHTML, like Gecko) Chrome/79.0.3945.130 Safari/537.36"
114.119.142.17 - - [27/Feb/2020:11:29:50 +0100] "GET /faq.php?osCsid=cn1vp0ojp60dr8g55v1bk8ojj3 HTTP/1.1" 200 7140 "-" "Mozilla/5.0 (iPad; CPU OS 7_0 like Mac OS X) AppleWebKit/537.51.1 (KHTML, like Gecko) Version/7.0 Mobile/11A465 Safari/9537.53"
83.114.83.83 - - [27/Feb/2020:11:29:59 +0100] "POST /lechef/edit_orders_add_product.php?oID=12285 HTTP/1.1" 200 8219 "http://www.e-medicalonline.com/lechef/edit_orders_add_product.php?oID=12285&step=1" "Mozilla/5.0 (Windows NT 10.0; Win64; x64) AppleWebKit/537.36 (KHTML, like Gecko) Chrome/79.0.3945.130 Safari/537.36"
83.114.83.83 - - [27/Feb/2020:11:29:59 +0100] "POST /lechef/edit_orders_add_product.php?oID=12285 HTTP/1.1" 200 8219 "http://www.e-medicalonline.com/lechef/edit_orders_add_product.php?oID=12285&step=1" "Mozilla/5.0 (Windows NT 10.0; Win64; x64) AppleWebKit/537.36 (KHTML, like Gecko) Chrome/79.0.3945.130 Safari/537.36"
114.119.142.188 - - [27/Feb/2020:11:30:03 +0100] "GET /shipping.php?osCsid=amkujmjvbj4500g7e9kd2ouj56 HTTP/1.1" 200 7388 "-" "Mozilla/5.0 (iPad; CPU OS 7_0 like Mac OS X) AppleWebKit/537.51.1 (KHTML, like Gecko) Version/7.0 Mobile/11A465 Safari/9537.53"
83.114.83.83 - - [27/Feb/2020:11:30:03 +0100] "POST /lechef/edit_orders_add_product.php?oID=12285 HTTP/1.1" 200 9425 "http://www.e-medicalonline.com/lechef/edit_orders_add_product.php?oID=12285" "Mozilla/5.0 (Windows NT 10.0; Win64; x64) AppleWebKit/537.36 (KHTML, like Gecko) Chrome/79.0.3945.130 Safari/537.36"
83.114.83.83 - - [27/Feb/2020:11:30:05 +0100] "POST /lechef/edit_orders_add_product.php?oID=12285 HTTP/1.1" 200 10973 "http://www.e-medicalonline.com/lechef/edit_orders_add_product.php?oID=12285" "Mozilla/5.0 (Windows NT 10.0; Win64; x64) AppleWebKit/537.36 (KHTML, like Gecko) Chrome/79.0.3945.130 Safari/537.36"
83.114.83.83 - - [27/Feb/2020:11:30:12 +0100] "POST /lechef/edit_orders_add_product.php?oID=12285&action=add_product HTTP/1.1" 302 408 "http://www.e-medicalonline.com/lechef/edit_orders_add_product.php?oID=12285" "Mozilla/5.0 (Windows NT 10.0; Win64; x64) AppleWebKit/537.36 (KHTML, like Gecko) Chrome/79.0.3945.130 Safari/537.36"
83.114.83.83 - - [27/Feb/2020:11:30:12 +0100] "GET /lechef/edit_orders_add_product.php?oID=12285&step=1&submitForm=yes HTTP/1.1" 200 6802 "http://www.e-medicalonline.com/lechef/edit_orders_add_product.php?oID=12285" "Mozilla/5.0 (Windows NT 10.0; Win64; x64) AppleWebKit/537.36 (KHTML, like Gecko) Chrome/79.0.3945.130 Safari/537.36"
83.114.83.83 - - [27/Feb/2020:11:30:12 +0100] "POST /lechef/edit_orders.php?oID=12285&action=update_order HTTP/1.1" 302 395 "http://www.e-medicalonline.com/lechef/edit_orders.php?oID=12285&action=edit" "Mozilla/5.0 (Windows NT 10.0; Win64; x64) AppleWebKit/537.36 (KHTML, like Gecko) Chrome/79.0.3945.130 Safari/537.36"
83.114.83.83 - - [27/Feb/2020:11:30:12 +0100] "GET /lechef/edit_orders.php?oID=12285&action=edit HTTP/1.1" 200 164778 "http://www.e-medicalonline.com/lechef/edit_orders.php?oID=12285&action=edit" "Mozilla/5.0 (Windows NT 10.0; Win64; x64) AppleWebKit/537.36 (KHTML, like Gecko) Chrome/79.0.3945.130 Safari/537.36"
114.119.144.123 - - [27/Feb/2020:11:30:16 +0100] "GET /account.php?osCsid=0bbl9nlosnb94iq1ol3pcu49s5 HTTP/1.1" 302 546 "-" "Mozilla/5.0(Linux;Android 5.1.1;OPPO A33 Build/LMY47V;wv) AppleWebKit/537.36(KHTML,link Gecko) Version/4.0 Chrome/42.0.2311.138 Mobile Safari/537.36"
114.119.144.123 - - [27/Feb/2020:11:30:16 +0100] "GET /login.php?osCsid=38291p0dab7j0p9rmpfna119i0 HTTP/1.1" 200 7319 "-" "Mozilla/5.0(Linux;Android 5.1.1;OPPO A33 Build/LMY47V;wv) AppleWebKit/537.36(KHTML,link Gecko) Version/4.0 Chrome/42.0.2311.138 Mobile Safari/537.36"
91.242.162.18 - - [27/Feb/2020:11:30:18 +0100] "GET /product_info.php?osCsid=11gkkieunlov75tekd8h2rlfk4&products_id=102 HTTP/1.1" 200 9362 "-" "Mozilla/5.0 (compatible; Qwantify/2.4w; +https://www.qwant.com/)/2.4w"
83.114.83.83 - - [27/Feb/2020:11:30:21 +0100] "GET /lechef/edit_orders_ajax.php?action=update_product_value_field&oID=12285&pid=78247&price=2.0800&final_price=2.0800 HTTP/1.1" 200 332 "http://www.e-medicalonline.com/lechef/edit_orders.php?oID=12285&action=edit" "Mozilla/5.0 (Windows NT 10.0; Win64; x64) AppleWebKit/537.36 (KHTML, like Gecko) Chrome/79.0.3945.130 Safari/537.36"
83.114.83.83 - - [27/Feb/2020:11:30:21 +0100] "POST /lechef/edit_orders_ajax.php HTTP/1.1" 200 13128 "http://www.e-medicalonline.com/lechef/edit_orders.php?oID=12285&action=edit" "Mozilla/5.0 (Windows NT 10.0; Win64; x64) AppleWebKit/537.36 (KHTML, like Gecko) Chrome/79.0.3945.130 Safari/537.36"
83.114.83.83 - - [27/Feb/2020:11:30:23 +0100] "GET /lechef/edit_orders_add_product.php?oID=12285&step=1 HTTP/1.1" 200 6615 "http://www.e-medicalonline.com/lechef/edit_orders.php?oID=12285&action=edit" "Mozilla/5.0 (Windows NT 10.0; Win64; x64) AppleWebKit/537.36 (KHTML, like Gecko) Chrome/79.0.3945.130 Safari/537.36"
114.119.165.182 - - [27/Feb/2020:11:30:28 +0100] "GET /product_info.php?products_id=386&osCsid=9atsvmpvd9i4987k2gtdj5a9s4 HTTP/1.1" 200 9149 "-" "Mozilla/5.0(Linux;Android 5.1.1;OPPO A33 Build/LMY47V;wv) AppleWebKit/537.36(KHTML,link Gecko) Version/4.0 Chrome/43.0.2357.121 Mobile Safari/537.36"
91.242.162.18 - - [27/Feb/2020:11:30:29 +0100] "GET /login.php?language=tr&osCsid=tkesihfd0onsv5e4sv6amlekp3 HTTP/1.1" 200 7648 "-" "Mozilla/5.0 (compatible; Qwantify/2.4w; +https://www.qwant.com/)/2.4w"
114.119.130.63 - - [27/Feb/2020:11:30:39 +0100] "GET /privacy.php?osCsid=2gi1roo2910p26ppnncusag5h1 HTTP/1.1" 200 12075 "-" "Mozilla/5.0(Linux;U;Android 5.1.1;zh-CN;OPPO A33 Build/LMY47V) AppleWebKit/537.36(KHTML,like Gecko) Version/4.0 Chrome/40.0.2214.89 Mobile Safari/537.36"
83.114.83.83 - - [27/Feb/2020:11:30:43 +0100] "POST /lechef/edit_orders_add_product.php?oID=12285 HTTP/1.1" 200 8220 "http://www.e-medicalonline.com/lechef/edit_orders_add_product.php?oID=12285&step=1" "Mozilla/5.0 (Windows NT 10.0; Win64; x64) AppleWebKit/537.36 (KHTML, like Gecko) Chrome/79.0.3945.130 Safari/537.36"
83.114.83.83 - - [27/Feb/2020:11:30:49 +0100] "POST /lechef/edit_orders_add_product.php?oID=12285 HTTP/1.1" 200 9397 "http://www.e-medicalonline.com/lechef/edit_orders_add_product.php?oID=12285" "Mozilla/5.0 (Windows NT 10.0; Win64; x64) AppleWebKit/537.36 (KHTML, like Gecko) Chrome/79.0.3945.130 Safari/537.36"
83.114.83.83 - - [27/Feb/2020:11:30:50 +0100] "POST /lechef/edit_orders_add_product.php?oID=12285 HTTP/1.1" 200 10936 "http://www.e-medicalonline.com/lechef/edit_orders_add_product.php?oID=12285" "Mozilla/5.0 (Windows NT 10.0; Win64; x64) AppleWebKit/537.36 (KHTML, like Gecko) Chrome/79.0.3945.130 Safari/537.36"
114.119.167.187 - - [27/Feb/2020:11:30:52 +0100] "GET /product_info.php?products_id=134&osCsid=veu2376smsp8hrarkj28cfeat6 HTTP/1.1" 200 9095 "-" "Mozilla/5.0(Linux;Android 5.1.1;OPPO A33 Build/LMY47V;wv) AppleWebKit/537.36(KHTML,link Gecko) Version/4.0 Chrome/42.0.2311.138 Mobile Safari/537.36"
83.114.83.83 - - [27/Feb/2020:11:30:52 +0100] "POST /lechef/edit_orders_add_product.php?oID=12285&action=add_product HTTP/1.1" 302 408 "http://www.e-medicalonline.com/lechef/edit_orders_add_product.php?oID=12285" "Mozilla/5.0 (Windows NT 10.0; Win64; x64) AppleWebKit/537.36 (KHTML, like Gecko) Chrome/79.0.3945.130 Safari/537.36"
83.114.83.83 - - [27/Feb/2020:11:30:52 +0100] "GET /lechef/edit_orders_add_product.php?oID=12285&step=1&submitForm=yes HTTP/1.1" 200 6802 "http://www.e-medicalonline.com/lechef/edit_orders_add_product.php?oID=12285" "Mozilla/5.0 (Windows NT 10.0; Win64; x64) AppleWebKit/537.36 (KHTML, like Gecko) Chrome/79.0.3945.130 Safari/537.36"
83.114.83.83 - - [27/Feb/2020:11:30:53 +0100] "POST /lechef/edit_orders.php?oID=12285&action=update_order HTTP/1.1" 302 395 "http://www.e-medicalonline.com/lechef/edit_orders.php?oID=12285&action=edit" "Mozilla/5.0 (Windows NT 10.0; Win64; x64) AppleWebKit/537.36 (KHTML, like Gecko) Chrome/79.0.3945.130 Safari/537.36"
83.114.83.83 - - [27/Feb/2020:11:30:53 +0100] "GET /lechef/edit_orders.php?oID=12285&action=edit HTTP/1.1" 200 168588 "http://www.e-medicalonline.com/lechef/edit_orders.php?oID=12285&action=edit" "Mozilla/5.0 (Windows NT 10.0; Win64; x64) AppleWebKit/537.36 (KHTML, like Gecko) Chrome/79.0.3945.130 Safari/537.36"
100.43.85.188 - - [27/Feb/2020:11:30:54 +0100] "GET /products_new.php?products_id=271&page=10&language=tr HTTP/1.1" 200 8185 "-" "Mozilla/5.0 (compatible; YandexBot/3.0; +http://yandex.com/bots)"
46.229.168.145 - - [27/Feb/2020:11:31:00 +0100] "GET /shipping.php?language=ar HTTP/1.1" 200 7132 "-" "Mozilla/5.0 (compatible; SemrushBot/6~bl; +http://www.semrush.com/bot.html)"
83.114.83.83 - - [27/Feb/2020:11:31:03 +0100] "GET /lechef/edit_orders_ajax.php?action=update_product_value_field&oID=12285&pid=78248&price=2.0800&final_price=2.0800 HTTP/1.1" 200 332 "http://www.e-medicalonline.com/lechef/edit_orders.php?oID=12285&action=edit" "Mozilla/5.0 (Windows NT 10.0; Win64; x64) AppleWebKit/537.36 (KHTML, like Gecko) Chrome/79.0.3945.130 Safari/537.36"
83.114.83.83 - - [27/Feb/2020:11:31:03 +0100] "POST /lechef/edit_orders_ajax.php HTTP/1.1" 200 13128 "http://www.e-medicalonline.com/lechef/edit_orders.php?oID=12285&action=edit" "Mozilla/5.0 (Windows NT 10.0; Win64; x64) AppleWebKit/537.36 (KHTML, like Gecko) Chrome/79.0.3945.130 Safari/537.36"
83.114.83.83 - - [27/Feb/2020:11:31:04 +0100] "GET /lechef/edit_orders_add_product.php?oID=12285&step=1 HTTP/1.1" 200 6615 "http://www.e-medicalonline.com/lechef/edit_orders.php?oID=12285&action=edit" "Mozilla/5.0 (Windows NT 10.0; Win64; x64) AppleWebKit/537.36 (KHTML, like Gecko) Chrome/79.0.3945.130 Safari/537.36"
114.119.131.88 - - [27/Feb/2020:11:31:05 +0100] "GET /account.php?osCsid=2at0sarr6sl5qgl3cptrtbldb1 HTTP/1.1" 302 546 "-" "Mozilla/5.0(Linux;Android 5.1.1;OPPO A33 Build/LMY47V;wv) AppleWebKit/537.36(KHTML,link Gecko) Version/4.0 Chrome/43.0.2357.121 Mobile Safari/537.36"
114.119.131.88 - - [27/Feb/2020:11:31:05 +0100] "GET /login.php?osCsid=poe6lg6sf1bh297opae2jsbvj7 HTTP/1.1" 200 7312 "-" "Mozilla/5.0(Linux;Android 5.1.1;OPPO A33 Build/LMY47V;wv) AppleWebKit/537.36(KHTML,link Gecko) Version/4.0 Chrome/43.0.2357.121 Mobile Safari/537.36"
91.242.162.18 - - [27/Feb/2020:11:31:11 +0100] "GET /index.php?cPath=47&osCsid=ovbn217koctoc0eah0vm5puu15 HTTP/1.1" 200 7218 "-" "Mozilla/5.0 (compatible; Qwantify/2.4w; +https://www.qwant.com/)/2.4w"
83.114.83.83 - - [27/Feb/2020:11:31:16 +0100] "POST /lechef/edit_orders_add_product.php?oID=12285 HTTP/1.1" 200 8448 "http://www.e-medicalonline.com/lechef/edit_orders_add_product.php?oID=12285&step=1" "Mozilla/5.0 (Windows NT 10.0; Win64; x64) AppleWebKit/537.36 (KHTML, like Gecko) Chrome/79.0.3945.130 Safari/537.36"
83.114.83.83 - - [27/Feb/2020:11:31:16 +0100] "POST /lechef/edit_orders_add_product.php?oID=12285 HTTP/1.1" 200 8448 "http://www.e-medicalonline.com/lechef/edit_orders_add_product.php?oID=12285&step=1" "Mozilla/5.0 (Windows NT 10.0; Win64; x64) AppleWebKit/537.36 (KHTML, like Gecko) Chrome/79.0.3945.130 Safari/537.36"
114.119.136.177 - - [27/Feb/2020:11:31:17 +0100] "GET /account.php?osCsid=foqdcbuk82f0em824v8vvcf312 HTTP/1.1" 302 546 "-" "Mozilla/5.0(Linux;Android 5.1.1;OPPO A33 Build/LMY47V;wv) AppleWebKit/537.36(KHTML,link Gecko) Version/4.0 Chrome/43.0.2357.121 Mobile Safari/537.36"
114.119.136.177 - - [27/Feb/2020:11:31:17 +0100] "GET /login.php?osCsid=d7381a4sha1v4kst0dobvn5t66 HTTP/1.1" 200 7357 "-" "Mozilla/5.0(Linux;Android 5.1.1;OPPO A33 Build/LMY47V;wv) AppleWebKit/537.36(KHTML,link Gecko) Version/4.0 Chrome/43.0.2357.121 Mobile Safari/537.36"
83.114.83.83 - - [27/Feb/2020:11:31:18 +0100] "POST /lechef/edit_orders_add_product.php?oID=12285 HTTP/1.1" 200 9607 "http://www.e-medicalonline.com/lechef/edit_orders_add_product.php?oID=12285" "Mozilla/5.0 (Windows NT 10.0; Win64; x64) AppleWebKit/537.36 (KHTML, like Gecko) Chrome/79.0.3945.130 Safari/537.36"
83.114.83.83 - - [27/Feb/2020:11:31:20 +0100] "POST /lechef/edit_orders_add_product.php?oID=12285 HTTP/1.1" 200 11146 "http://www.e-medicalonline.com/lechef/edit_orders_add_product.php?oID=12285" "Mozilla/5.0 (Windows NT 10.0; Win64; x64) AppleWebKit/537.36 (KHTML, like Gecko) Chrome/79.0.3945.130 Safari/537.36"
