83.114.83.83 - - [27/Feb/2020:14:32:35 +0100] "GET /lechef/edit_orders_add_product.php?oID=12287&step=1 HTTP/1.1" 200 6615 "http://www.e-medicalonline.com/lechef/edit_orders.php?oID=12287&action=edit" "Mozilla/5.0 (Windows NT 10.0; Win64; x64) AppleWebKit/537.36 (KHTML, like Gecko) Chrome/79.0.3945.130 Safari/537.36"
83.114.83.83 - - [27/Feb/2020:14:32:39 +0100] "POST /lechef/edit_orders_add_product.php?oID=12287 HTTP/1.1" 200 8643 "http://www.e-medicalonline.com/lechef/edit_orders_add_product.php?oID=12287&step=1" "Mozilla/5.0 (Windows NT 10.0; Win64; x64) AppleWebKit/537.36 (KHTML, like Gecko) Chrome/79.0.3945.130 Safari/537.36"
83.114.83.83 - - [27/Feb/2020:14:32:39 +0100] "POST /lechef/edit_orders_add_product.php?oID=12287 HTTP/1.1" 200 8643 "http://www.e-medicalonline.com/lechef/edit_orders_add_product.php?oID=12287&step=1" "Mozilla/5.0 (Windows NT 10.0; Win64; x64) AppleWebKit/537.36 (KHTML, like Gecko) Chrome/79.0.3945.130 Safari/537.36"
114.119.160.149 - - [27/Feb/2020:14:32:43 +0100] "GET /product_info.php?products_id=372&osCsid=ojvjfe1e3fri1i4ijpsmgbka60 HTTP/1.1" 200 8781 "-" "Mozilla/5.0(Linux;Android 5.1.1;OPPO A33 Build/LMY47V;wv) AppleWebKit/537.36(KHTML,link Gecko) Version/4.0 Chrome/42.0.2311.138 Mobile Safari/537.36"
54.36.148.166 - - [27/Feb/2020:14:32:56 +0100] "GET /login.php?language=ru HTTP/1.1" 200 8092 "-" "Mozilla/5.0 (compatible; AhrefsBot/6.1; +http://ahrefs.com/robot/)"
114.119.158.244 - - [27/Feb/2020:14:33:04 +0100] "GET /shopping_cart.php?osCsid=omh7v6tcivj1fame4eglbgjt30 HTTP/1.1" 200 8590 "-" "Mozilla/5.0(Linux;Android 5.1.1;OPPO A33 Build/LMY47V;wv) AppleWebKit/537.36(KHTML,link Gecko) Version/4.0 Chrome/43.0.2357.121 Mobile Safari/537.36"
83.114.83.83 - - [27/Feb/2020:14:33:09 +0100] "POST /lechef/edit_orders_add_product.php?oID=12287 HTTP/1.1" 200 10569 "http://www.e-medicalonline.com/lechef/edit_orders_add_product.php?oID=12287" "Mozilla/5.0 (Windows NT 10.0; Win64; x64) AppleWebKit/537.36 (KHTML, like Gecko) Chrome/79.0.3945.130 Safari/537.36"
83.114.83.83 - - [27/Feb/2020:14:33:18 +0100] "GET /lechef/edit_orders_ajax.php?action=delete_product_field&oID=12287&pid=78281&field=delete&new_value=true HTTP/1.1" 200 332 "http://www.e-medicalonline.com/lechef/edit_orders.php?oID=12287&action=edit" "Mozilla/5.0 (Windows NT 10.0; Win64; x64) AppleWebKit/537.36 (KHTML, like Gecko) Chrome/79.0.3945.130 Safari/537.36"
83.114.83.83 - - [27/Feb/2020:14:33:18 +0100] "POST /lechef/edit_orders_ajax.php HTTP/1.1" 200 13136 "http://www.e-medicalonline.com/lechef/edit_orders.php?oID=12287&action=edit" "Mozilla/5.0 (Windows NT 10.0; Win64; x64) AppleWebKit/537.36 (KHTML, like Gecko) Chrome/79.0.3945.130 Safari/537.36"
114.119.136.188 - - [27/Feb/2020:14:33:20 +0100] "GET /redirect.php?action=url&goto=www.vetsuture.com&osCsid=i00011fevmabfbd203h0t9h8a0 HTTP/1.1" 302 496 "-" "Mozilla/5.0 (iPad; CPU OS 7_0 like Mac OS X) AppleWebKit/537.51.1 (KHTML, like Gecko) Version/7.0 Mobile/11A465 Safari/9537.53"
83.114.83.83 - - [27/Feb/2020:14:33:20 +0100] "GET /lechef/edit_orders_add_product.php?oID=12287&step=1 HTTP/1.1" 200 6615 "http://www.e-medicalonline.com/lechef/edit_orders.php?oID=12287&action=edit" "Mozilla/5.0 (Windows NT 10.0; Win64; x64) AppleWebKit/537.36 (KHTML, like Gecko) Chrome/79.0.3945.130 Safari/537.36"
54.36.150.78 - - [27/Feb/2020:14:33:19 +0100] "GET /images/NEXT3CN.jpg HTTP/1.1" 200 17645 "-" "Mozilla/5.0 (compatible; AhrefsBot/6.1; +http://ahrefs.com/robot/)"
54.36.148.144 - - [27/Feb/2020:14:33:25 +0100] "GET /index.php?cPath=42_52&language=nl&page=1&sort=5a HTTP/1.1" 200 7497 "-" "Mozilla/5.0 (compatible; AhrefsBot/6.1; +http://ahrefs.com/robot/)"
83.114.83.83 - - [27/Feb/2020:14:33:33 +0100] "POST /lechef/edit_orders_add_product.php?oID=12287 HTTP/1.1" 200 8643 "http://www.e-medicalonline.com/lechef/edit_orders_add_product.php?oID=12287&step=1" "Mozilla/5.0 (Windows NT 10.0; Win64; x64) AppleWebKit/537.36 (KHTML, like Gecko) Chrome/79.0.3945.130 Safari/537.36"
83.114.83.83 - - [27/Feb/2020:14:33:33 +0100] "POST /lechef/edit_orders_add_product.php?oID=12287 HTTP/1.1" 200 8643 "http://www.e-medicalonline.com/lechef/edit_orders_add_product.php?oID=12287&step=1" "Mozilla/5.0 (Windows NT 10.0; Win64; x64) AppleWebKit/537.36 (KHTML, like Gecko) Chrome/79.0.3945.130 Safari/537.36"
114.119.166.82 - - [27/Feb/2020:14:33:38 +0100] "GET /index.php?cPath=47&osCsid=s9t0900fp9ggs7fvgujn812ii5%20 HTTP/1.1" 302 288 "-" "Mozilla/5.0(Linux;Android 5.1.1;OPPO A33 Build/LMY47V;wv) AppleWebKit/537.36(KHTML,link Gecko) Version/4.0 Chrome/42.0.2311.138 Mobile Safari/537.36"
114.119.166.82 - - [27/Feb/2020:14:33:39 +0100] "GET /index.php HTTP/1.1" 200 7324 "-" "Mozilla/5.0(Linux;Android 5.1.1;OPPO A33 Build/LMY47V;wv) AppleWebKit/537.36(KHTML,link Gecko) Version/4.0 Chrome/42.0.2311.138 Mobile Safari/537.36"
83.114.83.83 - - [27/Feb/2020:14:33:41 +0100] "POST /lechef/edit_orders_add_product.php?oID=12287 HTTP/1.1" 200 10569 "http://www.e-medicalonline.com/lechef/edit_orders_add_product.php?oID=12287" "Mozilla/5.0 (Windows NT 10.0; Win64; x64) AppleWebKit/537.36 (KHTML, like Gecko) Chrome/79.0.3945.130 Safari/537.36"
100.43.85.188 - - [27/Feb/2020:14:33:48 +0100] "GET /product_reviews.php?products_id=326&language=iw HTTP/1.1" 200 7661 "-" "Mozilla/5.0 (compatible; YandexBot/3.0; +http://yandex.com/bots)"
83.114.83.83 - - [27/Feb/2020:14:33:49 +0100] "POST /lechef/edit_orders_add_product.php?oID=12287&action=add_product HTTP/1.1" 302 408 "http://www.e-medicalonline.com/lechef/edit_orders_add_product.php?oID=12287" "Mozilla/5.0 (Windows NT 10.0; Win64; x64) AppleWebKit/537.36 (KHTML, like Gecko) Chrome/79.0.3945.130 Safari/537.36"
83.114.83.83 - - [27/Feb/2020:14:33:49 +0100] "GET /lechef/edit_orders_add_product.php?oID=12287&step=1&submitForm=yes HTTP/1.1" 200 6802 "http://www.e-medicalonline.com/lechef/edit_orders_add_product.php?oID=12287" "Mozilla/5.0 (Windows NT 10.0; Win64; x64) AppleWebKit/537.36 (KHTML, like Gecko) Chrome/79.0.3945.130 Safari/537.36"
83.114.83.83 - - [27/Feb/2020:14:33:49 +0100] "POST /lechef/edit_orders.php?oID=12287&action=update_order HTTP/1.1" 302 395 "http://www.e-medicalonline.com/lechef/edit_orders.php?oID=12287&action=edit" "Mozilla/5.0 (Windows NT 10.0; Win64; x64) AppleWebKit/537.36 (KHTML, like Gecko) Chrome/79.0.3945.130 Safari/537.36"
83.114.83.83 - - [27/Feb/2020:14:33:50 +0100] "GET /lechef/edit_orders.php?oID=12287&action=edit HTTP/1.1" 200 194463 "http://www.e-medicalonline.com/lechef/edit_orders.php?oID=12287&action=edit" "Mozilla/5.0 (Windows NT 10.0; Win64; x64) AppleWebKit/537.36 (KHTML, like Gecko) Chrome/79.0.3945.130 Safari/537.36"
114.119.163.125 - - [27/Feb/2020:14:33:54 +0100] "GET /account.php?osCsid=tssb3fh0maj79bg4trdkst33l7 HTTP/1.1" 302 546 "-" "Mozilla/5.0(Linux;Android 5.1.1;OPPO A33 Build/LMY47V;wv) AppleWebKit/537.36(KHTML,link Gecko) Version/4.0 Chrome/43.0.2357.121 Mobile Safari/537.36"
114.119.163.125 - - [27/Feb/2020:14:33:55 +0100] "GET /login.php?osCsid=g4t5hgqjrcnehq0h1hdc86aat1 HTTP/1.1" 200 7327 "-" "Mozilla/5.0(Linux;Android 5.1.1;OPPO A33 Build/LMY47V;wv) AppleWebKit/537.36(KHTML,link Gecko) Version/4.0 Chrome/43.0.2357.121 Mobile Safari/537.36"
54.36.150.25 - - [27/Feb/2020:14:34:01 +0100] "GET /index.php?cPath=29_30&language=en&page=1&sort=4d HTTP/1.1" 200 7491 "-" "Mozilla/5.0 (compatible; AhrefsBot/6.1; +http://ahrefs.com/robot/)"
83.114.83.83 - - [27/Feb/2020:14:34:06 +0100] "GET /lechef/edit_orders_ajax.php?action=update_product_value_field&oID=12287&pid=78282&price=23.33&final_price=23.3300 HTTP/1.1" 200 332 "http://www.e-medicalonline.com/lechef/edit_orders.php?oID=12287&action=edit" "Mozilla/5.0 (Windows NT 10.0; Win64; x64) AppleWebKit/537.36 (KHTML, like Gecko) Chrome/79.0.3945.130 Safari/537.36"
83.114.83.83 - - [27/Feb/2020:14:34:06 +0100] "POST /lechef/edit_orders_ajax.php HTTP/1.1" 200 13136 "http://www.e-medicalonline.com/lechef/edit_orders.php?oID=12287&action=edit" "Mozilla/5.0 (Windows NT 10.0; Win64; x64) AppleWebKit/537.36 (KHTML, like Gecko) Chrome/79.0.3945.130 Safari/537.36"
114.119.136.101 - - [27/Feb/2020:14:34:16 +0100] "GET /product_info.php?products_id=379&osCsid=vhvik2robr29piea2fhsmq2fe4 HTTP/1.1" 200 8811 "-" "Mozilla/5.0(Linux;Android 5.1.1;OPPO A33 Build/LMY47V;wv) AppleWebKit/537.36(KHTML,link Gecko) Version/4.0 Chrome/43.0.2357.121 Mobile Safari/537.36"
83.114.83.83 - - [27/Feb/2020:14:34:23 +0100] "GET /lechef/edit_orders_add_product.php?oID=12287&step=1 HTTP/1.1" 200 6615 "http://www.e-medicalonline.com/lechef/edit_orders.php?oID=12287&action=edit" "Mozilla/5.0 (Windows NT 10.0; Win64; x64) AppleWebKit/537.36 (KHTML, like Gecko) Chrome/79.0.3945.130 Safari/537.36"
83.114.83.83 - - [27/Feb/2020:14:34:32 +0100] "POST /lechef/edit_orders_add_product.php?oID=12287 HTTP/1.1" 200 8643 "http://www.e-medicalonline.com/lechef/edit_orders_add_product.php?oID=12287&step=1" "Mozilla/5.0 (Windows NT 10.0; Win64; x64) AppleWebKit/537.36 (KHTML, like Gecko) Chrome/79.0.3945.130 Safari/537.36"
83.114.83.83 - - [27/Feb/2020:14:34:32 +0100] "POST /lechef/edit_orders_add_product.php?oID=12287 HTTP/1.1" 200 8643 "http://www.e-medicalonline.com/lechef/edit_orders_add_product.php?oID=12287&step=1" "Mozilla/5.0 (Windows NT 10.0; Win64; x64) AppleWebKit/537.36 (KHTML, like Gecko) Chrome/79.0.3945.130 Safari/537.36"
114.119.167.135 - - [27/Feb/2020:14:34:38 +0100] "GET /login.php?osCsid=50k5mii4s3jm3jn616q3eckci4 HTTP/1.1" 200 7494 "-" "Mozilla/5.0(Linux;U;Android 5.1.1;zh-CN;OPPO A33 Build/LMY47V) AppleWebKit/537.36(KHTML,like Gecko) Version/4.0 Chrome/40.0.2214.89 Mobile Safari/537.36"
83.114.83.83 - - [27/Feb/2020:14:34:39 +0100] "POST /lechef/edit_orders_add_product.php?oID=12287 HTTP/1.1" 200 10569 "http://www.e-medicalonline.com/lechef/edit_orders_add_product.php?oID=12287" "Mozilla/5.0 (Windows NT 10.0; Win64; x64) AppleWebKit/537.36 (KHTML, like Gecko) Chrome/79.0.3945.130 Safari/537.36"
83.114.83.83 - - [27/Feb/2020:14:34:43 +0100] "POST /lechef/edit_orders_add_product.php?oID=12287&action=add_product HTTP/1.1" 302 408 "http://www.e-medicalonline.com/lechef/edit_orders_add_product.php?oID=12287" "Mozilla/5.0 (Windows NT 10.0; Win64; x64) AppleWebKit/537.36 (KHTML, like Gecko) Chrome/79.0.3945.130 Safari/537.36"
83.114.83.83 - - [27/Feb/2020:14:34:43 +0100] "GET /lechef/edit_orders_add_product.php?oID=12287&step=1&submitForm=yes HTTP/1.1" 200 6802 "http://www.e-medicalonline.com/lechef/edit_orders_add_product.php?oID=12287" "Mozilla/5.0 (Windows NT 10.0; Win64; x64) AppleWebKit/537.36 (KHTML, like Gecko) Chrome/79.0.3945.130 Safari/537.36"
83.114.83.83 - - [27/Feb/2020:14:34:43 +0100] "POST /lechef/edit_orders.php?oID=12287&action=update_order HTTP/1.1" 302 395 "http://www.e-medicalonline.com/lechef/edit_orders.php?oID=12287&action=edit" "Mozilla/5.0 (Windows NT 10.0; Win64; x64) AppleWebKit/537.36 (KHTML, like Gecko) Chrome/79.0.3945.130 Safari/537.36"
83.114.83.83 - - [27/Feb/2020:14:34:43 +0100] "GET /lechef/edit_orders.php?oID=12287&action=edit HTTP/1.1" 200 197269 "http://www.e-medicalonline.com/lechef/edit_orders.php?oID=12287&action=edit" "Mozilla/5.0 (Windows NT 10.0; Win64; x64) AppleWebKit/537.36 (KHTML, like Gecko) Chrome/79.0.3945.130 Safari/537.36"
46.229.168.148 - - [27/Feb/2020:14:34:57 +0100] "GET /product_info.php?action=notify&cPath=42_70&language=fr&products_id=339 HTTP/1.1" 302 546 "-" "Mozilla/5.0 (compatible; SemrushBot/6~bl; +http://www.semrush.com/bot.html)"
114.119.161.16 - - [27/Feb/2020:14:34:57 +0100] "GET /shipping.php?osCsid=b46fruqh3jo7ftvgof7fltrjf6 HTTP/1.1" 200 7415 "-" "Mozilla/5.0(Linux;Android 5.1.1;OPPO A33 Build/LMY47V;wv) AppleWebKit/537.36(KHTML,link Gecko) Version/4.0 Chrome/43.0.2357.121 Mobile Safari/537.36"
46.229.168.130 - - [27/Feb/2020:14:34:58 +0100] "GET /index.php?cPath=47_67&language=en&page=1&sort=4a HTTP/1.1" 200 7431 "-" "Mozilla/5.0 (compatible; SemrushBot/6~bl; +http://www.semrush.com/bot.html)"
46.229.168.151 - - [27/Feb/2020:14:34:59 +0100] "GET /login.php HTTP/1.1" 200 7464 "-" "Mozilla/5.0 (compatible; SemrushBot/6~bl; +http://www.semrush.com/bot.html)"
54.36.150.117 - - [27/Feb/2020:14:35:02 +0100] "GET /index.php?cPath=42_70&language=nl&page=1&sort=1a HTTP/1.1" 200 7514 "-" "Mozilla/5.0 (compatible; AhrefsBot/6.1; +http://ahrefs.com/robot/)"
83.114.83.83 - - [27/Feb/2020:14:35:04 +0100] "GET /lechef/edit_orders_ajax.php?action=update_product_value_field&oID=12287&pid=78283&price=8.5700&final_price=8.5700 HTTP/1.1" 200 332 "http://www.e-medicalonline.com/lechef/edit_orders.php?oID=12287&action=edit" "Mozilla/5.0 (Windows NT 10.0; Win64; x64) AppleWebKit/537.36 (KHTML, like Gecko) Chrome/79.0.3945.130 Safari/537.36"
83.114.83.83 - - [27/Feb/2020:14:35:04 +0100] "POST /lechef/edit_orders_ajax.php HTTP/1.1" 200 13136 "http://www.e-medicalonline.com/lechef/edit_orders.php?oID=12287&action=edit" "Mozilla/5.0 (Windows NT 10.0; Win64; x64) AppleWebKit/537.36 (KHTML, like Gecko) Chrome/79.0.3945.130 Safari/537.36"
114.119.148.149 - - [27/Feb/2020:14:35:16 +0100] "GET /product_info.php?products_id=372&osCsid=fipq976uholcr8ml4detcheg06 HTTP/1.1" 200 8759 "-" "Mozilla/5.0(Linux;Android 5.1.1;OPPO A33 Build/LMY47V;wv) AppleWebKit/537.36(KHTML,link Gecko) Version/4.0 Chrome/42.0.2311.138 Mobile Safari/537.36"
5.9.70.72 - - [27/Feb/2020:14:35:32 +0100] "GET /robots.txt HTTP/1.1" 404 445 "-" "Mozilla/5.0 (compatible; MJ12bot/v1.4.8; http://mj12bot.com/)"
5.9.70.72 - - [27/Feb/2020:14:35:34 +0100] "GET /product_info.php?products_id=125&language=iw/ HTTP/1.1" 200 9407 "-" "Mozilla/5.0 (compatible; MJ12bot/v1.4.8; http://mj12bot.com/)"
5.9.70.72 - - [27/Feb/2020:14:35:35 +0100] "GET /product_info.php?products_id=125&language=pl/ HTTP/1.1" 200 9402 "-" "Mozilla/5.0 (compatible; MJ12bot/v1.4.8; http://mj12bot.com/)"
114.119.147.143 - - [27/Feb/2020:14:35:36 +0100] "GET /privacy.php?osCsid=54quugqkdha25nmhtjr47suqe7 HTTP/1.1" 200 12120 "-" "Mozilla/5.0(Linux;Android 5.1.1;OPPO A33 Build/LMY47V;wv) AppleWebKit/537.36(KHTML,link Gecko) Version/4.0 Chrome/43.0.2357.121 Mobile Safari/537.36"
46.229.168.150 - - [27/Feb/2020:14:35:37 +0100] "GET /product_info.php?action=add_product&language=pl&products_id=382 HTTP/1.1" 302 566 "-" "Mozilla/5.0 (compatible; SemrushBot/6~bl; +http://www.semrush.com/bot.html)"
5.9.70.72 - - [27/Feb/2020:14:35:37 +0100] "GET /product_info.php?products_id=125&language=ru/ HTTP/1.1" 200 9401 "-" "Mozilla/5.0 (compatible; MJ12bot/v1.4.8; http://mj12bot.com/)"
83.114.83.83 - - [27/Feb/2020:14:35:38 +0100] "GET /lechef/edit_orders_add_product.php?oID=12287&step=1 HTTP/1.1" 200 6615 "http://www.e-medicalonline.com/lechef/edit_orders.php?oID=12287&action=edit" "Mozilla/5.0 (Windows NT 10.0; Win64; x64) AppleWebKit/537.36 (KHTML, like Gecko) Chrome/79.0.3945.130 Safari/537.36"
46.229.168.148 - - [27/Feb/2020:14:35:38 +0100] "GET /shopping_cart.php?language=pl HTTP/1.1" 200 8731 "-" "Mozilla/5.0 (compatible; SemrushBot/6~bl; +http://www.semrush.com/bot.html)"
5.9.70.72 - - [27/Feb/2020:14:35:39 +0100] "GET /product_info.php?products_id=125&language=sr/ HTTP/1.1" 200 9449 "-" "Mozilla/5.0 (compatible; MJ12bot/v1.4.8; http://mj12bot.com/)"
5.9.70.72 - - [27/Feb/2020:14:35:40 +0100] "GET /product_info.php?products_id=125&language=tr/ HTTP/1.1" 200 9399 "-" "Mozilla/5.0 (compatible; MJ12bot/v1.4.8; http://mj12bot.com/)"
5.9.70.72 - - [27/Feb/2020:14:35:42 +0100] "GET /product_info.php?products_id=130&language=ar/ HTTP/1.1" 200 9349 "-" "Mozilla/5.0 (compatible; MJ12bot/v1.4.8; http://mj12bot.com/)"
83.114.83.83 - - [27/Feb/2020:14:35:43 +0100] "POST /lechef/edit_orders_add_product.php?oID=12287 HTTP/1.1" 200 8202 "http://www.e-medicalonline.com/lechef/edit_orders_add_product.php?oID=12287&step=1" "Mozilla/5.0 (Windows NT 10.0; Win64; x64) AppleWebKit/537.36 (KHTML, like Gecko) Chrome/79.0.3945.130 Safari/537.36"
83.114.83.83 - - [27/Feb/2020:14:35:43 +0100] "POST /lechef/edit_orders_add_product.php?oID=12287 HTTP/1.1" 200 8202 "http://www.e-medicalonline.com/lechef/edit_orders_add_product.php?oID=12287&step=1" "Mozilla/5.0 (Windows NT 10.0; Win64; x64) AppleWebKit/537.36 (KHTML, like Gecko) Chrome/79.0.3945.130 Safari/537.36"
5.9.70.72 - - [27/Feb/2020:14:35:44 +0100] "GET /product_info.php?products_id=130&language=en/ HTTP/1.1" 200 9428 "-" "Mozilla/5.0 (compatible; MJ12bot/v1.4.8; http://mj12bot.com/)"
5.9.70.72 - - [27/Feb/2020:14:35:46 +0100] "GET /product_info.php?products_id=130&language=fr/ HTTP/1.1" 200 9353 "-" "Mozilla/5.0 (compatible; MJ12bot/v1.4.8; http://mj12bot.com/)"
5.9.70.72 - - [27/Feb/2020:14:35:47 +0100] "GET /product_info.php?products_id=130&language=iw/ HTTP/1.1" 200 9428 "-" "Mozilla/5.0 (compatible; MJ12bot/v1.4.8; http://mj12bot.com/)"
83.114.83.83 - - [27/Feb/2020:14:35:49 +0100] "POST /lechef/edit_orders_add_product.php?oID=12287 HTTP/1.1" 200 10148 "http://www.e-medicalonline.com/lechef/edit_orders_add_product.php?oID=12287" "Mozilla/5.0 (Windows NT 10.0; Win64; x64) AppleWebKit/537.36 (KHTML, like Gecko) Chrome/79.0.3945.130 Safari/537.36"
5.9.70.72 - - [27/Feb/2020:14:35:49 +0100] "GET /product_info.php?products_id=130&language=pl/ HTTP/1.1" 200 9336 "-" "Mozilla/5.0 (compatible; MJ12bot/v1.4.8; http://mj12bot.com/)"
5.9.70.72 - - [27/Feb/2020:14:35:51 +0100] "GET /product_info.php?products_id=130&language=ru/ HTTP/1.1" 200 9338 "-" "Mozilla/5.0 (compatible; MJ12bot/v1.4.8; http://mj12bot.com/)"
83.114.83.83 - - [27/Feb/2020:14:35:52 +0100] "POST /lechef/edit_orders_add_product.php?oID=12287&action=add_product HTTP/1.1" 302 408 "http://www.e-medicalonline.com/lechef/edit_orders_add_product.php?oID=12287" "Mozilla/5.0 (Windows NT 10.0; Win64; x64) AppleWebKit/537.36 (KHTML, like Gecko) Chrome/79.0.3945.130 Safari/537.36"
114.119.137.16 - - [27/Feb/2020:14:35:52 +0100] "GET /shipping.php?osCsid=k5qvcbcbc4ba8207c9ttb814e2 HTTP/1.1" 200 7418 "-" "Mozilla/5.0 (iPad; CPU OS 7_0 like Mac OS X) AppleWebKit/537.51.1 (KHTML, like Gecko) Version/7.0 Mobile/11A465 Safari/9537.53"
83.114.83.83 - - [27/Feb/2020:14:35:52 +0100] "GET /lechef/edit_orders_add_product.php?oID=12287&step=1&submitForm=yes HTTP/1.1" 200 6802 "http://www.e-medicalonline.com/lechef/edit_orders_add_product.php?oID=12287" "Mozilla/5.0 (Windows NT 10.0; Win64; x64) AppleWebKit/537.36 (KHTML, like Gecko) Chrome/79.0.3945.130 Safari/537.36"
5.9.70.72 - - [27/Feb/2020:14:35:53 +0100] "GET /product_info.php?products_id=130&language=tr/ HTTP/1.1" 200 9337 "-" "Mozilla/5.0 (compatible; MJ12bot/v1.4.8; http://mj12bot.com/)"
83.114.83.83 - - [27/Feb/2020:14:35:53 +0100] "POST /lechef/edit_orders.php?oID=12287&action=update_order HTTP/1.1" 302 395 "http://www.e-medicalonline.com/lechef/edit_orders.php?oID=12287&action=edit" "Mozilla/5.0 (Windows NT 10.0; Win64; x64) AppleWebKit/537.36 (KHTML, like Gecko) Chrome/79.0.3945.130 Safari/537.36"
83.114.83.83 - - [27/Feb/2020:14:35:53 +0100] "GET /lechef/edit_orders.php?oID=12287&action=edit HTTP/1.1" 200 200075 "http://www.e-medicalonline.com/lechef/edit_orders.php?oID=12287&action=edit" "Mozilla/5.0 (Windows NT 10.0; Win64; x64) AppleWebKit/537.36 (KHTML, like Gecko) Chrome/79.0.3945.130 Safari/537.36"
5.9.70.72 - - [27/Feb/2020:14:35:54 +0100] "GET /product_info.php?products_id=132&language=ar/ HTTP/1.1" 200 9274 "-" "Mozilla/5.0 (compatible; MJ12bot/v1.4.8; http://mj12bot.com/)"
193.72.144.226 - - [27/Feb/2020:14:35:55 +0100] "GET /includes/languages/english/images/icon.gif HTTP/1.1" 200 458 "http://www.e-medicalonline.com/" "Mozilla/5.0 (Windows NT 10.0; Win64; x64; rv:73.0) Gecko/20100101 Firefox/73.0"
193.72.144.226 - - [27/Feb/2020:14:35:55 +0100] "GET /includes/languages/greek/images/icon.gif HTTP/1.1" 404 475 "http://www.e-medicalonline.com/" "Mozilla/5.0 (Windows NT 10.0; Win64; x64; rv:73.0) Gecko/20100101 Firefox/73.0"
193.72.144.226 - - [27/Feb/2020:14:35:55 +0100] "GET /index.php?language=en HTTP/1.1" 200 7199 "http://www.e-medicalonline.com/" "Mozilla/5.0 (Windows NT 10.0; Win64; x64; rv:73.0) Gecko/20100101 Firefox/73.0"
193.72.144.226 - - [27/Feb/2020:14:35:55 +0100] "GET /includes/languages/srpski/images/icon.gif HTTP/1.1" 200 707 "http://www.e-medicalonline.com/index.php?language=en" "Mozilla/5.0 (Windows NT 10.0; Win64; x64; rv:73.0) Gecko/20100101 Firefox/73.0"
193.72.144.226 - - [27/Feb/2020:14:35:55 +0100] "GET /includes/languages/polish/images/icon.gif HTTP/1.1" 200 342 "http://www.e-medicalonline.com/index.php?language=en" "Mozilla/5.0 (Windows NT 10.0; Win64; x64; rv:73.0) Gecko/20100101 Firefox/73.0"
193.72.144.226 - - [27/Feb/2020:14:35:55 +0100] "GET /includes/languages/russian/images/icon.gif HTTP/1.1" 200 384 "http://www.e-medicalonline.com/index.php?language=en" "Mozilla/5.0 (Windows NT 10.0; Win64; x64; rv:73.0) Gecko/20100101 Firefox/73.0"
193.72.144.226 - - [27/Feb/2020:14:35:55 +0100] "GET /includes/languages/turkish/images/icon.gif HTTP/1.1" 200 421 "http://www.e-medicalonline.com/index.php?language=en" "Mozilla/5.0 (Windows NT 10.0; Win64; x64; rv:73.0) Gecko/20100101 Firefox/73.0"
193.72.144.226 - - [27/Feb/2020:14:35:55 +0100] "GET /stylesheet.css HTTP/1.1" 200 17520 "http://www.e-medicalonline.com/index.php?language=en" "Mozilla/5.0 (Windows NT 10.0; Win64; x64; rv:73.0) Gecko/20100101 Firefox/73.0"
193.72.144.226 - - [27/Feb/2020:14:35:55 +0100] "GET /includes/ajax_sc.js HTTP/1.1" 200 17129 "http://www.e-medicalonline.com/index.php?language=en" "Mozilla/5.0 (Windows NT 10.0; Win64; x64; rv:73.0) Gecko/20100101 Firefox/73.0"
193.72.144.226 - - [27/Feb/2020:14:35:55 +0100] "GET /product_thumb.php?img=images/2019-08-28_00h10_15.png&w=150&h=98 HTTP/1.1" 200 11328 "http://www.e-medicalonline.com/index.php?language=en" "Mozilla/5.0 (Windows NT 10.0; Win64; x64; rv:73.0) Gecko/20100101 Firefox/73.0"
193.72.144.226 - - [27/Feb/2020:14:35:55 +0100] "GET /images/theme/s1.jpg HTTP/1.1" 200 17520 "http://www.e-medicalonline.com/index.php?language=en" "Mozilla/5.0 (Windows NT 10.0; Win64; x64; rv:73.0) Gecko/20100101 Firefox/73.0"
54.36.150.147 - - [27/Feb/2020:14:35:55 +0100] "GET /index.php?cPath=47&language=pl&page=1&sort=3a HTTP/1.1" 200 7459 "-" "Mozilla/5.0 (compatible; AhrefsBot/6.1; +http://ahrefs.com/robot/)"
193.72.144.226 - - [27/Feb/2020:14:35:56 +0100] "GET /images/theme/bgbar.gif HTTP/1.1" 200 429 "http://www.e-medicalonline.com/stylesheet.css" "Mozilla/5.0 (Windows NT 10.0; Win64; x64; rv:73.0) Gecko/20100101 Firefox/73.0"
193.72.144.226 - - [27/Feb/2020:14:35:56 +0100] "GET /images/loading.gif HTTP/1.1" 200 2938 "http://www.e-medicalonline.com/index.php?language=en" "Mozilla/5.0 (Windows NT 10.0; Win64; x64; rv:73.0) Gecko/20100101 Firefox/73.0"
193.72.144.226 - - [27/Feb/2020:14:35:56 +0100] "GET /images/ok.gif HTTP/1.1" 200 4521 "http://www.e-medicalonline.com/index.php?language=en" "Mozilla/5.0 (Windows NT 10.0; Win64; x64; rv:73.0) Gecko/20100101 Firefox/73.0"
193.72.144.226 - - [27/Feb/2020:14:35:56 +0100] "GET /images/theme/banner1.jpg HTTP/1.1" 200 17520 "http://www.e-medicalonline.com/index.php?language=en" "Mozilla/5.0 (Windows NT 10.0; Win64; x64; rv:73.0) Gecko/20100101 Firefox/73.0"
5.9.70.72 - - [27/Feb/2020:14:35:56 +0100] "GET /product_info.php?products_id=132&language=en/ HTTP/1.1" 200 9272 "-" "Mozilla/5.0 (compatible; MJ12bot/v1.4.8; http://mj12bot.com/)"
5.9.70.72 - - [27/Feb/2020:14:35:58 +0100] "GET /product_info.php?products_id=132&language=fr/ HTTP/1.1" 200 9273 "-" "Mozilla/5.0 (compatible; MJ12bot/v1.4.8; http://mj12bot.com/)"
5.9.70.72 - - [27/Feb/2020:14:35:59 +0100] "GET /product_info.php?products_id=132&language=iw/ HTTP/1.1" 200 9222 "-" "Mozilla/5.0 (compatible; MJ12bot/v1.4.8; http://mj12bot.com/)"
54.36.148.116 - - [27/Feb/2020:14:36:00 +0100] "GET /index.php?cPath=42_24&language=sl&page=1&sort=5a HTTP/1.1" 200 7851 "-" "Mozilla/5.0 (compatible; AhrefsBot/6.1; +http://ahrefs.com/robot/)"
5.9.70.72 - - [27/Feb/2020:14:36:01 +0100] "GET /product_info.php?products_id=132&language=pl/ HTTP/1.1" 200 9223 "-" "Mozilla/5.0 (compatible; MJ12bot/v1.4.8; http://mj12bot.com/)"
5.9.70.72 - - [27/Feb/2020:14:36:03 +0100] "GET /product_info.php?products_id=132&language=sr/ HTTP/1.1" 200 9268 "-" "Mozilla/5.0 (compatible; MJ12bot/v1.4.8; http://mj12bot.com/)"
5.9.70.72 - - [27/Feb/2020:14:36:05 +0100] "GET /product_info.php?products_id=132&language=tr/ HTTP/1.1" 200 9285 "-" "Mozilla/5.0 (compatible; MJ12bot/v1.4.8; http://mj12bot.com/)"
83.114.83.83 - - [27/Feb/2020:14:36:05 +0100] "GET /lechef/edit_orders_ajax.php?action=delete_product_field&oID=12287&pid=78284&field=delete&new_value=true HTTP/1.1" 200 332 "http://www.e-medicalonline.com/lechef/edit_orders.php?oID=12287&action=edit" "Mozilla/5.0 (Windows NT 10.0; Win64; x64) AppleWebKit/537.36 (KHTML, like Gecko) Chrome/79.0.3945.130 Safari/537.36"
83.114.83.83 - - [27/Feb/2020:14:36:05 +0100] "POST /lechef/edit_orders_ajax.php HTTP/1.1" 200 13136 "http://www.e-medicalonline.com/lechef/edit_orders.php?oID=12287&action=edit" "Mozilla/5.0 (Windows NT 10.0; Win64; x64) AppleWebKit/537.36 (KHTML, like Gecko) Chrome/79.0.3945.130 Safari/537.36"
5.9.70.72 - - [27/Feb/2020:14:36:06 +0100] "GET /product_info.php?products_id=142&language=ar/ HTTP/1.1" 200 9606 "-" "Mozilla/5.0 (compatible; MJ12bot/v1.4.8; http://mj12bot.com/)"
83.114.83.83 - - [27/Feb/2020:14:36:07 +0100] "GET /lechef/edit_orders_add_product.php?oID=12287&step=1 HTTP/1.1" 200 6615 "http://www.e-medicalonline.com/lechef/edit_orders.php?oID=12287&action=edit" "Mozilla/5.0 (Windows NT 10.0; Win64; x64) AppleWebKit/537.36 (KHTML, like Gecko) Chrome/79.0.3945.130 Safari/537.36"
5.9.70.72 - - [27/Feb/2020:14:36:08 +0100] "GET /product_info.php?products_id=142&language=en/ HTTP/1.1" 200 9571 "-" "Mozilla/5.0 (compatible; MJ12bot/v1.4.8; http://mj12bot.com/)"
5.9.70.72 - - [27/Feb/2020:14:36:10 +0100] "GET /product_info.php?products_id=142&language=fr/ HTTP/1.1" 200 9563 "-" "Mozilla/5.0 (compatible; MJ12bot/v1.4.8; http://mj12bot.com/)"
5.9.70.72 - - [27/Feb/2020:14:36:12 +0100] "GET /product_info.php?products_id=142&language=pl/ HTTP/1.1" 200 9571 "-" "Mozilla/5.0 (compatible; MJ12bot/v1.4.8; http://mj12bot.com/)"
83.114.83.83 - - [27/Feb/2020:14:36:13 +0100] "POST /lechef/edit_orders_add_product.php?oID=12287 HTTP/1.1" 200 6781 "http://www.e-medicalonline.com/lechef/edit_orders_add_product.php?oID=12287&step=1" "Mozilla/5.0 (Windows NT 10.0; Win64; x64) AppleWebKit/537.36 (KHTML, like Gecko) Chrome/79.0.3945.130 Safari/537.36"
83.114.83.83 - - [27/Feb/2020:14:36:13 +0100] "POST /lechef/edit_orders_add_product.php?oID=12287 HTTP/1.1" 200 6781 "http://www.e-medicalonline.com/lechef/edit_orders_add_product.php?oID=12287&step=1" "Mozilla/5.0 (Windows NT 10.0; Win64; x64) AppleWebKit/537.36 (KHTML, like Gecko) Chrome/79.0.3945.130 Safari/537.36"
114.119.156.142 - - [27/Feb/2020:14:36:12 +0100] "GET /images/PGLA35CN.jpg?osCsid=vdg1s5u9l9pimeq9jaruv3cav2 HTTP/1.1" 200 62536 "-" "Mozilla/5.0(Linux;U;Android 5.1.1;zh-CN;OPPO A33 Build/LMY47V) AppleWebKit/537.36(KHTML,like Gecko) Version/4.0 Chrome/40.0.2214.89 Mobile Safari/537.36"
5.9.70.72 - - [27/Feb/2020:14:36:13 +0100] "GET /product_info.php?products_id=142&language=ru/ HTTP/1.1" 200 9533 "-" "Mozilla/5.0 (compatible; MJ12bot/v1.4.8; http://mj12bot.com/)"
212.227.164.114 - - [27/Feb/2020:14:36:13 +0100] "GET /.env HTTP/1.1" 404 439 "-" "Mozlila/5.0 (Linux; Android 7.0; SM-G892A Bulid/NRD90M; wv) AppleWebKit/537.36 (KHTML, like Gecko) Version/4.0 Chrome/60.0.3112.107 Moblie Safari/537.36"
5.9.70.72 - - [27/Feb/2020:14:36:15 +0100] "GET /product_info.php?products_id=142&language=tr/ HTTP/1.1" 200 9529 "-" "Mozilla/5.0 (compatible; MJ12bot/v1.4.8; http://mj12bot.com/)"
5.9.70.72 - - [27/Feb/2020:14:36:17 +0100] "GET /product_info.php?products_id=144&language=ar/ HTTP/1.1" 200 9602 "-" "Mozilla/5.0 (compatible; MJ12bot/v1.4.8; http://mj12bot.com/)"
5.9.70.72 - - [27/Feb/2020:14:36:18 +0100] "GET /product_info.php?products_id=144&language=en/ HTTP/1.1" 200 9633 "-" "Mozilla/5.0 (compatible; MJ12bot/v1.4.8; http://mj12bot.com/)"
83.114.83.83 - - [27/Feb/2020:14:36:19 +0100] "POST /lechef/edit_orders_add_product.php?oID=12287 HTTP/1.1" 200 8269 "http://www.e-medicalonline.com/lechef/edit_orders_add_product.php?oID=12287" "Mozilla/5.0 (Windows NT 10.0; Win64; x64) AppleWebKit/537.36 (KHTML, like Gecko) Chrome/79.0.3945.130 Safari/537.36"
83.114.83.83 - - [27/Feb/2020:14:36:19 +0100] "POST /lechef/edit_orders_add_product.php?oID=12287 HTTP/1.1" 200 8269 "http://www.e-medicalonline.com/lechef/edit_orders_add_product.php?oID=12287" "Mozilla/5.0 (Windows NT 10.0; Win64; x64) AppleWebKit/537.36 (KHTML, like Gecko) Chrome/79.0.3945.130 Safari/537.36"
5.9.70.72 - - [27/Feb/2020:14:36:20 +0100] "GET /product_info.php?products_id=144&language=fr/ HTTP/1.1" 200 9618 "-" "Mozilla/5.0 (compatible; MJ12bot/v1.4.8; http://mj12bot.com/)"
5.9.70.72 - - [27/Feb/2020:14:36:22 +0100] "GET /product_info.php?products_id=144&language=iw/ HTTP/1.1" 200 9622 "-" "Mozilla/5.0 (compatible; MJ12bot/v1.4.8; http://mj12bot.com/)"
5.9.70.72 - - [27/Feb/2020:14:36:23 +0100] "GET /product_info.php?products_id=144&language=pl/ HTTP/1.1" 200 9623 "-" "Mozilla/5.0 (compatible; MJ12bot/v1.4.8; http://mj12bot.com/)"
5.9.70.72 - - [27/Feb/2020:14:36:25 +0100] "GET /product_info.php?products_id=144&language=ru/ HTTP/1.1" 200 9636 "-" "Mozilla/5.0 (compatible; MJ12bot/v1.4.8; http://mj12bot.com/)"
5.9.70.72 - - [27/Feb/2020:14:36:26 +0100] "GET /product_info.php?products_id=144&language=sr/ HTTP/1.1" 200 9634 "-" "Mozilla/5.0 (compatible; MJ12bot/v1.4.8; http://mj12bot.com/)"
5.9.70.72 - - [27/Feb/2020:14:36:28 +0100] "GET /product_info.php?products_id=144&language=tr/ HTTP/1.1" 200 9593 "-" "Mozilla/5.0 (compatible; MJ12bot/v1.4.8; http://mj12bot.com/)"
114.119.165.22 - - [27/Feb/2020:14:36:29 +0100] "GET /conditions.php?osCsid=h90esonbs5lrv8rqm5q8mmuhr6 HTTP/1.1" 200 12509 "-" "Mozilla/5.0(Linux;Android 5.1.1;OPPO A33 Build/LMY47V;wv) AppleWebKit/537.36(KHTML,link Gecko) Version/4.0 Chrome/42.0.2311.138 Mobile Safari/537.36"
5.9.70.72 - - [27/Feb/2020:14:36:30 +0100] "GET /product_info.php?products_id=146&language=ar/ HTTP/1.1" 200 9519 "-" "Mozilla/5.0 (compatible; MJ12bot/v1.4.8; http://mj12bot.com/)"
5.9.70.72 - - [27/Feb/2020:14:36:31 +0100] "GET /product_info.php?products_id=146&language=en/ HTTP/1.1" 200 9530 "-" "Mozilla/5.0 (compatible; MJ12bot/v1.4.8; http://mj12bot.com/)"
5.9.70.72 - - [27/Feb/2020:14:36:33 +0100] "GET /product_info.php?products_id=146&language=fr/ HTTP/1.1" 200 9499 "-" "Mozilla/5.0 (compatible; MJ12bot/v1.4.8; http://mj12bot.com/)"
5.9.70.72 - - [27/Feb/2020:14:36:34 +0100] "GET /product_info.php?products_id=146&language=iw/ HTTP/1.1" 200 9520 "-" "Mozilla/5.0 (compatible; MJ12bot/v1.4.8; http://mj12bot.com/)"
5.9.70.72 - - [27/Feb/2020:14:36:36 +0100] "GET /product_info.php?products_id=146&language=sr/ HTTP/1.1" 200 9523 "-" "Mozilla/5.0 (compatible; MJ12bot/v1.4.8; http://mj12bot.com/)"
5.9.70.72 - - [27/Feb/2020:14:36:38 +0100] "GET /product_info.php?products_id=146&language=tr/ HTTP/1.1" 200 9450 "-" "Mozilla/5.0 (compatible; MJ12bot/v1.4.8; http://mj12bot.com/)"
5.9.70.72 - - [27/Feb/2020:14:36:39 +0100] "GET /product_info.php?products_id=149&language=ar/ HTTP/1.1" 200 9337 "-" "Mozilla/5.0 (compatible; MJ12bot/v1.4.8; http://mj12bot.com/)"
5.9.70.72 - - [27/Feb/2020:14:36:41 +0100] "GET /product_info.php?products_id=149&language=en/ HTTP/1.1" 200 9347 "-" "Mozilla/5.0 (compatible; MJ12bot/v1.4.8; http://mj12bot.com/)"
5.9.70.72 - - [27/Feb/2020:14:36:43 +0100] "GET /product_info.php?products_id=149&language=fr/ HTTP/1.1" 200 9358 "-" "Mozilla/5.0 (compatible; MJ12bot/v1.4.8; http://mj12bot.com/)"
5.9.70.72 - - [27/Feb/2020:14:36:45 +0100] "GET /product_info.php?products_id=149&language=iw/ HTTP/1.1" 200 9287 "-" "Mozilla/5.0 (compatible; MJ12bot/v1.4.8; http://mj12bot.com/)"
5.9.70.72 - - [27/Feb/2020:14:36:46 +0100] "GET /product_info.php?products_id=149&language=pl/ HTTP/1.1" 200 9348 "-" "Mozilla/5.0 (compatible; MJ12bot/v1.4.8; http://mj12bot.com/)"
5.9.70.72 - - [27/Feb/2020:14:36:48 +0100] "GET /product_info.php?products_id=149&language=ru/ HTTP/1.1" 200 9345 "-" "Mozilla/5.0 (compatible; MJ12bot/v1.4.8; http://mj12bot.com/)"
114.119.149.252 - - [27/Feb/2020:14:36:48 +0100] "GET /index.php?osCsid=juugrabsqea3q4hqom0hj2cg50 HTTP/1.1" 200 7317 "-" "Mozilla/5.0(Linux;U;Android 5.1.1;zh-CN;OPPO A33 Build/LMY47V) AppleWebKit/537.36(KHTML,like Gecko) Version/4.0 Chrome/40.0.2214.89 Mobile Safari/537.36"
5.9.70.72 - - [27/Feb/2020:14:36:49 +0100] "GET /product_info.php?products_id=149&language=sr/ HTTP/1.1" 200 9353 "-" "Mozilla/5.0 (compatible; MJ12bot/v1.4.8; http://mj12bot.com/)"
83.114.83.83 - - [27/Feb/2020:14:36:51 +0100] "POST /lechef/edit_orders_add_product.php?oID=12287 HTTP/1.1" 200 10215 "http://www.e-medicalonline.com/lechef/edit_orders_add_product.php?oID=12287" "Mozilla/5.0 (Windows NT 10.0; Win64; x64) AppleWebKit/537.36 (KHTML, like Gecko) Chrome/79.0.3945.130 Safari/537.36"
5.9.70.72 - - [27/Feb/2020:14:36:51 +0100] "GET /product_info.php?products_id=152&language=ar/ HTTP/1.1" 200 9173 "-" "Mozilla/5.0 (compatible; MJ12bot/v1.4.8; http://mj12bot.com/)"
5.9.70.72 - - [27/Feb/2020:14:36:53 +0100] "GET /product_info.php?products_id=152&language=en/ HTTP/1.1" 200 9196 "-" "Mozilla/5.0 (compatible; MJ12bot/v1.4.8; http://mj12bot.com/)"
46.229.168.137 - - [27/Feb/2020:14:36:54 +0100] "GET /products_new.php?action=buy_now&language=en&page=9&products_id=223 HTTP/1.1" 302 573 "-" "Mozilla/5.0 (compatible; SemrushBot/6~bl; +http://www.semrush.com/bot.html)"
5.9.70.72 - - [27/Feb/2020:14:36:55 +0100] "GET /product_info.php?products_id=152&language=fr/ HTTP/1.1" 200 9224 "-" "Mozilla/5.0 (compatible; MJ12bot/v1.4.8; http://mj12bot.com/)"
83.114.83.83 - - [27/Feb/2020:14:36:55 +0100] "POST /lechef/edit_orders_add_product.php?oID=12287&action=add_product HTTP/1.1" 302 408 "http://www.e-medicalonline.com/lechef/edit_orders_add_product.php?oID=12287" "Mozilla/5.0 (Windows NT 10.0; Win64; x64) AppleWebKit/537.36 (KHTML, like Gecko) Chrome/79.0.3945.130 Safari/537.36"
83.114.83.83 - - [27/Feb/2020:14:36:55 +0100] "GET /lechef/edit_orders_add_product.php?oID=12287&step=1&submitForm=yes HTTP/1.1" 200 6802 "http://www.e-medicalonline.com/lechef/edit_orders_add_product.php?oID=12287" "Mozilla/5.0 (Windows NT 10.0; Win64; x64) AppleWebKit/537.36 (KHTML, like Gecko) Chrome/79.0.3945.130 Safari/537.36"
46.229.168.147 - - [27/Feb/2020:14:36:56 +0100] "GET /shopping_cart.php?language=en&page=9 HTTP/1.1" 200 8610 "-" "Mozilla/5.0 (compatible; SemrushBot/6~bl; +http://www.semrush.com/bot.html)"
83.114.83.83 - - [27/Feb/2020:14:36:56 +0100] "POST /lechef/edit_orders.php?oID=12287&action=update_order HTTP/1.1" 302 395 "http://www.e-medicalonline.com/lechef/edit_orders.php?oID=12287&action=edit" "Mozilla/5.0 (Windows NT 10.0; Win64; x64) AppleWebKit/537.36 (KHTML, like Gecko) Chrome/79.0.3945.130 Safari/537.36"
83.114.83.83 - - [27/Feb/2020:14:36:56 +0100] "GET /lechef/edit_orders.php?oID=12287&action=edit HTTP/1.1" 200 200075 "http://www.e-medicalonline.com/lechef/edit_orders.php?oID=12287&action=edit" "Mozilla/5.0 (Windows NT 10.0; Win64; x64) AppleWebKit/537.36 (KHTML, like Gecko) Chrome/79.0.3945.130 Safari/537.36"
5.9.70.72 - - [27/Feb/2020:14:36:56 +0100] "GET /product_info.php?products_id=152&language=iw/ HTTP/1.1" 200 9186 "-" "Mozilla/5.0 (compatible; MJ12bot/v1.4.8; http://mj12bot.com/)"
5.9.70.72 - - [27/Feb/2020:14:36:58 +0100] "GET /product_info.php?products_id=152&language=pl/ HTTP/1.1" 200 9222 "-" "Mozilla/5.0 (compatible; MJ12bot/v1.4.8; http://mj12bot.com/)"
5.9.70.72 - - [27/Feb/2020:14:37:00 +0100] "GET /product_info.php?products_id=152&language=ru/ HTTP/1.1" 200 9164 "-" "Mozilla/5.0 (compatible; MJ12bot/v1.4.8; http://mj12bot.com/)"
5.9.70.72 - - [27/Feb/2020:14:37:01 +0100] "GET /product_info.php?products_id=152&language=sr/ HTTP/1.1" 200 9114 "-" "Mozilla/5.0 (compatible; MJ12bot/v1.4.8; http://mj12bot.com/)"
5.9.70.72 - - [27/Feb/2020:14:37:03 +0100] "GET /product_info.php?products_id=152&language=tr/ HTTP/1.1" 200 9174 "-" "Mozilla/5.0 (compatible; MJ12bot/v1.4.8; http://mj12bot.com/)"
5.9.70.72 - - [27/Feb/2020:14:37:05 +0100] "GET /product_info.php?products_id=156&language=ar/ HTTP/1.1" 200 7203 "-" "Mozilla/5.0 (compatible; MJ12bot/v1.4.8; http://mj12bot.com/)"
114.119.144.118 - - [27/Feb/2020:14:37:05 +0100] "GET /index.php?cPath=47&osCsid=jtm607hc6297a6stlk6kmh7174%20 HTTP/1.1" 302 288 "-" "Mozilla/5.0(Linux;Android 5.1.1;OPPO A33 Build/LMY47V;wv) AppleWebKit/537.36(KHTML,link Gecko) Version/4.0 Chrome/43.0.2357.121 Mobile Safari/537.36"
114.119.144.118 - - [27/Feb/2020:14:37:06 +0100] "GET /index.php HTTP/1.1" 200 7327 "-" "Mozilla/5.0(Linux;Android 5.1.1;OPPO A33 Build/LMY47V;wv) AppleWebKit/537.36(KHTML,link Gecko) Version/4.0 Chrome/43.0.2357.121 Mobile Safari/537.36"
5.9.70.72 - - [27/Feb/2020:14:37:06 +0100] "GET /product_info.php?products_id=156&language=en/ HTTP/1.1" 200 7207 "-" "Mozilla/5.0 (compatible; MJ12bot/v1.4.8; http://mj12bot.com/)"
5.9.70.72 - - [27/Feb/2020:14:37:08 +0100] "GET /product_info.php?products_id=156&language=fr/ HTTP/1.1" 200 7205 "-" "Mozilla/5.0 (compatible; MJ12bot/v1.4.8; http://mj12bot.com/)"
5.9.70.72 - - [27/Feb/2020:14:37:09 +0100] "GET /product_info.php?products_id=156&language=pl/ HTTP/1.1" 200 7205 "-" "Mozilla/5.0 (compatible; MJ12bot/v1.4.8; http://mj12bot.com/)"
5.9.70.72 - - [27/Feb/2020:14:37:11 +0100] "GET /product_info.php?products_id=156&language=sr/ HTTP/1.1" 200 7190 "-" "Mozilla/5.0 (compatible; MJ12bot/v1.4.8; http://mj12bot.com/)"
5.9.70.72 - - [27/Feb/2020:14:37:12 +0100] "GET /product_info.php?products_id=156&language=tr/ HTTP/1.1" 200 7200 "-" "Mozilla/5.0 (compatible; MJ12bot/v1.4.8; http://mj12bot.com/)"
83.114.83.83 - - [27/Feb/2020:14:37:13 +0100] "GET /lechef/edit_orders_add_product.php?oID=12287&step=1 HTTP/1.1" 200 6615 "http://www.e-medicalonline.com/lechef/edit_orders.php?oID=12287&action=edit" "Mozilla/5.0 (Windows NT 10.0; Win64; x64) AppleWebKit/537.36 (KHTML, like Gecko) Chrome/79.0.3945.130 Safari/537.36"
5.9.70.72 - - [27/Feb/2020:14:37:14 +0100] "GET /product_info.php?products_id=183&language=ar/ HTTP/1.1" 200 9062 "-" "Mozilla/5.0 (compatible; MJ12bot/v1.4.8; http://mj12bot.com/)"
5.9.70.72 - - [27/Feb/2020:14:37:16 +0100] "GET /product_info.php?products_id=183&language=en/ HTTP/1.1" 200 9061 "-" "Mozilla/5.0 (compatible; MJ12bot/v1.4.8; http://mj12bot.com/)"
5.9.70.72 - - [27/Feb/2020:14:37:17 +0100] "GET /product_info.php?products_id=183&language=fr/ HTTP/1.1" 200 9135 "-" "Mozilla/5.0 (compatible; MJ12bot/v1.4.8; http://mj12bot.com/)"
5.9.70.72 - - [27/Feb/2020:14:37:19 +0100] "GET /product_info.php?products_id=183&language=iw/ HTTP/1.1" 200 9131 "-" "Mozilla/5.0 (compatible; MJ12bot/v1.4.8; http://mj12bot.com/)"
83.114.83.83 - - [27/Feb/2020:14:37:21 +0100] "GET /lechef/edit_orders_add_product.php?oID=12287&step=1 HTTP/1.1" 200 6615 "http://www.e-medicalonline.com/lechef/edit_orders.php?oID=12287&action=edit" "Mozilla/5.0 (Windows NT 10.0; Win64; x64) AppleWebKit/537.36 (KHTML, like Gecko) Chrome/79.0.3945.130 Safari/537.36"
5.9.70.72 - - [27/Feb/2020:14:37:21 +0100] "GET /product_info.php?products_id=183&language=pl/ HTTP/1.1" 200 9064 "-" "Mozilla/5.0 (compatible; MJ12bot/v1.4.8; http://mj12bot.com/)"
5.9.70.72 - - [27/Feb/2020:14:37:23 +0100] "GET /product_info.php?products_id=183&language=ru/ HTTP/1.1" 200 9063 "-" "Mozilla/5.0 (compatible; MJ12bot/v1.4.8; http://mj12bot.com/)"
114.119.138.179 - - [27/Feb/2020:14:37:24 +0100] "GET /index.php?osCsid=map1jis2dc5coaear3qjh1d5g1 HTTP/1.1" 200 7314 "-" "Mozilla/5.0(Linux;U;Android 5.1.1;zh-CN;OPPO A33 Build/LMY47V) AppleWebKit/537.36(KHTML,like Gecko) Version/4.0 Chrome/40.0.2214.89 Mobile Safari/537.36"
5.9.70.72 - - [27/Feb/2020:14:37:25 +0100] "GET /product_info.php?products_id=183&language=tr/ HTTP/1.1" 200 9133 "-" "Mozilla/5.0 (compatible; MJ12bot/v1.4.8; http://mj12bot.com/)"
83.114.83.83 - - [27/Feb/2020:14:37:27 +0100] "POST /lechef/edit_orders_add_product.php?oID=12287 HTTP/1.1" 200 8643 "http://www.e-medicalonline.com/lechef/edit_orders_add_product.php?oID=12287&step=1" "Mozilla/5.0 (Windows NT 10.0; Win64; x64) AppleWebKit/537.36 (KHTML, like Gecko) Chrome/79.0.3945.130 Safari/537.36"
83.114.83.83 - - [27/Feb/2020:14:37:27 +0100] "POST /lechef/edit_orders_add_product.php?oID=12287 HTTP/1.1" 200 8643 "http://www.e-medicalonline.com/lechef/edit_orders_add_product.php?oID=12287&step=1" "Mozilla/5.0 (Windows NT 10.0; Win64; x64) AppleWebKit/537.36 (KHTML, like Gecko) Chrome/79.0.3945.130 Safari/537.36"
5.9.70.72 - - [27/Feb/2020:14:37:27 +0100] "GET /product_info.php?products_id=185&language=ar/ HTTP/1.1" 200 9525 "-" "Mozilla/5.0 (compatible; MJ12bot/v1.4.8; http://mj12bot.com/)"
5.9.70.72 - - [27/Feb/2020:14:37:28 +0100] "GET /product_info.php?products_id=185&language=en/ HTTP/1.1" 200 9527 "-" "Mozilla/5.0 (compatible; MJ12bot/v1.4.8; http://mj12bot.com/)"
5.9.70.72 - - [27/Feb/2020:14:37:30 +0100] "GET /product_info.php?products_id=185&language=fr/ HTTP/1.1" 200 9461 "-" "Mozilla/5.0 (compatible; MJ12bot/v1.4.8; http://mj12bot.com/)"
5.9.70.72 - - [27/Feb/2020:14:37:32 +0100] "GET /product_info.php?products_id=221&action=notify/ HTTP/1.1" 200 8558 "-" "Mozilla/5.0 (compatible; MJ12bot/v1.4.8; http://mj12bot.com/)"
5.9.70.72 - - [27/Feb/2020:14:37:33 +0100] "GET /product_info.php?products_id=229&action=notify/ HTTP/1.1" 200 9267 "-" "Mozilla/5.0 (compatible; MJ12bot/v1.4.8; http://mj12bot.com/)"
5.9.70.72 - - [27/Feb/2020:14:37:35 +0100] "GET /product_info.php?products_id=229&language=ar/ HTTP/1.1" 200 9280 "-" "Mozilla/5.0 (compatible; MJ12bot/v1.4.8; http://mj12bot.com/)"
5.9.70.72 - - [27/Feb/2020:14:37:36 +0100] "GET /product_info.php?products_id=229&language=tr/ HTTP/1.1" 200 9244 "-" "Mozilla/5.0 (compatible; MJ12bot/v1.4.8; http://mj12bot.com/)"
5.9.70.72 - - [27/Feb/2020:14:37:38 +0100] "GET /product_info.php?products_id=259&language=cs&action=notify/ HTTP/1.1" 200 7209 "-" "Mozilla/5.0 (compatible; MJ12bot/v1.4.8; http://mj12bot.com/)"
5.9.70.72 - - [27/Feb/2020:14:37:39 +0100] "GET /product_info.php?products_id=259&language=is&action=notify/ HTTP/1.1" 200 7214 "-" "Mozilla/5.0 (compatible; MJ12bot/v1.4.8; http://mj12bot.com/)"
5.9.70.72 - - [27/Feb/2020:14:37:41 +0100] "GET /product_info.php?products_id=259&language=nl&action=notify/ HTTP/1.1" 200 7210 "-" "Mozilla/5.0 (compatible; MJ12bot/v1.4.8; http://mj12bot.com/)"
54.36.150.53 - - [27/Feb/2020:14:37:42 +0100] "GET /product_info.php?products_id=144&language=ar HTTP/1.1" 200 10033 "-" "Mozilla/5.0 (compatible; AhrefsBot/6.1; +http://ahrefs.com/robot/)"
5.9.70.72 - - [27/Feb/2020:14:37:42 +0100] "GET /product_info.php?products_id=259&language=no&action=notify/ HTTP/1.1" 200 7211 "-" "Mozilla/5.0 (compatible; MJ12bot/v1.4.8; http://mj12bot.com/)"
5.9.70.72 - - [27/Feb/2020:14:37:43 +0100] "GET /product_info.php?products_id=261&language=ar&action=notify/ HTTP/1.1" 200 9880 "-" "Mozilla/5.0 (compatible; MJ12bot/v1.4.8; http://mj12bot.com/)"
46.229.168.154 - - [27/Feb/2020:14:37:44 +0100] "GET /product_info.php?action=add_product&cPath=42_24&language=pl&products_id=255 HTTP/1.1" 302 566 "-" "Mozilla/5.0 (compatible; SemrushBot/6~bl; +http://www.semrush.com/bot.html)"
5.9.70.72 - - [27/Feb/2020:14:37:45 +0100] "GET /product_info.php?products_id=261&language=en&action=notify/ HTTP/1.1" 200 9420 "-" "Mozilla/5.0 (compatible; MJ12bot/v1.4.8; http://mj12bot.com/)"
46.229.168.148 - - [27/Feb/2020:14:37:46 +0100] "GET /shopping_cart.php?language=pl HTTP/1.1" 200 8721 "-" "Mozilla/5.0 (compatible; SemrushBot/6~bl; +http://www.semrush.com/bot.html)"
114.119.150.70 - - [27/Feb/2020:14:37:46 +0100] "GET /specials.php?osCsid=3a21bnttk1ugo6flmsvqpsem12 HTTP/1.1" 200 6739 "-" "Mozilla/5.0(Linux;Android 5.1.1;OPPO A33 Build/LMY47V;wv) AppleWebKit/537.36(KHTML,link Gecko) Version/4.0 Chrome/43.0.2357.121 Mobile Safari/537.36"
5.9.70.72 - - [27/Feb/2020:14:37:47 +0100] "GET /product_info.php?products_id=261&language=fr&action=notify/ HTTP/1.1" 200 9516 "-" "Mozilla/5.0 (compatible; MJ12bot/v1.4.8; http://mj12bot.com/)"
5.9.70.72 - - [27/Feb/2020:14:37:48 +0100] "GET /product_info.php?products_id=261&language=iw&action=notify/ HTTP/1.1" 200 9778 "-" "Mozilla/5.0 (compatible; MJ12bot/v1.4.8; http://mj12bot.com/)"
5.9.70.72 - - [27/Feb/2020:14:37:50 +0100] "GET /product_info.php?products_id=267&language=tr&action=notify/ HTTP/1.1" 200 7386 "-" "Mozilla/5.0 (compatible; MJ12bot/v1.4.8; http://mj12bot.com/)"
5.9.70.72 - - [27/Feb/2020:14:37:51 +0100] "GET /product_info.php?products_id=278&language=lv&action=notify/ HTTP/1.1" 200 9182 "-" "Mozilla/5.0 (compatible; MJ12bot/v1.4.8; http://mj12bot.com/)"
5.9.70.72 - - [27/Feb/2020:14:37:53 +0100] "GET /product_info.php?products_id=316&language=sr&action=notify/ HTTP/1.1" 200 9581 "-" "Mozilla/5.0 (compatible; MJ12bot/v1.4.8; http://mj12bot.com/)"
5.9.70.72 - - [27/Feb/2020:14:37:55 +0100] "GET /product_info.php?products_id=326&language=ar&action=notify/ HTTP/1.1" 200 9546 "-" "Mozilla/5.0 (compatible; MJ12bot/v1.4.8; http://mj12bot.com/)"
5.9.70.72 - - [27/Feb/2020:14:37:56 +0100] "GET /product_info.php?products_id=326&language=en&action=notify/ HTTP/1.1" 200 9327 "-" "Mozilla/5.0 (compatible; MJ12bot/v1.4.8; http://mj12bot.com/)"
46.229.168.163 - - [27/Feb/2020:14:38:00 +0100] "GET /product_reviews.php?action=notify&cPath=29_30&products_id=51 HTTP/1.1" 302 546 "-" "Mozilla/5.0 (compatible; SemrushBot/6~bl; +http://www.semrush.com/bot.html)"
46.229.168.148 - - [27/Feb/2020:14:38:02 +0100] "GET /login.php HTTP/1.1" 200 7495 "-" "Mozilla/5.0 (compatible; SemrushBot/6~bl; +http://www.semrush.com/bot.html)"
114.119.157.31 - - [27/Feb/2020:14:38:02 +0100] "GET /conditions.php?osCsid=u48a0gmnqgi7ol1902njd5li93 HTTP/1.1" 200 12537 "-" "Mozilla/5.0(Linux;Android 5.1.1;OPPO A33 Build/LMY47V;wv) AppleWebKit/537.36(KHTML,link Gecko) Version/4.0 Chrome/42.0.2311.138 Mobile Safari/537.36"
46.229.168.131 - - [27/Feb/2020:14:38:03 +0100] "GET /index.php?cPath=41_53&language=lv&page=1&sort=3d HTTP/1.1" 200 7437 "-" "Mozilla/5.0 (compatible; SemrushBot/6~bl; +http://www.semrush.com/bot.html)"
46.229.168.135 - - [27/Feb/2020:14:38:07 +0100] "GET /index.php?cPath=29_31&language=en&page=1&sort=4a HTTP/1.1" 200 7313 "-" "Mozilla/5.0 (compatible; SemrushBot/6~bl; +http://www.semrush.com/bot.html)"
46.229.168.161 - - [27/Feb/2020:14:38:08 +0100] "GET /index.php?cPath=41_38&language=lv&page=1&sort=4d HTTP/1.1" 200 7409 "-" "Mozilla/5.0 (compatible; SemrushBot/6~bl; +http://www.semrush.com/bot.html)"
114.119.128.232 - - [27/Feb/2020:14:38:21 +0100] "GET /index.php?cPath=47&osCsid=qltvjk0ra6i75kae48gj6mehl7%20 HTTP/1.1" 302 288 "-" "Mozilla/5.0(Linux;U;Android 5.1.1;zh-CN;OPPO A33 Build/LMY47V) AppleWebKit/537.36(KHTML,like Gecko) Version/4.0 Chrome/40.0.2214.89 Mobile Safari/537.36"
114.119.128.232 - - [27/Feb/2020:14:38:22 +0100] "GET /index.php HTTP/1.1" 200 7326 "-" "Mozilla/5.0(Linux;U;Android 5.1.1;zh-CN;OPPO A33 Build/LMY47V) AppleWebKit/537.36(KHTML,like Gecko) Version/4.0 Chrome/40.0.2214.89 Mobile Safari/537.36"
46.229.168.161 - - [27/Feb/2020:14:38:29 +0100] "GET /product_info.php?action=notify&language=pl&products_id=119 HTTP/1.1" 302 546 "-" "Mozilla/5.0 (compatible; SemrushBot/6~bl; +http://www.semrush.com/bot.html)"
46.229.168.135 - - [27/Feb/2020:14:38:30 +0100] "GET /login.php HTTP/1.1" 200 7468 "-" "Mozilla/5.0 (compatible; SemrushBot/6~bl; +http://www.semrush.com/bot.html)"
114.119.165.134 - - [27/Feb/2020:14:38:38 +0100] "GET /product_info.php?products_id=377&osCsid=9mdnkpere1hlru22vt0uuqal54 HTTP/1.1" 200 9182 "-" "Mozilla/5.0(Linux;Android 5.1.1;OPPO A33 Build/LMY47V;wv) AppleWebKit/537.36(KHTML,link Gecko) Version/4.0 Chrome/43.0.2357.121 Mobile Safari/537.36"
54.36.148.208 - - [27/Feb/2020:14:38:54 +0100] "GET /index.php?cPath=29_54&language=sl&page=1&sort=5d HTTP/1.1" 200 7479 "-" "Mozilla/5.0 (compatible; AhrefsBot/6.1; +http://ahrefs.com/robot/)"
114.119.162.119 - - [27/Feb/2020:14:38:56 +0100] "GET /index.php?osCsid=2eoo6apdqk07bvoisadeteacr4 HTTP/1.1" 200 7317 "-" "Mozilla/5.0(Linux;U;Android 5.1.1;zh-CN;OPPO A33 Build/LMY47V) AppleWebKit/537.36(KHTML,like Gecko) Version/4.0 Chrome/40.0.2214.89 Mobile Safari/537.36"
216.244.66.234 - - [27/Feb/2020:14:39:11 +0100] "GET /product_info.php?cPath=29_54&products_id=222&language=ru HTTP/1.1" 200 58168 "-" "Mozilla/5.0 (compatible; DotBot/1.1; http://www.opensiteexplorer.org/dotbot, help@moz.com)"
216.244.66.234 - - [27/Feb/2020:14:39:11 +0100] "GET /product_info.php?cPath=47&products_id=334&language=tr HTTP/1.1" 200 52325 "-" "Mozilla/5.0 (compatible; DotBot/1.1; http://www.opensiteexplorer.org/dotbot, help@moz.com)"
114.119.159.49 - - [27/Feb/2020:14:39:15 +0100] "GET /index.php?cPath=42&osCsid=vqenmof5la0dg6nfmuvmv996l6%20 HTTP/1.1" 302 288 "-" "Mozilla/5.0(Linux;U;Android 5.1.1;zh-CN;OPPO A33 Build/LMY47V) AppleWebKit/537.36(KHTML,like Gecko) Version/4.0 Chrome/40.0.2214.89 Mobile Safari/537.36"
114.119.159.49 - - [27/Feb/2020:14:39:16 +0100] "GET /index.php HTTP/1.1" 200 7325 "-" "Mozilla/5.0(Linux;U;Android 5.1.1;zh-CN;OPPO A33 Build/LMY47V) AppleWebKit/537.36(KHTML,like Gecko) Version/4.0 Chrome/40.0.2214.89 Mobile Safari/537.36"
114.119.164.39 - - [27/Feb/2020:14:39:32 +0100] "GET /index.php?cPath=47&osCsid=9467k410c6g51kd7lj33rni0s6%20 HTTP/1.1" 302 288 "-" "Mozilla/5.0(Linux;Android 5.1.1;OPPO A33 Build/LMY47V;wv) AppleWebKit/537.36(KHTML,link Gecko) Version/4.0 Chrome/42.0.2311.138 Mobile Safari/537.36"
114.119.164.39 - - [27/Feb/2020:14:39:33 +0100] "GET /index.php HTTP/1.1" 200 7304 "-" "Mozilla/5.0(Linux;Android 5.1.1;OPPO A33 Build/LMY47V;wv) AppleWebKit/537.36(KHTML,link Gecko) Version/4.0 Chrome/42.0.2311.138 Mobile Safari/537.36"
85.209.89.205 - - [27/Feb/2020:14:39:45 +0100] "HEAD / HTTP/1.1" 200 264 "https://machinetech.se/blog/articles/manufacturing-turning/" "Mozilla/4.0 (compatible; MSIE7.00; Windows 2005)"
185.203.240.129 - - [27/Feb/2020:14:39:52 +0100] "HEAD / HTTP/1.1" 200 264 "https://rozetka.com.ua/181715878/p181715878" "Mozilla/7.0 (compatible; MSIE5.00; Windows 2005)"
