91.242.162.18 - - [27/Feb/2020:11:31:23 +0100] "GET /login.php?language=ru&osCsid=nfntr10uerotptht4aaj5q0vv7 HTTP/1.1" 200 8083 "-" "Mozilla/5.0 (compatible; Qwantify/2.4w; +https://www.qwant.com/)/2.4w"
83.114.83.83 - - [27/Feb/2020:11:31:26 +0100] "POST /lechef/edit_orders_add_product.php?oID=12285&action=add_product HTTP/1.1" 302 408 "http://www.e-medicalonline.com/lechef/edit_orders_add_product.php?oID=12285" "Mozilla/5.0 (Windows NT 10.0; Win64; x64) AppleWebKit/537.36 (KHTML, like Gecko) Chrome/79.0.3945.130 Safari/537.36"
83.114.83.83 - - [27/Feb/2020:11:31:26 +0100] "GET /lechef/edit_orders_add_product.php?oID=12285&step=1&submitForm=yes HTTP/1.1" 200 6802 "http://www.e-medicalonline.com/lechef/edit_orders_add_product.php?oID=12285" "Mozilla/5.0 (Windows NT 10.0; Win64; x64) AppleWebKit/537.36 (KHTML, like Gecko) Chrome/79.0.3945.130 Safari/537.36"
83.114.83.83 - - [27/Feb/2020:11:31:27 +0100] "POST /lechef/edit_orders.php?oID=12285&action=update_order HTTP/1.1" 302 395 "http://www.e-medicalonline.com/lechef/edit_orders.php?oID=12285&action=edit" "Mozilla/5.0 (Windows NT 10.0; Win64; x64) AppleWebKit/537.36 (KHTML, like Gecko) Chrome/79.0.3945.130 Safari/537.36"
83.114.83.83 - - [27/Feb/2020:11:31:27 +0100] "GET /lechef/edit_orders.php?oID=12285&action=edit HTTP/1.1" 200 172439 "http://www.e-medicalonline.com/lechef/edit_orders.php?oID=12285&action=edit" "Mozilla/5.0 (Windows NT 10.0; Win64; x64) AppleWebKit/537.36 (KHTML, like Gecko) Chrome/79.0.3945.130 Safari/537.36"
114.119.133.225 - - [27/Feb/2020:11:31:29 +0100] "GET /index.php?cPath=47&osCsid=u4qg98o9beql7qvmlmkovvkdt4%20 HTTP/1.1" 302 288 "-" "Mozilla/5.0(Linux;Android 5.1.1;OPPO A33 Build/LMY47V;wv) AppleWebKit/537.36(KHTML,link Gecko) Version/4.0 Chrome/43.0.2357.121 Mobile Safari/537.36"
114.119.133.225 - - [27/Feb/2020:11:31:29 +0100] "GET /index.php HTTP/1.1" 200 7314 "-" "Mozilla/5.0(Linux;Android 5.1.1;OPPO A33 Build/LMY47V;wv) AppleWebKit/537.36(KHTML,link Gecko) Version/4.0 Chrome/43.0.2357.121 Mobile Safari/537.36"
195.154.181.60 - - [27/Feb/2020:11:31:36 +0100] "GET /product_reviews.php?products_id=326&osCsid=cia6s0ar8tqv194ulqsgcehk43 HTTP/1.0" 200 39389 "http://www.e-medicalonline.com/product_reviews.php?products_id=326&osCsid=cia6s0ar8tqv194ulqsgcehk43" "Mozilla/5.0 (Windows NT 10.0) AppleWebKit/537.36 (KHTML, like Gecko) Chrome/67.0.3396.99 Safari/537.36"
83.114.83.83 - - [27/Feb/2020:11:31:36 +0100] "GET /lechef/edit_orders_ajax.php?action=update_product_value_field&oID=12285&pid=78249&price=1.8400&final_price=1.8400 HTTP/1.1" 200 332 "http://www.e-medicalonline.com/lechef/edit_orders.php?oID=12285&action=edit" "Mozilla/5.0 (Windows NT 10.0; Win64; x64) AppleWebKit/537.36 (KHTML, like Gecko) Chrome/79.0.3945.130 Safari/537.36"
83.114.83.83 - - [27/Feb/2020:11:31:36 +0100] "POST /lechef/edit_orders_ajax.php HTTP/1.1" 200 13128 "http://www.e-medicalonline.com/lechef/edit_orders.php?oID=12285&action=edit" "Mozilla/5.0 (Windows NT 10.0; Win64; x64) AppleWebKit/537.36 (KHTML, like Gecko) Chrome/79.0.3945.130 Safari/537.36"
83.114.83.83 - - [27/Feb/2020:11:31:38 +0100] "GET /lechef/edit_orders_add_product.php?oID=12285&step=1 HTTP/1.1" 200 6615 "http://www.e-medicalonline.com/lechef/edit_orders.php?oID=12285&action=edit" "Mozilla/5.0 (Windows NT 10.0; Win64; x64) AppleWebKit/537.36 (KHTML, like Gecko) Chrome/79.0.3945.130 Safari/537.36"
114.119.159.15 - - [27/Feb/2020:11:31:40 +0100] "GET /contact_us.php?osCsid=g68rv73oucoq776d1pndc9d6b2 HTTP/1.1" 200 6967 "-" "Mozilla/5.0(Linux;Android 5.1.1;OPPO A33 Build/LMY47V;wv) AppleWebKit/537.36(KHTML,link Gecko) Version/4.0 Chrome/42.0.2311.138 Mobile Safari/537.36"
195.154.181.60 - - [27/Feb/2020:11:31:41 +0100] "GET /contact_us.php?osCsid=dqsmtpng8o6rc72b819rht12c2 HTTP/1.0" 200 35668 "http://www.e-medicalonline.com/contact_us.php?osCsid=dqsmtpng8o6rc72b819rht12c2" "Mozilla/5.0 (Windows NT 10.0) AppleWebKit/537.36 (KHTML, like Gecko) Chrome/67.0.3396.99 Safari/537.36"
195.154.181.60 - - [27/Feb/2020:11:31:41 +0100] "GET /index.php HTTP/1.0" 200 35751 "http://www.e-medicalonline.com/index.php" "Mozilla/5.0 (Windows NT 10.0) AppleWebKit/537.36 (KHTML, like Gecko) Chrome/67.0.3396.99 Safari/537.36"
195.154.181.60 - - [27/Feb/2020:11:31:41 +0100] "GET /contact_us.php?osCsid=dqsmtpng8o6rc72b819rht12c2 HTTP/1.0" 200 35555 "http://www.e-medicalonline.com/contact_us.php?osCsid=dqsmtpng8o6rc72b819rht12c2" "Mozilla/5.0 (Windows NT 10.0) AppleWebKit/537.36 (KHTML, like Gecko) Chrome/67.0.3396.99 Safari/537.36"
195.154.181.60 - - [27/Feb/2020:11:31:41 +0100] "GET /index.php HTTP/1.0" 200 35945 "http://www.e-medicalonline.com/index.php" "Mozilla/5.0 (Windows NT 10.0) AppleWebKit/537.36 (KHTML, like Gecko) Chrome/67.0.3396.99 Safari/537.36"
195.154.181.60 - - [27/Feb/2020:11:31:41 +0100] "GET /contact_us.php?osCsid=dqsmtpng8o6rc72b819rht12c2 HTTP/1.0" 200 35668 "http://www.e-medicalonline.com/contact_us.php?osCsid=dqsmtpng8o6rc72b819rht12c2" "Mozilla/5.0 (Windows NT 10.0) AppleWebKit/537.36 (KHTML, like Gecko) Chrome/67.0.3396.99 Safari/537.36"
195.154.181.60 - - [27/Feb/2020:11:31:41 +0100] "GET /index.php HTTP/1.0" 200 35756 "http://www.e-medicalonline.com/index.php" "Mozilla/5.0 (Windows NT 10.0) AppleWebKit/537.36 (KHTML, like Gecko) Chrome/67.0.3396.99 Safari/537.36"
195.154.181.60 - - [27/Feb/2020:11:31:41 +0100] "GET /contact_us.php?osCsid=dqsmtpng8o6rc72b819rht12c2 HTTP/1.0" 200 35694 "http://www.e-medicalonline.com/contact_us.php?osCsid=dqsmtpng8o6rc72b819rht12c2" "Mozilla/5.0 (Windows NT 10.0) AppleWebKit/537.36 (KHTML, like Gecko) Chrome/67.0.3396.99 Safari/537.36"
83.114.83.83 - - [27/Feb/2020:11:31:47 +0100] "POST /lechef/edit_orders_add_product.php?oID=12285 HTTP/1.1" 200 8267 "http://www.e-medicalonline.com/lechef/edit_orders_add_product.php?oID=12285&step=1" "Mozilla/5.0 (Windows NT 10.0; Win64; x64) AppleWebKit/537.36 (KHTML, like Gecko) Chrome/79.0.3945.130 Safari/537.36"
83.114.83.83 - - [27/Feb/2020:11:31:47 +0100] "POST /lechef/edit_orders_add_product.php?oID=12285 HTTP/1.1" 200 8267 "http://www.e-medicalonline.com/lechef/edit_orders_add_product.php?oID=12285&step=1" "Mozilla/5.0 (Windows NT 10.0; Win64; x64) AppleWebKit/537.36 (KHTML, like Gecko) Chrome/79.0.3945.130 Safari/537.36"
83.114.83.83 - - [27/Feb/2020:11:31:49 +0100] "POST /lechef/edit_orders_add_product.php?oID=12285 HTTP/1.1" 200 9445 "http://www.e-medicalonline.com/lechef/edit_orders_add_product.php?oID=12285" "Mozilla/5.0 (Windows NT 10.0; Win64; x64) AppleWebKit/537.36 (KHTML, like Gecko) Chrome/79.0.3945.130 Safari/537.36"
83.114.83.83 - - [27/Feb/2020:11:31:50 +0100] "POST /lechef/edit_orders_add_product.php?oID=12285 HTTP/1.1" 200 10984 "http://www.e-medicalonline.com/lechef/edit_orders_add_product.php?oID=12285" "Mozilla/5.0 (Windows NT 10.0; Win64; x64) AppleWebKit/537.36 (KHTML, like Gecko) Chrome/79.0.3945.130 Safari/537.36"
114.119.155.148 - - [27/Feb/2020:11:31:53 +0100] "GET /shopping_cart.php?osCsid=oritmnra9spgfn7oe3810ii0a0 HTTP/1.1" 200 8539 "-" "Mozilla/5.0(Linux;Android 5.1.1;OPPO A33 Build/LMY47V;wv) AppleWebKit/537.36(KHTML,link Gecko) Version/4.0 Chrome/42.0.2311.138 Mobile Safari/537.36"
83.114.83.83 - - [27/Feb/2020:11:31:54 +0100] "POST /lechef/edit_orders_add_product.php?oID=12285&action=add_product HTTP/1.1" 302 408 "http://www.e-medicalonline.com/lechef/edit_orders_add_product.php?oID=12285" "Mozilla/5.0 (Windows NT 10.0; Win64; x64) AppleWebKit/537.36 (KHTML, like Gecko) Chrome/79.0.3945.130 Safari/537.36"
83.114.83.83 - - [27/Feb/2020:11:31:54 +0100] "GET /lechef/edit_orders_add_product.php?oID=12285&step=1&submitForm=yes HTTP/1.1" 200 6802 "http://www.e-medicalonline.com/lechef/edit_orders_add_product.php?oID=12285" "Mozilla/5.0 (Windows NT 10.0; Win64; x64) AppleWebKit/537.36 (KHTML, like Gecko) Chrome/79.0.3945.130 Safari/537.36"
83.114.83.83 - - [27/Feb/2020:11:31:54 +0100] "POST /lechef/edit_orders.php?oID=12285&action=update_order HTTP/1.1" 302 395 "http://www.e-medicalonline.com/lechef/edit_orders.php?oID=12285&action=edit" "Mozilla/5.0 (Windows NT 10.0; Win64; x64) AppleWebKit/537.36 (KHTML, like Gecko) Chrome/79.0.3945.130 Safari/537.36"
83.114.83.83 - - [27/Feb/2020:11:31:54 +0100] "GET /lechef/edit_orders.php?oID=12285&action=edit HTTP/1.1" 200 176290 "http://www.e-medicalonline.com/lechef/edit_orders.php?oID=12285&action=edit" "Mozilla/5.0 (Windows NT 10.0; Win64; x64) AppleWebKit/537.36 (KHTML, like Gecko) Chrome/79.0.3945.130 Safari/537.36"
83.114.83.83 - - [27/Feb/2020:11:32:00 +0100] "GET /lechef/edit_orders_ajax.php?action=update_product_value_field&oID=12285&pid=78250&price=1.8400&final_price=1.8400 HTTP/1.1" 200 332 "http://www.e-medicalonline.com/lechef/edit_orders.php?oID=12285&action=edit" "Mozilla/5.0 (Windows NT 10.0; Win64; x64) AppleWebKit/537.36 (KHTML, like Gecko) Chrome/79.0.3945.130 Safari/537.36"
83.114.83.83 - - [27/Feb/2020:11:32:00 +0100] "POST /lechef/edit_orders_ajax.php HTTP/1.1" 200 13130 "http://www.e-medicalonline.com/lechef/edit_orders.php?oID=12285&action=edit" "Mozilla/5.0 (Windows NT 10.0; Win64; x64) AppleWebKit/537.36 (KHTML, like Gecko) Chrome/79.0.3945.130 Safari/537.36"
83.114.83.83 - - [27/Feb/2020:11:32:02 +0100] "GET /lechef/edit_orders_add_product.php?oID=12285&step=1 HTTP/1.1" 200 6615 "http://www.e-medicalonline.com/lechef/edit_orders.php?oID=12285&action=edit" "Mozilla/5.0 (Windows NT 10.0; Win64; x64) AppleWebKit/537.36 (KHTML, like Gecko) Chrome/79.0.3945.130 Safari/537.36"
114.119.141.67 - - [27/Feb/2020:11:32:06 +0100] "GET /index.php?cPath=41&osCsid=81f08rp6v894lkbsrpr9skakp4%20 HTTP/1.1" 302 288 "-" "Mozilla/5.0(Linux;Android 5.1.1;OPPO A33 Build/LMY47V;wv) AppleWebKit/537.36(KHTML,link Gecko) Version/4.0 Chrome/43.0.2357.121 Mobile Safari/537.36"
114.119.141.67 - - [27/Feb/2020:11:32:07 +0100] "GET /index.php HTTP/1.1" 200 7321 "-" "Mozilla/5.0(Linux;Android 5.1.1;OPPO A33 Build/LMY47V;wv) AppleWebKit/537.36(KHTML,link Gecko) Version/4.0 Chrome/43.0.2357.121 Mobile Safari/537.36"
83.114.83.83 - - [27/Feb/2020:11:32:13 +0100] "POST /lechef/edit_orders_add_product.php?oID=12285 HTTP/1.1" 200 8449 "http://www.e-medicalonline.com/lechef/edit_orders_add_product.php?oID=12285&step=1" "Mozilla/5.0 (Windows NT 10.0; Win64; x64) AppleWebKit/537.36 (KHTML, like Gecko) Chrome/79.0.3945.130 Safari/537.36"
83.114.83.83 - - [27/Feb/2020:11:32:13 +0100] "POST /lechef/edit_orders_add_product.php?oID=12285 HTTP/1.1" 200 8449 "http://www.e-medicalonline.com/lechef/edit_orders_add_product.php?oID=12285&step=1" "Mozilla/5.0 (Windows NT 10.0; Win64; x64) AppleWebKit/537.36 (KHTML, like Gecko) Chrome/79.0.3945.130 Safari/537.36"
216.244.66.234 - - [27/Feb/2020:11:32:15 +0100] "GET /index.php?cPath=29&language=ru&action=buy_now&products_id=51 HTTP/1.1" 302 492 "-" "Mozilla/5.0 (compatible; DotBot/1.1; http://www.opensiteexplorer.org/dotbot, help@moz.com)"
83.114.83.83 - - [27/Feb/2020:11:32:15 +0100] "POST /lechef/edit_orders_add_product.php?oID=12285 HTTP/1.1" 200 9608 "http://www.e-medicalonline.com/lechef/edit_orders_add_product.php?oID=12285" "Mozilla/5.0 (Windows NT 10.0; Win64; x64) AppleWebKit/537.36 (KHTML, like Gecko) Chrome/79.0.3945.130 Safari/537.36"
216.244.66.234 - - [27/Feb/2020:11:32:16 +0100] "GET /products_new.php?language=fr&page=6&action=buy_now&products_id=272 HTTP/1.1" 302 495 "-" "Mozilla/5.0 (compatible; DotBot/1.1; http://www.opensiteexplorer.org/dotbot, help@moz.com)"
83.114.83.83 - - [27/Feb/2020:11:32:17 +0100] "POST /lechef/edit_orders_add_product.php?oID=12285 HTTP/1.1" 200 11147 "http://www.e-medicalonline.com/lechef/edit_orders_add_product.php?oID=12285" "Mozilla/5.0 (Windows NT 10.0; Win64; x64) AppleWebKit/537.36 (KHTML, like Gecko) Chrome/79.0.3945.130 Safari/537.36"
114.119.131.169 - - [27/Feb/2020:11:32:18 +0100] "GET /conditions.php?osCsid=npdtk8lfk8b6mji2luldn57to2 HTTP/1.1" 200 12523 "-" "Mozilla/5.0 (iPad; CPU OS 7_0 like Mac OS X) AppleWebKit/537.51.1 (KHTML, like Gecko) Version/7.0 Mobile/11A465 Safari/9537.53"
216.244.66.234 - - [27/Feb/2020:11:32:18 +0100] "GET /products_new.php?language=pl&page=9&action=buy_now&products_id=247 HTTP/1.1" 302 495 "-" "Mozilla/5.0 (compatible; DotBot/1.1; http://www.opensiteexplorer.org/dotbot, help@moz.com)"
216.244.66.234 - - [27/Feb/2020:11:32:18 +0100] "GET /products_new.php?language=is&page=15&action=buy_now&products_id=73 HTTP/1.1" 302 494 "-" "Mozilla/5.0 (compatible; DotBot/1.1; http://www.opensiteexplorer.org/dotbot, help@moz.com)"
83.114.83.83 - - [27/Feb/2020:11:32:20 +0100] "POST /lechef/edit_orders_add_product.php?oID=12285&action=add_product HTTP/1.1" 302 408 "http://www.e-medicalonline.com/lechef/edit_orders_add_product.php?oID=12285" "Mozilla/5.0 (Windows NT 10.0; Win64; x64) AppleWebKit/537.36 (KHTML, like Gecko) Chrome/79.0.3945.130 Safari/537.36"
83.114.83.83 - - [27/Feb/2020:11:32:20 +0100] "GET /lechef/edit_orders_add_product.php?oID=12285&step=1&submitForm=yes HTTP/1.1" 200 6802 "http://www.e-medicalonline.com/lechef/edit_orders_add_product.php?oID=12285" "Mozilla/5.0 (Windows NT 10.0; Win64; x64) AppleWebKit/537.36 (KHTML, like Gecko) Chrome/79.0.3945.130 Safari/537.36"
216.244.66.234 - - [27/Feb/2020:11:32:20 +0100] "GET /products_new.php?language=sr&page=2&action=buy_now&products_id=343 HTTP/1.1" 302 495 "-" "Mozilla/5.0 (compatible; DotBot/1.1; http://www.opensiteexplorer.org/dotbot, help@moz.com)"
83.114.83.83 - - [27/Feb/2020:11:32:20 +0100] "POST /lechef/edit_orders.php?oID=12285&action=update_order HTTP/1.1" 302 395 "http://www.e-medicalonline.com/lechef/edit_orders.php?oID=12285&action=edit" "Mozilla/5.0 (Windows NT 10.0; Win64; x64) AppleWebKit/537.36 (KHTML, like Gecko) Chrome/79.0.3945.130 Safari/537.36"
83.114.83.83 - - [27/Feb/2020:11:32:20 +0100] "GET /lechef/edit_orders.php?oID=12285&action=edit HTTP/1.1" 200 180147 "http://www.e-medicalonline.com/lechef/edit_orders.php?oID=12285&action=edit" "Mozilla/5.0 (Windows NT 10.0; Win64; x64) AppleWebKit/537.36 (KHTML, like Gecko) Chrome/79.0.3945.130 Safari/537.36"
216.244.66.234 - - [27/Feb/2020:11:32:21 +0100] "GET /products_new.php?language=tr&page=2&action=buy_now&products_id=343 HTTP/1.1" 302 495 "-" "Mozilla/5.0 (compatible; DotBot/1.1; http://www.opensiteexplorer.org/dotbot, help@moz.com)"
216.244.66.234 - - [27/Feb/2020:11:32:23 +0100] "GET /products_new.php?page=1&language=lv&action=buy_now&products_id=373 HTTP/1.1" 302 495 "-" "Mozilla/5.0 (compatible; DotBot/1.1; http://www.opensiteexplorer.org/dotbot, help@moz.com)"
216.244.66.234 - - [27/Feb/2020:11:32:25 +0100] "GET /products_new.php?page=3&language=lv&action=buy_now&products_id=327 HTTP/1.1" 302 495 "-" "Mozilla/5.0 (compatible; DotBot/1.1; http://www.opensiteexplorer.org/dotbot, help@moz.com)"
216.244.66.234 - - [27/Feb/2020:11:32:26 +0100] "GET /products_new.php?page=3&language=ru&action=buy_now&products_id=329 HTTP/1.1" 302 495 "-" "Mozilla/5.0 (compatible; DotBot/1.1; http://www.opensiteexplorer.org/dotbot, help@moz.com)"
216.244.66.234 - - [27/Feb/2020:11:32:28 +0100] "GET /products_new.php?page=5&language=is&action=buy_now&products_id=301 HTTP/1.1" 302 495 "-" "Mozilla/5.0 (compatible; DotBot/1.1; http://www.opensiteexplorer.org/dotbot, help@moz.com)"
83.114.83.83 - - [27/Feb/2020:11:32:28 +0100] "GET /lechef/edit_orders_ajax.php?action=update_product_value_field&oID=12285&pid=78251&price=1.8400&final_price=1.8400 HTTP/1.1" 200 332 "http://www.e-medicalonline.com/lechef/edit_orders.php?oID=12285&action=edit" "Mozilla/5.0 (Windows NT 10.0; Win64; x64) AppleWebKit/537.36 (KHTML, like Gecko) Chrome/79.0.3945.130 Safari/537.36"
83.114.83.83 - - [27/Feb/2020:11:32:28 +0100] "POST /lechef/edit_orders_ajax.php HTTP/1.1" 200 13136 "http://www.e-medicalonline.com/lechef/edit_orders.php?oID=12285&action=edit" "Mozilla/5.0 (Windows NT 10.0; Win64; x64) AppleWebKit/537.36 (KHTML, like Gecko) Chrome/79.0.3945.130 Safari/537.36"
216.244.66.234 - - [27/Feb/2020:11:32:29 +0100] "GET /products_new.php?page=8&language=ar&action=buy_now&products_id=259 HTTP/1.1" 302 495 "-" "Mozilla/5.0 (compatible; DotBot/1.1; http://www.opensiteexplorer.org/dotbot, help@moz.com)"
216.244.66.234 - - [27/Feb/2020:11:32:30 +0100] "GET /products_new.php?page=8&language=sr&action=buy_now&products_id=255 HTTP/1.1" 302 495 "-" "Mozilla/5.0 (compatible; DotBot/1.1; http://www.opensiteexplorer.org/dotbot, help@moz.com)"
114.119.151.117 - - [27/Feb/2020:11:32:32 +0100] "GET /product_info.php?products_id=379&osCsid=gltiok9r8nfv50ke5hc3bhnkl3 HTTP/1.1" 200 8816 "-" "Mozilla/5.0(Linux;Android 5.1.1;OPPO A33 Build/LMY47V;wv) AppleWebKit/537.36(KHTML,link Gecko) Version/4.0 Chrome/42.0.2311.138 Mobile Safari/537.36"
54.36.150.32 - - [27/Feb/2020:11:32:39 +0100] "GET /index.php?cPath=47_44&language=tr HTTP/1.1" 200 6841 "-" "Mozilla/5.0 (compatible; AhrefsBot/6.1; +http://ahrefs.com/robot/)"
83.114.83.83 - - [27/Feb/2020:11:32:40 +0100] "GET /lechef/edit_orders_add_product.php?oID=12285&step=1 HTTP/1.1" 200 6615 "http://www.e-medicalonline.com/lechef/edit_orders.php?oID=12285&action=edit" "Mozilla/5.0 (Windows NT 10.0; Win64; x64) AppleWebKit/537.36 (KHTML, like Gecko) Chrome/79.0.3945.130 Safari/537.36"
114.119.149.160 - - [27/Feb/2020:11:32:44 +0100] "GET /privacy.php?osCsid=58lomqgn3qla3ba10pchjp28d2 HTTP/1.1" 200 12104 "-" "Mozilla/5.0(Linux;Android 5.1.1;OPPO A33 Build/LMY47V;wv) AppleWebKit/537.36(KHTML,link Gecko) Version/4.0 Chrome/42.0.2311.138 Mobile Safari/537.36"
83.114.83.83 - - [27/Feb/2020:11:32:45 +0100] "POST /lechef/edit_orders_add_product.php?oID=12285 HTTP/1.1" 200 8267 "http://www.e-medicalonline.com/lechef/edit_orders_add_product.php?oID=12285&step=1" "Mozilla/5.0 (Windows NT 10.0; Win64; x64) AppleWebKit/537.36 (KHTML, like Gecko) Chrome/79.0.3945.130 Safari/537.36"
83.114.83.83 - - [27/Feb/2020:11:32:46 +0100] "POST /lechef/edit_orders_add_product.php?oID=12285 HTTP/1.1" 200 8267 "http://www.e-medicalonline.com/lechef/edit_orders_add_product.php?oID=12285&step=1" "Mozilla/5.0 (Windows NT 10.0; Win64; x64) AppleWebKit/537.36 (KHTML, like Gecko) Chrome/79.0.3945.130 Safari/537.36"
83.114.83.83 - - [27/Feb/2020:11:32:48 +0100] "POST /lechef/edit_orders_add_product.php?oID=12285 HTTP/1.1" 200 9445 "http://www.e-medicalonline.com/lechef/edit_orders_add_product.php?oID=12285" "Mozilla/5.0 (Windows NT 10.0; Win64; x64) AppleWebKit/537.36 (KHTML, like Gecko) Chrome/79.0.3945.130 Safari/537.36"
83.114.83.83 - - [27/Feb/2020:11:32:49 +0100] "POST /lechef/edit_orders_add_product.php?oID=12285 HTTP/1.1" 200 10984 "http://www.e-medicalonline.com/lechef/edit_orders_add_product.php?oID=12285" "Mozilla/5.0 (Windows NT 10.0; Win64; x64) AppleWebKit/537.36 (KHTML, like Gecko) Chrome/79.0.3945.130 Safari/537.36"
114.119.131.253 - - [27/Feb/2020:11:32:59 +0100] "GET /shopping_cart.php?osCsid=pbvtbicm33hh3tu53dpeaoii43 HTTP/1.1" 200 8551 "-" "Mozilla/5.0(Linux;U;Android 5.1.1;zh-CN;OPPO A33 Build/LMY47V) AppleWebKit/537.36(KHTML,like Gecko) Version/4.0 Chrome/40.0.2214.89 Mobile Safari/537.36"
83.114.83.83 - - [27/Feb/2020:11:32:59 +0100] "POST /lechef/edit_orders_add_product.php?oID=12285&action=add_product HTTP/1.1" 302 408 "http://www.e-medicalonline.com/lechef/edit_orders_add_product.php?oID=12285" "Mozilla/5.0 (Windows NT 10.0; Win64; x64) AppleWebKit/537.36 (KHTML, like Gecko) Chrome/79.0.3945.130 Safari/537.36"
83.114.83.83 - - [27/Feb/2020:11:32:59 +0100] "GET /lechef/edit_orders_add_product.php?oID=12285&step=1&submitForm=yes HTTP/1.1" 200 6802 "http://www.e-medicalonline.com/lechef/edit_orders_add_product.php?oID=12285" "Mozilla/5.0 (Windows NT 10.0; Win64; x64) AppleWebKit/537.36 (KHTML, like Gecko) Chrome/79.0.3945.130 Safari/537.36"
83.114.83.83 - - [27/Feb/2020:11:33:00 +0100] "POST /lechef/edit_orders.php?oID=12285&action=update_order HTTP/1.1" 302 395 "http://www.e-medicalonline.com/lechef/edit_orders.php?oID=12285&action=edit" "Mozilla/5.0 (Windows NT 10.0; Win64; x64) AppleWebKit/537.36 (KHTML, like Gecko) Chrome/79.0.3945.130 Safari/537.36"
83.114.83.83 - - [27/Feb/2020:11:33:00 +0100] "GET /lechef/edit_orders.php?oID=12285&action=edit HTTP/1.1" 200 183989 "http://www.e-medicalonline.com/lechef/edit_orders.php?oID=12285&action=edit" "Mozilla/5.0 (Windows NT 10.0; Win64; x64) AppleWebKit/537.36 (KHTML, like Gecko) Chrome/79.0.3945.130 Safari/537.36"
83.114.83.83 - - [27/Feb/2020:11:33:07 +0100] "GET /lechef/edit_orders_ajax.php?action=update_product_value_field&oID=12285&pid=78252&price=1.8400&final_price=1.8400 HTTP/1.1" 200 332 "http://www.e-medicalonline.com/lechef/edit_orders.php?oID=12285&action=edit" "Mozilla/5.0 (Windows NT 10.0; Win64; x64) AppleWebKit/537.36 (KHTML, like Gecko) Chrome/79.0.3945.130 Safari/537.36"
83.114.83.83 - - [27/Feb/2020:11:33:07 +0100] "POST /lechef/edit_orders_ajax.php HTTP/1.1" 200 13136 "http://www.e-medicalonline.com/lechef/edit_orders.php?oID=12285&action=edit" "Mozilla/5.0 (Windows NT 10.0; Win64; x64) AppleWebKit/537.36 (KHTML, like Gecko) Chrome/79.0.3945.130 Safari/537.36"
83.114.83.83 - - [27/Feb/2020:11:33:09 +0100] "GET /lechef/edit_orders_add_product.php?oID=12285&step=1 HTTP/1.1" 200 6615 "http://www.e-medicalonline.com/lechef/edit_orders.php?oID=12285&action=edit" "Mozilla/5.0 (Windows NT 10.0; Win64; x64) AppleWebKit/537.36 (KHTML, like Gecko) Chrome/79.0.3945.130 Safari/537.36"
114.119.131.16 - - [27/Feb/2020:11:33:12 +0100] "GET /index.php?cPath=42&osCsid=jb1skb28fqblu1iptmr7ah0gi0%20 HTTP/1.1" 302 288 "-" "Mozilla/5.0(Linux;Android 5.1.1;OPPO A33 Build/LMY47V;wv) AppleWebKit/537.36(KHTML,link Gecko) Version/4.0 Chrome/42.0.2311.138 Mobile Safari/537.36"
114.119.131.16 - - [27/Feb/2020:11:33:12 +0100] "GET /index.php HTTP/1.1" 200 7325 "-" "Mozilla/5.0(Linux;Android 5.1.1;OPPO A33 Build/LMY47V;wv) AppleWebKit/537.36(KHTML,link Gecko) Version/4.0 Chrome/42.0.2311.138 Mobile Safari/537.36"
46.229.168.148 - - [27/Feb/2020:11:33:13 +0100] "GET /product_info.php?language=en&products_id=102 HTTP/1.1" 200 9331 "-" "Mozilla/5.0 (compatible; SemrushBot/6~bl; +http://www.semrush.com/bot.html)"
91.242.162.18 - - [27/Feb/2020:11:33:14 +0100] "GET /login.php?language=pl&osCsid=sj77lsamr6c23uttcfm62na1l7 HTTP/1.1" 200 7702 "-" "Mozilla/5.0 (compatible; Qwantify/2.4w; +https://www.qwant.com/)/2.4w"
83.114.83.83 - - [27/Feb/2020:11:33:20 +0100] "POST /lechef/edit_orders_add_product.php?oID=12285 HTTP/1.1" 200 8274 "http://www.e-medicalonline.com/lechef/edit_orders_add_product.php?oID=12285&step=1" "Mozilla/5.0 (Windows NT 10.0; Win64; x64) AppleWebKit/537.36 (KHTML, like Gecko) Chrome/79.0.3945.130 Safari/537.36"
83.114.83.83 - - [27/Feb/2020:11:33:20 +0100] "POST /lechef/edit_orders_add_product.php?oID=12285 HTTP/1.1" 200 8274 "http://www.e-medicalonline.com/lechef/edit_orders_add_product.php?oID=12285&step=1" "Mozilla/5.0 (Windows NT 10.0; Win64; x64) AppleWebKit/537.36 (KHTML, like Gecko) Chrome/79.0.3945.130 Safari/537.36"
83.114.83.83 - - [27/Feb/2020:11:33:22 +0100] "POST /lechef/edit_orders_add_product.php?oID=12285 HTTP/1.1" 200 9453 "http://www.e-medicalonline.com/lechef/edit_orders_add_product.php?oID=12285" "Mozilla/5.0 (Windows NT 10.0; Win64; x64) AppleWebKit/537.36 (KHTML, like Gecko) Chrome/79.0.3945.130 Safari/537.36"
83.114.83.83 - - [27/Feb/2020:11:33:23 +0100] "POST /lechef/edit_orders_add_product.php?oID=12285 HTTP/1.1" 200 10992 "http://www.e-medicalonline.com/lechef/edit_orders_add_product.php?oID=12285" "Mozilla/5.0 (Windows NT 10.0; Win64; x64) AppleWebKit/537.36 (KHTML, like Gecko) Chrome/79.0.3945.130 Safari/537.36"
114.119.137.92 - - [27/Feb/2020:11:33:25 +0100] "GET /contact_us.php?osCsid=gee4ink0vnnblutpajm9kophj4 HTTP/1.1" 200 6984 "-" "Mozilla/5.0(Linux;U;Android 5.1.1;zh-CN;OPPO A33 Build/LMY47V) AppleWebKit/537.36(KHTML,like Gecko) Version/4.0 Chrome/40.0.2214.89 Mobile Safari/537.36"
83.114.83.83 - - [27/Feb/2020:11:33:26 +0100] "POST /lechef/edit_orders_add_product.php?oID=12285&action=add_product HTTP/1.1" 302 408 "http://www.e-medicalonline.com/lechef/edit_orders_add_product.php?oID=12285" "Mozilla/5.0 (Windows NT 10.0; Win64; x64) AppleWebKit/537.36 (KHTML, like Gecko) Chrome/79.0.3945.130 Safari/537.36"
83.114.83.83 - - [27/Feb/2020:11:33:27 +0100] "GET /lechef/edit_orders_add_product.php?oID=12285&step=1&submitForm=yes HTTP/1.1" 200 6802 "http://www.e-medicalonline.com/lechef/edit_orders_add_product.php?oID=12285" "Mozilla/5.0 (Windows NT 10.0; Win64; x64) AppleWebKit/537.36 (KHTML, like Gecko) Chrome/79.0.3945.130 Safari/537.36"
83.114.83.83 - - [27/Feb/2020:11:33:27 +0100] "POST /lechef/edit_orders.php?oID=12285&action=update_order HTTP/1.1" 302 395 "http://www.e-medicalonline.com/lechef/edit_orders.php?oID=12285&action=edit" "Mozilla/5.0 (Windows NT 10.0; Win64; x64) AppleWebKit/537.36 (KHTML, like Gecko) Chrome/79.0.3945.130 Safari/537.36"
83.114.83.83 - - [27/Feb/2020:11:33:27 +0100] "GET /lechef/edit_orders.php?oID=12285&action=edit HTTP/1.1" 200 187845 "http://www.e-medicalonline.com/lechef/edit_orders.php?oID=12285&action=edit" "Mozilla/5.0 (Windows NT 10.0; Win64; x64) AppleWebKit/537.36 (KHTML, like Gecko) Chrome/79.0.3945.130 Safari/537.36"
83.114.83.83 - - [27/Feb/2020:11:33:35 +0100] "GET /lechef/edit_orders_ajax.php?action=update_product_value_field&oID=12285&pid=78253&price=1.8400&final_price=1.8400 HTTP/1.1" 200 332 "http://www.e-medicalonline.com/lechef/edit_orders.php?oID=12285&action=edit" "Mozilla/5.0 (Windows NT 10.0; Win64; x64) AppleWebKit/537.36 (KHTML, like Gecko) Chrome/79.0.3945.130 Safari/537.36"
83.114.83.83 - - [27/Feb/2020:11:33:35 +0100] "POST /lechef/edit_orders_ajax.php HTTP/1.1" 200 13136 "http://www.e-medicalonline.com/lechef/edit_orders.php?oID=12285&action=edit" "Mozilla/5.0 (Windows NT 10.0; Win64; x64) AppleWebKit/537.36 (KHTML, like Gecko) Chrome/79.0.3945.130 Safari/537.36"
114.119.133.78 - - [27/Feb/2020:11:33:39 +0100] "GET /product_info.php?products_id=134&action=notify&osCsid=8r57jc5uaqo1q4n2bidu3vq1k3 HTTP/1.1" 302 546 "-" "Mozilla/5.0(Linux;Android 5.1.1;OPPO A33 Build/LMY47V;wv) AppleWebKit/537.36(KHTML,link Gecko) Version/4.0 Chrome/43.0.2357.121 Mobile Safari/537.36"
114.119.133.78 - - [27/Feb/2020:11:33:39 +0100] "GET /login.php?osCsid=6gd24bh3ajdkvori2dtf7341t4 HTTP/1.1" 200 7317 "-" "Mozilla/5.0(Linux;Android 5.1.1;OPPO A33 Build/LMY47V;wv) AppleWebKit/537.36(KHTML,link Gecko) Version/4.0 Chrome/43.0.2357.121 Mobile Safari/537.36"
83.114.83.83 - - [27/Feb/2020:11:33:50 +0100] "GET /lechef/edit_orders_add_product.php?oID=12285&step=1 HTTP/1.1" 200 6615 "http://www.e-medicalonline.com/lechef/edit_orders.php?oID=12285&action=edit" "Mozilla/5.0 (Windows NT 10.0; Win64; x64) AppleWebKit/537.36 (KHTML, like Gecko) Chrome/79.0.3945.130 Safari/537.36"
46.229.168.129 - - [27/Feb/2020:11:33:50 +0100] "GET /product_reviews_write.php?cPath=29_54&language=ar&products_id=219 HTTP/1.1" 302 546 "-" "Mozilla/5.0 (compatible; SemrushBot/6~bl; +http://www.semrush.com/bot.html)"
114.119.140.124 - - [27/Feb/2020:11:33:51 +0100] "GET /advanced_search.php?osCsid=r0vk47sadkks6ktrsl39hhaso7 HTTP/1.1" 200 8302 "-" "Mozilla/5.0(Linux;Android 5.1.1;OPPO A33 Build/LMY47V;wv) AppleWebKit/537.36(KHTML,link Gecko) Version/4.0 Chrome/43.0.2357.121 Mobile Safari/537.36"
46.229.168.146 - - [27/Feb/2020:11:33:52 +0100] "GET /login.php HTTP/1.1" 200 7456 "-" "Mozilla/5.0 (compatible; SemrushBot/6~bl; +http://www.semrush.com/bot.html)"
83.114.83.83 - - [27/Feb/2020:11:33:55 +0100] "POST /lechef/edit_orders_add_product.php?oID=12285 HTTP/1.1" 200 8269 "http://www.e-medicalonline.com/lechef/edit_orders_add_product.php?oID=12285&step=1" "Mozilla/5.0 (Windows NT 10.0; Win64; x64) AppleWebKit/537.36 (KHTML, like Gecko) Chrome/79.0.3945.130 Safari/537.36"
83.114.83.83 - - [27/Feb/2020:11:33:55 +0100] "POST /lechef/edit_orders_add_product.php?oID=12285 HTTP/1.1" 200 8269 "http://www.e-medicalonline.com/lechef/edit_orders_add_product.php?oID=12285&step=1" "Mozilla/5.0 (Windows NT 10.0; Win64; x64) AppleWebKit/537.36 (KHTML, like Gecko) Chrome/79.0.3945.130 Safari/537.36"
54.36.148.231 - - [27/Feb/2020:11:33:57 +0100] "GET /index.php?cPath=41_22&language=nl&page=1&sort=5a HTTP/1.1" 200 7766 "-" "Mozilla/5.0 (compatible; AhrefsBot/6.1; +http://ahrefs.com/robot/)"
83.114.83.83 - - [27/Feb/2020:11:33:58 +0100] "POST /lechef/edit_orders_add_product.php?oID=12285 HTTP/1.1" 200 9447 "http://www.e-medicalonline.com/lechef/edit_orders_add_product.php?oID=12285" "Mozilla/5.0 (Windows NT 10.0; Win64; x64) AppleWebKit/537.36 (KHTML, like Gecko) Chrome/79.0.3945.130 Safari/537.36"
83.114.83.83 - - [27/Feb/2020:11:33:59 +0100] "POST /lechef/edit_orders_add_product.php?oID=12285 HTTP/1.1" 200 10986 "http://www.e-medicalonline.com/lechef/edit_orders_add_product.php?oID=12285" "Mozilla/5.0 (Windows NT 10.0; Win64; x64) AppleWebKit/537.36 (KHTML, like Gecko) Chrome/79.0.3945.130 Safari/537.36"
114.119.149.87 - - [27/Feb/2020:11:34:06 +0100] "GET /product_info.php?products_id=336&osCsid=fffupc9rut7h8u6bomd29grcm2 HTTP/1.1" 200 8720 "-" "Mozilla/5.0 (iPad; CPU OS 7_0 like Mac OS X) AppleWebKit/537.51.1 (KHTML, like Gecko) Version/7.0 Mobile/11A465 Safari/9537.53"
91.242.162.18 - - [27/Feb/2020:11:34:11 +0100] "GET /product_info.php?osCsid=tkesihfd0onsv5e4sv6amlekp3&products_id=102 HTTP/1.1" 200 9371 "-" "Mozilla/5.0 (compatible; Qwantify/2.4w; +https://www.qwant.com/)/2.4w"
83.114.83.83 - - [27/Feb/2020:11:34:14 +0100] "POST /lechef/edit_orders_add_product.php?oID=12285&action=add_product HTTP/1.1" 302 408 "http://www.e-medicalonline.com/lechef/edit_orders_add_product.php?oID=12285" "Mozilla/5.0 (Windows NT 10.0; Win64; x64) AppleWebKit/537.36 (KHTML, like Gecko) Chrome/79.0.3945.130 Safari/537.36"
83.114.83.83 - - [27/Feb/2020:11:34:14 +0100] "GET /lechef/edit_orders_add_product.php?oID=12285&step=1&submitForm=yes HTTP/1.1" 200 6802 "http://www.e-medicalonline.com/lechef/edit_orders_add_product.php?oID=12285" "Mozilla/5.0 (Windows NT 10.0; Win64; x64) AppleWebKit/537.36 (KHTML, like Gecko) Chrome/79.0.3945.130 Safari/537.36"
83.114.83.83 - - [27/Feb/2020:11:34:15 +0100] "POST /lechef/edit_orders.php?oID=12285&action=update_order HTTP/1.1" 302 395 "http://www.e-medicalonline.com/lechef/edit_orders.php?oID=12285&action=edit" "Mozilla/5.0 (Windows NT 10.0; Win64; x64) AppleWebKit/537.36 (KHTML, like Gecko) Chrome/79.0.3945.130 Safari/537.36"
83.114.83.83 - - [27/Feb/2020:11:34:15 +0100] "GET /lechef/edit_orders.php?oID=12285&action=edit HTTP/1.1" 200 191693 "http://www.e-medicalonline.com/lechef/edit_orders.php?oID=12285&action=edit" "Mozilla/5.0 (Windows NT 10.0; Win64; x64) AppleWebKit/537.36 (KHTML, like Gecko) Chrome/79.0.3945.130 Safari/537.36"
46.229.168.129 - - [27/Feb/2020:11:34:15 +0100] "GET /index.php?cPath=42_24&language=iw&page=1&sort=3a HTTP/1.1" 200 8118 "-" "Mozilla/5.0 (compatible; SemrushBot/6~bl; +http://www.semrush.com/bot.html)"
114.119.154.93 - - [27/Feb/2020:11:34:19 +0100] "GET /product_info.php?products_id=386&osCsid=u60j8essqs6iej3f5b4phbo7j3 HTTP/1.1" 200 9201 "-" "Mozilla/5.0(Linux;U;Android 5.1.1;zh-CN;OPPO A33 Build/LMY47V) AppleWebKit/537.36(KHTML,like Gecko) Version/4.0 Chrome/40.0.2214.89 Mobile Safari/537.36"
83.114.83.83 - - [27/Feb/2020:11:34:21 +0100] "GET /lechef/edit_orders_ajax.php?action=update_product_value_field&oID=12285&pid=78254&price=1.8400&final_price=1.8400 HTTP/1.1" 200 332 "http://www.e-medicalonline.com/lechef/edit_orders.php?oID=12285&action=edit" "Mozilla/5.0 (Windows NT 10.0; Win64; x64) AppleWebKit/537.36 (KHTML, like Gecko) Chrome/79.0.3945.130 Safari/537.36"
83.114.83.83 - - [27/Feb/2020:11:34:21 +0100] "POST /lechef/edit_orders_ajax.php HTTP/1.1" 200 13136 "http://www.e-medicalonline.com/lechef/edit_orders.php?oID=12285&action=edit" "Mozilla/5.0 (Windows NT 10.0; Win64; x64) AppleWebKit/537.36 (KHTML, like Gecko) Chrome/79.0.3945.130 Safari/537.36"
83.114.83.83 - - [27/Feb/2020:11:34:23 +0100] "GET /lechef/edit_orders_add_product.php?oID=12285&step=1 HTTP/1.1" 200 6615 "http://www.e-medicalonline.com/lechef/edit_orders.php?oID=12285&action=edit" "Mozilla/5.0 (Windows NT 10.0; Win64; x64) AppleWebKit/537.36 (KHTML, like Gecko) Chrome/79.0.3945.130 Safari/537.36"
114.119.143.3 - - [27/Feb/2020:11:34:33 +0100] "GET /contact_us.php?osCsid=re33aqik31srmj1q5ooo3iasg0 HTTP/1.1" 200 6967 "-" "Mozilla/5.0(Linux;Android 5.1.1;OPPO A33 Build/LMY47V;wv) AppleWebKit/537.36(KHTML,link Gecko) Version/4.0 Chrome/43.0.2357.121 Mobile Safari/537.36"
114.119.141.52 - - [27/Feb/2020:11:34:46 +0100] "GET /index.php?cPath=47&osCsid=01sqr04n8pe0mt5d42fr7eb9o1%20 HTTP/1.1" 302 288 "-" "Mozilla/5.0(Linux;U;Android 5.1.1;zh-CN;OPPO A33 Build/LMY47V) AppleWebKit/537.36(KHTML,like Gecko) Version/4.0 Chrome/40.0.2214.89 Mobile Safari/537.36"
83.114.83.83 - - [27/Feb/2020:11:34:47 +0100] "POST /lechef/edit_orders_add_product.php?oID=12285 HTTP/1.1" 200 8238 "http://www.e-medicalonline.com/lechef/edit_orders_add_product.php?oID=12285&step=1" "Mozilla/5.0 (Windows NT 10.0; Win64; x64) AppleWebKit/537.36 (KHTML, like Gecko) Chrome/79.0.3945.130 Safari/537.36"
83.114.83.83 - - [27/Feb/2020:11:34:47 +0100] "POST /lechef/edit_orders_add_product.php?oID=12285 HTTP/1.1" 200 8238 "http://www.e-medicalonline.com/lechef/edit_orders_add_product.php?oID=12285&step=1" "Mozilla/5.0 (Windows NT 10.0; Win64; x64) AppleWebKit/537.36 (KHTML, like Gecko) Chrome/79.0.3945.130 Safari/537.36"
114.119.141.52 - - [27/Feb/2020:11:34:47 +0100] "GET /index.php HTTP/1.1" 200 7317 "-" "Mozilla/5.0(Linux;U;Android 5.1.1;zh-CN;OPPO A33 Build/LMY47V) AppleWebKit/537.36(KHTML,like Gecko) Version/4.0 Chrome/40.0.2214.89 Mobile Safari/537.36"
83.114.83.83 - - [27/Feb/2020:11:34:49 +0100] "POST /lechef/edit_orders_add_product.php?oID=12285 HTTP/1.1" 200 9416 "http://www.e-medicalonline.com/lechef/edit_orders_add_product.php?oID=12285" "Mozilla/5.0 (Windows NT 10.0; Win64; x64) AppleWebKit/537.36 (KHTML, like Gecko) Chrome/79.0.3945.130 Safari/537.36"
83.114.83.83 - - [27/Feb/2020:11:34:50 +0100] "POST /lechef/edit_orders_add_product.php?oID=12285 HTTP/1.1" 200 10955 "http://www.e-medicalonline.com/lechef/edit_orders_add_product.php?oID=12285" "Mozilla/5.0 (Windows NT 10.0; Win64; x64) AppleWebKit/537.36 (KHTML, like Gecko) Chrome/79.0.3945.130 Safari/537.36"
83.114.83.83 - - [27/Feb/2020:11:34:53 +0100] "POST /lechef/edit_orders_add_product.php?oID=12285&action=add_product HTTP/1.1" 302 408 "http://www.e-medicalonline.com/lechef/edit_orders_add_product.php?oID=12285" "Mozilla/5.0 (Windows NT 10.0; Win64; x64) AppleWebKit/537.36 (KHTML, like Gecko) Chrome/79.0.3945.130 Safari/537.36"
83.114.83.83 - - [27/Feb/2020:11:34:53 +0100] "GET /lechef/edit_orders_add_product.php?oID=12285&step=1&submitForm=yes HTTP/1.1" 200 6802 "http://www.e-medicalonline.com/lechef/edit_orders_add_product.php?oID=12285" "Mozilla/5.0 (Windows NT 10.0; Win64; x64) AppleWebKit/537.36 (KHTML, like Gecko) Chrome/79.0.3945.130 Safari/537.36"
83.114.83.83 - - [27/Feb/2020:11:34:54 +0100] "POST /lechef/edit_orders.php?oID=12285&action=update_order HTTP/1.1" 302 395 "http://www.e-medicalonline.com/lechef/edit_orders.php?oID=12285&action=edit" "Mozilla/5.0 (Windows NT 10.0; Win64; x64) AppleWebKit/537.36 (KHTML, like Gecko) Chrome/79.0.3945.130 Safari/537.36"
83.114.83.83 - - [27/Feb/2020:11:34:54 +0100] "GET /lechef/edit_orders.php?oID=12285&action=edit HTTP/1.1" 200 195522 "http://www.e-medicalonline.com/lechef/edit_orders.php?oID=12285&action=edit" "Mozilla/5.0 (Windows NT 10.0; Win64; x64) AppleWebKit/537.36 (KHTML, like Gecko) Chrome/79.0.3945.130 Safari/537.36"
114.119.142.235 - - [27/Feb/2020:11:34:58 +0100] "GET /conditions.php?osCsid=7d036jr9uks1nqhul04ltk8s43 HTTP/1.1" 200 12520 "-" "Mozilla/5.0 (iPad; CPU OS 7_0 like Mac OS X) AppleWebKit/537.51.1 (KHTML, like Gecko) Version/7.0 Mobile/11A465 Safari/9537.53"
83.114.83.83 - - [27/Feb/2020:11:34:59 +0100] "GET /lechef/edit_orders_ajax.php?action=update_product_field&oID=12285&pid=78255&field=products_quantity&new_value=24 HTTP/1.1" 200 334 "http://www.e-medicalonline.com/lechef/edit_orders.php?oID=12285&action=edit" "Mozilla/5.0 (Windows NT 10.0; Win64; x64) AppleWebKit/537.36 (KHTML, like Gecko) Chrome/79.0.3945.130 Safari/537.36"
83.114.83.83 - - [27/Feb/2020:11:34:59 +0100] "POST /lechef/edit_orders_ajax.php HTTP/1.1" 200 13136 "http://www.e-medicalonline.com/lechef/edit_orders.php?oID=12285&action=edit" "Mozilla/5.0 (Windows NT 10.0; Win64; x64) AppleWebKit/537.36 (KHTML, like Gecko) Chrome/79.0.3945.130 Safari/537.36"
83.114.83.83 - - [27/Feb/2020:11:35:04 +0100] "GET /lechef/edit_orders_ajax.php?action=update_product_value_field&oID=12285&pid=78255&price=2.4800&final_price=2.4800 HTTP/1.1" 200 332 "http://www.e-medicalonline.com/lechef/edit_orders.php?oID=12285&action=edit" "Mozilla/5.0 (Windows NT 10.0; Win64; x64) AppleWebKit/537.36 (KHTML, like Gecko) Chrome/79.0.3945.130 Safari/537.36"
83.114.83.83 - - [27/Feb/2020:11:35:04 +0100] "POST /lechef/edit_orders_ajax.php HTTP/1.1" 200 13136 "http://www.e-medicalonline.com/lechef/edit_orders.php?oID=12285&action=edit" "Mozilla/5.0 (Windows NT 10.0; Win64; x64) AppleWebKit/537.36 (KHTML, like Gecko) Chrome/79.0.3945.130 Safari/537.36"
46.229.168.139 - - [27/Feb/2020:11:35:04 +0100] "GET /product_reviews.php?language=sr&products_id=317 HTTP/1.1" 200 7425 "-" "Mozilla/5.0 (compatible; SemrushBot/6~bl; +http://www.semrush.com/bot.html)"
83.114.83.83 - - [27/Feb/2020:11:35:07 +0100] "GET /lechef/edit_orders_add_product.php?oID=12285&step=1 HTTP/1.1" 200 6615 "http://www.e-medicalonline.com/lechef/edit_orders.php?oID=12285&action=edit" "Mozilla/5.0 (Windows NT 10.0; Win64; x64) AppleWebKit/537.36 (KHTML, like Gecko) Chrome/79.0.3945.130 Safari/537.36"
114.119.157.179 - - [27/Feb/2020:11:35:13 +0100] "GET /faq.php?osCsid=nao04cv8h5dnc1h51qgdfrekb1 HTTP/1.1" 200 7151 "-" "Mozilla/5.0(Linux;U;Android 5.1.1;zh-CN;OPPO A33 Build/LMY47V) AppleWebKit/537.36(KHTML,like Gecko) Version/4.0 Chrome/40.0.2214.89 Mobile Safari/537.36"
83.114.83.83 - - [27/Feb/2020:11:35:16 +0100] "POST /lechef/edit_orders_add_product.php?oID=12285 HTTP/1.1" 200 8276 "http://www.e-medicalonline.com/lechef/edit_orders_add_product.php?oID=12285&step=1" "Mozilla/5.0 (Windows NT 10.0; Win64; x64) AppleWebKit/537.36 (KHTML, like Gecko) Chrome/79.0.3945.130 Safari/537.36"
83.114.83.83 - - [27/Feb/2020:11:35:16 +0100] "POST /lechef/edit_orders_add_product.php?oID=12285 HTTP/1.1" 200 8276 "http://www.e-medicalonline.com/lechef/edit_orders_add_product.php?oID=12285&step=1" "Mozilla/5.0 (Windows NT 10.0; Win64; x64) AppleWebKit/537.36 (KHTML, like Gecko) Chrome/79.0.3945.130 Safari/537.36"
54.36.148.157 - - [27/Feb/2020:11:35:17 +0100] "GET /faq.php?language=ar HTTP/1.1" 200 7127 "-" "Mozilla/5.0 (compatible; AhrefsBot/6.1; +http://ahrefs.com/robot/)"
83.114.83.83 - - [27/Feb/2020:11:35:18 +0100] "POST /lechef/edit_orders_add_product.php?oID=12285 HTTP/1.1" 200 9454 "http://www.e-medicalonline.com/lechef/edit_orders_add_product.php?oID=12285" "Mozilla/5.0 (Windows NT 10.0; Win64; x64) AppleWebKit/537.36 (KHTML, like Gecko) Chrome/79.0.3945.130 Safari/537.36"
83.114.83.83 - - [27/Feb/2020:11:35:20 +0100] "POST /lechef/edit_orders_add_product.php?oID=12285 HTTP/1.1" 200 10993 "http://www.e-medicalonline.com/lechef/edit_orders_add_product.php?oID=12285" "Mozilla/5.0 (Windows NT 10.0; Win64; x64) AppleWebKit/537.36 (KHTML, like Gecko) Chrome/79.0.3945.130 Safari/537.36"
83.114.83.83 - - [27/Feb/2020:11:35:23 +0100] "POST /lechef/edit_orders_add_product.php?oID=12285&action=add_product HTTP/1.1" 302 408 "http://www.e-medicalonline.com/lechef/edit_orders_add_product.php?oID=12285" "Mozilla/5.0 (Windows NT 10.0; Win64; x64) AppleWebKit/537.36 (KHTML, like Gecko) Chrome/79.0.3945.130 Safari/537.36"
83.114.83.83 - - [27/Feb/2020:11:35:24 +0100] "GET /lechef/edit_orders_add_product.php?oID=12285&step=1&submitForm=yes HTTP/1.1" 200 6802 "http://www.e-medicalonline.com/lechef/edit_orders_add_product.php?oID=12285" "Mozilla/5.0 (Windows NT 10.0; Win64; x64) AppleWebKit/537.36 (KHTML, like Gecko) Chrome/79.0.3945.130 Safari/537.36"
83.114.83.83 - - [27/Feb/2020:11:35:24 +0100] "POST /lechef/edit_orders.php?oID=12285&action=update_order HTTP/1.1" 302 395 "http://www.e-medicalonline.com/lechef/edit_orders.php?oID=12285&action=edit" "Mozilla/5.0 (Windows NT 10.0; Win64; x64) AppleWebKit/537.36 (KHTML, like Gecko) Chrome/79.0.3945.130 Safari/537.36"
83.114.83.83 - - [27/Feb/2020:11:35:24 +0100] "GET /lechef/edit_orders.php?oID=12285&action=edit HTTP/1.1" 200 199373 "http://www.e-medicalonline.com/lechef/edit_orders.php?oID=12285&action=edit" "Mozilla/5.0 (Windows NT 10.0; Win64; x64) AppleWebKit/537.36 (KHTML, like Gecko) Chrome/79.0.3945.130 Safari/537.36"
114.119.158.39 - - [27/Feb/2020:11:35:25 +0100] "GET /product_info.php?products_id=361&osCsid=kmn3ce0pvn3679a0r0l06031a0 HTTP/1.1" 200 9155 "-" "Mozilla/5.0(Linux;Android 5.1.1;OPPO A33 Build/LMY47V;wv) AppleWebKit/537.36(KHTML,link Gecko) Version/4.0 Chrome/42.0.2311.138 Mobile Safari/537.36"
46.229.168.152 - - [27/Feb/2020:11:35:28 +0100] "GET /product_info.php?action=add_product&language=pl&products_id=260 HTTP/1.1" 302 566 "-" "Mozilla/5.0 (compatible; SemrushBot/6~bl; +http://www.semrush.com/bot.html)"
46.229.168.136 - - [27/Feb/2020:11:35:30 +0100] "GET /shopping_cart.php?language=pl HTTP/1.1" 200 8722 "-" "Mozilla/5.0 (compatible; SemrushBot/6~bl; +http://www.semrush.com/bot.html)"
114.119.160.189 - - [27/Feb/2020:11:35:39 +0100] "GET /index.php?cPath=29&osCsid=7cr7ahalue8r4dbogvgsdf9jt2%20 HTTP/1.1" 302 288 "-" "Mozilla/5.0 (iPad; CPU OS 7_0 like Mac OS X) AppleWebKit/537.51.1 (KHTML, like Gecko) Version/7.0 Mobile/11A465 Safari/9537.53"
114.119.160.189 - - [27/Feb/2020:11:35:39 +0100] "GET /index.php HTTP/1.1" 200 7315 "-" "Mozilla/5.0 (iPad; CPU OS 7_0 like Mac OS X) AppleWebKit/537.51.1 (KHTML, like Gecko) Version/7.0 Mobile/11A465 Safari/9537.53"
83.114.83.83 - - [27/Feb/2020:11:35:45 +0100] "GET /lechef/edit_orders_ajax.php?action=update_product_field&oID=12285&pid=78256&field=products_quantity&new_value=12 HTTP/1.1" 200 334 "http://www.e-medicalonline.com/lechef/edit_orders.php?oID=12285&action=edit" "Mozilla/5.0 (Windows NT 10.0; Win64; x64) AppleWebKit/537.36 (KHTML, like Gecko) Chrome/79.0.3945.130 Safari/537.36"
83.114.83.83 - - [27/Feb/2020:11:35:45 +0100] "POST /lechef/edit_orders_ajax.php HTTP/1.1" 200 13136 "http://www.e-medicalonline.com/lechef/edit_orders.php?oID=12285&action=edit" "Mozilla/5.0 (Windows NT 10.0; Win64; x64) AppleWebKit/537.36 (KHTML, like Gecko) Chrome/79.0.3945.130 Safari/537.36"
83.114.83.83 - - [27/Feb/2020:11:35:51 +0100] "GET /lechef/edit_orders_ajax.php?action=update_product_value_field&oID=12285&pid=78256&price=2.4000&final_price=2.4000 HTTP/1.1" 200 332 "http://www.e-medicalonline.com/lechef/edit_orders.php?oID=12285&action=edit" "Mozilla/5.0 (Windows NT 10.0; Win64; x64) AppleWebKit/537.36 (KHTML, like Gecko) Chrome/79.0.3945.130 Safari/537.36"
83.114.83.83 - - [27/Feb/2020:11:35:51 +0100] "POST /lechef/edit_orders_ajax.php HTTP/1.1" 200 13136 "http://www.e-medicalonline.com/lechef/edit_orders.php?oID=12285&action=edit" "Mozilla/5.0 (Windows NT 10.0; Win64; x64) AppleWebKit/537.36 (KHTML, like Gecko) Chrome/79.0.3945.130 Safari/537.36"
114.119.154.216 - - [27/Feb/2020:11:35:53 +0100] "GET /product_info.php?products_id=380&osCsid=4atbpckdbf38pscru192vls1p1 HTTP/1.1" 200 8885 "-" "Mozilla/5.0 (iPad; CPU OS 7_0 like Mac OS X) AppleWebKit/537.51.1 (KHTML, like Gecko) Version/7.0 Mobile/11A465 Safari/9537.53"
83.114.83.83 - - [27/Feb/2020:11:35:54 +0100] "GET /lechef/edit_orders_add_product.php?oID=12285&step=1 HTTP/1.1" 200 6615 "http://www.e-medicalonline.com/lechef/edit_orders.php?oID=12285&action=edit" "Mozilla/5.0 (Windows NT 10.0; Win64; x64) AppleWebKit/537.36 (KHTML, like Gecko) Chrome/79.0.3945.130 Safari/537.36"
182.247.36.214 - - [27/Feb/2020:11:35:58 +0100] "GET /index.php?osCsid=0coi3vm68t6r979p0glhjv72g5 HTTP/1.1" 200 7350 "-" "Mozilla/5.0(Linux;Android 5.1.1;OPPO A33 Build/LMY47V;wv) AppleWebKit/537.36(KHTML,link Gecko) Version/4.0 Chrome/43.0.2357.121 Mobile Safari/537.36"
83.114.83.83 - - [27/Feb/2020:11:36:04 +0100] "POST /lechef/edit_orders_add_product.php?oID=12285 HTTP/1.1" 200 8463 "http://www.e-medicalonline.com/lechef/edit_orders_add_product.php?oID=12285&step=1" "Mozilla/5.0 (Windows NT 10.0; Win64; x64) AppleWebKit/537.36 (KHTML, like Gecko) Chrome/79.0.3945.130 Safari/537.36"
83.114.83.83 - - [27/Feb/2020:11:36:04 +0100] "POST /lechef/edit_orders_add_product.php?oID=12285 HTTP/1.1" 200 8463 "http://www.e-medicalonline.com/lechef/edit_orders_add_product.php?oID=12285&step=1" "Mozilla/5.0 (Windows NT 10.0; Win64; x64) AppleWebKit/537.36 (KHTML, like Gecko) Chrome/79.0.3945.130 Safari/537.36"
114.119.129.231 - - [27/Feb/2020:11:36:06 +0100] "GET /advanced_search.php?osCsid=1og6hijte5jep944c1ie7fpen5 HTTP/1.1" 200 8304 "-" "Mozilla/5.0 (iPad; CPU OS 7_0 like Mac OS X) AppleWebKit/537.51.1 (KHTML, like Gecko) Version/7.0 Mobile/11A465 Safari/9537.53"
83.114.83.83 - - [27/Feb/2020:11:36:06 +0100] "POST /lechef/edit_orders_add_product.php?oID=12285 HTTP/1.1" 200 9621 "http://www.e-medicalonline.com/lechef/edit_orders_add_product.php?oID=12285" "Mozilla/5.0 (Windows NT 10.0; Win64; x64) AppleWebKit/537.36 (KHTML, like Gecko) Chrome/79.0.3945.130 Safari/537.36"
83.114.83.83 - - [27/Feb/2020:11:36:08 +0100] "POST /lechef/edit_orders_add_product.php?oID=12285 HTTP/1.1" 200 11160 "http://www.e-medicalonline.com/lechef/edit_orders_add_product.php?oID=12285" "Mozilla/5.0 (Windows NT 10.0; Win64; x64) AppleWebKit/537.36 (KHTML, like Gecko) Chrome/79.0.3945.130 Safari/537.36"
91.242.162.18 - - [27/Feb/2020:11:36:10 +0100] "GET /login.php?language=sr&osCsid=0p8l9au83h84hq0ip0e9p02eb3 HTTP/1.1" 200 7583 "-" "Mozilla/5.0 (compatible; Qwantify/2.4w; +https://www.qwant.com/)/2.4w"
182.247.60.10 - - [27/Feb/2020:11:36:14 +0100] "GET /contact_us.php?osCsid=cv5fudvm70d3h45cj8qhttqpp3 HTTP/1.1" 200 6962 "-" "Mozilla/5.0(Linux;U;Android 5.1.1;zh-CN;OPPO A33 Build/LMY47V) AppleWebKit/537.36(KHTML,like Gecko) Version/4.0 Chrome/40.0.2214.89 Mobile Safari/537.36"
83.114.83.83 - - [27/Feb/2020:11:36:15 +0100] "POST /lechef/edit_orders_add_product.php?oID=12285&action=add_product HTTP/1.1" 302 408 "http://www.e-medicalonline.com/lechef/edit_orders_add_product.php?oID=12285" "Mozilla/5.0 (Windows NT 10.0; Win64; x64) AppleWebKit/537.36 (KHTML, like Gecko) Chrome/79.0.3945.130 Safari/537.36"
83.114.83.83 - - [27/Feb/2020:11:36:15 +0100] "GET /lechef/edit_orders_add_product.php?oID=12285&step=1&submitForm=yes HTTP/1.1" 200 6802 "http://www.e-medicalonline.com/lechef/edit_orders_add_product.php?oID=12285" "Mozilla/5.0 (Windows NT 10.0; Win64; x64) AppleWebKit/537.36 (KHTML, like Gecko) Chrome/79.0.3945.130 Safari/537.36"
83.114.83.83 - - [27/Feb/2020:11:36:15 +0100] "POST /lechef/edit_orders.php?oID=12285&action=update_order HTTP/1.1" 302 395 "http://www.e-medicalonline.com/lechef/edit_orders.php?oID=12285&action=edit" "Mozilla/5.0 (Windows NT 10.0; Win64; x64) AppleWebKit/537.36 (KHTML, like Gecko) Chrome/79.0.3945.130 Safari/537.36"
83.114.83.83 - - [27/Feb/2020:11:36:15 +0100] "GET /lechef/edit_orders.php?oID=12285&action=edit HTTP/1.1" 200 203230 "http://www.e-medicalonline.com/lechef/edit_orders.php?oID=12285&action=edit" "Mozilla/5.0 (Windows NT 10.0; Win64; x64) AppleWebKit/537.36 (KHTML, like Gecko) Chrome/79.0.3945.130 Safari/537.36"
114.119.128.56 - - [27/Feb/2020:11:36:20 +0100] "GET /images/PGLA35CN.jpg?osCsid=i1tdg01m4m2qi4t52f118frid3 HTTP/1.1" 200 62536 "-" "Mozilla/5.0(Linux;U;Android 5.1.1;zh-CN;OPPO A33 Build/LMY47V) AppleWebKit/537.36(KHTML,like Gecko) Version/4.0 Chrome/40.0.2214.89 Mobile Safari/537.36"
83.114.83.83 - - [27/Feb/2020:11:36:22 +0100] "GET /lechef/edit_orders_ajax.php?action=update_product_value_field&oID=12285&pid=78257&price=2.4000&final_price=2.4000 HTTP/1.1" 200 332 "http://www.e-medicalonline.com/lechef/edit_orders.php?oID=12285&action=edit" "Mozilla/5.0 (Windows NT 10.0; Win64; x64) AppleWebKit/537.36 (KHTML, like Gecko) Chrome/79.0.3945.130 Safari/537.36"
83.114.83.83 - - [27/Feb/2020:11:36:23 +0100] "POST /lechef/edit_orders_ajax.php HTTP/1.1" 200 13136 "http://www.e-medicalonline.com/lechef/edit_orders.php?oID=12285&action=edit" "Mozilla/5.0 (Windows NT 10.0; Win64; x64) AppleWebKit/537.36 (KHTML, like Gecko) Chrome/79.0.3945.130 Safari/537.36"
114.107.254.6 - - [27/Feb/2020:11:36:23 +0100] "GET /product_info.php?products_id=379&osCsid=g3j08t0ar4eapbf797gnsdqe24 HTTP/1.1" 200 8830 "-" "Mozilla/5.0(Linux;Android 5.1.1;OPPO A33 Build/LMY47V;wv) AppleWebKit/537.36(KHTML,link Gecko) Version/4.0 Chrome/42.0.2311.138 Mobile Safari/537.36"
83.114.83.83 - - [27/Feb/2020:11:36:24 +0100] "GET /lechef/edit_orders_add_product.php?oID=12285&step=1 HTTP/1.1" 200 6615 "http://www.e-medicalonline.com/lechef/edit_orders.php?oID=12285&action=edit" "Mozilla/5.0 (Windows NT 10.0; Win64; x64) AppleWebKit/537.36 (KHTML, like Gecko) Chrome/79.0.3945.130 Safari/537.36"
114.119.164.171 - - [27/Feb/2020:11:36:33 +0100] "GET /contact_us.php?osCsid=ta50con2s1tk261ojjk1j4fdp7 HTTP/1.1" 200 6965 "-" "Mozilla/5.0(Linux;U;Android 5.1.1;zh-CN;OPPO A33 Build/LMY47V) AppleWebKit/537.36(KHTML,like Gecko) Version/4.0 Chrome/40.0.2214.89 Mobile Safari/537.36"
83.114.83.83 - - [27/Feb/2020:11:36:34 +0100] "POST /lechef/edit_orders_add_product.php?oID=12285 HTTP/1.1" 200 8454 "http://www.e-medicalonline.com/lechef/edit_orders_add_product.php?oID=12285&step=1" "Mozilla/5.0 (Windows NT 10.0; Win64; x64) AppleWebKit/537.36 (KHTML, like Gecko) Chrome/79.0.3945.130 Safari/537.36"
83.114.83.83 - - [27/Feb/2020:11:36:34 +0100] "POST /lechef/edit_orders_add_product.php?oID=12285 HTTP/1.1" 200 8454 "http://www.e-medicalonline.com/lechef/edit_orders_add_product.php?oID=12285&step=1" "Mozilla/5.0 (Windows NT 10.0; Win64; x64) AppleWebKit/537.36 (KHTML, like Gecko) Chrome/79.0.3945.130 Safari/537.36"
91.242.162.18 - - [27/Feb/2020:11:36:36 +0100] "GET /index.php?cPath=42&osCsid=sj77lsamr6c23uttcfm62na1l7 HTTP/1.1" 200 8777 "-" "Mozilla/5.0 (compatible; Qwantify/2.4w; +https://www.qwant.com/)/2.4w"
