83.114.83.83 - - [27/Feb/2020:14:11:54 +0100] "POST /lechef/edit_orders_add_product.php?oID=12287 HTTP/1.1" 200 8238 "http://www.e-medicalonline.com/lechef/edit_orders_add_product.php?oID=12287&step=1" "Mozilla/5.0 (Windows NT 10.0; Win64; x64) AppleWebKit/537.36 (KHTML, like Gecko) Chrome/79.0.3945.130 Safari/537.36"
83.114.83.83 - - [27/Feb/2020:14:11:54 +0100] "POST /lechef/edit_orders_add_product.php?oID=12287 HTTP/1.1" 200 8238 "http://www.e-medicalonline.com/lechef/edit_orders_add_product.php?oID=12287&step=1" "Mozilla/5.0 (Windows NT 10.0; Win64; x64) AppleWebKit/537.36 (KHTML, like Gecko) Chrome/79.0.3945.130 Safari/537.36"
83.114.83.83 - - [27/Feb/2020:14:11:56 +0100] "POST /lechef/edit_orders_add_product.php?oID=12287 HTTP/1.1" 200 9416 "http://www.e-medicalonline.com/lechef/edit_orders_add_product.php?oID=12287" "Mozilla/5.0 (Windows NT 10.0; Win64; x64) AppleWebKit/537.36 (KHTML, like Gecko) Chrome/79.0.3945.130 Safari/537.36"
83.114.83.83 - - [27/Feb/2020:14:12:00 +0100] "POST /lechef/edit_orders_add_product.php?oID=12287 HTTP/1.1" 200 10955 "http://www.e-medicalonline.com/lechef/edit_orders_add_product.php?oID=12287" "Mozilla/5.0 (Windows NT 10.0; Win64; x64) AppleWebKit/537.36 (KHTML, like Gecko) Chrome/79.0.3945.130 Safari/537.36"
114.119.158.188 - - [27/Feb/2020:14:12:00 +0100] "GET /product_info.php?products_id=378&osCsid=v6mphmmt0sqo1e73o9n2tbuei6 HTTP/1.1" 200 8812 "-" "Mozilla/5.0 (iPad; CPU OS 7_0 like Mac OS X) AppleWebKit/537.51.1 (KHTML, like Gecko) Version/7.0 Mobile/11A465 Safari/9537.53"
83.114.83.83 - - [27/Feb/2020:14:12:07 +0100] "POST /lechef/edit_orders_add_product.php?oID=12287&action=add_product HTTP/1.1" 302 408 "http://www.e-medicalonline.com/lechef/edit_orders_add_product.php?oID=12287" "Mozilla/5.0 (Windows NT 10.0; Win64; x64) AppleWebKit/537.36 (KHTML, like Gecko) Chrome/79.0.3945.130 Safari/537.36"
83.114.83.83 - - [27/Feb/2020:14:12:07 +0100] "GET /lechef/edit_orders_add_product.php?oID=12287&step=1&submitForm=yes HTTP/1.1" 200 6802 "http://www.e-medicalonline.com/lechef/edit_orders_add_product.php?oID=12287" "Mozilla/5.0 (Windows NT 10.0; Win64; x64) AppleWebKit/537.36 (KHTML, like Gecko) Chrome/79.0.3945.130 Safari/537.36"
83.114.83.83 - - [27/Feb/2020:14:12:07 +0100] "POST /lechef/edit_orders.php?oID=12287&action=update_order HTTP/1.1" 302 395 "http://www.e-medicalonline.com/lechef/edit_orders.php?oID=12287&action=edit" "Mozilla/5.0 (Windows NT 10.0; Win64; x64) AppleWebKit/537.36 (KHTML, like Gecko) Chrome/79.0.3945.130 Safari/537.36"
83.114.83.83 - - [27/Feb/2020:14:12:07 +0100] "GET /lechef/edit_orders.php?oID=12287&action=edit HTTP/1.1" 200 149342 "http://www.e-medicalonline.com/lechef/edit_orders.php?oID=12287&action=edit" "Mozilla/5.0 (Windows NT 10.0; Win64; x64) AppleWebKit/537.36 (KHTML, like Gecko) Chrome/79.0.3945.130 Safari/537.36"
83.114.83.83 - - [27/Feb/2020:14:12:13 +0100] "GET /lechef/edit_orders_ajax.php?action=update_product_value_field&oID=12287&pid=78269&price=2.4800&final_price=2.4800 HTTP/1.1" 200 332 "http://www.e-medicalonline.com/lechef/edit_orders.php?oID=12287&action=edit" "Mozilla/5.0 (Windows NT 10.0; Win64; x64) AppleWebKit/537.36 (KHTML, like Gecko) Chrome/79.0.3945.130 Safari/537.36"
83.114.83.83 - - [27/Feb/2020:14:12:13 +0100] "POST /lechef/edit_orders_ajax.php HTTP/1.1" 200 13130 "http://www.e-medicalonline.com/lechef/edit_orders.php?oID=12287&action=edit" "Mozilla/5.0 (Windows NT 10.0; Win64; x64) AppleWebKit/537.36 (KHTML, like Gecko) Chrome/79.0.3945.130 Safari/537.36"
54.36.150.7 - - [27/Feb/2020:14:12:15 +0100] "GET /product_info.php?products_id=327&language=tr HTTP/1.1" 200 9351 "-" "Mozilla/5.0 (compatible; AhrefsBot/6.1; +http://ahrefs.com/robot/)"
83.114.83.83 - - [27/Feb/2020:14:12:15 +0100] "GET /lechef/edit_orders_add_product.php?oID=12287&step=1 HTTP/1.1" 200 6615 "http://www.e-medicalonline.com/lechef/edit_orders.php?oID=12287&action=edit" "Mozilla/5.0 (Windows NT 10.0; Win64; x64) AppleWebKit/537.36 (KHTML, like Gecko) Chrome/79.0.3945.130 Safari/537.36"
114.119.157.114 - - [27/Feb/2020:14:12:17 +0100] "GET /privacy.php?osCsid=io58m67akmouosgclltq7fs1n4 HTTP/1.1" 200 12088 "-" "Mozilla/5.0(Linux;U;Android 5.1.1;zh-CN;OPPO A33 Build/LMY47V) AppleWebKit/537.36(KHTML,like Gecko) Version/4.0 Chrome/40.0.2214.89 Mobile Safari/537.36"
54.36.148.116 - - [27/Feb/2020:14:12:17 +0100] "GET /index.php?cPath=47&language=tr&page=1&sort=3a HTTP/1.1" 200 7422 "-" "Mozilla/5.0 (compatible; AhrefsBot/6.1; +http://ahrefs.com/robot/)"
54.36.150.34 - - [27/Feb/2020:14:12:28 +0100] "GET /index.php?cPath=42_24&language=ar&page=1&sort=1a HTTP/1.1" 200 8182 "-" "Mozilla/5.0 (compatible; AhrefsBot/6.1; +http://ahrefs.com/robot/)"
83.114.83.83 - - [27/Feb/2020:14:12:29 +0100] "POST /lechef/edit_orders_add_product.php?oID=12287 HTTP/1.1" 200 8449 "http://www.e-medicalonline.com/lechef/edit_orders_add_product.php?oID=12287&step=1" "Mozilla/5.0 (Windows NT 10.0; Win64; x64) AppleWebKit/537.36 (KHTML, like Gecko) Chrome/79.0.3945.130 Safari/537.36"
46.229.168.135 - - [27/Feb/2020:14:12:31 +0100] "GET /product_reviews_write.php?language=lv&products_id=341 HTTP/1.1" 302 546 "-" "Mozilla/5.0 (compatible; SemrushBot/6~bl; +http://www.semrush.com/bot.html)"
46.229.168.161 - - [27/Feb/2020:14:12:32 +0100] "GET /login.php HTTP/1.1" 200 7494 "-" "Mozilla/5.0 (compatible; SemrushBot/6~bl; +http://www.semrush.com/bot.html)"
178.157.251.222 - - [27/Feb/2020:14:12:32 +0100] "GET /favicon.ico HTTP/1.1" 404 446 "-" "NCO"
83.114.83.83 - - [27/Feb/2020:14:12:32 +0100] "POST /lechef/edit_orders_add_product.php?oID=12287 HTTP/1.1" 200 9608 "http://www.e-medicalonline.com/lechef/edit_orders_add_product.php?oID=12287" "Mozilla/5.0 (Windows NT 10.0; Win64; x64) AppleWebKit/537.36 (KHTML, like Gecko) Chrome/79.0.3945.130 Safari/537.36"
83.114.83.83 - - [27/Feb/2020:14:12:33 +0100] "POST /lechef/edit_orders_add_product.php?oID=12287 HTTP/1.1" 200 11147 "http://www.e-medicalonline.com/lechef/edit_orders_add_product.php?oID=12287" "Mozilla/5.0 (Windows NT 10.0; Win64; x64) AppleWebKit/537.36 (KHTML, like Gecko) Chrome/79.0.3945.130 Safari/537.36"
83.114.83.83 - - [27/Feb/2020:14:12:35 +0100] "POST /lechef/edit_orders_add_product.php?oID=12287&action=add_product HTTP/1.1" 302 408 "http://www.e-medicalonline.com/lechef/edit_orders_add_product.php?oID=12287" "Mozilla/5.0 (Windows NT 10.0; Win64; x64) AppleWebKit/537.36 (KHTML, like Gecko) Chrome/79.0.3945.130 Safari/537.36"
83.114.83.83 - - [27/Feb/2020:14:12:35 +0100] "GET /lechef/edit_orders_add_product.php?oID=12287&step=1&submitForm=yes HTTP/1.1" 200 6802 "http://www.e-medicalonline.com/lechef/edit_orders_add_product.php?oID=12287" "Mozilla/5.0 (Windows NT 10.0; Win64; x64) AppleWebKit/537.36 (KHTML, like Gecko) Chrome/79.0.3945.130 Safari/537.36"
83.114.83.83 - - [27/Feb/2020:14:12:36 +0100] "POST /lechef/edit_orders.php?oID=12287&action=update_order HTTP/1.1" 302 395 "http://www.e-medicalonline.com/lechef/edit_orders.php?oID=12287&action=edit" "Mozilla/5.0 (Windows NT 10.0; Win64; x64) AppleWebKit/537.36 (KHTML, like Gecko) Chrome/79.0.3945.130 Safari/537.36"
83.114.83.83 - - [27/Feb/2020:14:12:36 +0100] "GET /lechef/edit_orders.php?oID=12287&action=edit HTTP/1.1" 200 153198 "http://www.e-medicalonline.com/lechef/edit_orders.php?oID=12287&action=edit" "Mozilla/5.0 (Windows NT 10.0; Win64; x64) AppleWebKit/537.36 (KHTML, like Gecko) Chrome/79.0.3945.130 Safari/537.36"
114.119.164.253 - - [27/Feb/2020:14:12:36 +0100] "GET /privacy.php?osCsid=gudr0mon73eren9aka6dgc4ol1 HTTP/1.1" 200 12084 "-" "Mozilla/5.0(Linux;Android 5.1.1;OPPO A33 Build/LMY47V;wv) AppleWebKit/537.36(KHTML,link Gecko) Version/4.0 Chrome/42.0.2311.138 Mobile Safari/537.36"
100.43.85.188 - - [27/Feb/2020:14:12:37 +0100] "GET /products_new.php?products_id=142&language=et&page=5&action=buy_now&products_id=303 HTTP/1.1" 302 569 "-" "Mozilla/5.0 (compatible; YandexBot/3.0; +http://yandex.com/bots)"
100.43.85.188 - - [27/Feb/2020:14:12:40 +0100] "GET /product_info.php?products_id=303&osCsid=q42fa1ojrna49nu699qt2ia8p3 HTTP/1.1" 200 9213 "-" "Mozilla/5.0 (compatible; YandexBot/3.0; +http://yandex.com/bots)"
83.114.83.83 - - [27/Feb/2020:14:12:44 +0100] "GET /lechef/edit_orders_ajax.php?action=update_product_value_field&oID=12287&pid=78270&price=1.8400&final_price=1.8400 HTTP/1.1" 200 332 "http://www.e-medicalonline.com/lechef/edit_orders.php?oID=12287&action=edit" "Mozilla/5.0 (Windows NT 10.0; Win64; x64) AppleWebKit/537.36 (KHTML, like Gecko) Chrome/79.0.3945.130 Safari/537.36"
83.114.83.83 - - [27/Feb/2020:14:12:44 +0100] "POST /lechef/edit_orders_ajax.php HTTP/1.1" 200 13130 "http://www.e-medicalonline.com/lechef/edit_orders.php?oID=12287&action=edit" "Mozilla/5.0 (Windows NT 10.0; Win64; x64) AppleWebKit/537.36 (KHTML, like Gecko) Chrome/79.0.3945.130 Safari/537.36"
83.114.83.83 - - [27/Feb/2020:14:12:45 +0100] "GET /lechef/edit_orders_add_product.php?oID=12287&step=1 HTTP/1.1" 200 6615 "http://www.e-medicalonline.com/lechef/edit_orders.php?oID=12287&action=edit" "Mozilla/5.0 (Windows NT 10.0; Win64; x64) AppleWebKit/537.36 (KHTML, like Gecko) Chrome/79.0.3945.130 Safari/537.36"
114.119.141.255 - - [27/Feb/2020:14:12:53 +0100] "GET /index.php?cPath=41&osCsid=ktegsli0bo44r5u43o5s7dfmd6%20 HTTP/1.1" 302 288 "-" "Mozilla/5.0(Linux;U;Android 5.1.1;zh-CN;OPPO A33 Build/LMY47V) AppleWebKit/537.36(KHTML,like Gecko) Version/4.0 Chrome/40.0.2214.89 Mobile Safari/537.36"
114.119.141.255 - - [27/Feb/2020:14:12:54 +0100] "GET /index.php HTTP/1.1" 200 7306 "-" "Mozilla/5.0(Linux;U;Android 5.1.1;zh-CN;OPPO A33 Build/LMY47V) AppleWebKit/537.36(KHTML,like Gecko) Version/4.0 Chrome/40.0.2214.89 Mobile Safari/537.36"
83.114.83.83 - - [27/Feb/2020:14:13:04 +0100] "POST /lechef/edit_orders_add_product.php?oID=12287 HTTP/1.1" 200 8230 "http://www.e-medicalonline.com/lechef/edit_orders_add_product.php?oID=12287&step=1" "Mozilla/5.0 (Windows NT 10.0; Win64; x64) AppleWebKit/537.36 (KHTML, like Gecko) Chrome/79.0.3945.130 Safari/537.36"
83.114.83.83 - - [27/Feb/2020:14:13:04 +0100] "POST /lechef/edit_orders_add_product.php?oID=12287 HTTP/1.1" 200 8230 "http://www.e-medicalonline.com/lechef/edit_orders_add_product.php?oID=12287&step=1" "Mozilla/5.0 (Windows NT 10.0; Win64; x64) AppleWebKit/537.36 (KHTML, like Gecko) Chrome/79.0.3945.130 Safari/537.36"
83.114.83.83 - - [27/Feb/2020:14:13:07 +0100] "POST /lechef/edit_orders_add_product.php?oID=12287 HTTP/1.1" 200 9413 "http://www.e-medicalonline.com/lechef/edit_orders_add_product.php?oID=12287" "Mozilla/5.0 (Windows NT 10.0; Win64; x64) AppleWebKit/537.36 (KHTML, like Gecko) Chrome/79.0.3945.130 Safari/537.36"
83.114.83.83 - - [27/Feb/2020:14:13:09 +0100] "POST /lechef/edit_orders_add_product.php?oID=12287 HTTP/1.1" 200 10952 "http://www.e-medicalonline.com/lechef/edit_orders_add_product.php?oID=12287" "Mozilla/5.0 (Windows NT 10.0; Win64; x64) AppleWebKit/537.36 (KHTML, like Gecko) Chrome/79.0.3945.130 Safari/537.36"
83.114.83.83 - - [27/Feb/2020:14:13:10 +0100] "POST /lechef/edit_orders_add_product.php?oID=12287&action=add_product HTTP/1.1" 302 408 "http://www.e-medicalonline.com/lechef/edit_orders_add_product.php?oID=12287" "Mozilla/5.0 (Windows NT 10.0; Win64; x64) AppleWebKit/537.36 (KHTML, like Gecko) Chrome/79.0.3945.130 Safari/537.36"
114.119.133.157 - - [27/Feb/2020:14:13:10 +0100] "GET /redirect.php?action=url&goto=fixus-ortho.com&osCsid=bvna8at0fu9mkb3n36hf7v4tg0 HTTP/1.1" 302 494 "-" "Mozilla/5.0(Linux;U;Android 5.1.1;zh-CN;OPPO A33 Build/LMY47V) AppleWebKit/537.36(KHTML,like Gecko) Version/4.0 Chrome/40.0.2214.89 Mobile Safari/537.36"
83.114.83.83 - - [27/Feb/2020:14:13:10 +0100] "GET /lechef/edit_orders_add_product.php?oID=12287&step=1&submitForm=yes HTTP/1.1" 200 6802 "http://www.e-medicalonline.com/lechef/edit_orders_add_product.php?oID=12287" "Mozilla/5.0 (Windows NT 10.0; Win64; x64) AppleWebKit/537.36 (KHTML, like Gecko) Chrome/79.0.3945.130 Safari/537.36"
83.114.83.83 - - [27/Feb/2020:14:13:11 +0100] "POST /lechef/edit_orders.php?oID=12287&action=update_order HTTP/1.1" 302 395 "http://www.e-medicalonline.com/lechef/edit_orders.php?oID=12287&action=edit" "Mozilla/5.0 (Windows NT 10.0; Win64; x64) AppleWebKit/537.36 (KHTML, like Gecko) Chrome/79.0.3945.130 Safari/537.36"
83.114.83.83 - - [27/Feb/2020:14:13:11 +0100] "GET /lechef/edit_orders.php?oID=12287&action=edit HTTP/1.1" 200 157001 "http://www.e-medicalonline.com/lechef/edit_orders.php?oID=12287&action=edit" "Mozilla/5.0 (Windows NT 10.0; Win64; x64) AppleWebKit/537.36 (KHTML, like Gecko) Chrome/79.0.3945.130 Safari/537.36"
54.36.150.177 - - [27/Feb/2020:14:13:16 +0100] "GET /product_reviews.php?products_id=352&language=fr HTTP/1.1" 200 7438 "-" "Mozilla/5.0 (compatible; AhrefsBot/6.1; +http://ahrefs.com/robot/)"
83.114.83.83 - - [27/Feb/2020:14:13:21 +0100] "GET /lechef/edit_orders_ajax.php?action=update_product_value_field&oID=12287&pid=78271&price=21.1200&final_price=21.1200 HTTP/1.1" 200 332 "http://www.e-medicalonline.com/lechef/edit_orders.php?oID=12287&action=edit" "Mozilla/5.0 (Windows NT 10.0; Win64; x64) AppleWebKit/537.36 (KHTML, like Gecko) Chrome/79.0.3945.130 Safari/537.36"
83.114.83.83 - - [27/Feb/2020:14:13:21 +0100] "POST /lechef/edit_orders_ajax.php HTTP/1.1" 200 13133 "http://www.e-medicalonline.com/lechef/edit_orders.php?oID=12287&action=edit" "Mozilla/5.0 (Windows NT 10.0; Win64; x64) AppleWebKit/537.36 (KHTML, like Gecko) Chrome/79.0.3945.130 Safari/537.36"
83.114.83.83 - - [27/Feb/2020:14:13:23 +0100] "GET /lechef/edit_orders_add_product.php?oID=12287&step=1 HTTP/1.1" 200 6615 "http://www.e-medicalonline.com/lechef/edit_orders.php?oID=12287&action=edit" "Mozilla/5.0 (Windows NT 10.0; Win64; x64) AppleWebKit/537.36 (KHTML, like Gecko) Chrome/79.0.3945.130 Safari/537.36"
114.119.128.160 - - [27/Feb/2020:14:13:28 +0100] "GET /index.php?cPath=47&osCsid=saamg9tv8dbiugqoig4rb21ma0%20 HTTP/1.1" 302 288 "-" "Mozilla/5.0(Linux;Android 5.1.1;OPPO A33 Build/LMY47V;wv) AppleWebKit/537.36(KHTML,link Gecko) Version/4.0 Chrome/43.0.2357.121 Mobile Safari/537.36"
114.119.128.160 - - [27/Feb/2020:14:13:29 +0100] "GET /index.php HTTP/1.1" 200 7351 "-" "Mozilla/5.0(Linux;Android 5.1.1;OPPO A33 Build/LMY47V;wv) AppleWebKit/537.36(KHTML,link Gecko) Version/4.0 Chrome/43.0.2357.121 Mobile Safari/537.36"
83.114.83.83 - - [27/Feb/2020:14:13:33 +0100] "POST /lechef/edit_orders_add_product.php?oID=12287 HTTP/1.1" 200 8454 "http://www.e-medicalonline.com/lechef/edit_orders_add_product.php?oID=12287&step=1" "Mozilla/5.0 (Windows NT 10.0; Win64; x64) AppleWebKit/537.36 (KHTML, like Gecko) Chrome/79.0.3945.130 Safari/537.36"
83.114.83.83 - - [27/Feb/2020:14:13:36 +0100] "POST /lechef/edit_orders_add_product.php?oID=12287 HTTP/1.1" 200 9612 "http://www.e-medicalonline.com/lechef/edit_orders_add_product.php?oID=12287" "Mozilla/5.0 (Windows NT 10.0; Win64; x64) AppleWebKit/537.36 (KHTML, like Gecko) Chrome/79.0.3945.130 Safari/537.36"
83.114.83.83 - - [27/Feb/2020:14:13:37 +0100] "POST /lechef/edit_orders_add_product.php?oID=12287 HTTP/1.1" 200 11151 "http://www.e-medicalonline.com/lechef/edit_orders_add_product.php?oID=12287" "Mozilla/5.0 (Windows NT 10.0; Win64; x64) AppleWebKit/537.36 (KHTML, like Gecko) Chrome/79.0.3945.130 Safari/537.36"
83.114.83.83 - - [27/Feb/2020:14:13:40 +0100] "POST /lechef/edit_orders_add_product.php?oID=12287&action=add_product HTTP/1.1" 302 408 "http://www.e-medicalonline.com/lechef/edit_orders_add_product.php?oID=12287" "Mozilla/5.0 (Windows NT 10.0; Win64; x64) AppleWebKit/537.36 (KHTML, like Gecko) Chrome/79.0.3945.130 Safari/537.36"
83.114.83.83 - - [27/Feb/2020:14:13:40 +0100] "GET /lechef/edit_orders_add_product.php?oID=12287&step=1&submitForm=yes HTTP/1.1" 200 6802 "http://www.e-medicalonline.com/lechef/edit_orders_add_product.php?oID=12287" "Mozilla/5.0 (Windows NT 10.0; Win64; x64) AppleWebKit/537.36 (KHTML, like Gecko) Chrome/79.0.3945.130 Safari/537.36"
83.114.83.83 - - [27/Feb/2020:14:13:40 +0100] "POST /lechef/edit_orders.php?oID=12287&action=update_order HTTP/1.1" 302 395 "http://www.e-medicalonline.com/lechef/edit_orders.php?oID=12287&action=edit" "Mozilla/5.0 (Windows NT 10.0; Win64; x64) AppleWebKit/537.36 (KHTML, like Gecko) Chrome/79.0.3945.130 Safari/537.36"
83.114.83.83 - - [27/Feb/2020:14:13:40 +0100] "GET /lechef/edit_orders.php?oID=12287&action=edit HTTP/1.1" 200 160861 "http://www.e-medicalonline.com/lechef/edit_orders.php?oID=12287&action=edit" "Mozilla/5.0 (Windows NT 10.0; Win64; x64) AppleWebKit/537.36 (KHTML, like Gecko) Chrome/79.0.3945.130 Safari/537.36"
114.119.156.108 - - [27/Feb/2020:14:13:44 +0100] "GET /index.php?cPath=29&osCsid=ckp5shpmpbpm9gvrq6k1a1tae5%20 HTTP/1.1" 302 288 "-" "Mozilla/5.0(Linux;Android 5.1.1;OPPO A33 Build/LMY47V;wv) AppleWebKit/537.36(KHTML,link Gecko) Version/4.0 Chrome/43.0.2357.121 Mobile Safari/537.36"
114.119.156.108 - - [27/Feb/2020:14:13:46 +0100] "GET /index.php HTTP/1.1" 200 7325 "-" "Mozilla/5.0(Linux;Android 5.1.1;OPPO A33 Build/LMY47V;wv) AppleWebKit/537.36(KHTML,link Gecko) Version/4.0 Chrome/43.0.2357.121 Mobile Safari/537.36"
83.114.83.83 - - [27/Feb/2020:14:13:47 +0100] "GET /lechef/edit_orders_ajax.php?action=update_product_value_field&oID=12287&pid=78272&price=2.4000&final_price=2.4000 HTTP/1.1" 200 332 "http://www.e-medicalonline.com/lechef/edit_orders.php?oID=12287&action=edit" "Mozilla/5.0 (Windows NT 10.0; Win64; x64) AppleWebKit/537.36 (KHTML, like Gecko) Chrome/79.0.3945.130 Safari/537.36"
83.114.83.83 - - [27/Feb/2020:14:13:47 +0100] "POST /lechef/edit_orders_ajax.php HTTP/1.1" 200 13133 "http://www.e-medicalonline.com/lechef/edit_orders.php?oID=12287&action=edit" "Mozilla/5.0 (Windows NT 10.0; Win64; x64) AppleWebKit/537.36 (KHTML, like Gecko) Chrome/79.0.3945.130 Safari/537.36"
83.114.83.83 - - [27/Feb/2020:14:13:54 +0100] "GET /lechef/edit_orders_add_product.php?oID=12287&step=1 HTTP/1.1" 200 6615 "http://www.e-medicalonline.com/lechef/edit_orders.php?oID=12287&action=edit" "Mozilla/5.0 (Windows NT 10.0; Win64; x64) AppleWebKit/537.36 (KHTML, like Gecko) Chrome/79.0.3945.130 Safari/537.36"
83.114.83.83 - - [27/Feb/2020:14:13:58 +0100] "POST /lechef/edit_orders_add_product.php?oID=12287 HTTP/1.1" 200 8462 "http://www.e-medicalonline.com/lechef/edit_orders_add_product.php?oID=12287&step=1" "Mozilla/5.0 (Windows NT 10.0; Win64; x64) AppleWebKit/537.36 (KHTML, like Gecko) Chrome/79.0.3945.130 Safari/537.36"
83.114.83.83 - - [27/Feb/2020:14:13:58 +0100] "POST /lechef/edit_orders_add_product.php?oID=12287 HTTP/1.1" 200 8462 "http://www.e-medicalonline.com/lechef/edit_orders_add_product.php?oID=12287&step=1" "Mozilla/5.0 (Windows NT 10.0; Win64; x64) AppleWebKit/537.36 (KHTML, like Gecko) Chrome/79.0.3945.130 Safari/537.36"
46.229.168.135 - - [27/Feb/2020:14:14:00 +0100] "GET /product_reviews.php?language=pl&products_id=363 HTTP/1.1" 200 7544 "-" "Mozilla/5.0 (compatible; SemrushBot/6~bl; +http://www.semrush.com/bot.html)"
114.119.134.20 - - [27/Feb/2020:14:14:00 +0100] "GET /index.php?cPath=47&osCsid=cidrpca5p3o0csgcr5meog1lt2%20 HTTP/1.1" 302 288 "-" "Mozilla/5.0(Linux;Android 5.1.1;OPPO A33 Build/LMY47V;wv) AppleWebKit/537.36(KHTML,link Gecko) Version/4.0 Chrome/42.0.2311.138 Mobile Safari/537.36"
114.119.134.20 - - [27/Feb/2020:14:14:01 +0100] "GET /index.php HTTP/1.1" 200 7315 "-" "Mozilla/5.0(Linux;Android 5.1.1;OPPO A33 Build/LMY47V;wv) AppleWebKit/537.36(KHTML,link Gecko) Version/4.0 Chrome/42.0.2311.138 Mobile Safari/537.36"
83.114.83.83 - - [27/Feb/2020:14:14:03 +0100] "POST /lechef/edit_orders_add_product.php?oID=12287 HTTP/1.1" 200 9620 "http://www.e-medicalonline.com/lechef/edit_orders_add_product.php?oID=12287" "Mozilla/5.0 (Windows NT 10.0; Win64; x64) AppleWebKit/537.36 (KHTML, like Gecko) Chrome/79.0.3945.130 Safari/537.36"
83.114.83.83 - - [27/Feb/2020:14:14:05 +0100] "POST /lechef/edit_orders_add_product.php?oID=12287 HTTP/1.1" 200 11159 "http://www.e-medicalonline.com/lechef/edit_orders_add_product.php?oID=12287" "Mozilla/5.0 (Windows NT 10.0; Win64; x64) AppleWebKit/537.36 (KHTML, like Gecko) Chrome/79.0.3945.130 Safari/537.36"
83.114.83.83 - - [27/Feb/2020:14:14:15 +0100] "POST /lechef/edit_orders_add_product.php?oID=12287&action=add_product HTTP/1.1" 302 408 "http://www.e-medicalonline.com/lechef/edit_orders_add_product.php?oID=12287" "Mozilla/5.0 (Windows NT 10.0; Win64; x64) AppleWebKit/537.36 (KHTML, like Gecko) Chrome/79.0.3945.130 Safari/537.36"
83.114.83.83 - - [27/Feb/2020:14:14:15 +0100] "GET /lechef/edit_orders_add_product.php?oID=12287&step=1&submitForm=yes HTTP/1.1" 200 6802 "http://www.e-medicalonline.com/lechef/edit_orders_add_product.php?oID=12287" "Mozilla/5.0 (Windows NT 10.0; Win64; x64) AppleWebKit/537.36 (KHTML, like Gecko) Chrome/79.0.3945.130 Safari/537.36"
83.114.83.83 - - [27/Feb/2020:14:14:15 +0100] "POST /lechef/edit_orders.php?oID=12287&action=update_order HTTP/1.1" 302 395 "http://www.e-medicalonline.com/lechef/edit_orders.php?oID=12287&action=edit" "Mozilla/5.0 (Windows NT 10.0; Win64; x64) AppleWebKit/537.36 (KHTML, like Gecko) Chrome/79.0.3945.130 Safari/537.36"
83.114.83.83 - - [27/Feb/2020:14:14:15 +0100] "GET /lechef/edit_orders.php?oID=12287&action=edit HTTP/1.1" 200 164716 "http://www.e-medicalonline.com/lechef/edit_orders.php?oID=12287&action=edit" "Mozilla/5.0 (Windows NT 10.0; Win64; x64) AppleWebKit/537.36 (KHTML, like Gecko) Chrome/79.0.3945.130 Safari/537.36"
114.119.155.186 - - [27/Feb/2020:14:14:20 +0100] "GET /product_info.php?products_id=101&osCsid=acfj1b6i2597djq9p16of7tst3 HTTP/1.1" 200 9223 "-" "Mozilla/5.0(Linux;Android 5.1.1;OPPO A33 Build/LMY47V;wv) AppleWebKit/537.36(KHTML,link Gecko) Version/4.0 Chrome/43.0.2357.121 Mobile Safari/537.36"
83.114.83.83 - - [27/Feb/2020:14:14:22 +0100] "GET /lechef/edit_orders_ajax.php?action=update_product_value_field&oID=12287&pid=78273&price=2.4000&final_price=2.4000 HTTP/1.1" 200 332 "http://www.e-medicalonline.com/lechef/edit_orders.php?oID=12287&action=edit" "Mozilla/5.0 (Windows NT 10.0; Win64; x64) AppleWebKit/537.36 (KHTML, like Gecko) Chrome/79.0.3945.130 Safari/537.36"
83.114.83.83 - - [27/Feb/2020:14:14:22 +0100] "POST /lechef/edit_orders_ajax.php HTTP/1.1" 200 13136 "http://www.e-medicalonline.com/lechef/edit_orders.php?oID=12287&action=edit" "Mozilla/5.0 (Windows NT 10.0; Win64; x64) AppleWebKit/537.36 (KHTML, like Gecko) Chrome/79.0.3945.130 Safari/537.36"
83.114.83.83 - - [27/Feb/2020:14:14:24 +0100] "GET /lechef/edit_orders_add_product.php?oID=12287&step=1 HTTP/1.1" 200 6615 "http://www.e-medicalonline.com/lechef/edit_orders.php?oID=12287&action=edit" "Mozilla/5.0 (Windows NT 10.0; Win64; x64) AppleWebKit/537.36 (KHTML, like Gecko) Chrome/79.0.3945.130 Safari/537.36"
46.229.168.154 - - [27/Feb/2020:14:14:32 +0100] "GET /index.php?cPath=29_48&language=fr&page=1&sort=5d HTTP/1.1" 200 8862 "-" "Mozilla/5.0 (compatible; SemrushBot/6~bl; +http://www.semrush.com/bot.html)"
46.229.168.162 - - [27/Feb/2020:14:14:42 +0100] "GET /product_info.php?action=notify&language=tr&products_id=230 HTTP/1.1" 302 546 "-" "Mozilla/5.0 (compatible; SemrushBot/6~bl; +http://www.semrush.com/bot.html)"
83.114.83.83 - - [27/Feb/2020:14:14:42 +0100] "POST /lechef/edit_orders_add_product.php?oID=12287 HTTP/1.1" 200 8287 "http://www.e-medicalonline.com/lechef/edit_orders_add_product.php?oID=12287&step=1" "Mozilla/5.0 (Windows NT 10.0; Win64; x64) AppleWebKit/537.36 (KHTML, like Gecko) Chrome/79.0.3945.130 Safari/537.36"
46.229.168.162 - - [27/Feb/2020:14:14:43 +0100] "GET /login.php HTTP/1.1" 200 7454 "-" "Mozilla/5.0 (compatible; SemrushBot/6~bl; +http://www.semrush.com/bot.html)"
114.119.160.240 - - [27/Feb/2020:14:14:43 +0100] "GET /product_info.php?products_id=303&osCsid=3tbpr2kd1tshm8r890vcv21ok0 HTTP/1.1" 200 9224 "-" "Mozilla/5.0(Linux;Android 5.1.1;OPPO A33 Build/LMY47V;wv) AppleWebKit/537.36(KHTML,link Gecko) Version/4.0 Chrome/43.0.2357.121 Mobile Safari/537.36"
83.114.83.83 - - [27/Feb/2020:14:14:44 +0100] "POST /lechef/edit_orders_add_product.php?oID=12287 HTTP/1.1" 200 9467 "http://www.e-medicalonline.com/lechef/edit_orders_add_product.php?oID=12287" "Mozilla/5.0 (Windows NT 10.0; Win64; x64) AppleWebKit/537.36 (KHTML, like Gecko) Chrome/79.0.3945.130 Safari/537.36"
83.114.83.83 - - [27/Feb/2020:14:14:45 +0100] "POST /lechef/edit_orders_add_product.php?oID=12287 HTTP/1.1" 200 11007 "http://www.e-medicalonline.com/lechef/edit_orders_add_product.php?oID=12287" "Mozilla/5.0 (Windows NT 10.0; Win64; x64) AppleWebKit/537.36 (KHTML, like Gecko) Chrome/79.0.3945.130 Safari/537.36"
46.229.168.143 - - [27/Feb/2020:14:14:46 +0100] "GET /product_info.php?action=add_product&language=en HTTP/1.1" 302 566 "-" "Mozilla/5.0 (compatible; SemrushBot/6~bl; +http://www.semrush.com/bot.html)"
46.229.168.129 - - [27/Feb/2020:14:14:47 +0100] "GET /shopping_cart.php?language=en HTTP/1.1" 200 8566 "-" "Mozilla/5.0 (compatible; SemrushBot/6~bl; +http://www.semrush.com/bot.html)"
83.114.83.83 - - [27/Feb/2020:14:14:49 +0100] "POST /lechef/edit_orders_add_product.php?oID=12287&action=add_product HTTP/1.1" 302 408 "http://www.e-medicalonline.com/lechef/edit_orders_add_product.php?oID=12287" "Mozilla/5.0 (Windows NT 10.0; Win64; x64) AppleWebKit/537.36 (KHTML, like Gecko) Chrome/79.0.3945.130 Safari/537.36"
83.114.83.83 - - [27/Feb/2020:14:14:49 +0100] "GET /lechef/edit_orders_add_product.php?oID=12287&step=1&submitForm=yes HTTP/1.1" 200 6802 "http://www.e-medicalonline.com/lechef/edit_orders_add_product.php?oID=12287" "Mozilla/5.0 (Windows NT 10.0; Win64; x64) AppleWebKit/537.36 (KHTML, like Gecko) Chrome/79.0.3945.130 Safari/537.36"
83.114.83.83 - - [27/Feb/2020:14:14:50 +0100] "POST /lechef/edit_orders.php?oID=12287&action=update_order HTTP/1.1" 302 395 "http://www.e-medicalonline.com/lechef/edit_orders.php?oID=12287&action=edit" "Mozilla/5.0 (Windows NT 10.0; Win64; x64) AppleWebKit/537.36 (KHTML, like Gecko) Chrome/79.0.3945.130 Safari/537.36"
83.114.83.83 - - [27/Feb/2020:14:14:50 +0100] "GET /lechef/edit_orders.php?oID=12287&action=edit HTTP/1.1" 200 168583 "http://www.e-medicalonline.com/lechef/edit_orders.php?oID=12287&action=edit" "Mozilla/5.0 (Windows NT 10.0; Win64; x64) AppleWebKit/537.36 (KHTML, like Gecko) Chrome/79.0.3945.130 Safari/537.36"
83.114.83.83 - - [27/Feb/2020:14:14:57 +0100] "GET /lechef/edit_orders_ajax.php?action=update_product_value_field&oID=12287&pid=78274&price=2.4000&final_price=2.4000 HTTP/1.1" 200 332 "http://www.e-medicalonline.com/lechef/edit_orders.php?oID=12287&action=edit" "Mozilla/5.0 (Windows NT 10.0; Win64; x64) AppleWebKit/537.36 (KHTML, like Gecko) Chrome/79.0.3945.130 Safari/537.36"
83.114.83.83 - - [27/Feb/2020:14:14:57 +0100] "POST /lechef/edit_orders_ajax.php HTTP/1.1" 200 13136 "http://www.e-medicalonline.com/lechef/edit_orders.php?oID=12287&action=edit" "Mozilla/5.0 (Windows NT 10.0; Win64; x64) AppleWebKit/537.36 (KHTML, like Gecko) Chrome/79.0.3945.130 Safari/537.36"
83.114.83.83 - - [27/Feb/2020:14:14:59 +0100] "GET /lechef/edit_orders_add_product.php?oID=12287&step=1 HTTP/1.1" 200 6615 "http://www.e-medicalonline.com/lechef/edit_orders.php?oID=12287&action=edit" "Mozilla/5.0 (Windows NT 10.0; Win64; x64) AppleWebKit/537.36 (KHTML, like Gecko) Chrome/79.0.3945.130 Safari/537.36"
114.119.165.143 - - [27/Feb/2020:14:15:01 +0100] "GET /product_info.php?products_id=385&osCsid=qf3cjkrgffb98rbtnclj1klfo6 HTTP/1.1" 200 9108 "-" "Mozilla/5.0(Linux;U;Android 5.1.1;zh-CN;OPPO A33 Build/LMY47V) AppleWebKit/537.36(KHTML,like Gecko) Version/4.0 Chrome/40.0.2214.89 Mobile Safari/537.36"
83.114.83.83 - - [27/Feb/2020:14:15:04 +0100] "POST /lechef/edit_orders_add_product.php?oID=12287 HTTP/1.1" 200 8285 "http://www.e-medicalonline.com/lechef/edit_orders_add_product.php?oID=12287&step=1" "Mozilla/5.0 (Windows NT 10.0; Win64; x64) AppleWebKit/537.36 (KHTML, like Gecko) Chrome/79.0.3945.130 Safari/537.36"
83.114.83.83 - - [27/Feb/2020:14:15:04 +0100] "POST /lechef/edit_orders_add_product.php?oID=12287 HTTP/1.1" 200 8285 "http://www.e-medicalonline.com/lechef/edit_orders_add_product.php?oID=12287&step=1" "Mozilla/5.0 (Windows NT 10.0; Win64; x64) AppleWebKit/537.36 (KHTML, like Gecko) Chrome/79.0.3945.130 Safari/537.36"
83.114.83.83 - - [27/Feb/2020:14:15:06 +0100] "POST /lechef/edit_orders_add_product.php?oID=12287 HTTP/1.1" 200 9465 "http://www.e-medicalonline.com/lechef/edit_orders_add_product.php?oID=12287" "Mozilla/5.0 (Windows NT 10.0; Win64; x64) AppleWebKit/537.36 (KHTML, like Gecko) Chrome/79.0.3945.130 Safari/537.36"
83.114.83.83 - - [27/Feb/2020:14:15:08 +0100] "POST /lechef/edit_orders_add_product.php?oID=12287 HTTP/1.1" 200 11005 "http://www.e-medicalonline.com/lechef/edit_orders_add_product.php?oID=12287" "Mozilla/5.0 (Windows NT 10.0; Win64; x64) AppleWebKit/537.36 (KHTML, like Gecko) Chrome/79.0.3945.130 Safari/537.36"
83.114.83.83 - - [27/Feb/2020:14:15:11 +0100] "POST /lechef/edit_orders_add_product.php?oID=12287&action=add_product HTTP/1.1" 302 408 "http://www.e-medicalonline.com/lechef/edit_orders_add_product.php?oID=12287" "Mozilla/5.0 (Windows NT 10.0; Win64; x64) AppleWebKit/537.36 (KHTML, like Gecko) Chrome/79.0.3945.130 Safari/537.36"
83.114.83.83 - - [27/Feb/2020:14:15:11 +0100] "GET /lechef/edit_orders_add_product.php?oID=12287&step=1&submitForm=yes HTTP/1.1" 200 6802 "http://www.e-medicalonline.com/lechef/edit_orders_add_product.php?oID=12287" "Mozilla/5.0 (Windows NT 10.0; Win64; x64) AppleWebKit/537.36 (KHTML, like Gecko) Chrome/79.0.3945.130 Safari/537.36"
46.229.168.138 - - [27/Feb/2020:14:15:11 +0100] "GET /product_reviews.php?action=notify&cPath=41_22&language=sr&products_id=300 HTTP/1.1" 302 546 "-" "Mozilla/5.0 (compatible; SemrushBot/6~bl; +http://www.semrush.com/bot.html)"
83.114.83.83 - - [27/Feb/2020:14:15:11 +0100] "POST /lechef/edit_orders.php?oID=12287&action=update_order HTTP/1.1" 302 395 "http://www.e-medicalonline.com/lechef/edit_orders.php?oID=12287&action=edit" "Mozilla/5.0 (Windows NT 10.0; Win64; x64) AppleWebKit/537.36 (KHTML, like Gecko) Chrome/79.0.3945.130 Safari/537.36"
83.114.83.83 - - [27/Feb/2020:14:15:11 +0100] "GET /lechef/edit_orders.php?oID=12287&action=edit HTTP/1.1" 200 172442 "http://www.e-medicalonline.com/lechef/edit_orders.php?oID=12287&action=edit" "Mozilla/5.0 (Windows NT 10.0; Win64; x64) AppleWebKit/537.36 (KHTML, like Gecko) Chrome/79.0.3945.130 Safari/537.36"
46.229.168.154 - - [27/Feb/2020:14:15:12 +0100] "GET /login.php HTTP/1.1" 200 7493 "-" "Mozilla/5.0 (compatible; SemrushBot/6~bl; +http://www.semrush.com/bot.html)"
83.114.83.83 - - [27/Feb/2020:14:15:17 +0100] "GET /lechef/edit_orders_ajax.php?action=update_product_value_field&oID=12287&pid=78275&price=2.4000&final_price=2.4000 HTTP/1.1" 200 332 "http://www.e-medicalonline.com/lechef/edit_orders.php?oID=12287&action=edit" "Mozilla/5.0 (Windows NT 10.0; Win64; x64) AppleWebKit/537.36 (KHTML, like Gecko) Chrome/79.0.3945.130 Safari/537.36"
83.114.83.83 - - [27/Feb/2020:14:15:17 +0100] "POST /lechef/edit_orders_ajax.php HTTP/1.1" 200 13136 "http://www.e-medicalonline.com/lechef/edit_orders.php?oID=12287&action=edit" "Mozilla/5.0 (Windows NT 10.0; Win64; x64) AppleWebKit/537.36 (KHTML, like Gecko) Chrome/79.0.3945.130 Safari/537.36"
114.119.147.100 - - [27/Feb/2020:14:15:21 +0100] "GET /index.php?cPath=42&osCsid=68v576gbjoun6vubooqgup3tj5%20 HTTP/1.1" 302 288 "-" "Mozilla/5.0 (iPad; CPU OS 7_0 like Mac OS X) AppleWebKit/537.51.1 (KHTML, like Gecko) Version/7.0 Mobile/11A465 Safari/9537.53"
114.119.147.100 - - [27/Feb/2020:14:15:22 +0100] "GET /index.php HTTP/1.1" 200 7305 "-" "Mozilla/5.0 (iPad; CPU OS 7_0 like Mac OS X) AppleWebKit/537.51.1 (KHTML, like Gecko) Version/7.0 Mobile/11A465 Safari/9537.53"
114.119.165.217 - - [27/Feb/2020:14:15:42 +0100] "GET /advanced_search.php?osCsid=c16niep9en9lq9986fg572hca0 HTTP/1.1" 200 8305 "-" "Mozilla/5.0(Linux;Android 5.1.1;OPPO A33 Build/LMY47V;wv) AppleWebKit/537.36(KHTML,link Gecko) Version/4.0 Chrome/42.0.2311.138 Mobile Safari/537.36"
46.229.168.152 - - [27/Feb/2020:14:15:59 +0100] "GET /robots.txt HTTP/1.1" 404 445 "-" "Mozilla/5.0 (compatible; SemrushBot/6~bl; +http://www.semrush.com/bot.html)"
46.229.168.162 - - [27/Feb/2020:14:15:59 +0100] "GET /product_info.php?language=en&products_id=271 HTTP/1.1" 200 9344 "-" "Mozilla/5.0 (compatible; SemrushBot/6~bl; +http://www.semrush.com/bot.html)"
114.119.159.190 - - [27/Feb/2020:14:15:59 +0100] "GET /product_info.php?products_id=134&osCsid=84iip61tb2ea23d84c12j816i2 HTTP/1.1" 200 9107 "-" "Mozilla/5.0(Linux;U;Android 5.1.1;zh-CN;OPPO A33 Build/LMY47V) AppleWebKit/537.36(KHTML,like Gecko) Version/4.0 Chrome/40.0.2214.89 Mobile Safari/537.36"
46.229.168.142 - - [27/Feb/2020:14:16:07 +0100] "GET /product_reviews.php?cPath=29_54&language=en&products_id=223 HTTP/1.1" 200 7343 "-" "Mozilla/5.0 (compatible; SemrushBot/6~bl; +http://www.semrush.com/bot.html)"
83.114.83.83 - - [27/Feb/2020:14:16:09 +0100] "GET /lechef/edit_orders_add_product.php?oID=12287&step=1 HTTP/1.1" 200 6615 "http://www.e-medicalonline.com/lechef/edit_orders.php?oID=12287&action=edit" "Mozilla/5.0 (Windows NT 10.0; Win64; x64) AppleWebKit/537.36 (KHTML, like Gecko) Chrome/79.0.3945.130 Safari/537.36"
46.229.168.147 - - [27/Feb/2020:14:16:11 +0100] "GET /product_reviews.php?cPath=42_55&language=ru&products_id=361 HTTP/1.1" 200 7881 "-" "Mozilla/5.0 (compatible; SemrushBot/6~bl; +http://www.semrush.com/bot.html)"
46.229.168.133 - - [27/Feb/2020:14:16:18 +0100] "GET /products_new.php?action=buy_now&language=sr&page=2&products_id=356 HTTP/1.1" 302 569 "-" "Mozilla/5.0 (compatible; SemrushBot/6~bl; +http://www.semrush.com/bot.html)"
46.229.168.137 - - [27/Feb/2020:14:16:20 +0100] "GET /product_info.php?products_id=356 HTTP/1.1" 200 9464 "-" "Mozilla/5.0 (compatible; SemrushBot/6~bl; +http://www.semrush.com/bot.html)"
114.119.138.66 - - [27/Feb/2020:14:16:20 +0100] "GET /account.php?osCsid=trpkh8bb3rd3foft6h7mnf0mt3 HTTP/1.1" 302 546 "-" "Mozilla/5.0 (iPad; CPU OS 7_0 like Mac OS X) AppleWebKit/537.51.1 (KHTML, like Gecko) Version/7.0 Mobile/11A465 Safari/9537.53"
114.119.138.66 - - [27/Feb/2020:14:16:21 +0100] "GET /login.php?osCsid=tn4qs2dvcr4eti3k25h5l6akv3 HTTP/1.1" 200 7318 "-" "Mozilla/5.0 (iPad; CPU OS 7_0 like Mac OS X) AppleWebKit/537.51.1 (KHTML, like Gecko) Version/7.0 Mobile/11A465 Safari/9537.53"
83.114.83.83 - - [27/Feb/2020:14:16:31 +0100] "POST /lechef/edit_orders_add_product.php?oID=12287 HTTP/1.1" 200 8258 "http://www.e-medicalonline.com/lechef/edit_orders_add_product.php?oID=12287&step=1" "Mozilla/5.0 (Windows NT 10.0; Win64; x64) AppleWebKit/537.36 (KHTML, like Gecko) Chrome/79.0.3945.130 Safari/537.36"
83.114.83.83 - - [27/Feb/2020:14:16:31 +0100] "POST /lechef/edit_orders_add_product.php?oID=12287 HTTP/1.1" 200 8258 "http://www.e-medicalonline.com/lechef/edit_orders_add_product.php?oID=12287&step=1" "Mozilla/5.0 (Windows NT 10.0; Win64; x64) AppleWebKit/537.36 (KHTML, like Gecko) Chrome/79.0.3945.130 Safari/537.36"
83.114.83.83 - - [27/Feb/2020:14:16:37 +0100] "POST /lechef/edit_orders_add_product.php?oID=12287 HTTP/1.1" 200 8258 "http://www.e-medicalonline.com/lechef/edit_orders_add_product.php?oID=12287&step=1" "Mozilla/5.0 (Windows NT 10.0; Win64; x64) AppleWebKit/537.36 (KHTML, like Gecko) Chrome/79.0.3945.130 Safari/537.36"
114.119.165.64 - - [27/Feb/2020:14:16:39 +0100] "GET /advanced_search.php?osCsid=n98hm01jfg4i8okcgdrc0657m2 HTTP/1.1" 200 8301 "-" "Mozilla/5.0(Linux;Android 5.1.1;OPPO A33 Build/LMY47V;wv) AppleWebKit/537.36(KHTML,link Gecko) Version/4.0 Chrome/43.0.2357.121 Mobile Safari/537.36"
83.114.83.83 - - [27/Feb/2020:14:16:47 +0100] "GET /lechef/edit_orders_add_product.php?oID=12287&step=1 HTTP/1.1" 200 6615 "http://www.e-medicalonline.com/lechef/edit_orders.php?oID=12287&action=edit" "Mozilla/5.0 (Windows NT 10.0; Win64; x64) AppleWebKit/537.36 (KHTML, like Gecko) Chrome/79.0.3945.130 Safari/537.36"
83.114.83.83 - - [27/Feb/2020:14:16:59 +0100] "POST /lechef/edit_orders_add_product.php?oID=12287 HTTP/1.1" 200 8258 "http://www.e-medicalonline.com/lechef/edit_orders_add_product.php?oID=12287&step=1" "Mozilla/5.0 (Windows NT 10.0; Win64; x64) AppleWebKit/537.36 (KHTML, like Gecko) Chrome/79.0.3945.130 Safari/537.36"
83.114.83.83 - - [27/Feb/2020:14:16:59 +0100] "POST /lechef/edit_orders_add_product.php?oID=12287 HTTP/1.1" 200 8258 "http://www.e-medicalonline.com/lechef/edit_orders_add_product.php?oID=12287&step=1" "Mozilla/5.0 (Windows NT 10.0; Win64; x64) AppleWebKit/537.36 (KHTML, like Gecko) Chrome/79.0.3945.130 Safari/537.36"
114.119.135.142 - - [27/Feb/2020:14:16:59 +0100] "GET /index.php?cPath=42&osCsid=npc7d3j1d6jsg6dl6vg5um3jm3%20 HTTP/1.1" 302 288 "-" "Mozilla/5.0(Linux;Android 5.1.1;OPPO A33 Build/LMY47V;wv) AppleWebKit/537.36(KHTML,link Gecko) Version/4.0 Chrome/42.0.2311.138 Mobile Safari/537.36"
114.119.135.142 - - [27/Feb/2020:14:17:00 +0100] "GET /index.php HTTP/1.1" 200 7315 "-" "Mozilla/5.0(Linux;Android 5.1.1;OPPO A33 Build/LMY47V;wv) AppleWebKit/537.36(KHTML,link Gecko) Version/4.0 Chrome/42.0.2311.138 Mobile Safari/537.36"
83.114.83.83 - - [27/Feb/2020:14:17:02 +0100] "POST /lechef/edit_orders_add_product.php?oID=12287 HTTP/1.1" 200 9435 "http://www.e-medicalonline.com/lechef/edit_orders_add_product.php?oID=12287" "Mozilla/5.0 (Windows NT 10.0; Win64; x64) AppleWebKit/537.36 (KHTML, like Gecko) Chrome/79.0.3945.130 Safari/537.36"
83.114.83.83 - - [27/Feb/2020:14:17:03 +0100] "POST /lechef/edit_orders_add_product.php?oID=12287 HTTP/1.1" 200 10974 "http://www.e-medicalonline.com/lechef/edit_orders_add_product.php?oID=12287" "Mozilla/5.0 (Windows NT 10.0; Win64; x64) AppleWebKit/537.36 (KHTML, like Gecko) Chrome/79.0.3945.130 Safari/537.36"
83.114.83.83 - - [27/Feb/2020:14:17:07 +0100] "POST /lechef/edit_orders_add_product.php?oID=12287&action=add_product HTTP/1.1" 302 408 "http://www.e-medicalonline.com/lechef/edit_orders_add_product.php?oID=12287" "Mozilla/5.0 (Windows NT 10.0; Win64; x64) AppleWebKit/537.36 (KHTML, like Gecko) Chrome/79.0.3945.130 Safari/537.36"
83.114.83.83 - - [27/Feb/2020:14:17:08 +0100] "GET /lechef/edit_orders_add_product.php?oID=12287&step=1&submitForm=yes HTTP/1.1" 200 6802 "http://www.e-medicalonline.com/lechef/edit_orders_add_product.php?oID=12287" "Mozilla/5.0 (Windows NT 10.0; Win64; x64) AppleWebKit/537.36 (KHTML, like Gecko) Chrome/79.0.3945.130 Safari/537.36"
83.114.83.83 - - [27/Feb/2020:14:17:08 +0100] "POST /lechef/edit_orders.php?oID=12287&action=update_order HTTP/1.1" 302 395 "http://www.e-medicalonline.com/lechef/edit_orders.php?oID=12287&action=edit" "Mozilla/5.0 (Windows NT 10.0; Win64; x64) AppleWebKit/537.36 (KHTML, like Gecko) Chrome/79.0.3945.130 Safari/537.36"
83.114.83.83 - - [27/Feb/2020:14:17:08 +0100] "GET /lechef/edit_orders.php?oID=12287&action=edit HTTP/1.1" 200 176285 "http://www.e-medicalonline.com/lechef/edit_orders.php?oID=12287&action=edit" "Mozilla/5.0 (Windows NT 10.0; Win64; x64) AppleWebKit/537.36 (KHTML, like Gecko) Chrome/79.0.3945.130 Safari/537.36"
83.114.83.83 - - [27/Feb/2020:14:17:17 +0100] "GET /lechef/edit_orders_ajax.php?action=update_product_value_field&oID=12287&pid=78276&price=0.9600&final_price=0.9600 HTTP/1.1" 200 332 "http://www.e-medicalonline.com/lechef/edit_orders.php?oID=12287&action=edit" "Mozilla/5.0 (Windows NT 10.0; Win64; x64) AppleWebKit/537.36 (KHTML, like Gecko) Chrome/79.0.3945.130 Safari/537.36"
83.114.83.83 - - [27/Feb/2020:14:17:17 +0100] "POST /lechef/edit_orders_ajax.php HTTP/1.1" 200 13136 "http://www.e-medicalonline.com/lechef/edit_orders.php?oID=12287&action=edit" "Mozilla/5.0 (Windows NT 10.0; Win64; x64) AppleWebKit/537.36 (KHTML, like Gecko) Chrome/79.0.3945.130 Safari/537.36"
83.114.83.83 - - [27/Feb/2020:14:17:18 +0100] "GET /lechef/edit_orders_add_product.php?oID=12287&step=1 HTTP/1.1" 200 6615 "http://www.e-medicalonline.com/lechef/edit_orders.php?oID=12287&action=edit" "Mozilla/5.0 (Windows NT 10.0; Win64; x64) AppleWebKit/537.36 (KHTML, like Gecko) Chrome/79.0.3945.130 Safari/537.36"
114.119.128.240 - - [27/Feb/2020:14:17:20 +0100] "GET /index.php?cPath=47&osCsid=v0gr2o8ls79otqknebgschutb4%20 HTTP/1.1" 302 288 "-" "Mozilla/5.0(Linux;Android 5.1.1;OPPO A33 Build/LMY47V;wv) AppleWebKit/537.36(KHTML,link Gecko) Version/4.0 Chrome/42.0.2311.138 Mobile Safari/537.36"
114.119.128.240 - - [27/Feb/2020:14:17:24 +0100] "GET /index.php HTTP/1.1" 200 7306 "-" "Mozilla/5.0(Linux;Android 5.1.1;OPPO A33 Build/LMY47V;wv) AppleWebKit/537.36(KHTML,link Gecko) Version/4.0 Chrome/42.0.2311.138 Mobile Safari/537.36"
83.114.83.83 - - [27/Feb/2020:14:17:26 +0100] "POST /lechef/edit_orders_add_product.php?oID=12287 HTTP/1.1" 200 8222 "http://www.e-medicalonline.com/lechef/edit_orders_add_product.php?oID=12287&step=1" "Mozilla/5.0 (Windows NT 10.0; Win64; x64) AppleWebKit/537.36 (KHTML, like Gecko) Chrome/79.0.3945.130 Safari/537.36"
83.114.83.83 - - [27/Feb/2020:14:17:26 +0100] "POST /lechef/edit_orders_add_product.php?oID=12287 HTTP/1.1" 200 8222 "http://www.e-medicalonline.com/lechef/edit_orders_add_product.php?oID=12287&step=1" "Mozilla/5.0 (Windows NT 10.0; Win64; x64) AppleWebKit/537.36 (KHTML, like Gecko) Chrome/79.0.3945.130 Safari/537.36"
83.114.83.83 - - [27/Feb/2020:14:17:28 +0100] "POST /lechef/edit_orders_add_product.php?oID=12287 HTTP/1.1" 200 9400 "http://www.e-medicalonline.com/lechef/edit_orders_add_product.php?oID=12287" "Mozilla/5.0 (Windows NT 10.0; Win64; x64) AppleWebKit/537.36 (KHTML, like Gecko) Chrome/79.0.3945.130 Safari/537.36"
46.229.168.142 - - [27/Feb/2020:14:17:29 +0100] "GET /product_info.php?cPath=29_54&language=sr&products_id=222 HTTP/1.1" 200 9044 "-" "Mozilla/5.0 (compatible; SemrushBot/6~bl; +http://www.semrush.com/bot.html)"
83.114.83.83 - - [27/Feb/2020:14:17:31 +0100] "POST /lechef/edit_orders_add_product.php?oID=12287 HTTP/1.1" 200 10939 "http://www.e-medicalonline.com/lechef/edit_orders_add_product.php?oID=12287" "Mozilla/5.0 (Windows NT 10.0; Win64; x64) AppleWebKit/537.36 (KHTML, like Gecko) Chrome/79.0.3945.130 Safari/537.36"
83.114.83.83 - - [27/Feb/2020:14:17:33 +0100] "POST /lechef/edit_orders_add_product.php?oID=12287&action=add_product HTTP/1.1" 302 408 "http://www.e-medicalonline.com/lechef/edit_orders_add_product.php?oID=12287" "Mozilla/5.0 (Windows NT 10.0; Win64; x64) AppleWebKit/537.36 (KHTML, like Gecko) Chrome/79.0.3945.130 Safari/537.36"
83.114.83.83 - - [27/Feb/2020:14:17:33 +0100] "GET /lechef/edit_orders_add_product.php?oID=12287&step=1&submitForm=yes HTTP/1.1" 200 6802 "http://www.e-medicalonline.com/lechef/edit_orders_add_product.php?oID=12287" "Mozilla/5.0 (Windows NT 10.0; Win64; x64) AppleWebKit/537.36 (KHTML, like Gecko) Chrome/79.0.3945.130 Safari/537.36"
83.114.83.83 - - [27/Feb/2020:14:17:33 +0100] "POST /lechef/edit_orders.php?oID=12287&action=update_order HTTP/1.1" 302 395 "http://www.e-medicalonline.com/lechef/edit_orders.php?oID=12287&action=edit" "Mozilla/5.0 (Windows NT 10.0; Win64; x64) AppleWebKit/537.36 (KHTML, like Gecko) Chrome/79.0.3945.130 Safari/537.36"
83.114.83.83 - - [27/Feb/2020:14:17:33 +0100] "GET /lechef/edit_orders.php?oID=12287&action=edit HTTP/1.1" 200 180088 "http://www.e-medicalonline.com/lechef/edit_orders.php?oID=12287&action=edit" "Mozilla/5.0 (Windows NT 10.0; Win64; x64) AppleWebKit/537.36 (KHTML, like Gecko) Chrome/79.0.3945.130 Safari/537.36"
114.119.145.191 - - [27/Feb/2020:14:17:37 +0100] "GET /account.php?osCsid=0cof5l5tgl0s82undddd80vkm6 HTTP/1.1" 302 546 "-" "Mozilla/5.0(Linux;Android 5.1.1;OPPO A33 Build/LMY47V;wv) AppleWebKit/537.36(KHTML,link Gecko) Version/4.0 Chrome/43.0.2357.121 Mobile Safari/537.36"
114.119.145.191 - - [27/Feb/2020:14:17:39 +0100] "GET /login.php?osCsid=kkn4g8sm1157qr3bpfnpn0o113 HTTP/1.1" 200 7302 "-" "Mozilla/5.0(Linux;Android 5.1.1;OPPO A33 Build/LMY47V;wv) AppleWebKit/537.36(KHTML,link Gecko) Version/4.0 Chrome/43.0.2357.121 Mobile Safari/537.36"
83.114.83.83 - - [27/Feb/2020:14:17:48 +0100] "GET /lechef/edit_orders_ajax.php?action=update_product_value_field&oID=12287&pid=78277&price=2.0800&final_price=2.0800 HTTP/1.1" 200 332 "http://www.e-medicalonline.com/lechef/edit_orders.php?oID=12287&action=edit" "Mozilla/5.0 (Windows NT 10.0; Win64; x64) AppleWebKit/537.36 (KHTML, like Gecko) Chrome/79.0.3945.130 Safari/537.36"
83.114.83.83 - - [27/Feb/2020:14:17:48 +0100] "POST /lechef/edit_orders_ajax.php HTTP/1.1" 200 13136 "http://www.e-medicalonline.com/lechef/edit_orders.php?oID=12287&action=edit" "Mozilla/5.0 (Windows NT 10.0; Win64; x64) AppleWebKit/537.36 (KHTML, like Gecko) Chrome/79.0.3945.130 Safari/537.36"
83.114.83.83 - - [27/Feb/2020:14:17:54 +0100] "GET /lechef/edit_orders_add_product.php?oID=12287&step=1 HTTP/1.1" 200 6615 "http://www.e-medicalonline.com/lechef/edit_orders.php?oID=12287&action=edit" "Mozilla/5.0 (Windows NT 10.0; Win64; x64) AppleWebKit/537.36 (KHTML, like Gecko) Chrome/79.0.3945.130 Safari/537.36"
114.119.159.201 - - [27/Feb/2020:14:17:56 +0100] "GET /product_reviews.php?products_id=134&osCsid=e9l49m2c3la9mnjbi1r95sphb0 HTTP/1.1" 200 7343 "-" "Mozilla/5.0(Linux;Android 5.1.1;OPPO A33 Build/LMY47V;wv) AppleWebKit/537.36(KHTML,link Gecko) Version/4.0 Chrome/42.0.2311.138 Mobile Safari/537.36"
83.114.83.83 - - [27/Feb/2020:14:18:00 +0100] "POST /lechef/edit_orders_add_product.php?oID=12287 HTTP/1.1" 200 8220 "http://www.e-medicalonline.com/lechef/edit_orders_add_product.php?oID=12287&step=1" "Mozilla/5.0 (Windows NT 10.0; Win64; x64) AppleWebKit/537.36 (KHTML, like Gecko) Chrome/79.0.3945.130 Safari/537.36"
83.114.83.83 - - [27/Feb/2020:14:18:00 +0100] "POST /lechef/edit_orders_add_product.php?oID=12287 HTTP/1.1" 200 8220 "http://www.e-medicalonline.com/lechef/edit_orders_add_product.php?oID=12287&step=1" "Mozilla/5.0 (Windows NT 10.0; Win64; x64) AppleWebKit/537.36 (KHTML, like Gecko) Chrome/79.0.3945.130 Safari/537.36"
83.114.83.83 - - [27/Feb/2020:14:18:02 +0100] "POST /lechef/edit_orders_add_product.php?oID=12287 HTTP/1.1" 200 9397 "http://www.e-medicalonline.com/lechef/edit_orders_add_product.php?oID=12287" "Mozilla/5.0 (Windows NT 10.0; Win64; x64) AppleWebKit/537.36 (KHTML, like Gecko) Chrome/79.0.3945.130 Safari/537.36"
83.114.83.83 - - [27/Feb/2020:14:18:04 +0100] "POST /lechef/edit_orders_add_product.php?oID=12287 HTTP/1.1" 200 10936 "http://www.e-medicalonline.com/lechef/edit_orders_add_product.php?oID=12287" "Mozilla/5.0 (Windows NT 10.0; Win64; x64) AppleWebKit/537.36 (KHTML, like Gecko) Chrome/79.0.3945.130 Safari/537.36"
83.114.83.83 - - [27/Feb/2020:14:18:06 +0100] "POST /lechef/edit_orders_add_product.php?oID=12287&action=add_product HTTP/1.1" 302 408 "http://www.e-medicalonline.com/lechef/edit_orders_add_product.php?oID=12287" "Mozilla/5.0 (Windows NT 10.0; Win64; x64) AppleWebKit/537.36 (KHTML, like Gecko) Chrome/79.0.3945.130 Safari/537.36"
83.114.83.83 - - [27/Feb/2020:14:18:06 +0100] "GET /lechef/edit_orders_add_product.php?oID=12287&step=1&submitForm=yes HTTP/1.1" 200 6802 "http://www.e-medicalonline.com/lechef/edit_orders_add_product.php?oID=12287" "Mozilla/5.0 (Windows NT 10.0; Win64; x64) AppleWebKit/537.36 (KHTML, like Gecko) Chrome/79.0.3945.130 Safari/537.36"
83.114.83.83 - - [27/Feb/2020:14:18:06 +0100] "POST /lechef/edit_orders.php?oID=12287&action=update_order HTTP/1.1" 302 395 "http://www.e-medicalonline.com/lechef/edit_orders.php?oID=12287&action=edit" "Mozilla/5.0 (Windows NT 10.0; Win64; x64) AppleWebKit/537.36 (KHTML, like Gecko) Chrome/79.0.3945.130 Safari/537.36"
83.114.83.83 - - [27/Feb/2020:14:18:07 +0100] "GET /lechef/edit_orders.php?oID=12287&action=edit HTTP/1.1" 200 183900 "http://www.e-medicalonline.com/lechef/edit_orders.php?oID=12287&action=edit" "Mozilla/5.0 (Windows NT 10.0; Win64; x64) AppleWebKit/537.36 (KHTML, like Gecko) Chrome/79.0.3945.130 Safari/537.36"
83.114.83.83 - - [27/Feb/2020:14:18:14 +0100] "GET /lechef/edit_orders_ajax.php?action=update_product_value_field&oID=12287&pid=78278&price=2.0800&final_price=2.0800 HTTP/1.1" 200 332 "http://www.e-medicalonline.com/lechef/edit_orders.php?oID=12287&action=edit" "Mozilla/5.0 (Windows NT 10.0; Win64; x64) AppleWebKit/537.36 (KHTML, like Gecko) Chrome/79.0.3945.130 Safari/537.36"
83.114.83.83 - - [27/Feb/2020:14:18:14 +0100] "POST /lechef/edit_orders_ajax.php HTTP/1.1" 200 13136 "http://www.e-medicalonline.com/lechef/edit_orders.php?oID=12287&action=edit" "Mozilla/5.0 (Windows NT 10.0; Win64; x64) AppleWebKit/537.36 (KHTML, like Gecko) Chrome/79.0.3945.130 Safari/537.36"
114.119.150.178 - - [27/Feb/2020:14:18:14 +0100] "GET /contact_us.php?osCsid=74an5lnkl0gtjbi70jtrv80h97 HTTP/1.1" 200 6963 "-" "Mozilla/5.0 (iPad; CPU OS 7_0 like Mac OS X) AppleWebKit/537.51.1 (KHTML, like Gecko) Version/7.0 Mobile/11A465 Safari/9537.53"
83.114.83.83 - - [27/Feb/2020:14:18:21 +0100] "GET /lechef/edit_orders_add_product.php?oID=12287&step=1 HTTP/1.1" 200 6615 "http://www.e-medicalonline.com/lechef/edit_orders.php?oID=12287&action=edit" "Mozilla/5.0 (Windows NT 10.0; Win64; x64) AppleWebKit/537.36 (KHTML, like Gecko) Chrome/79.0.3945.130 Safari/537.36"
46.229.168.129 - - [27/Feb/2020:14:18:22 +0100] "GET /product_info.php?action=add_product&cPath=42_51&language=iw&products_id=238 HTTP/1.1" 302 566 "-" "Mozilla/5.0 (compatible; SemrushBot/6~bl; +http://www.semrush.com/bot.html)"
46.229.168.144 - - [27/Feb/2020:14:18:23 +0100] "GET /shopping_cart.php?language=iw HTTP/1.1" 200 8869 "-" "Mozilla/5.0 (compatible; SemrushBot/6~bl; +http://www.semrush.com/bot.html)"
83.114.83.83 - - [27/Feb/2020:14:18:29 +0100] "POST /lechef/edit_orders_add_product.php?oID=12287 HTTP/1.1" 200 8448 "http://www.e-medicalonline.com/lechef/edit_orders_add_product.php?oID=12287&step=1" "Mozilla/5.0 (Windows NT 10.0; Win64; x64) AppleWebKit/537.36 (KHTML, like Gecko) Chrome/79.0.3945.130 Safari/537.36"
83.114.83.83 - - [27/Feb/2020:14:18:29 +0100] "POST /lechef/edit_orders_add_product.php?oID=12287 HTTP/1.1" 200 8448 "http://www.e-medicalonline.com/lechef/edit_orders_add_product.php?oID=12287&step=1" "Mozilla/5.0 (Windows NT 10.0; Win64; x64) AppleWebKit/537.36 (KHTML, like Gecko) Chrome/79.0.3945.130 Safari/537.36"
